INSERT INTO m_member VALUES("1506","9107","123456","4","พรชนก","วรรณะ","นางสาวพรชนก  วรรณะ","23","2","2304","2024-05-16","2027-03-30","1","1209702513282","1","","2009-06-22","","","","","","41","","","0000-00-00","","2025-04-02 14:34:48","","","");
INSERT INTO m_member VALUES("1507","8016","123456","2","ณัฐณิชา","สีดาบุญ","เด็กหญิงณัฐณิชา  สีดาบุญ","14","2","2304","2024-05-16","2027-03-30","1","1419902663901","1","","2010-02-19","","","","","","41","","","0000-00-00","","2025-04-02 14:34:48","","","");
INSERT INTO m_member VALUES("1508","9641","123456","2","กอแก้ว","ลีทรัพย์รุ่งเรือง","เด็กหญิงกอแก้ว  ลีทรัพย์รุ่งเรือง","30","2","2304","2024-05-16","2027-03-30","1","1571300112518","1","","2009-11-30","","","","","","41","","","0000-00-00","","2025-04-02 14:34:48","","","");
INSERT INTO m_member VALUES("1509","9642","123456","2","ฐิติรัตน์","ใจไมตรีล้ำเลิศ","เด็กหญิงฐิติรัตน์  ใจไมตรีล้ำเลิศ","31","2","2304","2024-05-16","2027-03-30","1","1571300112798","1","","2009-12-13","","","","","","41","","","0000-00-00","","2025-04-02 14:34:48","","","");
INSERT INTO m_member VALUES("1510","9643","123456","2","วรัมพร","กองเเก้ว","เด็กหญิงวรัมพร  กองเเก้ว","32","2","2304","2024-05-16","2027-03-30","1","1577000003778","1","","2010-03-10","","","","","","41","","","0000-00-00","","2025-04-02 14:34:48","","","");
INSERT INTO m_member VALUES("1511","9644","123456","4","สุพิชญา","เข็มทอง","นางสาวสุพิชญา  เข็มทอง","33","2","2304","2024-05-16","2027-03-30","1","1102004048465","1","","2009-03-09","","","","","","41","","","0000-00-00","","2025-04-02 14:34:48","","","");
INSERT INTO m_member VALUES("1512","8122","123456","2","พรธีรา","ศรีมา","เด็กหญิงพรธีรา  ศรีมา","17","2","2304","2024-05-16","2027-03-30","1","1577000002615","1","","2009-11-03","","","","","","41","","","0000-00-00","","2025-04-02 14:34:48","","","");



DROP TABLE m_organize;

CREATE TABLE `m_organize` (
  `org_id` char(8) DEFAULT NULL,
  `org_name` char(100) DEFAULT NULL,
  `org_name1` char(30) DEFAULT NULL,
  `cha` char(70) DEFAULT NULL,
  `amp` char(70) DEFAULT NULL,
  `tam` char(70) DEFAULT NULL,
  `postcode` char(5) DEFAULT NULL,
  `phone` char(15) DEFAULT NULL,
  `fax` char(15) DEFAULT NULL,
  `exp_prg` char(1) DEFAULT NULL,
  `start_date` date DEFAULT NULL,
  `exp_date` date DEFAULT NULL,
  `address` char(100) DEFAULT NULL,
  `url` char(100) DEFAULT NULL,
  `footer1` char(100) DEFAULT NULL,
  `footer2` char(100) DEFAULT NULL,
  `direc_org` varchar(100) DEFAULT NULL
) ENGINE=MyISAM DEFAULT CHARSET=utf8;

INSERT INTO m_organize VALUES("57100913","โรงเรียนอนุบาลเชียงของ","ACK","เชียงราย","เชียงของ","เวียง","57140","053727258","053727258","Y","2011-05-08","2015-05-14","333 หมู่ 3","http://www.pcccr.ac.th","สพป.ชร 4","สำนักงานเขตพื้นที่การศึกษาประถมศึกษาเชียงราย เขต 4","นายเจริญ  นันไชยวงค์");



DROP TABLE m_permission;

CREATE TABLE `m_permission` (
  `permiss_id` int(5) NOT NULL AUTO_INCREMENT,
  `pcode` int(9) DEFAULT NULL,
  `grp_permiss` int(3) DEFAULT NULL,
  PRIMARY KEY (`permiss_id`),
  UNIQUE KEY `pcode` (`pcode`,`grp_permiss`)
) ENGINE=MyISAM AUTO_INCREMENT=39 DEFAULT CHARSET=utf8;

INSERT INTO m_permission VALUES("1","1","1");
INSERT INTO m_permission VALUES("2","1","2");
INSERT INTO m_permission VALUES("4","3","4");
INSERT INTO m_permission VALUES("5","3","5");
INSERT INTO m_permission VALUES("6","3","6");
INSERT INTO m_permission VALUES("7","3","7");
INSERT INTO m_permission VALUES("8","2","1");
INSERT INTO m_permission VALUES("9","2","2");
INSERT INTO m_permission VALUES("10","2","3");
INSERT INTO m_permission VALUES("11","2","4");
INSERT INTO m_permission VALUES("12","2","5");
INSERT INTO m_permission VALUES("17","6","7");
INSERT INTO m_permission VALUES("18","68","3");
INSERT INTO m_permission VALUES("19","68","4");
INSERT INTO m_permission VALUES("20","68","7");
INSERT INTO m_permission VALUES("21","182","3");
INSERT INTO m_permission VALUES("22","183","3");
INSERT INTO m_permission VALUES("25","6","3");
INSERT INTO m_permission VALUES("26","6","6");
INSERT INTO m_permission VALUES("27","6","5");
INSERT INTO m_permission VALUES("28","6","4");
INSERT INTO m_permission VALUES("29","182","7");
INSERT INTO m_permission VALUES("30","181","3");
INSERT INTO m_permission VALUES("31","4","1");
INSERT INTO m_permission VALUES("32","3","1");
INSERT INTO m_permission VALUES("33","9","3");
INSERT INTO m_permission VALUES("34","7","3");
INSERT INTO m_permission VALUES("35","11","3");
INSERT INTO m_permission VALUES("36","17","3");
INSERT INTO m_permission VALUES("37","6","1");
INSERT INTO m_permission VALUES("38","6","2");



DROP TABLE m_person;

CREATE TABLE `m_person` (
  `p_id` char(3) NOT NULL,
  `p_f_id` char(3) DEFAULT NULL,
  `p_name` int(6) DEFAULT NULL,
  `p_xname` char(5) DEFAULT NULL,
  `position1` char(100) DEFAULT NULL,
  `order1` int(3) DEFAULT NULL,
  PRIMARY KEY (`p_id`)
) ENGINE=MyISAM AUTO_INCREMENT=25 DEFAULT CHARSET=tis620;

INSERT INTO m_person VALUES("002","01","899","t0008","หัวหน้ากลุ่มสาระ","1");
INSERT INTO m_person VALUES("011","04","908","t0017","หัวหน้ากลุ่มสาระ","1");
INSERT INTO m_person VALUES("012","04","909","t0018","ครู คศ.2","3");
INSERT INTO m_person VALUES("013","06","897","t0006","ครู คศ.3","2");
INSERT INTO m_person VALUES("014","08","890","t0004","ครู คศ.2","5");
INSERT INTO m_person VALUES("019","06","916","t0025","หัวหน้ากลุ่มสาระ","1");
INSERT INTO m_person VALUES("020","05","912","t0021","หัวหน้ากลุ่มสาระ","1");
INSERT INTO m_person VALUES("021","05","913","t0022","ครู คศ.3","2");
INSERT INTO m_person VALUES("022","05","915","t0024","ครู คศ.3","3");
INSERT INTO m_person VALUES("023","08","919","t0028","ครู คศ.3","2");
INSERT INTO m_person VALUES("024","08","920","t0029","ครู คศ.3","3");
INSERT INTO m_person VALUES("025","08","922","t0031","ครู คศ.2","4");
INSERT INTO m_person VALUES("026","08","923","t0032","ครู คศ.1","6");
INSERT INTO m_person VALUES("027","08","924","t0033","ครูผู่้สอน","8");
INSERT INTO m_person VALUES("030","05","914","t0023","ครู คศ.2","4");
INSERT INTO m_person VALUES("031","08","921","t0030","หัวหน้ากลุ่มสาระ","1");
INSERT INTO m_person VALUES("037","04","1094","t0052","ครูผู้ช่วย","4");
INSERT INTO m_person VALUES("038","08","1087","t0050","ครู คศ.1","7");
INSERT INTO m_person VALUES("041","08","1392","","","0");
INSERT INTO m_person VALUES("042","05","1391","","","0");
INSERT INTO m_person VALUES("045","04","1580","","","0");



DROP TABLE m_person1;

CREATE TABLE `m_person1` (
  `p_id` char(3) NOT NULL DEFAULT '',
  `p_f_id` char(3) DEFAULT NULL,
  `p_name` int(6) DEFAULT NULL,
  `position1` char(100) DEFAULT NULL,
  `order1` int(3) DEFAULT NULL,
  PRIMARY KEY (`p_id`)
) ENGINE=MyISAM DEFAULT CHARSET=tis620;

INSERT INTO m_person1 VALUES("013","03","897","หัวหน้าฝ่ายอำนวยการ","2");
INSERT INTO m_person1 VALUES("014","03","923","งานบุคลากร","3");
INSERT INTO m_person1 VALUES("015","03","932","เจ้าหน้าที่ธุรการ","5");
INSERT INTO m_person1 VALUES("018","04","915","งานแผนงานและงบประมาณ","1");
INSERT INTO m_person1 VALUES("020","04","933","เจ้าหน้าที่การเงิน","6");
INSERT INTO m_person1 VALUES("022","05","905","หัวหน้าระดับ ม.ต้น","2");
INSERT INTO m_person1 VALUES("025","05","916","หัวหน้าระดับ ม.ปลาย","3");
INSERT INTO m_person1 VALUES("026","06","916","งานสาธารณูปโภค","2");
INSERT INTO m_person1 VALUES("028","06","920","หัวหน้างาน","1");
INSERT INTO m_person1 VALUES("029","06","922","งานปรับปรุงภูมิทัศน์","3");
INSERT INTO m_person1 VALUES("032","07","905","บรรณารักษ์","1");
INSERT INTO m_person1 VALUES("034","10","903","หัวหน้างาน","1");
INSERT INTO m_person1 VALUES("036","08","923","","3");
INSERT INTO m_person1 VALUES("037","08","924","","6");
INSERT INTO m_person1 VALUES("050","02","1094","เลขางาน","5");
INSERT INTO m_person1 VALUES("051","03","1088","งานสารบรรณ","4");
INSERT INTO m_person1 VALUES("052","04","1075","เจ้าหน้าที่งาน","2");
INSERT INTO m_person1 VALUES("055","05","935","เจ้าหน้าที่รักษาความปลอดภัย","7");
INSERT INTO m_person1 VALUES("058","08","1087","","4");
INSERT INTO m_person1 VALUES("059","08","899","","1");
INSERT INTO m_person1 VALUES("060","08","901","","2");
INSERT INTO m_person1 VALUES("061","10","1075","งาน กยศ.","2");
INSERT INTO m_person1 VALUES("063","02","1095","งานวัดผล","4");
INSERT INTO m_person1 VALUES("066","05","1087","ระบบดูแล","6");
INSERT INTO m_person1 VALUES("067","06","901","งานศิลป์บริการ","5");
INSERT INTO m_person1 VALUES("068","06","904","โรงเรียนธนาคาร","6");
INSERT INTO m_person1 VALUES("081","04","902","เจ้าหน้าที่พัสดุ","3");
INSERT INTO m_person1 VALUES("082","04","1394","เจ้าหน้าที่ครุภัณฑ์","4");
INSERT INTO m_person1 VALUES("083","04","919","หัวหน้าพัสดุ","5");
INSERT INTO m_person1 VALUES("085","05","1391","งานนักเรียน","4");
INSERT INTO m_person1 VALUES("087","06","890","งานอาคาร","4");
INSERT INTO m_person1 VALUES("088","06","906","งานบ้านพักนักเรียน","7");
INSERT INTO m_person1 VALUES("090","08","1392","","5");
INSERT INTO m_person1 VALUES("091","10","898","งานการศึกษาต่อ","3");
INSERT INTO m_person1 VALUES("093","01","2214","ผู้อำนวยการโรงเรียนdfsdfsadasd","1");
INSERT INTO m_person1 VALUES("094","01","899","กหดdsfdsfdsfsadasd","2");



DROP TABLE m_pic_all;

CREATE TABLE `m_pic_all` (
  `pic_id` int(9) NOT NULL AUTO_INCREMENT,
  `pcode` int(9) DEFAULT NULL,
  `picname` char(15) DEFAULT NULL,
  `pic_use` int(1) DEFAULT '0',
  `ecode` char(5) DEFAULT NULL,
  `date_save` timestamp NULL DEFAULT CURRENT_TIMESTAMP ON UPDATE CURRENT_TIMESTAMP,
  PRIMARY KEY (`pic_id`)
) ENGINE=MyISAM AUTO_INCREMENT=142 DEFAULT CHARSET=utf8;

INSERT INTO m_pic_all VALUES("1","2","2.jpg","0","","2024-06-27 14:00:22");
INSERT INTO m_pic_all VALUES("2","3","3.jpg","0","","2024-06-27 14:00:27");
INSERT INTO m_pic_all VALUES("3","4","A4.jpg","1","41","2024-07-18 23:27:17");
INSERT INTO m_pic_all VALUES("4","79","5.jpg","0","41","2024-07-18 23:27:41");
INSERT INTO m_pic_all VALUES("24","41","","0","1","2024-07-14 17:02:11");
INSERT INTO m_pic_all VALUES("6","34","6.jpg","1","1","2024-07-14 15:49:46");
INSERT INTO m_pic_all VALUES("7","33","7.jpg","1","1","2024-07-14 16:37:04");
INSERT INTO m_pic_all VALUES("8","36","8.jpg","0","1","2024-07-14 15:51:53");
INSERT INTO m_pic_all VALUES("9","42","9.jpg","0","1","2024-07-14 15:52:34");
INSERT INTO m_pic_all VALUES("10","43","10.jpg","0","41","2024-08-17 14:30:17");
INSERT INTO m_pic_all VALUES("11","33","11.jpg","0","1","2024-07-14 16:37:04");
INSERT INTO m_pic_all VALUES("12","25","12.jpg","0","1","2024-07-14 15:59:14");
INSERT INTO m_pic_all VALUES("15","27","15.jpg","0","1","2024-07-14 16:39:34");
INSERT INTO m_pic_all VALUES("14","54","14.jpg","0","1","2024-07-14 16:36:37");
INSERT INTO m_pic_all VALUES("26","3","26.jpg","0","1","2024-07-14 17:21:35");
INSERT INTO m_pic_all VALUES("27","4","27.jpg","0","41","2024-07-18 23:27:17");
INSERT INTO m_pic_all VALUES("28","79","28.jpg","1","41","2024-07-18 23:27:41");
INSERT INTO m_pic_all VALUES("29","51","29.jpg","0","41","2024-07-27 12:45:47");
INSERT INTO m_pic_all VALUES("25","41","25.jpg","0","1","2024-07-14 17:02:11");
INSERT INTO m_pic_all VALUES("30","59","30.jpg","1","41","2024-07-27 12:26:39");
INSERT INTO m_pic_all VALUES("31","59","31.jpg","0","41","2024-07-27 12:26:39");
INSERT INTO m_pic_all VALUES("23","41","23.jpg","1","1","2024-07-14 17:02:11");
INSERT INTO m_pic_all VALUES("32","44","32.jpg","0","41","2024-07-27 12:30:29");
INSERT INTO m_pic_all VALUES("33","44","33.jpg","1","41","2024-07-27 12:30:29");
INSERT INTO m_pic_all VALUES("34","67","34.jpg","0","41","2024-07-30 17:44:21");
INSERT INTO m_pic_all VALUES("35","21","35.jpg","0","41","2024-07-27 12:42:08");
INSERT INTO m_pic_all VALUES("36","21","36.jpg","1","41","2024-07-27 12:42:08");
INSERT INTO m_pic_all VALUES("37","31","37.jpg","0","41","2024-07-27 12:42:56");
INSERT INTO m_pic_all VALUES("38","54","38.jpg","0","41","2024-07-27 12:43:48");
INSERT INTO m_pic_all VALUES("39","60","39.jpg","0","41","2024-07-27 12:44:33");
INSERT INTO m_pic_all VALUES("40","51","40.jpg","1","41","2024-07-27 12:45:47");
INSERT INTO m_pic_all VALUES("41","52","41.jpg","0","41","2024-07-27 12:46:16");
INSERT INTO m_pic_all VALUES("42","52","42.jpg","1","41","2024-07-27 12:46:16");
INSERT INTO m_pic_all VALUES("43","53","43.jpg","0","41","2024-07-27 12:47:19");
INSERT INTO m_pic_all VALUES("44","53","44.jpg","1","41","2024-07-27 12:47:19");
INSERT INTO m_pic_all VALUES("45","57","45.jpg","0","41","2024-07-27 12:48:17");
INSERT INTO m_pic_all VALUES("46","57","46.jpg","1","41","2024-07-27 12:48:17");
INSERT INTO m_pic_all VALUES("47","36","47.jpg","0","41","2024-07-27 12:51:37");
INSERT INTO m_pic_all VALUES("48","15","48.jpg","0","41","2024-07-27 12:52:54");
INSERT INTO m_pic_all VALUES("49","15","49.jpg","1","41","2024-07-27 12:52:54");
INSERT INTO m_pic_all VALUES("50","77","50.jpg","0","41","2024-07-27 13:54:32");
INSERT INTO m_pic_all VALUES("51","66","51.jpg","0","41","2024-07-27 12:55:14");
INSERT INTO m_pic_all VALUES("52","5","52.jpg","0","41","2024-07-27 12:56:22");
INSERT INTO m_pic_all VALUES("53","5","53.jpg","1","41","2024-07-27 12:56:22");
INSERT INTO m_pic_all VALUES("54","6","54.jpg","0","41","2024-07-27 12:57:51");
INSERT INTO m_pic_all VALUES("55","6","55.jpg","1","41","2024-07-27 12:57:51");
INSERT INTO m_pic_all VALUES("56","7","56.jpg","0","41","2024-07-27 12:58:43");
INSERT INTO m_pic_all VALUES("57","7","57.jpg","1","41","2024-07-27 12:58:43");
INSERT INTO m_pic_all VALUES("58","8","58.jpg","0","41","2024-07-27 12:59:53");
INSERT INTO m_pic_all VALUES("59","8","59.jpg","1","41","2024-07-27 12:59:53");
INSERT INTO m_pic_all VALUES("60","14","60.jpg","0","41","2024-07-27 13:00:59");
INSERT INTO m_pic_all VALUES("61","14","61.jpg","1","41","2024-07-27 13:00:59");
INSERT INTO m_pic_all VALUES("62","9","62.jpg","0","41","2024-07-27 13:01:53");
INSERT INTO m_pic_all VALUES("63","9","63.jpg","1","41","2024-07-27 13:01:53");
INSERT INTO m_pic_all VALUES("64","10","64.jpg","0","41","2024-07-27 13:02:51");
INSERT INTO m_pic_all VALUES("65","10","65.jpg","1","41","2024-07-27 13:02:51");
INSERT INTO m_pic_all VALUES("66","85","66.jpg","0","41","2024-07-27 13:03:31");
INSERT INTO m_pic_all VALUES("67","26","67.jpg","0","41","2024-07-27 13:05:42");
INSERT INTO m_pic_all VALUES("68","26","68.jpg","1","41","2024-07-27 13:05:42");
INSERT INTO m_pic_all VALUES("69","16","69.jpg","0","41","2024-07-27 13:06:34");
INSERT INTO m_pic_all VALUES("70","16","70.jpg","1","41","2024-07-27 13:06:34");
INSERT INTO m_pic_all VALUES("71","17","71.jpg","0","41","2024-07-27 13:07:38");
INSERT INTO m_pic_all VALUES("72","17","72.jpg","1","41","2024-07-27 13:07:38");
INSERT INTO m_pic_all VALUES("73","18","73.jpg","0","41","2024-07-27 13:08:44");
INSERT INTO m_pic_all VALUES("74","18","74.jpg","1","41","2024-07-27 13:08:44");
INSERT INTO m_pic_all VALUES("75","19","75.jpg","0","41","2024-07-27 13:09:46");
INSERT INTO m_pic_all VALUES("76","19","76.jpg","1","41","2024-07-27 13:09:46");
INSERT INTO m_pic_all VALUES("77","58","77.jpg","0","41","2024-07-27 13:10:27");
INSERT INTO m_pic_all VALUES("78","58","78.jpg","1","41","2024-07-27 13:10:27");
INSERT INTO m_pic_all VALUES("79","20","79.jpg","0","41","2024-07-27 13:11:38");
INSERT INTO m_pic_all VALUES("80","20","80.jpg","1","41","2024-07-27 13:11:38");
INSERT INTO m_pic_all VALUES("81","75","81.jpg","0","41","2024-07-27 13:14:02");
INSERT INTO m_pic_all VALUES("82","75","82.jpg","1","41","2024-07-27 13:14:02");
INSERT INTO m_pic_all VALUES("83","68","83.jpg","0","41","2024-07-27 13:14:59");
INSERT INTO m_pic_all VALUES("84","68","84.jpg","1","41","2024-07-27 13:14:59");
INSERT INTO m_pic_all VALUES("85","55","85.jpg","0","41","2024-07-27 13:16:39");
INSERT INTO m_pic_all VALUES("86","55","86.jpg","1","41","2024-07-27 13:16:39");
INSERT INTO m_pic_all VALUES("87","30","87.jpg","0","41","2024-07-27 13:21:36");
INSERT INTO m_pic_all VALUES("88","81","88.jpg","0","41","2024-07-27 13:20:03");
INSERT INTO m_pic_all VALUES("89","30","89.jpg","1","41","2024-07-27 13:21:36");
INSERT INTO m_pic_all VALUES("90","82","90.jpg","0","41","2024-07-27 13:27:11");
INSERT INTO m_pic_all VALUES("91","61","91.jpg","0","41","2024-07-27 13:43:22");
INSERT INTO m_pic_all VALUES("92","84","92.jpg","0","41","2024-07-27 13:44:42");
INSERT INTO m_pic_all VALUES("93","29","93.jpg","0","41","2024-07-27 13:45:44");
INSERT INTO m_pic_all VALUES("94","83","94.jpg","0","41","2024-07-27 13:46:30");
INSERT INTO m_pic_all VALUES("95","86","95.jpg","0","41","2024-07-27 13:47:19");
INSERT INTO m_pic_all VALUES("96","62","96.jpg","0","41","2024-07-27 13:49:49");
INSERT INTO m_pic_all VALUES("97","62","97.jpg","1","41","2024-07-27 13:49:49");
INSERT INTO m_pic_all VALUES("98","71","98.jpg","0","41","2024-07-27 13:50:47");
INSERT INTO m_pic_all VALUES("99","77","99.jpg","1","41","2024-07-27 13:54:32");
INSERT INTO m_pic_all VALUES("100","49","100.jpg","0","41","2024-07-27 14:26:29");
INSERT INTO m_pic_all VALUES("101","48","101.jpg","0","41","2024-07-30 17:42:59");
INSERT INTO m_pic_all VALUES("102","67","102.jpg","1","41","2024-07-30 17:44:21");
INSERT INTO m_pic_all VALUES("103","40","103.jpg","0","41","2024-07-30 17:47:16");
INSERT INTO m_pic_all VALUES("104","32","104.jpg","0","41","2024-07-30 17:50:13");
INSERT INTO m_pic_all VALUES("105","23","105.jpg","0","41","2024-08-17 08:24:00");
INSERT INTO m_pic_all VALUES("106","69","106.jpg","0","41","2024-08-17 08:26:56");
INSERT INTO m_pic_all VALUES("107","28","107.jpg","0","41","2024-08-17 08:28:03");
INSERT INTO m_pic_all VALUES("108","22","108.jpg","0","41","2024-08-17 08:28:37");
INSERT INTO m_pic_all VALUES("109","22","109.jpg","0","41","2024-08-17 08:28:46");
INSERT INTO m_pic_all VALUES("110","39","110.jpg","0","41","2024-08-17 08:29:29");
INSERT INTO m_pic_all VALUES("111","39","111.jpg","0","41","2024-08-17 08:29:36");
INSERT INTO m_pic_all VALUES("112","46","112.jpg","0","41","2024-08-17 09:04:52");
INSERT INTO m_pic_all VALUES("113","45","113.jpg","0","41","2024-08-17 10:25:50");
INSERT INTO m_pic_all VALUES("114","35","114.jpg","0","41","2024-08-17 13:25:14");
INSERT INTO m_pic_all VALUES("115","47","115.jpg","0","41","2024-08-17 14:22:24");
INSERT INTO m_pic_all VALUES("116","50","116.jpg","0","41","2024-08-17 14:29:15");
INSERT INTO m_pic_all VALUES("117","43","117.jpg","1","41","2024-08-17 14:30:17");
INSERT INTO m_pic_all VALUES("118","70","118.jpg","0","41","2024-08-17 14:43:40");
INSERT INTO m_pic_all VALUES("119","56","119.jpg","0","41","2024-08-17 14:43:59");
INSERT INTO m_pic_all VALUES("120","37","120.jpg","0","41","2024-08-17 14:44:26");
INSERT INTO m_pic_all VALUES("121","11","121.jpg","0","41","2024-08-17 14:51:23");
INSERT INTO m_pic_all VALUES("122","24","122.jpg","0","41","2024-08-17 14:52:51");
INSERT INTO m_pic_all VALUES("123","3","123.jpg","0","3","2024-09-02 16:55:24");
INSERT INTO m_pic_all VALUES("124","77","124.jpeg","0","77","2024-09-11 16:35:40");
INSERT INTO m_pic_all VALUES("125","77","125.jpeg","0","77","2024-09-11 16:36:08");
INSERT INTO m_pic_all VALUES("126","77","126.jpeg","0","77","2024-09-11 16:36:38");
INSERT INTO m_pic_all VALUES("127","15","127.jpg","0","15","2024-09-11 16:53:06");
INSERT INTO m_pic_all VALUES("128","77","128.jpeg","0","77","2024-09-11 16:54:01");
INSERT INTO m_pic_all VALUES("129","68","129.jpg","0","68","2024-09-11 21:25:06");
INSERT INTO m_pic_all VALUES("130","4","130.jpg","0","4","2024-09-23 13:07:22");
INSERT INTO m_pic_all VALUES("131","4","131.jpg","0","4","2024-09-23 13:07:32");
INSERT INTO m_pic_all VALUES("132","4","132.jpg","0","4","2024-09-23 13:07:38");
INSERT INTO m_pic_all VALUES("133","4","133.jpg","0","4","2024-09-23 13:07:50");
INSERT INTO m_pic_all VALUES("134","4","134.jpg","0","4","2024-09-23 13:27:31");
INSERT INTO m_pic_all VALUES("135","77","135.jpeg","0","77","2024-09-24 11:27:43");
INSERT INTO m_pic_all VALUES("136","4","136.jpg","0","4","2024-11-13 02:17:16");
INSERT INTO m_pic_all VALUES("137","4","137.jpg","0","4","2024-11-13 02:18:25");
INSERT INTO m_pic_all VALUES("138","4","138.jpg","0","4","2024-11-13 02:20:04");
INSERT INTO m_pic_all VALUES("139","4","139.jpg","0","4","2024-11-13 02:25:08");
INSERT INTO m_pic_all VALUES("140","42","140.jpg","0","42","2025-06-07 02:20:47");
INSERT INTO m_pic_all VALUES("141","42","141.jpg","0","42","2025-06-07 02:21:31");



DROP TABLE m_position;

CREATE TABLE `m_position` (
  `id_posi` int(11) NOT NULL AUTO_INCREMENT,
  `position_name` varchar(50) NOT NULL,
  `id_posi2` int(2) DEFAULT NULL,
  PRIMARY KEY (`id_posi`)
) ENGINE=MyISAM AUTO_INCREMENT=14 DEFAULT CHARSET=utf8;

INSERT INTO m_position VALUES("1","ผู้อำนวยการโรงเรียน","1");
INSERT INTO m_position VALUES("2","รองผู้อำนวยการโรงเรียน","1");
INSERT INTO m_position VALUES("3","ครู","1");
INSERT INTO m_position VALUES("4","ครูผู้ช่วย","1");
INSERT INTO m_position VALUES("5","พนักงานราชการ","2");
INSERT INTO m_position VALUES("6","ครูอัตราจ้าง","2");
INSERT INTO m_position VALUES("7","ครููชาวต่างชาติ ip","2");
INSERT INTO m_position VALUES("8","เจ้าหน้าที่ปฎิบัติงาน","2");
INSERT INTO m_position VALUES("9","ครูชาวต่างชาติ FLD","2");



DROP TABLE m_position2;

CREATE TABLE `m_position2` (
  `id_posi2` int(2) NOT NULL,
  `posi2_name` varchar(50) NOT NULL,
  PRIMARY KEY (`id_posi2`)
) ENGINE=MyISAM DEFAULT CHARSET=utf8;

INSERT INTO m_position2 VALUES("1","ข้าราชการ");
INSERT INTO m_position2 VALUES("2","ลูกจ้าง");



DROP TABLE m_position3;

CREATE TABLE `m_position3` (
  `id_posi3` int(2) NOT NULL AUTO_INCREMENT,
  `posi3_name` varchar(50) NOT NULL,
  `posi3_name2` varchar(20) DEFAULT NULL,
  `id_posi2` int(2) DEFAULT NULL,
  PRIMARY KEY (`id_posi3`)
) ENGINE=MyISAM AUTO_INCREMENT=48 DEFAULT CHARSET=utf8;

INSERT INTO m_position3 VALUES("1","ยังไม่มีวิทยฐานะ","-","1");
INSERT INTO m_position3 VALUES("2","ครูชำนาญการ","คศ. 2","1");
INSERT INTO m_position3 VALUES("3","ครูชำนาญการพิเศษ","คศ. 3","1");
INSERT INTO m_position3 VALUES("4","ครูเชี่ยวชาญ","คศ. 4","1");
INSERT INTO m_position3 VALUES("5","ครูเชี่ยวชาญพิเศษ","คศ. 5","1");
INSERT INTO m_position3 VALUES("6","พนักงานราชการ","-","2");
INSERT INTO m_position3 VALUES("7","ครูผู้สอน","-","2");
INSERT INTO m_position3 VALUES("8","ครูต่างชาติสอนห้อง MEP","-","2");
INSERT INTO m_position3 VALUES("9","","-","2");



DROP TABLE m_software;

CREATE TABLE `m_software` (
  `soft_id` int(5) NOT NULL AUTO_INCREMENT,
  `soft_name` varchar(40) CHARACTER SET tis620 DEFAULT NULL,
  `softenable` char(1) CHARACTER SET tis620 DEFAULT NULL,
  `start_date` date DEFAULT '0000-00-00',
  `exp_date` date DEFAULT '0000-00-00',
  `net_date` date DEFAULT '0000-00-00',
  `exp_prg` char(1) CHARACTER SET tis620 DEFAULT 'N',
  `hdd_new` char(8) CHARACTER SET tis620 DEFAULT NULL,
  `changed_at` timestamp NULL DEFAULT CURRENT_TIMESTAMP ON UPDATE CURRENT_TIMESTAMP,
  `soft_part` char(50) CHARACTER SET tis620 DEFAULT NULL,
  `soft_show` int(1) DEFAULT '0',
  PRIMARY KEY (`soft_id`)
) ENGINE=MyISAM AUTO_INCREMENT=30 DEFAULT CHARSET=utf8;

INSERT INTO m_software VALUES("3","ระบบเช็คนักเรียน","Y","2010-10-10","2011-10-10","0000-00-00","Y","F4138E94","2014-12-15 12:32:04","../cheackst2/cheack1.php","1");
INSERT INTO m_software VALUES("6","ระบบหน้าเว็บ","Y","2010-10-10","2011-10-10","0000-00-00","N","F4138E94","2014-12-15 12:33:14","../e_new/index.php","0");
INSERT INTO m_software VALUES("7","ระบบGallery","N","2010-10-10","2011-10-10","0000-00-00","N","F4138E94","2014-12-15 12:33:15","../gallery/index.php","0");
INSERT INTO m_software VALUES("8","ระบบITA","Y","2010-10-10","2011-10-10","0000-00-00","N","F4138E94","2014-12-15 12:32:49","../ITA/index.php","1");
INSERT INTO m_software VALUES("9","ระบบงานบุคคล","Y","2010-10-10","2011-10-10","0000-00-00","Y","F4138E94","2014-12-15 12:32:49","../pa/index.php","1");
INSERT INTO m_software VALUES("10","ระบบหน้าเว็บ","N","2010-10-10","2011-10-10","0000-00-00","Y","F4138E94","2014-12-15 12:32:49","../web/index.php","1");
INSERT INTO m_software VALUES("11","ระบบDPA","Y","2010-10-10","2011-10-10","2014-03-27","N","F4138E94","2014-12-15 12:32:49","../pa_admin/index.php","1");
INSERT INTO m_software VALUES("12","ระบบข้อมูลนักเรียน","Y","2010-10-10","2011-10-10","0000-00-00","Y","F4138E94","2014-12-15 12:33:28","../members/StAddStan.php","0");
INSERT INTO m_software VALUES("19","ระบบสมาชิก","Y","0000-00-00","0000-00-00","0000-00-00","Y","F4138E94","2014-12-15 12:59:48","../user/use_soft.php","0");
INSERT INTO m_software VALUES("20","ระบบการดูแลช่วยเหลือนักเรียน","N","2013-09-25","2015-09-25","0000-00-00","Y","F4138E94","2014-12-15 12:32:49","../care_students/admin.php","1");
INSERT INTO m_software VALUES("29","ระบบประเมินลูกจ้าง","Y","0000-00-00","0000-00-00","0000-00-00","Y","","2017-10-13 14:29:11","../employee/index.php","0");



DROP TABLE m_st_name;

CREATE TABLE `m_st_name` (
  `std_id` int(2) NOT NULL,
  `statusname` char(20) DEFAULT NULL,
  `std_how` int(11) DEFAULT NULL,
  PRIMARY KEY (`std_id`)
) ENGINE=MyISAM DEFAULT CHARSET=utf8;

INSERT INTO m_st_name VALUES("1","เรียน","1");
INSERT INTO m_st_name VALUES("2","กิตติมศักดิ์","2");
INSERT INTO m_st_name VALUES("3","ย้ายโรงเรียน","1");
INSERT INTO m_st_name VALUES("4","พักการเรียน","1");
INSERT INTO m_st_name VALUES("5","ให้ออก,ไล่ออก","1");
INSERT INTO m_st_name VALUES("6","จบการศึกษา","1");
INSERT INTO m_st_name VALUES("7","ลาออก","1");
INSERT INTO m_st_name VALUES("8","การเกษียณอายุราชการ","2");
INSERT INTO m_st_name VALUES("9","สิ้นสุดการทำงาน","2");



DROP TABLE m_status;

CREATE TABLE `m_status` (
  `status_id` int(2) NOT NULL,
  `status_name` char(30) NOT NULL,
  `borrows` int(2) NOT NULL DEFAULT '0',
  `amount_day` int(2) NOT NULL DEFAULT '0',
  PRIMARY KEY (`status_id`)
) ENGINE=MyISAM DEFAULT CHARSET=utf8;

INSERT INTO m_status VALUES("1","นักเรียน","5","7");
INSERT INTO m_status VALUES("2","ครู","7","15");
INSERT INTO m_status VALUES("3","บุคลากร","3","5");
INSERT INTO m_status VALUES("4","บุคคลภายนอก","2","7");



DROP TABLE m_stname;

CREATE TABLE `m_stname` (
  `std_id` int(2) NOT NULL,
  `statusname` char(20) DEFAULT NULL,
  `std_how` int(11) DEFAULT NULL,
  PRIMARY KEY (`std_id`)
) ENGINE=MyISAM DEFAULT CHARSET=utf8;

INSERT INTO m_stname VALUES("1","เรียน","1");
INSERT INTO m_stname VALUES("2","กิตติมศักดิ์","2");
INSERT INTO m_stname VALUES("3","ย้ายโรงเรียน","1");
INSERT INTO m_stname VALUES("4","พักการเรียน","1");
INSERT INTO m_stname VALUES("5","ให้ออก,ไล่ออก","1");
INSERT INTO m_stname VALUES("6","จบการศึกษา","1");
INSERT INTO m_stname VALUES("7","ลาออก","1");
INSERT INTO m_stname VALUES("8","การเกษียณอายุราชการ","2");
INSERT INTO m_stname VALUES("9","สิ้นสุดการทำงาน","2");



DROP TABLE m_sub_grop;

CREATE TABLE `m_sub_grop` (
  `sg_id` int(2) NOT NULL AUTO_INCREMENT,
  `sg_name` char(70) CHARACTER SET utf8 DEFAULT NULL,
  `sg_tmp` int(2) DEFAULT NULL,
  PRIMARY KEY (`sg_id`)
) ENGINE=MyISAM AUTO_INCREMENT=10 DEFAULT CHARSET=tis620;

INSERT INTO m_sub_grop VALUES("1","บริหาร","1");
INSERT INTO m_sub_grop VALUES("2","วิชาการ","2");
INSERT INTO m_sub_grop VALUES("3","แผนงานงบประมาณ","3");
INSERT INTO m_sub_grop VALUES("4","บริหารงานบุคคล","4");
INSERT INTO m_sub_grop VALUES("5","บริหารงานทั่วไป","5");
INSERT INTO m_sub_grop VALUES("6","กิจกรรมพัฒนาผู้เรียน","6");



DROP TABLE m_sub_grop_detail;

CREATE TABLE `m_sub_grop_detail` (
  `sgd_id` int(3) NOT NULL AUTO_INCREMENT,
  `sg_id` int(2) DEFAULT NULL,
  `pcode` int(11) DEFAULT NULL,
  `sgd_position` char(100) CHARACTER SET utf8 DEFAULT NULL,
  `sgd_order` int(3) DEFAULT NULL,
  PRIMARY KEY (`sgd_id`)
) ENGINE=MyISAM AUTO_INCREMENT=9 DEFAULT CHARSET=tis620;

INSERT INTO m_sub_grop_detail VALUES("1","1","2","หัวหน้าบริหาร","1");
INSERT INTO m_sub_grop_detail VALUES("2","1","3","รองบริหารวิชาการ","2");
INSERT INTO m_sub_grop_detail VALUES("3","1","4","รองบริหารฝ่ายบริหารงานทั้วไป","3");
INSERT INTO m_sub_grop_detail VALUES("8","1","79","รองบริหารงานพัฒนาผู้เรียน","4");



DROP TABLE m_subject;

CREATE TABLE `m_subject` (
  `id_sub` int(2) NOT NULL AUTO_INCREMENT,
  `name_sub` varchar(200) CHARACTER SET utf8 DEFAULT NULL,
  `sta_sub` int(1) DEFAULT '0',
  `no_sub` int(2) DEFAULT '0',
  PRIMARY KEY (`id_sub`),
  UNIQUE KEY `id_sub` (`id_sub`)
) ENGINE=InnoDB AUTO_INCREMENT=16 DEFAULT CHARSET=latin1;

INSERT INTO m_subject VALUES("1","กลุ่มสาระการเรียนรู้คณิตศาสตร์","0","2");
INSERT INTO m_subject VALUES("2","กลุ่มสาระการเรียนรู้ภาษาไทย","0","3");
INSERT INTO m_subject VALUES("3","กลุ่มสาระการเรียนรู้วิทยาศาสตร์และเทคโนโลยี","0","5");
INSERT INTO m_subject VALUES("4","กลุ่มสาระการเรียนรู้สังคมศึกษาศาสนาและวัฒนธรรม","0","5");
INSERT INTO m_subject VALUES("5","กลุ่มสาระการเรียนรู้สุขศึกษาและพลศึกษา","0","6");
INSERT INTO m_subject VALUES("6","กลุ่มสาระการเรียนรู้ศิลปะ","0","7");
INSERT INTO m_subject VALUES("7","กลุ่มสาระการเรียนรู้การงานอาชีพ","0","8");
INSERT INTO m_subject VALUES("8","กลุ่มสาระการเรียนรู้ภาษาต่างประเทศ( ภาษาอังกฤษ)","0","9");
INSERT INTO m_subject VALUES("9","ฝ่ายบริหาร","0","1");
INSERT INTO m_subject VALUES("12","ปฐมวัย","0","12");
INSERT INTO m_subject VALUES("15","กลุ่มสาระการเรียนรู้ภาษาต่างประเทศ( ภาษาจีน)","0","10");



DROP TABLE m_subject_detail;

CREATE TABLE `m_subject_detail` (
  `sd_id` int(3) NOT NULL AUTO_INCREMENT,
  `id_sub` int(2) DEFAULT NULL,
  `pcode` int(11) DEFAULT NULL,
  `sd_position` char(100) DEFAULT NULL,
  `sd_position2` varchar(150) DEFAULT NULL,
  `sd_order` int(3) DEFAULT NULL,
  PRIMARY KEY (`sd_id`)
) ENGINE=MyISAM AUTO_INCREMENT=95 DEFAULT CHARSET=utf8;

INSERT INTO m_subject_detail VALUES("1","9","2","ผู้บริหารสถานศึกษา","หัวหน้าบริหาร","1");
INSERT INTO m_subject_detail VALUES("2","9","3","รองผู้อำนวยการ","รองผู้บริหารสถานศึกษา","2");
INSERT INTO m_subject_detail VALUES("3","9","4","รองผู้อำนวยการ","รองผู้บริหารสถานศึกษา","3");
INSERT INTO m_subject_detail VALUES("4","9","79","รองผู้อำนวยการ","รองผู้บริหารสถานศึกษา","3");
INSERT INTO m_subject_detail VALUES("5","1","25","ครูผู้สอน","คณิตศาสตร์","2");
INSERT INTO m_subject_detail VALUES("6","1","26","ครูผู้สอน","คณิตศาสตร์","3");
INSERT INTO m_subject_detail VALUES("7","1","27","ครูผู้สอน","คณิตศาสตร์","4");
INSERT INTO m_subject_detail VALUES("8","1","28","ครูผู้สอน","คณิตศาสตร์","8");
INSERT INTO m_subject_detail VALUES("9","1","29","ครูผู้สอน","คณิตศาสตร์","5");
INSERT INTO m_subject_detail VALUES("10","1","30","ครูผู้สอน","คณิตศาสตร์","6");
INSERT INTO m_subject_detail VALUES("11","1","31","ครูผู้สอน","คณิตศาสตร์","7");
INSERT INTO m_subject_detail VALUES("12","1","32","หัวหน้ากลุ่มสาระ","คณิตศาสตร์","1");
INSERT INTO m_subject_detail VALUES("13","3","33","ครูผู้สอน","วิทยาศาสตร์","2");
INSERT INTO m_subject_detail VALUES("14","3","34","ครูผู้สอน","วิทยาศาสตร์","3");
INSERT INTO m_subject_detail VALUES("15","3","35","ครูผู้สอน","วิทยาศาสตร์","5");
INSERT INTO m_subject_detail VALUES("16","3","36","หัวหน้ากลุ่มสาระ","วิทยาศาสตร์","1");
INSERT INTO m_subject_detail VALUES("17","3","37","ครูผู้สอน","วิทยาศาสตร์","6");
INSERT INTO m_subject_detail VALUES("18","3","38","ครูผู้สอน","วิทยาศาสตร์","7");
INSERT INTO m_subject_detail VALUES("19","3","39","ครูผู้สอน","วิทยาศาสตร์","11");
INSERT INTO m_subject_detail VALUES("20","3","40","ครูผู้สอน","วิทยาศาสตร์","8");
INSERT INTO m_subject_detail VALUES("21","3","41","ครูผู้สอน","เทคโนโลยี","9");
INSERT INTO m_subject_detail VALUES("22","3","42","ครูผู้สอน","เทคโนโลยี","4");
INSERT INTO m_subject_detail VALUES("23","3","43","ครูผู้สอน","เทคโนโลยี","10");
INSERT INTO m_subject_detail VALUES("24","3","80","ครูผู้สอน","ครูผู้สอน","99");
INSERT INTO m_subject_detail VALUES("25","4","44","ครูผู้สอน","ครูผู้สอน","99");
INSERT INTO m_subject_detail VALUES("26","4","45","ครูผู้สอน","ครูผู้สอน","99");
INSERT INTO m_subject_detail VALUES("27","4","46","ครูผู้สอน","ครูผู้สอน","99");
INSERT INTO m_subject_detail VALUES("28","4","47","หัวหน้ากลุ่มสาระ","สังคมศึกษา","1");
INSERT INTO m_subject_detail VALUES("29","4","48","ครูผู้สอน","ครูผู้สอน","99");
INSERT INTO m_subject_detail VALUES("30","4","49","ครูผู้สอน","ครูผู้สอน","99");
INSERT INTO m_subject_detail VALUES("31","4","50","ครูผู้สอน","ครูผู้สอน","99");
INSERT INTO m_subject_detail VALUES("32","2","15","ครูผู้สอน","ภาษาไทย","6");
INSERT INTO m_subject_detail VALUES("33","2","16","ครูผู้สอน","ภาษาไทย","2");
INSERT INTO m_subject_detail VALUES("34","2","17","ครูผู้สอน","ภาษาไทย","3");
INSERT INTO m_subject_detail VALUES("35","2","18","ครูผู้สอน","ภาษาไทย","4");
INSERT INTO m_subject_detail VALUES("36","2","19","หัวหน้ากลุ่มสาระ","ภาษาไทย","1");
INSERT INTO m_subject_detail VALUES("37","2","20","ครูผู้สอน","ภาษาไทย","5");
INSERT INTO m_subject_detail VALUES("38","2","21","ครูผู้สอน","ภาษาไทย","7");
INSERT INTO m_subject_detail VALUES("39","2","22","ครูผู้สอน","ภาษาไทย","8");
INSERT INTO m_subject_detail VALUES("40","2","23","ครูผู้สอน","ภาษาไทย","9");
INSERT INTO m_subject_detail VALUES("41","2","24","ครูผู้สอน","ครูผู้สอน","99");
INSERT INTO m_subject_detail VALUES("42","5","51","หัวหน้ากลุ่มสาระ","สุขศึกษาและพละศึกษา","1");
INSERT INTO m_subject_detail VALUES("43","5","52","ครูผู้สอน","สุขศึกษาและพละศึกษา","2");
INSERT INTO m_subject_detail VALUES("44","5","53","ครูผู้สอน","สุขศึกษาและพละศึกษา","3");
INSERT INTO m_subject_detail VALUES("45","6","54","หัวหน้ากลุ่มสาระ","ครูผู้สอน","1");
INSERT INTO m_subject_detail VALUES("46","6","55","ครูผู้สอน","ครูผู้สอน","99");
INSERT INTO m_subject_detail VALUES("47","6","56","ครูผู้สอน","ครูผู้สอน","99");
INSERT INTO m_subject_detail VALUES("48","8","57","ครูผู้สอน","ครูผู้สอน","99");
INSERT INTO m_subject_detail VALUES("49","8","58","หัวหน้ากลุ่มสาระ","ภาษาอังษฤษ","1");
INSERT INTO m_subject_detail VALUES("50","8","59","ครูผู้สอน","ภาษาอังษฤษ","2");
INSERT INTO m_subject_detail VALUES("51","8","60","ครูผู้สอน","ภาษาอังษฤษ","3");
INSERT INTO m_subject_detail VALUES("52","8","61","ครูผู้สอน","ภาษาอังษฤษ","4");
INSERT INTO m_subject_detail VALUES("53","8","62","ครูผู้สอน","ภาษาอังษฤษ","5");
INSERT INTO m_subject_detail VALUES("54","8","63","ครูผู้สอน","ครูผู้สอน","99");
INSERT INTO m_subject_detail VALUES("55","8","64","ครูผู้สอน","ครูผู้สอน","99");
INSERT INTO m_subject_detail VALUES("56","8","65","ครูผู้สอน","ภาษาอังษฤษ","7");
INSERT INTO m_subject_detail VALUES("57","8","66","ครูผู้สอน","ภาษาอังษฤษ","8");
INSERT INTO m_subject_detail VALUES("58","8","67","ครูผู้สอน","ภาษาอังษฤษ","9");
INSERT INTO m_subject_detail VALUES("59","8","68","ครูผู้สอน","ครูผู้สอน","99");
INSERT INTO m_subject_detail VALUES("60","8","69","ครูผู้สอน","ครูผู้สอน","99");
INSERT INTO m_subject_detail VALUES("61","8","70","ครูผู้สอน","ครูผู้สอน","99");
INSERT INTO m_subject_detail VALUES("62","8","71","ครูผู้สอน","ครูผู้สอน","99");
INSERT INTO m_subject_detail VALUES("63","12","5","หัวหน้ากลุ่มสาระ","ครูผู้สอน","1");
INSERT INTO m_subject_detail VALUES("64","12","6","ครูผู้สอน","ปฐมวัย","2");
INSERT INTO m_subject_detail VALUES("65","12","7","ครูผู้สอน","ปฐมวัย","3");
INSERT INTO m_subject_detail VALUES("66","12","8","ครูผู้สอน","ปฐมวัย","4");
INSERT INTO m_subject_detail VALUES("67","12","9","ครูผู้สอน","ปฐมวัย","5");
INSERT INTO m_subject_detail VALUES("68","12","10","ครูผู้สอน","ปฐมวัย","6");
INSERT INTO m_subject_detail VALUES("69","12","11","ครูผู้สอน","ปฐมวัย","8");
INSERT INTO m_subject_detail VALUES("70","12","12","ครูผู้สอน","ครูผู้สอน","99");
INSERT INTO m_subject_detail VALUES("71","12","13","ครูผู้สอน","ครูผู้สอน","99");
INSERT INTO m_subject_detail VALUES("72","12","14","ครูผู้สอน","ปฐมวัย","10");
INSERT INTO m_subject_detail VALUES("94","7","47","ครูผู้สอน","ครูผู้สอน","99");
INSERT INTO m_subject_detail VALUES("80","12","85","ครูผู้สอน","ปฐมวัย","9");
INSERT INTO m_subject_detail VALUES("81","2","81","ครูผู้สอน","ภาษาไทย","10");
INSERT INTO m_subject_detail VALUES("82","2","82","ครูผู้สอน","ภาษาไทย","11");
INSERT INTO m_subject_detail VALUES("83","2","83","ครูผู้สอน","ภาษาไทย","12");
INSERT INTO m_subject_detail VALUES("84","2","84","ครูผู้สอน","ภาษาไทย","13");
INSERT INTO m_subject_detail VALUES("85","7","57","ครูผู้สอน","ครูผู้สอน","99");
INSERT INTO m_subject_detail VALUES("86","7","75","ครูผู้สอน","ครูผู้สอน","99");
INSERT INTO m_subject_detail VALUES("87","7","77","ครูผู้สอน","ครูผู้สอน","99");
INSERT INTO m_subject_detail VALUES("88","8","86","ครูผู้สอน","ภาษาอังษฤษ","6");
INSERT INTO m_subject_detail VALUES("89","15","68","ครูผู้สอน","ครูผู้สอน","99");
INSERT INTO m_subject_detail VALUES("90","15","69","ครูผู้สอน","ครูผู้สอน","99");
INSERT INTO m_subject_detail VALUES("91","15","70","ครูผู้สอน","ครูผู้สอน","99");
INSERT INTO m_subject_detail VALUES("92","15","71","ครูผู้สอน","ครูผู้สอน","99");



DROP TABLE m_title;

CREATE TABLE `m_title` (
  `titleid` int(2) NOT NULL,
  `titlename` char(20) DEFAULT NULL,
  `st_sta` int(1) DEFAULT NULL,
  `per_sta` int(1) DEFAULT NULL,
  PRIMARY KEY (`titleid`),
  UNIQUE KEY `title` (`titleid`),
  KEY `title_2` (`titleid`)
) ENGINE=MyISAM DEFAULT CHARSET=utf8;

INSERT INTO m_title VALUES("1","เด็กชาย","0","0");
INSERT INTO m_title VALUES("2","นางสาว","0","0");
INSERT INTO m_title VALUES("3","นาย","0","1");
INSERT INTO m_title VALUES("4","นางสาว","0","1");
INSERT INTO m_title VALUES("5","นาง","1","1");
INSERT INTO m_title VALUES("6","ว่าที่ร.ต.","1","1");
INSERT INTO m_title VALUES("7","ว่าที่ร.ต.หญิง","0","1");
INSERT INTO m_title VALUES("8","Mr.","0","1");
INSERT INTO m_title VALUES("9","Miss","0","1");
INSERT INTO m_title VALUES("10","Ms.","0","1");
INSERT INTO m_title VALUES("11","Mrs.","0","1");



DROP TABLE m_title_id;

CREATE TABLE `m_title_id` (
  `titleid` int(2) NOT NULL,
  `titlename` char(20) DEFAULT NULL,
  `st_sta` int(1) DEFAULT NULL,
  `per_sta` int(1) DEFAULT NULL,
  PRIMARY KEY (`titleid`),
  UNIQUE KEY `title` (`titleid`),
  KEY `title_2` (`titleid`)
) ENGINE=MyISAM DEFAULT CHARSET=utf8;

INSERT INTO m_title_id VALUES("1","เด็กชาย","0","0");
INSERT INTO m_title_id VALUES("2","นางสาว","0","0");
INSERT INTO m_title_id VALUES("3","นาย","0","1");
INSERT INTO m_title_id VALUES("4","นางสาว","0","1");
INSERT INTO m_title_id VALUES("5","นาง","1","1");
INSERT INTO m_title_id VALUES("6","ว่าที่ร.ต.","1","1");
INSERT INTO m_title_id VALUES("7","ว่าที่ร.ต.หญิง","0","1");
INSERT INTO m_title_id VALUES("8","Mr.","0","1");
INSERT INTO m_title_id VALUES("9","Miss","0","1");
INSERT INTO m_title_id VALUES("10","Ms.","0","1");
INSERT INTO m_title_id VALUES("11","Mrs.","0","1");



DROP TABLE m_user_log;

CREATE TABLE `m_user_log` (
  `log_max` int(3) DEFAULT '0',
  `date_max` int(3) DEFAULT '0',
  `md5pass` tinyint(1) DEFAULT NULL,
  `dupe_pass` int(3) DEFAULT '0'
) ENGINE=MyISAM DEFAULT CHARSET=latin1;

INSERT INTO m_user_log VALUES("100000","100000","0","5");



DROP TABLE m_user_soft;

CREATE TABLE `m_user_soft` (
  `user_id` int(9) NOT NULL AUTO_INCREMENT,
  `ecode` int(9) DEFAULT NULL,
  `soft_id` char(2) CHARACTER SET tis620 DEFAULT NULL,
  `level_id` int(1) DEFAULT NULL,
  PRIMARY KEY (`user_id`)
) ENGINE=MyISAM AUTO_INCREMENT=35 DEFAULT CHARSET=utf8;

INSERT INTO m_user_soft VALUES("1","1","12","");
INSERT INTO m_user_soft VALUES("2","1","7","");
INSERT INTO m_user_soft VALUES("3","1","6","");
INSERT INTO m_user_soft VALUES("4","1","4","");
INSERT INTO m_user_soft VALUES("5","41","12","3");
INSERT INTO m_user_soft VALUES("6","41","6","3");
INSERT INTO m_user_soft VALUES("7","41","7","3");
INSERT INTO m_user_soft VALUES("8","41","19","3");
INSERT INTO m_user_soft VALUES("9","41","3","3");
INSERT INTO m_user_soft VALUES("10","41","9","3");
INSERT INTO m_user_soft VALUES("11","3","9","3");
INSERT INTO m_user_soft VALUES("12","3","12","3");
INSERT INTO m_user_soft VALUES("13","4","8","3");
INSERT INTO m_user_soft VALUES("14","41","8","3");
INSERT INTO m_user_soft VALUES("15","41","10","3");
INSERT INTO m_user_soft VALUES("16","3","7","3");
INSERT INTO m_user_soft VALUES("17","3","6","3");
INSERT INTO m_user_soft VALUES("18","41","11","3");
INSERT INTO m_user_soft VALUES("19","41","29","3");
INSERT INTO m_user_soft VALUES("20","25","11","3");
INSERT INTO m_user_soft VALUES("21","20","11","3");
INSERT INTO m_user_soft VALUES("22","20","9","3");
INSERT INTO m_user_soft VALUES("23","0","9","3");
INSERT INTO m_user_soft VALUES("24","7","9","3");
INSERT INTO m_user_soft VALUES("25","32","9","3");
INSERT INTO m_user_soft VALUES("26","62","9","3");
INSERT INTO m_user_soft VALUES("27","9","9","3");
INSERT INTO m_user_soft VALUES("28","7","11","3");
INSERT INTO m_user_soft VALUES("29","32","11","3");
INSERT INTO m_user_soft VALUES("30","9","11","3");
INSERT INTO m_user_soft VALUES("31","62","11","3");
INSERT INTO m_user_soft VALUES("32","69","11","3");
INSERT INTO m_user_soft VALUES("33","25","9","3");
INSERT INTO m_user_soft VALUES("34","43","3","3");



DROP TABLE m_userpass;

CREATE TABLE `m_userpass` (
  `user_id` int(9) NOT NULL AUTO_INCREMENT,
  `ecode` int(9) DEFAULT NULL,
  `cpassword` char(32) DEFAULT NULL,
  `md5pass` int(1) DEFAULT '0',
  `log_qty` int(3) DEFAULT '0',
  `changed_at` timestamp NULL DEFAULT CURRENT_TIMESTAMP ON UPDATE CURRENT_TIMESTAMP,
  PRIMARY KEY (`user_id`)
) ENGINE=MyISAM AUTO_INCREMENT=84 DEFAULT CHARSET=utf8;

INSERT INTO m_userpass VALUES("1","1","12345","0","34","2024-08-16 13:04:00");
INSERT INTO m_userpass VALUES("4","41","11223344","0","86","2025-06-11 08:45:28");
INSERT INTO m_userpass VALUES("5","4","ack003","0","32","2025-05-22 09:44:42");
INSERT INTO m_userpass VALUES("6","0","","0","0","2024-08-12 00:00:00");
INSERT INTO m_userpass VALUES("7","1","11223344","0","1","2025-04-03 16:54:04");
INSERT INTO m_userpass VALUES("8","9","artt2532","0","21","2024-11-11 18:25:16");
INSERT INTO m_userpass VALUES("9","20","tipjeab335566","0","23","2024-12-17 09:26:08");
INSERT INTO m_userpass VALUES("10","69","0875663165","0","1","2024-09-02 16:45:48");
INSERT INTO m_userpass VALUES("11","34","53791367","0","37","2024-11-06 10:47:11");
INSERT INTO m_userpass VALUES("12","25","120333","0","20","2024-10-04 09:15:57");
INSERT INTO m_userpass VALUES("13","0","0873035750","0","0","2024-09-02 00:00:00");
INSERT INTO m_userpass VALUES("14","33","kung010324kung","0","28","2024-10-27 15:17:48");
INSERT INTO m_userpass VALUES("15","62","ACK06189","0","13","2024-09-24 07:38:32");
INSERT INTO m_userpass VALUES("16","3","0873035750","0","2","2024-09-22 16:23:31");
INSERT INTO m_userpass VALUES("17","32","15chida04","0","8","2024-10-09 16:21:29");
INSERT INTO m_userpass VALUES("79","0","654321","0","0","2024-09-25 00:00:00");
INSERT INTO m_userpass VALUES("78","7","veaw131430","0","6","2024-09-25 11:57:59");
INSERT INTO m_userpass VALUES("20","58","ack057rak","0","12","2024-10-09 16:24:03");
INSERT INTO m_userpass VALUES("21","95","01234","0","5","2024-09-25 10:07:14");
INSERT INTO m_userpass VALUES("22","96","01234","0","4","2024-09-25 14:37:31");
INSERT INTO m_userpass VALUES("23","97","01234","0","3","2024-09-25 09:41:17");
INSERT INTO m_userpass VALUES("24","98","01234","0","1","2024-09-25 09:14:04");
INSERT INTO m_userpass VALUES("25","99","01234","0","1","2024-09-25 09:40:54");
INSERT INTO m_userpass VALUES("26","100","01234","0","1","2024-09-25 09:22:47");
INSERT INTO m_userpass VALUES("27","101","01234","0","3","2024-09-25 12:00:52");
INSERT INTO m_userpass VALUES("28","102","01234","0","1","2024-09-25 09:13:57");
INSERT INTO m_userpass VALUES("29","103","01234","0","2","2024-09-25 15:26:33");
INSERT INTO m_userpass VALUES("30","104","01234","0","1","2024-09-25 09:50:40");
INSERT INTO m_userpass VALUES("31","6","thiyada2547","0","5","2024-10-14 11:11:38");
INSERT INTO m_userpass VALUES("32","105","01234","0","2","2024-09-25 10:40:55");
INSERT INTO m_userpass VALUES("33","45","24092525","0","21","2025-02-21 12:56:59");
INSERT INTO m_userpass VALUES("34","43","Wiriya02","0","18","2024-10-11 08:29:34");
INSERT INTO m_userpass VALUES("35","77","mattana2412","0","2","2024-09-24 11:06:18");
INSERT INTO m_userpass VALUES("36","53","08062533","0","9","2025-01-21 15:37:09");
INSERT INTO m_userpass VALUES("37","46","0901933249","0","6","2024-11-19 13:07:46");
INSERT INTO m_userpass VALUES("38","75","jinjin2307","0","7","2024-10-09 16:19:28");
INSERT INTO m_userpass VALUES("39","42","053606246","0","7","2025-06-07 11:11:14");
INSERT INTO m_userpass VALUES("40","39","sun052533","0","5","2024-10-09 16:24:02");
INSERT INTO m_userpass VALUES("41","0","jum123456","0","0","2024-09-11 00:00:00");
INSERT INTO m_userpass VALUES("42","28","1570300131660","0","10","2024-10-09 16:20:21");
INSERT INTO m_userpass VALUES("43","51","jum123456","0","4","2024-10-01 13:28:09");
INSERT INTO m_userpass VALUES("44","40","053795849Ging","0","8","2025-01-27 09:08:27");
INSERT INTO m_userpass VALUES("45","59","bengy1984","0","5","2024-09-22 14:11:20");
INSERT INTO m_userpass VALUES("46","5","1234","0","8","2024-10-02 13:21:05");
INSERT INTO m_userpass VALUES("47","36","0956988247Kop","0","2","2024-10-03 15:59:50");
INSERT INTO m_userpass VALUES("48","71","002672jp","0","8","2024-10-29 10:46:54");
INSERT INTO m_userpass VALUES("49","52","t12345","0","8","2024-11-18 16:46:07");
INSERT INTO m_userpass VALUES("50","86","0624296650","0","1","2024-09-11 16:38:24");
INSERT INTO m_userpass VALUES("51","0","715121","0","0","2024-09-11 00:00:00");
INSERT INTO m_userpass VALUES("52","14","248655","0","9","2024-10-14 15:54:36");
INSERT INTO m_userpass VALUES("53","84","0624296650","0","3","2024-09-23 10:14:43");
INSERT INTO m_userpass VALUES("54","24","291319aj","0","1","2024-09-11 16:48:25");
INSERT INTO m_userpass VALUES("55","55","nuii2178","0","6","2024-10-10 09:46:42");
INSERT INTO m_userpass VALUES("56","21","Zeejang02122539","0","3","2024-09-24 20:51:36");
INSERT INTO m_userpass VALUES("57","35","54411635","0","8","2024-10-09 16:17:00");
INSERT INTO m_userpass VALUES("58","15","0956977619","0","4","2025-03-10 15:12:00");
INSERT INTO m_userpass VALUES("59","57","095611988","0","12","2025-05-15 12:30:47");
INSERT INTO m_userpass VALUES("60","67","Earthpaddy2566","0","3","2024-09-17 20:26:09");
INSERT INTO m_userpass VALUES("70","0","p1579900182441","0","0","2024-09-19 00:00:00");
INSERT INTO m_userpass VALUES("62","26","chutipha1234@","0","8","2024-10-09 17:13:52");
INSERT INTO m_userpass VALUES("63","16","667086Ya","0","8","2024-09-24 09:34:46");
INSERT INTO m_userpass VALUES("64","44","311039","0","10","2024-10-02 10:10:34");
INSERT INTO m_userpass VALUES("65","54","aesamart2522","0","2","2024-09-11 17:52:26");
INSERT INTO m_userpass VALUES("66","17","DUAN9415","0","25","2024-09-29 12:37:30");
INSERT INTO m_userpass VALUES("67","60","b42264226","0","7","2024-11-06 00:22:18");
INSERT INTO m_userpass VALUES("77","8","pron21","0","1","2024-09-24 16:28:21");
INSERT INTO m_userpass VALUES("69","68","ab9339","0","5","2025-01-28 13:14:18");
INSERT INTO m_userpass VALUES("71","19","p1579900182441","0","5","2024-10-11 13:26:03");
INSERT INTO m_userpass VALUES("72","79","033509","0","2","2024-09-19 14:55:02");
INSERT INTO m_userpass VALUES("74","0","19771977o-","0","0","2024-09-23 00:00:00");
INSERT INTO m_userpass VALUES("75","61","19771977","0","8","2024-10-09 18:13:15");
INSERT INTO m_userpass VALUES("76","27","00368364","0","4","2024-09-24 18:06:54");
INSERT INTO m_userpass VALUES("80","2","11223344","0","6","2024-09-28 04:47:42");
INSERT INTO m_userpass VALUES("81","0","","0","0","2024-10-15 00:00:00");
INSERT INTO m_userpass VALUES("82","0","1","0","0","2024-11-24 00:00:00");
INSERT INTO m_userpass VALUES("83","0","1","0","0","2024-11-24 00:00:00");



DROP TABLE m_xsoftware;

CREATE TABLE `m_xsoftware` (
  `soft_id` int(2) NOT NULL DEFAULT '0',
  `soft_name` varchar(40) CHARACTER SET tis620 DEFAULT NULL,
  `softenable` char(1) CHARACTER SET tis620 DEFAULT NULL,
  `start_date` date DEFAULT '0000-00-00',
  `exp_date` date DEFAULT '0000-00-00',
  `net_date` date DEFAULT '0000-00-00',
  `exp_prg` char(1) CHARACTER SET tis620 DEFAULT 'N',
  `hdd_new` char(8) CHARACTER SET tis620 DEFAULT NULL,
  `changed_at` timestamp NULL DEFAULT CURRENT_TIMESTAMP ON UPDATE CURRENT_TIMESTAMP,
  `soft_part` char(50) CHARACTER SET tis620 DEFAULT NULL,
  `soft_show` int(1) DEFAULT '0',
  PRIMARY KEY (`soft_id`)
) ENGINE=MyISAM DEFAULT CHARSET=utf8;

INSERT INTO m_xsoftware VALUES("1","ระบบงานPA","N","0000-00-00","0000-00-00","0000-00-00","N","","2023-04-03 05:56:04","../pa_admin/index.php","0");
INSERT INTO m_xsoftware VALUES("2","ระบบงาน ID PLAN","N","0000-00-00","0000-00-00","0000-00-00","N","","2023-04-03 05:56:37","../plan_admin/index.php","0");
INSERT INTO m_xsoftware VALUES("3","ระบบข้อมูลหลัก","Y","0000-00-00","0000-00-00","0000-00-00","N","","2023-04-03 06:22:11","../members/index.php","0");
INSERT INTO m_xsoftware VALUES("4","ระบบงานประเมินลูกจ้าง","N","0000-00-00","0000-00-00","0000-00-00","N","","2023-09-02 06:59:44","../employee/index.php","0");



DROP TABLE pa_assessor;

CREATE TABLE `pa_assessor` (
  `id_ass` int(9) NOT NULL AUTO_INCREMENT,
  `pcode` int(9) DEFAULT NULL,
  `pcodeh_ass` int(9) DEFAULT NULL,
  `id_h_ass` int(9) DEFAULT NULL,
  `group_h_ass` int(2) DEFAULT NULL,
  `pa_year` int(4) DEFAULT NULL,
  PRIMARY KEY (`id_ass`)
) ENGINE=InnoDB AUTO_INCREMENT=142 DEFAULT CHARSET=latin1;

INSERT INTO pa_assessor VALUES("1","6","5","1","1","2567");
INSERT INTO pa_assessor VALUES("2","6","97","2","1","2567");
INSERT INTO pa_assessor VALUES("3","6","104","3","1","2567");
INSERT INTO pa_assessor VALUES("4","5","5","1","1","2567");
INSERT INTO pa_assessor VALUES("5","5","97","2","1","2567");
INSERT INTO pa_assessor VALUES("6","5","104","3","1","2567");
INSERT INTO pa_assessor VALUES("7","7","5","1","1","2567");
INSERT INTO pa_assessor VALUES("8","7","97","2","1","2567");
INSERT INTO pa_assessor VALUES("9","7","104","3","1","2567");
INSERT INTO pa_assessor VALUES("10","8","5","1","1","2567");
INSERT INTO pa_assessor VALUES("11","8","97","2","1","2567");
INSERT INTO pa_assessor VALUES("12","8","104","3","1","2567");
INSERT INTO pa_assessor VALUES("13","9","5","1","1","2567");
INSERT INTO pa_assessor VALUES("14","9","97","2","1","2567");
INSERT INTO pa_assessor VALUES("15","9","104","3","1","2567");
INSERT INTO pa_assessor VALUES("16","14","5","1","1","2567");
INSERT INTO pa_assessor VALUES("17","14","97","2","1","2567");
INSERT INTO pa_assessor VALUES("18","14","104","3","1","2567");
INSERT INTO pa_assessor VALUES("19","16","17","4","2","2567");
INSERT INTO pa_assessor VALUES("20","16","105","5","2","2567");
INSERT INTO pa_assessor VALUES("21","16","99","6","2","2567");
INSERT INTO pa_assessor VALUES("22","18","17","4","2","2567");
INSERT INTO pa_assessor VALUES("23","18","105","5","2","2567");
INSERT INTO pa_assessor VALUES("24","18","99","6","2","2567");
INSERT INTO pa_assessor VALUES("25","17","17","4","2","2567");
INSERT INTO pa_assessor VALUES("26","17","105","5","2","2567");
INSERT INTO pa_assessor VALUES("27","17","99","6","2","2567");
INSERT INTO pa_assessor VALUES("28","19","17","4","2","2567");
INSERT INTO pa_assessor VALUES("29","19","105","5","2","2567");
INSERT INTO pa_assessor VALUES("30","19","99","6","2","2567");
INSERT INTO pa_assessor VALUES("31","20","17","4","2","2567");
INSERT INTO pa_assessor VALUES("32","20","105","5","2","2567");
INSERT INTO pa_assessor VALUES("33","20","99","6","2","2567");
INSERT INTO pa_assessor VALUES("34","21","17","4","2","2567");
INSERT INTO pa_assessor VALUES("35","21","105","5","2","2567");
INSERT INTO pa_assessor VALUES("36","21","99","6","2","2567");
INSERT INTO pa_assessor VALUES("37","15","17","4","2","2567");
INSERT INTO pa_assessor VALUES("38","15","105","5","2","2567");
INSERT INTO pa_assessor VALUES("39","15","99","6","2","2567");
INSERT INTO pa_assessor VALUES("40","84","17","4","2","2567");
INSERT INTO pa_assessor VALUES("41","84","105","5","2","2567");
INSERT INTO pa_assessor VALUES("42","84","99","6","2","2567");
INSERT INTO pa_assessor VALUES("43","26","25","7","3","2567");
INSERT INTO pa_assessor VALUES("44","26","95","8","3","2567");
INSERT INTO pa_assessor VALUES("45","26","100","9","3","2567");
INSERT INTO pa_assessor VALUES("46","25","25","7","3","2567");
INSERT INTO pa_assessor VALUES("47","25","95","8","3","2567");
INSERT INTO pa_assessor VALUES("48","25","100","9","3","2567");
INSERT INTO pa_assessor VALUES("49","27","25","7","3","2567");
INSERT INTO pa_assessor VALUES("50","27","95","8","3","2567");
INSERT INTO pa_assessor VALUES("51","27","100","9","3","2567");
INSERT INTO pa_assessor VALUES("52","28","25","7","3","2567");
INSERT INTO pa_assessor VALUES("53","28","95","8","3","2567");
INSERT INTO pa_assessor VALUES("54","28","100","9","3","2567");
INSERT INTO pa_assessor VALUES("55","32","25","7","3","2567");
INSERT INTO pa_assessor VALUES("56","32","95","8","3","2567");
INSERT INTO pa_assessor VALUES("57","32","100","9","3","2567");
INSERT INTO pa_assessor VALUES("58","34","36","10","4","2567");
INSERT INTO pa_assessor VALUES("59","34","97","11","4","2567");
INSERT INTO pa_assessor VALUES("60","34","101","12","4","2567");
INSERT INTO pa_assessor VALUES("61","42","36","10","4","2567");
INSERT INTO pa_assessor VALUES("62","42","97","11","4","2567");
INSERT INTO pa_assessor VALUES("63","42","101","12","4","2567");
INSERT INTO pa_assessor VALUES("64","33","36","10","4","2567");
INSERT INTO pa_assessor VALUES("65","33","97","11","4","2567");
INSERT INTO pa_assessor VALUES("66","33","101","12","4","2567");
INSERT INTO pa_assessor VALUES("67","40","36","10","4","2567");
INSERT INTO pa_assessor VALUES("68","40","97","11","4","2567");
INSERT INTO pa_assessor VALUES("69","40","101","12","4","2567");
INSERT INTO pa_assessor VALUES("70","41","36","10","4","2567");
INSERT INTO pa_assessor VALUES("71","41","97","11","4","2567");
INSERT INTO pa_assessor VALUES("72","41","101","12","4","2567");
INSERT INTO pa_assessor VALUES("73","39","36","10","4","2567");
INSERT INTO pa_assessor VALUES("74","39","97","11","4","2567");
INSERT INTO pa_assessor VALUES("75","39","101","12","4","2567");
INSERT INTO pa_assessor VALUES("76","43","36","10","4","2567");
INSERT INTO pa_assessor VALUES("77","43","97","11","4","2567");
INSERT INTO pa_assessor VALUES("78","43","101","12","4","2567");
INSERT INTO pa_assessor VALUES("79","35","36","10","4","2567");
INSERT INTO pa_assessor VALUES("80","35","97","11","4","2567");
INSERT INTO pa_assessor VALUES("81","35","101","12","4","2567");
INSERT INTO pa_assessor VALUES("82","36","36","10","4","2567");
INSERT INTO pa_assessor VALUES("83","36","97","11","4","2567");
INSERT INTO pa_assessor VALUES("84","36","101","12","4","2567");
INSERT INTO pa_assessor VALUES("85","45","44","16","6","2567");
INSERT INTO pa_assessor VALUES("86","45","96","17","6","2567");
INSERT INTO pa_assessor VALUES("87","45","102","18","6","2567");
INSERT INTO pa_assessor VALUES("88","46","44","16","6","2567");
INSERT INTO pa_assessor VALUES("89","46","96","17","6","2567");
INSERT INTO pa_assessor VALUES("90","46","102","18","6","2567");
INSERT INTO pa_assessor VALUES("91","44","44","16","6","2567");
INSERT INTO pa_assessor VALUES("92","44","96","17","6","2567");
INSERT INTO pa_assessor VALUES("93","44","102","18","6","2567");
INSERT INTO pa_assessor VALUES("94","54","57","19","7","2567");
INSERT INTO pa_assessor VALUES("95","54","98","20","7","2567");
INSERT INTO pa_assessor VALUES("96","54","102","21","7","2567");
INSERT INTO pa_assessor VALUES("97","55","57","19","7","2567");
INSERT INTO pa_assessor VALUES("98","55","98","20","7","2567");
INSERT INTO pa_assessor VALUES("99","55","102","21","7","2567");
INSERT INTO pa_assessor VALUES("100","59","58","13","5","2567");
INSERT INTO pa_assessor VALUES("101","59","96","14","5","2567");
INSERT INTO pa_assessor VALUES("102","59","103","15","5","2567");
INSERT INTO pa_assessor VALUES("103","60","58","13","5","2567");
INSERT INTO pa_assessor VALUES("104","60","96","14","5","2567");
INSERT INTO pa_assessor VALUES("105","60","103","15","5","2567");
INSERT INTO pa_assessor VALUES("106","58","58","13","5","2567");
INSERT INTO pa_assessor VALUES("107","58","96","14","5","2567");
INSERT INTO pa_assessor VALUES("108","58","103","15","5","2567");
INSERT INTO pa_assessor VALUES("109","62","58","13","5","2567");
INSERT INTO pa_assessor VALUES("110","62","96","14","5","2567");
INSERT INTO pa_assessor VALUES("111","62","103","15","5","2567");
INSERT INTO pa_assessor VALUES("112","67","58","13","5","2567");
INSERT INTO pa_assessor VALUES("113","67","96","14","5","2567");
INSERT INTO pa_assessor VALUES("114","67","103","15","5","2567");
INSERT INTO pa_assessor VALUES("115","61","58","13","5","2567");
INSERT INTO pa_assessor VALUES("116","61","96","14","5","2567");
INSERT INTO pa_assessor VALUES("117","61","103","15","5","2567");
INSERT INTO pa_assessor VALUES("118","57","57","19","7","2567");
INSERT INTO pa_assessor VALUES("119","57","98","20","7","2567");
INSERT INTO pa_assessor VALUES("120","57","102","21","7","2567");
INSERT INTO pa_assessor VALUES("121","75","57","19","7","2567");
INSERT INTO pa_assessor VALUES("122","75","98","20","7","2567");
INSERT INTO pa_assessor VALUES("123","75","102","21","7","2567");
INSERT INTO pa_assessor VALUES("124","77","57","19","7","2567");
INSERT INTO pa_assessor VALUES("125","77","98","20","7","2567");
INSERT INTO pa_assessor VALUES("126","77","102","21","7","2567");
INSERT INTO pa_assessor VALUES("127","53","51","7","3","2567");
INSERT INTO pa_assessor VALUES("128","53","95","8","3","2567");
INSERT INTO pa_assessor VALUES("129","53","100","9","3","2567");
INSERT INTO pa_assessor VALUES("130","51","51","7","3","2567");
INSERT INTO pa_assessor VALUES("131","51","95","8","3","2567");
INSERT INTO pa_assessor VALUES("132","51","100","9","3","2567");
INSERT INTO pa_assessor VALUES("133","52","51","7","3","2567");
INSERT INTO pa_assessor VALUES("134","52","95","8","3","2567");
INSERT INTO pa_assessor VALUES("135","52","100","9","3","2567");
INSERT INTO pa_assessor VALUES("136","71","58","13","5","2567");
INSERT INTO pa_assessor VALUES("137","71","96","14","5","2567");
INSERT INTO pa_assessor VALUES("138","71","103","15","5","2567");
INSERT INTO pa_assessor VALUES("139","68","58","13","5","2567");
INSERT INTO pa_assessor VALUES("140","68","96","14","5","2567");
INSERT INTO pa_assessor VALUES("141","68","103","15","5","2567");



DROP TABLE pa_estimate;

CREATE TABLE `pa_estimate` (
  `id_esti` int(9) NOT NULL AUTO_INCREMENT,
  `id_g_ass` int(5) DEFAULT NULL,
  `id_sele3` int(2) DEFAULT NULL,
  `no_sco` int(3) DEFAULT NULL,
  `sco_esti` double DEFAULT NULL,
  `pcode` int(9) DEFAULT NULL,
  `ecode` int(9) DEFAULT NULL,
  `id_ass` int(9) DEFAULT NULL,
  `id_h_ass` int(9) DEFAULT NULL,
  `pa_year` int(4) DEFAULT NULL,
  `changat` timestamp NULL DEFAULT CURRENT_TIMESTAMP,
  PRIMARY KEY (`id_esti`)
) ENGINE=InnoDB AUTO_INCREMENT=2683 DEFAULT CHARSET=latin1;

INSERT INTO pa_estimate VALUES("1","","1","4","4","45","102","87","18","2567","2024-09-25 09:19:58");
INSERT INTO pa_estimate VALUES("2","","2","4","4","45","102","87","18","2567","2024-09-25 09:19:58");
INSERT INTO pa_estimate VALUES("3","","3","3","3","45","102","87","18","2567","2024-09-25 09:19:58");
INSERT INTO pa_estimate VALUES("4","","4","4","4","45","102","87","18","2567","2024-09-25 09:19:58");
INSERT INTO pa_estimate VALUES("5","","5","4","4","45","102","87","18","2567","2024-09-25 09:19:58");
INSERT INTO pa_estimate VALUES("6","","6","3","3","45","102","87","18","2567","2024-09-25 09:19:58");
INSERT INTO pa_estimate VALUES("7","","7","4","4","45","102","87","18","2567","2024-09-25 09:19:58");
INSERT INTO pa_estimate VALUES("8","","8","4","4","45","102","87","18","2567","2024-09-25 09:19:58");
INSERT INTO pa_estimate VALUES("9","","9","4","4","45","102","87","18","2567","2024-09-25 09:19:58");
INSERT INTO pa_estimate VALUES("10","","10","4","4","45","102","87","18","2567","2024-09-25 09:19:58");
INSERT INTO pa_estimate VALUES("11","","11","3","3","45","102","87","18","2567","2024-09-25 09:19:58");
INSERT INTO pa_estimate VALUES("12","","12","4","4","45","102","87","18","2567","2024-09-25 09:19:58");
INSERT INTO pa_estimate VALUES("13","","13","3","3","45","102","87","18","2567","2024-09-25 09:19:58");
INSERT INTO pa_estimate VALUES("14","","14","4","4","45","102","87","18","2567","2024-09-25 09:19:58");
INSERT INTO pa_estimate VALUES("15","","15","4","4","45","102","87","18","2567","2024-09-25 09:19:58");
INSERT INTO pa_estimate VALUES("16","","16","4","20","45","102","87","18","2567","2024-09-25 09:19:58");
INSERT INTO pa_estimate VALUES("17","","17","3","7.5","45","102","87","18","2567","2024-09-25 09:19:58");
INSERT INTO pa_estimate VALUES("18","","18","4","10","45","102","87","18","2567","2024-09-25 09:19:58");
INSERT INTO pa_estimate VALUES("19","","1","4","4","54","98","95","20","2567","2024-09-25 09:30:10");
INSERT INTO pa_estimate VALUES("20","","2","4","4","54","98","95","20","2567","2024-09-25 09:30:10");
INSERT INTO pa_estimate VALUES("21","","3","3","3","54","98","95","20","2567","2024-09-25 09:30:10");
INSERT INTO pa_estimate VALUES("22","","4","3","3","54","98","95","20","2567","2024-09-25 09:30:10");
INSERT INTO pa_estimate VALUES("23","","5","4","4","54","98","95","20","2567","2024-09-25 09:30:10");
INSERT INTO pa_estimate VALUES("24","","6","4","4","54","98","95","20","2567","2024-09-25 09:30:10");
INSERT INTO pa_estimate VALUES("25","","7","4","4","54","98","95","20","2567","2024-09-25 09:30:10");
INSERT INTO pa_estimate VALUES("26","","8","4","4","54","98","95","20","2567","2024-09-25 09:30:10");
INSERT INTO pa_estimate VALUES("27","","9","4","4","54","98","95","20","2567","2024-09-25 09:30:10");
INSERT INTO pa_estimate VALUES("28","","10","4","4","54","98","95","20","2567","2024-09-25 09:30:10");
INSERT INTO pa_estimate VALUES("29","","11","3","3","54","98","95","20","2567","2024-09-25 09:30:10");
INSERT INTO pa_estimate VALUES("30","","12","4","4","54","98","95","20","2567","2024-09-25 09:30:10");
INSERT INTO pa_estimate VALUES("31","","13","4","4","54","98","95","20","2567","2024-09-25 09:30:10");
INSERT INTO pa_estimate VALUES("32","","14","4","4","54","98","95","20","2567","2024-09-25 09:30:10");
INSERT INTO pa_estimate VALUES("33","","15","4","4","54","98","95","20","2567","2024-09-25 09:30:10");
INSERT INTO pa_estimate VALUES("34","","16","4","20","54","98","95","20","2567","2024-09-25 09:30:10");
INSERT INTO pa_estimate VALUES("35","","17","3","7.5","54","98","95","20","2567","2024-09-25 09:30:10");
INSERT INTO pa_estimate VALUES("36","","18","4","10","54","98","95","20","2567","2024-09-25 09:30:10");
INSERT INTO pa_estimate VALUES("37","","1","4","4","46","102","90","18","2567","2024-09-25 09:33:07");
INSERT INTO pa_estimate VALUES("38","","2","3","3","46","102","90","18","2567","2024-09-25 09:33:07");
INSERT INTO pa_estimate VALUES("39","","3","3","3","46","102","90","18","2567","2024-09-25 09:33:07");
INSERT INTO pa_estimate VALUES("40","","4","4","4","46","102","90","18","2567","2024-09-25 09:33:07");
INSERT INTO pa_estimate VALUES("41","","5","4","4","46","102","90","18","2567","2024-09-25 09:33:07");
INSERT INTO pa_estimate VALUES("42","","6","3","3","46","102","90","18","2567","2024-09-25 09:33:07");
INSERT INTO pa_estimate VALUES("43","","7","4","4","46","102","90","18","2567","2024-09-25 09:33:07");
INSERT INTO pa_estimate VALUES("44","","8","3","3","46","102","90","18","2567","2024-09-25 09:33:07");
INSERT INTO pa_estimate VALUES("45","","9","4","4","46","102","90","18","2567","2024-09-25 09:33:07");
INSERT INTO pa_estimate VALUES("46","","10","4","4","46","102","90","18","2567","2024-09-25 09:33:07");
INSERT INTO pa_estimate VALUES("47","","11","3","3","46","102","90","18","2567","2024-09-25 09:33:07");
INSERT INTO pa_estimate VALUES("48","","12","4","4","46","102","90","18","2567","2024-09-25 09:33:07");
INSERT INTO pa_estimate VALUES("49","","13","3","3","46","102","90","18","2567","2024-09-25 09:33:07");
INSERT INTO pa_estimate VALUES("50","","14","4","4","46","102","90","18","2567","2024-09-25 09:33:07");
INSERT INTO pa_estimate VALUES("51","","15","4","4","46","102","90","18","2567","2024-09-25 09:33:07");
INSERT INTO pa_estimate VALUES("52","","16","4","20","46","102","90","18","2567","2024-09-25 09:33:07");
INSERT INTO pa_estimate VALUES("53","","17","4","10","46","102","90","18","2567","2024-09-25 09:33:07");
INSERT INTO pa_estimate VALUES("54","","18","3","7.5","46","102","90","18","2567","2024-09-25 09:33:07");
INSERT INTO pa_estimate VALUES("55","","1","4","4","55","98","98","20","2567","2024-09-25 09:34:54");
INSERT INTO pa_estimate VALUES("56","","2","3","3","55","98","98","20","2567","2024-09-25 09:34:54");
INSERT INTO pa_estimate VALUES("57","","3","4","4","55","98","98","20","2567","2024-09-25 09:34:54");
INSERT INTO pa_estimate VALUES("58","","4","3","3","55","98","98","20","2567","2024-09-25 09:34:54");
INSERT INTO pa_estimate VALUES("59","","5","4","4","55","98","98","20","2567","2024-09-25 09:34:54");
INSERT INTO pa_estimate VALUES("60","","6","4","4","55","98","98","20","2567","2024-09-25 09:34:54");
INSERT INTO pa_estimate VALUES("61","","7","3","3","55","98","98","20","2567","2024-09-25 09:34:54");
INSERT INTO pa_estimate VALUES("62","","8","3","3","55","98","98","20","2567","2024-09-25 09:34:54");
INSERT INTO pa_estimate VALUES("63","","9","4","4","55","98","98","20","2567","2024-09-25 09:34:54");
INSERT INTO pa_estimate VALUES("64","","10","4","4","55","98","98","20","2567","2024-09-25 09:34:54");
INSERT INTO pa_estimate VALUES("65","","11","4","4","55","98","98","20","2567","2024-09-25 09:34:54");
INSERT INTO pa_estimate VALUES("66","","12","3","3","55","98","98","20","2567","2024-09-25 09:34:54");
INSERT INTO pa_estimate VALUES("67","","13","4","4","55","98","98","20","2567","2024-09-25 09:34:54");
INSERT INTO pa_estimate VALUES("68","","14","3","3","55","98","98","20","2567","2024-09-25 09:34:54");
INSERT INTO pa_estimate VALUES("69","","15","4","4","55","98","98","20","2567","2024-09-25 09:34:54");
INSERT INTO pa_estimate VALUES("70","","16","4","20","55","98","98","20","2567","2024-09-25 09:34:54");
INSERT INTO pa_estimate VALUES("71","","17","3","7.5","55","98","98","20","2567","2024-09-25 09:34:54");
INSERT INTO pa_estimate VALUES("72","","18","4","10","55","98","98","20","2567","2024-09-25 09:34:54");
INSERT INTO pa_estimate VALUES("73","","1","4","4","25","100","48","9","2567","2024-09-25 09:39:45");
INSERT INTO pa_estimate VALUES("74","","2","4","4","25","100","48","9","2567","2024-09-25 09:39:45");
INSERT INTO pa_estimate VALUES("75","","3","4","4","25","100","48","9","2567","2024-09-25 09:39:45");
INSERT INTO pa_estimate VALUES("76","","4","4","4","25","100","48","9","2567","2024-09-25 09:39:45");
INSERT INTO pa_estimate VALUES("77","","5","4","4","25","100","48","9","2567","2024-09-25 09:39:45");
INSERT INTO pa_estimate VALUES("78","","6","4","4","25","100","48","9","2567","2024-09-25 09:39:45");
INSERT INTO pa_estimate VALUES("79","","7","3","3","25","100","48","9","2567","2024-09-25 09:39:45");
INSERT INTO pa_estimate VALUES("80","","8","4","4","25","100","48","9","2567","2024-09-25 09:39:45");
INSERT INTO pa_estimate VALUES("81","","9","4","4","25","100","48","9","2567","2024-09-25 09:39:45");
INSERT INTO pa_estimate VALUES("82","","10","3","3","25","100","48","9","2567","2024-09-25 09:39:45");
INSERT INTO pa_estimate VALUES("83","","11","4","4","25","100","48","9","2567","2024-09-25 09:39:45");
INSERT INTO pa_estimate VALUES("84","","12","3","3","25","100","48","9","2567","2024-09-25 09:39:45");
INSERT INTO pa_estimate VALUES("85","","13","4","4","25","100","48","9","2567","2024-09-25 09:39:45");
INSERT INTO pa_estimate VALUES("86","","14","3","3","25","100","48","9","2567","2024-09-25 09:39:45");
INSERT INTO pa_estimate VALUES("87","","15","4","4","25","100","48","9","2567","2024-09-25 09:39:45");
INSERT INTO pa_estimate VALUES("88","","16","4","20","25","100","48","9","2567","2024-09-25 09:39:45");
INSERT INTO pa_estimate VALUES("89","","17","3","7.5","25","100","48","9","2567","2024-09-25 09:39:45");
INSERT INTO pa_estimate VALUES("90","","18","4","10","25","100","48","9","2567","2024-09-25 09:39:45");
INSERT INTO pa_estimate VALUES("91","","1","4","4","57","98","119","20","2567","2024-09-25 09:39:59");
INSERT INTO pa_estimate VALUES("92","","2","4","4","57","98","119","20","2567","2024-09-25 09:39:59");
INSERT INTO pa_estimate VALUES("93","","3","3","3","57","98","119","20","2567","2024-09-25 09:39:59");
INSERT INTO pa_estimate VALUES("94","","4","4","4","57","98","119","20","2567","2024-09-25 09:39:59");
INSERT INTO pa_estimate VALUES("95","","5","4","4","57","98","119","20","2567","2024-09-25 09:39:59");
INSERT INTO pa_estimate VALUES("96","","6","3","3","57","98","119","20","2567","2024-09-25 09:39:59");
INSERT INTO pa_estimate VALUES("97","","7","4","4","57","98","119","20","2567","2024-09-25 09:39:59");
INSERT INTO pa_estimate VALUES("98","","8","3","3","57","98","119","20","2567","2024-09-25 09:39:59");
INSERT INTO pa_estimate VALUES("99","","9","4","4","57","98","119","20","2567","2024-09-25 09:39:59");
INSERT INTO pa_estimate VALUES("100","","10","4","4","57","98","119","20","2567","2024-09-25 09:39:59");
INSERT INTO pa_estimate VALUES("101","","11","3","3","57","98","119","20","2567","2024-09-25 09:39:59");
INSERT INTO pa_estimate VALUES("102","","12","4","4","57","98","119","20","2567","2024-09-25 09:39:59");
INSERT INTO pa_estimate VALUES("103","","13","4","4","57","98","119","20","2567","2024-09-25 09:39:59");
INSERT INTO pa_estimate VALUES("104","","14","3","3","57","98","119","20","2567","2024-09-25 09:39:59");
INSERT INTO pa_estimate VALUES("105","","15","4","4","57","98","119","20","2567","2024-09-25 09:39:59");
INSERT INTO pa_estimate VALUES("106","","16","4","20","57","98","119","20","2567","2024-09-25 09:39:59");
INSERT INTO pa_estimate VALUES("107","","17","4","10","57","98","119","20","2567","2024-09-25 09:39:59");
INSERT INTO pa_estimate VALUES("108","","18","3","7.5","57","98","119","20","2567","2024-09-25 09:39:59");
INSERT INTO pa_estimate VALUES("109","","1","4","4","57","102","120","21","2567","2024-09-25 09:41:01");
INSERT INTO pa_estimate VALUES("110","","2","4","4","57","102","120","21","2567","2024-09-25 09:41:01");
INSERT INTO pa_estimate VALUES("111","","3","3","3","57","102","120","21","2567","2024-09-25 09:41:01");
INSERT INTO pa_estimate VALUES("112","","4","4","4","57","102","120","21","2567","2024-09-25 09:41:01");
INSERT INTO pa_estimate VALUES("113","","5","3","3","57","102","120","21","2567","2024-09-25 09:41:01");
INSERT INTO pa_estimate VALUES("114","","6","4","4","57","102","120","21","2567","2024-09-25 09:41:01");
INSERT INTO pa_estimate VALUES("115","","7","3","3","57","102","120","21","2567","2024-09-25 09:41:01");
INSERT INTO pa_estimate VALUES("116","","8","4","4","57","102","120","21","2567","2024-09-25 09:41:01");
INSERT INTO pa_estimate VALUES("117","","9","4","4","57","102","120","21","2567","2024-09-25 09:41:01");
INSERT INTO pa_estimate VALUES("118","","10","4","4","57","102","120","21","2567","2024-09-25 09:41:01");
INSERT INTO pa_estimate VALUES("119","","11","3","3","57","102","120","21","2567","2024-09-25 09:41:01");
INSERT INTO pa_estimate VALUES("120","","12","4","4","57","102","120","21","2567","2024-09-25 09:41:01");
INSERT INTO pa_estimate VALUES("121","","13","4","4","57","102","120","21","2567","2024-09-25 09:41:01");
INSERT INTO pa_estimate VALUES("122","","14","3","3","57","102","120","21","2567","2024-09-25 09:41:01");
INSERT INTO pa_estimate VALUES("123","","15","4","4","57","102","120","21","2567","2024-09-25 09:41:01");
INSERT INTO pa_estimate VALUES("124","","16","4","20","57","102","120","21","2567","2024-09-25 09:41:01");
INSERT INTO pa_estimate VALUES("125","","17","3","7.5","57","102","120","21","2567","2024-09-25 09:41:01");
INSERT INTO pa_estimate VALUES("126","","18","4","10","57","102","120","21","2567","2024-09-25 09:41:01");
INSERT INTO pa_estimate VALUES("127","","1","4","4","75","102","123","21","2567","2024-09-25 09:44:04");
INSERT INTO pa_estimate VALUES("128","","2","3","3","75","102","123","21","2567","2024-09-25 09:44:04");
INSERT INTO pa_estimate VALUES("129","","3","3","3","75","102","123","21","2567","2024-09-25 09:44:04");
INSERT INTO pa_estimate VALUES("130","","4","4","4","75","102","123","21","2567","2024-09-25 09:44:04");
INSERT INTO pa_estimate VALUES("131","","5","3","3","75","102","123","21","2567","2024-09-25 09:44:04");
INSERT INTO pa_estimate VALUES("132","","6","4","4","75","102","123","21","2567","2024-09-25 09:44:04");
INSERT INTO pa_estimate VALUES("133","","7","4","4","75","102","123","21","2567","2024-09-25 09:44:04");
INSERT INTO pa_estimate VALUES("134","","8","3","3","75","102","123","21","2567","2024-09-25 09:44:04");
INSERT INTO pa_estimate VALUES("135","","9","3","3","75","102","123","21","2567","2024-09-25 09:44:04");
INSERT INTO pa_estimate VALUES("136","","10","4","4","75","102","123","21","2567","2024-09-25 09:44:04");
INSERT INTO pa_estimate VALUES("137","","11","3","3","75","102","123","21","2567","2024-09-25 09:44:04");
INSERT INTO pa_estimate VALUES("138","","12","4","4","75","102","123","21","2567","2024-09-25 09:44:05");
INSERT INTO pa_estimate VALUES("139","","13","4","4","75","102","123","21","2567","2024-09-25 09:44:05");
INSERT INTO pa_estimate VALUES("140","","14","3","3","75","102","123","21","2567","2024-09-25 09:44:05");
INSERT INTO pa_estimate VALUES("141","","15","4","4","75","102","123","21","2567","2024-09-25 09:44:05");
INSERT INTO pa_estimate VALUES("142","","16","3","15","75","102","123","21","2567","2024-09-25 09:44:05");
INSERT INTO pa_estimate VALUES("143","","17","4","10","75","102","123","21","2567","2024-09-25 09:44:05");
INSERT INTO pa_estimate VALUES("144","","18","3","7.5","75","102","123","21","2567","2024-09-25 09:44:05");
INSERT INTO pa_estimate VALUES("145","","1","4","4","77","102","126","21","2567","2024-09-25 09:48:12");
INSERT INTO pa_estimate VALUES("146","","2","3","3","77","102","126","21","2567","2024-09-25 09:48:12");
INSERT INTO pa_estimate VALUES("147","","3","4","4","77","102","126","21","2567","2024-09-25 09:48:12");
INSERT INTO pa_estimate VALUES("148","","4","3","3","77","102","126","21","2567","2024-09-25 09:48:12");
INSERT INTO pa_estimate VALUES("149","","5","4","4","77","102","126","21","2567","2024-09-25 09:48:12");
INSERT INTO pa_estimate VALUES("150","","6","4","4","77","102","126","21","2567","2024-09-25 09:48:12");
INSERT INTO pa_estimate VALUES("151","","7","4","4","77","102","126","21","2567","2024-09-25 09:48:12");
INSERT INTO pa_estimate VALUES("152","","8","4","4","77","102","126","21","2567","2024-09-25 09:48:12");
INSERT INTO pa_estimate VALUES("153","","9","3","3","77","102","126","21","2567","2024-09-25 09:48:12");
INSERT INTO pa_estimate VALUES("154","","10","4","4","77","102","126","21","2567","2024-09-25 09:48:12");
INSERT INTO pa_estimate VALUES("155","","11","3","3","77","102","126","21","2567","2024-09-25 09:48:12");
INSERT INTO pa_estimate VALUES("156","","12","3","3","77","102","126","21","2567","2024-09-25 09:48:12");
INSERT INTO pa_estimate VALUES("157","","13","4","4","77","102","126","21","2567","2024-09-25 09:48:12");
INSERT INTO pa_estimate VALUES("158","","14","4","4","77","102","126","21","2567","2024-09-25 09:48:12");
INSERT INTO pa_estimate VALUES("159","","15","4","4","77","102","126","21","2567","2024-09-25 09:48:12");
INSERT INTO pa_estimate VALUES("160","","16","3","15","77","102","126","21","2567","2024-09-25 09:48:12");
INSERT INTO pa_estimate VALUES("161","","17","4","10","77","102","126","21","2567","2024-09-25 09:48:12");
INSERT INTO pa_estimate VALUES("162","","18","3","7.5","77","102","126","21","2567","2024-09-25 09:48:12");
INSERT INTO pa_estimate VALUES("163","","1","4","4","75","98","122","20","2567","2024-09-25 09:48:23");
INSERT INTO pa_estimate VALUES("164","","2","4","4","75","98","122","20","2567","2024-09-25 09:48:23");
INSERT INTO pa_estimate VALUES("165","","3","3","3","75","98","122","20","2567","2024-09-25 09:48:23");
INSERT INTO pa_estimate VALUES("166","","4","3","3","75","98","122","20","2567","2024-09-25 09:48:23");
INSERT INTO pa_estimate VALUES("167","","5","4","4","75","98","122","20","2567","2024-09-25 09:48:23");
INSERT INTO pa_estimate VALUES("168","","6","4","4","75","98","122","20","2567","2024-09-25 09:48:23");
INSERT INTO pa_estimate VALUES("169","","7","3","3","75","98","122","20","2567","2024-09-25 09:48:23");
INSERT INTO pa_estimate VALUES("170","","8","4","4","75","98","122","20","2567","2024-09-25 09:48:23");
INSERT INTO pa_estimate VALUES("171","","9","4","4","75","98","122","20","2567","2024-09-25 09:48:23");
INSERT INTO pa_estimate VALUES("172","","10","4","4","75","98","122","20","2567","2024-09-25 09:48:23");
INSERT INTO pa_estimate VALUES("173","","11","4","4","75","98","122","20","2567","2024-09-25 09:48:23");
INSERT INTO pa_estimate VALUES("174","","12","4","4","75","98","122","20","2567","2024-09-25 09:48:23");
INSERT INTO pa_estimate VALUES("175","","13","4","4","75","98","122","20","2567","2024-09-25 09:48:23");
INSERT INTO pa_estimate VALUES("176","","14","3","3","75","98","122","20","2567","2024-09-25 09:48:23");
INSERT INTO pa_estimate VALUES("177","","15","4","4","75","98","122","20","2567","2024-09-25 09:48:23");
INSERT INTO pa_estimate VALUES("178","","16","4","20","75","98","122","20","2567","2024-09-25 09:48:23");
INSERT INTO pa_estimate VALUES("179","","17","3","7.5","75","98","122","20","2567","2024-09-25 09:48:23");
INSERT INTO pa_estimate VALUES("180","","18","4","10","75","98","122","20","2567","2024-09-25 09:48:23");
INSERT INTO pa_estimate VALUES("181","","1","4","4","26","100","45","9","2567","2024-09-25 09:51:13");
INSERT INTO pa_estimate VALUES("182","","2","4","4","26","100","45","9","2567","2024-09-25 09:51:13");
INSERT INTO pa_estimate VALUES("183","","3","4","4","26","100","45","9","2567","2024-09-25 09:51:13");
INSERT INTO pa_estimate VALUES("184","","4","3","3","26","100","45","9","2567","2024-09-25 09:51:13");
INSERT INTO pa_estimate VALUES("185","","5","4","4","26","100","45","9","2567","2024-09-25 09:51:13");
INSERT INTO pa_estimate VALUES("186","","6","4","4","26","100","45","9","2567","2024-09-25 09:51:13");
INSERT INTO pa_estimate VALUES("187","","7","4","4","26","100","45","9","2567","2024-09-25 09:51:13");
INSERT INTO pa_estimate VALUES("188","","8","4","4","26","100","45","9","2567","2024-09-25 09:51:14");
INSERT INTO pa_estimate VALUES("189","","9","4","4","26","100","45","9","2567","2024-09-25 09:51:14");
INSERT INTO pa_estimate VALUES("190","","10","3","3","26","100","45","9","2567","2024-09-25 09:51:14");
INSERT INTO pa_estimate VALUES("191","","11","4","4","26","100","45","9","2567","2024-09-25 09:51:14");
INSERT INTO pa_estimate VALUES("192","","12","3","3","26","100","45","9","2567","2024-09-25 09:51:14");
INSERT INTO pa_estimate VALUES("193","","13","4","4","26","100","45","9","2567","2024-09-25 09:51:14");
INSERT INTO pa_estimate VALUES("194","","14","4","4","26","100","45","9","2567","2024-09-25 09:51:14");
INSERT INTO pa_estimate VALUES("195","","15","4","4","26","100","45","9","2567","2024-09-25 09:51:14");
INSERT INTO pa_estimate VALUES("196","","16","4","20","26","100","45","9","2567","2024-09-25 09:51:14");
INSERT INTO pa_estimate VALUES("197","","17","3","7.5","26","100","45","9","2567","2024-09-25 09:51:14");
INSERT INTO pa_estimate VALUES("198","","18","4","10","26","100","45","9","2567","2024-09-25 09:51:14");
INSERT INTO pa_estimate VALUES("199","","1","4","4","54","102","96","21","2567","2024-09-25 09:52:11");
INSERT INTO pa_estimate VALUES("200","","2","3","3","54","102","96","21","2567","2024-09-25 09:52:11");
INSERT INTO pa_estimate VALUES("201","","3","4","4","54","102","96","21","2567","2024-09-25 09:52:11");
INSERT INTO pa_estimate VALUES("202","","4","4","4","54","102","96","21","2567","2024-09-25 09:52:11");
INSERT INTO pa_estimate VALUES("203","","5","3","3","54","102","96","21","2567","2024-09-25 09:52:11");
INSERT INTO pa_estimate VALUES("204","","6","4","4","54","102","96","21","2567","2024-09-25 09:52:11");
INSERT INTO pa_estimate VALUES("205","","7","4","4","54","102","96","21","2567","2024-09-25 09:52:11");
INSERT INTO pa_estimate VALUES("206","","8","4","4","54","102","96","21","2567","2024-09-25 09:52:11");
INSERT INTO pa_estimate VALUES("207","","9","4","4","54","102","96","21","2567","2024-09-25 09:52:11");
INSERT INTO pa_estimate VALUES("208","","10","4","4","54","102","96","21","2567","2024-09-25 09:52:11");
INSERT INTO pa_estimate VALUES("209","","11","3","3","54","102","96","21","2567","2024-09-25 09:52:11");
INSERT INTO pa_estimate VALUES("210","","12","3","3","54","102","96","21","2567","2024-09-25 09:52:11");
INSERT INTO pa_estimate VALUES("211","","13","4","4","54","102","96","21","2567","2024-09-25 09:52:11");
INSERT INTO pa_estimate VALUES("212","","14","4","4","54","102","96","21","2567","2024-09-25 09:52:11");
INSERT INTO pa_estimate VALUES("213","","15","4","4","54","102","96","21","2567","2024-09-25 09:52:11");
INSERT INTO pa_estimate VALUES("214","","16","4","20","54","102","96","21","2567","2024-09-25 09:52:11");
INSERT INTO pa_estimate VALUES("215","","17","3","7.5","54","102","96","21","2567","2024-09-25 09:52:11");
INSERT INTO pa_estimate VALUES("216","","18","4","10","54","102","96","21","2567","2024-09-25 09:52:11");
INSERT INTO pa_estimate VALUES("217","","1","3","3","77","98","125","20","2567","2024-09-25 09:53:12");
INSERT INTO pa_estimate VALUES("218","","2","3","3","77","98","125","20","2567","2024-09-25 09:53:12");
INSERT INTO pa_estimate VALUES("219","","3","4","4","77","98","125","20","2567","2024-09-25 09:53:12");
INSERT INTO pa_estimate VALUES("220","","4","4","4","77","98","125","20","2567","2024-09-25 09:53:12");
INSERT INTO pa_estimate VALUES("221","","5","3","3","77","98","125","20","2567","2024-09-25 09:53:12");
INSERT INTO pa_estimate VALUES("222","","6","4","4","77","98","125","20","2567","2024-09-25 09:53:12");
INSERT INTO pa_estimate VALUES("223","","7","4","4","77","98","125","20","2567","2024-09-25 09:53:12");
INSERT INTO pa_estimate VALUES("224","","8","4","4","77","98","125","20","2567","2024-09-25 09:53:12");
INSERT INTO pa_estimate VALUES("225","","9","4","4","77","98","125","20","2567","2024-09-25 09:53:12");
INSERT INTO pa_estimate VALUES("226","","10","4","4","77","98","125","20","2567","2024-09-25 09:53:12");
INSERT INTO pa_estimate VALUES("227","","11","4","4","77","98","125","20","2567","2024-09-25 09:53:12");
INSERT INTO pa_estimate VALUES("228","","12","3","3","77","98","125","20","2567","2024-09-25 09:53:12");
INSERT INTO pa_estimate VALUES("229","","13","3","3","77","98","125","20","2567","2024-09-25 09:53:12");
INSERT INTO pa_estimate VALUES("230","","14","4","4","77","98","125","20","2567","2024-09-25 09:53:12");
INSERT INTO pa_estimate VALUES("231","","15","4","4","77","98","125","20","2567","2024-09-25 09:53:12");
INSERT INTO pa_estimate VALUES("232","","16","3","15","77","98","125","20","2567","2024-09-25 09:53:12");
INSERT INTO pa_estimate VALUES("233","","17","4","10","77","98","125","20","2567","2024-09-25 09:53:12");
INSERT INTO pa_estimate VALUES("234","","18","4","10","77","98","125","20","2567","2024-09-25 09:53:12");
INSERT INTO pa_estimate VALUES("235","","1","4","4","55","102","99","21","2567","2024-09-25 09:54:15");
INSERT INTO pa_estimate VALUES("236","","2","4","4","55","102","99","21","2567","2024-09-25 09:54:15");
INSERT INTO pa_estimate VALUES("237","","3","3","3","55","102","99","21","2567","2024-09-25 09:54:15");
INSERT INTO pa_estimate VALUES("238","","4","4","4","55","102","99","21","2567","2024-09-25 09:54:15");
INSERT INTO pa_estimate VALUES("239","","5","4","4","55","102","99","21","2567","2024-09-25 09:54:15");
INSERT INTO pa_estimate VALUES("240","","6","4","4","55","102","99","21","2567","2024-09-25 09:54:15");
INSERT INTO pa_estimate VALUES("241","","7","3","3","55","102","99","21","2567","2024-09-25 09:54:15");
INSERT INTO pa_estimate VALUES("242","","8","4","4","55","102","99","21","2567","2024-09-25 09:54:15");
INSERT INTO pa_estimate VALUES("243","","9","3","3","55","102","99","21","2567","2024-09-25 09:54:15");
INSERT INTO pa_estimate VALUES("244","","10","4","4","55","102","99","21","2567","2024-09-25 09:54:15");
INSERT INTO pa_estimate VALUES("245","","11","4","4","55","102","99","21","2567","2024-09-25 09:54:15");
INSERT INTO pa_estimate VALUES("246","","12","4","4","55","102","99","21","2567","2024-09-25 09:54:15");
INSERT INTO pa_estimate VALUES("247","","13","3","3","55","102","99","21","2567","2024-09-25 09:54:15");
INSERT INTO pa_estimate VALUES("248","","14","4","4","55","102","99","21","2567","2024-09-25 09:54:15");
INSERT INTO pa_estimate VALUES("249","","15","4","4","55","102","99","21","2567","2024-09-25 09:54:15");
INSERT INTO pa_estimate VALUES("250","","16","4","20","55","102","99","21","2567","2024-09-25 09:54:15");
INSERT INTO pa_estimate VALUES("251","","17","3","7.5","55","102","99","21","2567","2024-09-25 09:54:15");
INSERT INTO pa_estimate VALUES("252","","18","4","10","55","102","99","21","2567","2024-09-25 09:54:15");
INSERT INTO pa_estimate VALUES("253","","1","4","4","44","102","93","18","2567","2024-09-25 09:55:11");
INSERT INTO pa_estimate VALUES("254","","2","4","4","44","102","93","18","2567","2024-09-25 09:55:11");
INSERT INTO pa_estimate VALUES("255","","3","3","3","44","102","93","18","2567","2024-09-25 09:55:11");
INSERT INTO pa_estimate VALUES("256","","4","4","4","44","102","93","18","2567","2024-09-25 09:55:11");
INSERT INTO pa_estimate VALUES("257","","5","3","3","44","102","93","18","2567","2024-09-25 09:55:11");
INSERT INTO pa_estimate VALUES("258","","6","4","4","44","102","93","18","2567","2024-09-25 09:55:11");
INSERT INTO pa_estimate VALUES("259","","7","3","3","44","102","93","18","2567","2024-09-25 09:55:11");
INSERT INTO pa_estimate VALUES("260","","8","4","4","44","102","93","18","2567","2024-09-25 09:55:11");
INSERT INTO pa_estimate VALUES("261","","9","4","4","44","102","93","18","2567","2024-09-25 09:55:11");
INSERT INTO pa_estimate VALUES("262","","10","4","4","44","102","93","18","2567","2024-09-25 09:55:11");
INSERT INTO pa_estimate VALUES("263","","11","4","4","44","102","93","18","2567","2024-09-25 09:55:11");
INSERT INTO pa_estimate VALUES("264","","12","3","3","44","102","93","18","2567","2024-09-25 09:55:11");
INSERT INTO pa_estimate VALUES("265","","13","4","4","44","102","93","18","2567","2024-09-25 09:55:11");
INSERT INTO pa_estimate VALUES("266","","14","4","4","44","102","93","18","2567","2024-09-25 09:55:11");
INSERT INTO pa_estimate VALUES("267","","15","4","4","44","102","93","18","2567","2024-09-25 09:55:11");
INSERT INTO pa_estimate VALUES("268","","16","4","20","44","102","93","18","2567","2024-09-25 09:55:11");
INSERT INTO pa_estimate VALUES("269","","17","4","10","44","102","93","18","2567","2024-09-25 09:55:11");
INSERT INTO pa_estimate VALUES("270","","18","3","7.5","44","102","93","18","2567","2024-09-25 09:55:11");
INSERT INTO pa_estimate VALUES("271","","1","4","4","16","99","21","6","2567","2024-09-25 09:55:16");
INSERT INTO pa_estimate VALUES("272","","2","4","4","16","99","21","6","2567","2024-09-25 09:55:16");
INSERT INTO pa_estimate VALUES("273","","3","4","4","16","99","21","6","2567","2024-09-25 09:55:16");
INSERT INTO pa_estimate VALUES("274","","4","4","4","16","99","21","6","2567","2024-09-25 09:55:16");
INSERT INTO pa_estimate VALUES("275","","5","4","4","16","99","21","6","2567","2024-09-25 09:55:16");
INSERT INTO pa_estimate VALUES("276","","6","3","3","16","99","21","6","2567","2024-09-25 09:55:16");
INSERT INTO pa_estimate VALUES("277","","7","4","4","16","99","21","6","2567","2024-09-25 09:55:16");
INSERT INTO pa_estimate VALUES("278","","8","3","3","16","99","21","6","2567","2024-09-25 09:55:16");
INSERT INTO pa_estimate VALUES("279","","9","4","4","16","99","21","6","2567","2024-09-25 09:55:16");
INSERT INTO pa_estimate VALUES("280","","10","4","4","16","99","21","6","2567","2024-09-25 09:55:16");
INSERT INTO pa_estimate VALUES("281","","11","4","4","16","99","21","6","2567","2024-09-25 09:55:16");
INSERT INTO pa_estimate VALUES("282","","12","4","4","16","99","21","6","2567","2024-09-25 09:55:16");
INSERT INTO pa_estimate VALUES("283","","13","4","4","16","99","21","6","2567","2024-09-25 09:55:16");
INSERT INTO pa_estimate VALUES("284","","14","4","4","16","99","21","6","2567","2024-09-25 09:55:16");
INSERT INTO pa_estimate VALUES("285","","15","4","4","16","99","21","6","2567","2024-09-25 09:55:16");
INSERT INTO pa_estimate VALUES("286","","16","3","15","16","99","21","6","2567","2024-09-25 09:55:16");
INSERT INTO pa_estimate VALUES("287","","17","4","10","16","99","21","6","2567","2024-09-25 09:55:16");
INSERT INTO pa_estimate VALUES("288","","18","4","10","16","99","21","6","2567","2024-09-25 09:55:16");
INSERT INTO pa_estimate VALUES("289","","1","4","4","26","95","44","8","2567","2024-09-25 09:57:53");
INSERT INTO pa_estimate VALUES("290","","2","4","4","26","95","44","8","2567","2024-09-25 09:57:53");
INSERT INTO pa_estimate VALUES("291","","3","4","4","26","95","44","8","2567","2024-09-25 09:57:53");
INSERT INTO pa_estimate VALUES("292","","4","3","3","26","95","44","8","2567","2024-09-25 09:57:53");
INSERT INTO pa_estimate VALUES("293","","5","4","4","26","95","44","8","2567","2024-09-25 09:57:53");
INSERT INTO pa_estimate VALUES("294","","6","3","3","26","95","44","8","2567","2024-09-25 09:57:53");
INSERT INTO pa_estimate VALUES("295","","7","4","4","26","95","44","8","2567","2024-09-25 09:57:53");
INSERT INTO pa_estimate VALUES("296","","8","4","4","26","95","44","8","2567","2024-09-25 09:57:53");
INSERT INTO pa_estimate VALUES("297","","9","4","4","26","95","44","8","2567","2024-09-25 09:57:53");
INSERT INTO pa_estimate VALUES("298","","10","4","4","26","95","44","8","2567","2024-09-25 09:57:53");
INSERT INTO pa_estimate VALUES("299","","11","4","4","26","95","44","8","2567","2024-09-25 09:57:53");
INSERT INTO pa_estimate VALUES("300","","12","4","4","26","95","44","8","2567","2024-09-25 09:57:53");
INSERT INTO pa_estimate VALUES("301","","13","4","4","26","95","44","8","2567","2024-09-25 09:57:53");
INSERT INTO pa_estimate VALUES("302","","14","4","4","26","95","44","8","2567","2024-09-25 09:57:53");
INSERT INTO pa_estimate VALUES("303","","15","4","4","26","95","44","8","2567","2024-09-25 09:57:53");
INSERT INTO pa_estimate VALUES("304","","16","4","20","26","95","44","8","2567","2024-09-25 09:57:53");
INSERT INTO pa_estimate VALUES("305","","17","3","7.5","26","95","44","8","2567","2024-09-25 09:57:53");
INSERT INTO pa_estimate VALUES("306","","18","4","10","26","95","44","8","2567","2024-09-25 09:57:53");
INSERT INTO pa_estimate VALUES("307","","1","4","4","18","99","24","6","2567","2024-09-25 10:02:28");
INSERT INTO pa_estimate VALUES("308","","2","3","3","18","99","24","6","2567","2024-09-25 10:02:28");
INSERT INTO pa_estimate VALUES("309","","3","3","3","18","99","24","6","2567","2024-09-25 10:02:28");
INSERT INTO pa_estimate VALUES("310","","4","3","3","18","99","24","6","2567","2024-09-25 10:02:28");
INSERT INTO pa_estimate VALUES("311","","5","3","3","18","99","24","6","2567","2024-09-25 10:02:28");
INSERT INTO pa_estimate VALUES("312","","6","3","3","18","99","24","6","2567","2024-09-25 10:02:28");
INSERT INTO pa_estimate VALUES("313","","7","4","4","18","99","24","6","2567","2024-09-25 10:02:28");
INSERT INTO pa_estimate VALUES("314","","8","4","4","18","99","24","6","2567","2024-09-25 10:02:28");
INSERT INTO pa_estimate VALUES("315","","9","3","3","18","99","24","6","2567","2024-09-25 10:02:28");
INSERT INTO pa_estimate VALUES("316","","10","4","4","18","99","24","6","2567","2024-09-25 10:02:28");
INSERT INTO pa_estimate VALUES("317","","11","4","4","18","99","24","6","2567","2024-09-25 10:02:28");
INSERT INTO pa_estimate VALUES("318","","12","4","4","18","99","24","6","2567","2024-09-25 10:02:28");
INSERT INTO pa_estimate VALUES("319","","13","4","4","18","99","24","6","2567","2024-09-25 10:02:28");
INSERT INTO pa_estimate VALUES("320","","14","3","3","18","99","24","6","2567","2024-09-25 10:02:28");
INSERT INTO pa_estimate VALUES("321","","15","3","3","18","99","24","6","2567","2024-09-25 10:02:28");
INSERT INTO pa_estimate VALUES("322","","16","4","20","18","99","24","6","2567","2024-09-25 10:02:28");
INSERT INTO pa_estimate VALUES("323","","17","4","10","18","99","24","6","2567","2024-09-25 10:02:28");
INSERT INTO pa_estimate VALUES("324","","18","4","10","18","99","24","6","2567","2024-09-25 10:02:28");
INSERT INTO pa_estimate VALUES("325","","1","4","4","25","95","47","8","2567","2024-09-25 10:02:48");
INSERT INTO pa_estimate VALUES("326","","2","3","3","25","95","47","8","2567","2024-09-25 10:02:48");
INSERT INTO pa_estimate VALUES("327","","3","4","4","25","95","47","8","2567","2024-09-25 10:02:48");
INSERT INTO pa_estimate VALUES("328","","4","4","4","25","95","47","8","2567","2024-09-25 10:02:48");
INSERT INTO pa_estimate VALUES("329","","5","4","4","25","95","47","8","2567","2024-09-25 10:02:48");
INSERT INTO pa_estimate VALUES("330","","6","3","3","25","95","47","8","2567","2024-09-25 10:02:48");
INSERT INTO pa_estimate VALUES("331","","7","4","4","25","95","47","8","2567","2024-09-25 10:02:48");
INSERT INTO pa_estimate VALUES("332","","8","4","4","25","95","47","8","2567","2024-09-25 10:02:48");
INSERT INTO pa_estimate VALUES("333","","9","4","4","25","95","47","8","2567","2024-09-25 10:02:48");
INSERT INTO pa_estimate VALUES("334","","10","4","4","25","95","47","8","2567","2024-09-25 10:02:48");
INSERT INTO pa_estimate VALUES("335","","11","4","4","25","95","47","8","2567","2024-09-25 10:02:48");
INSERT INTO pa_estimate VALUES("336","","12","4","4","25","95","47","8","2567","2024-09-25 10:02:48");
INSERT INTO pa_estimate VALUES("337","","13","4","4","25","95","47","8","2567","2024-09-25 10:02:48");
INSERT INTO pa_estimate VALUES("338","","14","4","4","25","95","47","8","2567","2024-09-25 10:02:48");
INSERT INTO pa_estimate VALUES("339","","15","4","4","25","95","47","8","2567","2024-09-25 10:02:48");
INSERT INTO pa_estimate VALUES("340","","16","4","20","25","95","47","8","2567","2024-09-25 10:02:48");
INSERT INTO pa_estimate VALUES("341","","17","4","10","25","95","47","8","2567","2024-09-25 10:02:48");
INSERT INTO pa_estimate VALUES("342","","18","3","7.5","25","95","47","8","2567","2024-09-25 10:02:48");
INSERT INTO pa_estimate VALUES("343","","1","4","4","27","100","51","9","2567","2024-09-25 10:03:28");
INSERT INTO pa_estimate VALUES("344","","2","4","4","27","100","51","9","2567","2024-09-25 10:03:28");
INSERT INTO pa_estimate VALUES("345","","3","4","4","27","100","51","9","2567","2024-09-25 10:03:28");
INSERT INTO pa_estimate VALUES("346","","4","4","4","27","100","51","9","2567","2024-09-25 10:03:28");
INSERT INTO pa_estimate VALUES("347","","5","4","4","27","100","51","9","2567","2024-09-25 10:03:28");
INSERT INTO pa_estimate VALUES("348","","6","3","3","27","100","51","9","2567","2024-09-25 10:03:28");
INSERT INTO pa_estimate VALUES("349","","7","3","3","27","100","51","9","2567","2024-09-25 10:03:28");
INSERT INTO pa_estimate VALUES("350","","8","4","4","27","100","51","9","2567","2024-09-25 10:03:28");
INSERT INTO pa_estimate VALUES("351","","9","4","4","27","100","51","9","2567","2024-09-25 10:03:28");
INSERT INTO pa_estimate VALUES("352","","10","3","3","27","100","51","9","2567","2024-09-25 10:03:28");
INSERT INTO pa_estimate VALUES("353","","11","4","4","27","100","51","9","2567","2024-09-25 10:03:28");
INSERT INTO pa_estimate VALUES("354","","12","3","3","27","100","51","9","2567","2024-09-25 10:03:28");
INSERT INTO pa_estimate VALUES("355","","13","4","4","27","100","51","9","2567","2024-09-25 10:03:28");
INSERT INTO pa_estimate VALUES("356","","14","4","4","27","100","51","9","2567","2024-09-25 10:03:28");
INSERT INTO pa_estimate VALUES("357","","15","4","4","27","100","51","9","2567","2024-09-25 10:03:28");
INSERT INTO pa_estimate VALUES("358","","16","4","20","27","100","51","9","2567","2024-09-25 10:03:28");
INSERT INTO pa_estimate VALUES("359","","17","3","7.5","27","100","51","9","2567","2024-09-25 10:03:28");
INSERT INTO pa_estimate VALUES("360","","18","4","10","27","100","51","9","2567","2024-09-25 10:03:28");
INSERT INTO pa_estimate VALUES("361","","1","4","4","17","99","27","6","2567","2024-09-25 10:07:55");
INSERT INTO pa_estimate VALUES("362","","2","3","3","17","99","27","6","2567","2024-09-25 10:07:55");
INSERT INTO pa_estimate VALUES("363","","3","3","3","17","99","27","6","2567","2024-09-25 10:07:55");
INSERT INTO pa_estimate VALUES("364","","4","3","3","17","99","27","6","2567","2024-09-25 10:07:55");
INSERT INTO pa_estimate VALUES("365","","5","3","3","17","99","27","6","2567","2024-09-25 10:07:55");
INSERT INTO pa_estimate VALUES("366","","6","3","3","17","99","27","6","2567","2024-09-25 10:07:55");
INSERT INTO pa_estimate VALUES("367","","7","4","4","17","99","27","6","2567","2024-09-25 10:07:55");
INSERT INTO pa_estimate VALUES("368","","8","3","3","17","99","27","6","2567","2024-09-25 10:07:55");
INSERT INTO pa_estimate VALUES("369","","9","3","3","17","99","27","6","2567","2024-09-25 10:07:55");
INSERT INTO pa_estimate VALUES("370","","10","3","3","17","99","27","6","2567","2024-09-25 10:07:55");
INSERT INTO pa_estimate VALUES("371","","11","4","4","17","99","27","6","2567","2024-09-25 10:07:55");
INSERT INTO pa_estimate VALUES("372","","12","4","4","17","99","27","6","2567","2024-09-25 10:07:55");
INSERT INTO pa_estimate VALUES("373","","13","4","4","17","99","27","6","2567","2024-09-25 10:07:55");
INSERT INTO pa_estimate VALUES("374","","14","4","4","17","99","27","6","2567","2024-09-25 10:07:55");
INSERT INTO pa_estimate VALUES("375","","15","4","4","17","99","27","6","2567","2024-09-25 10:07:55");
INSERT INTO pa_estimate VALUES("376","","16","4","20","17","99","27","6","2567","2024-09-25 10:07:55");
INSERT INTO pa_estimate VALUES("377","","17","4","10","17","99","27","6","2567","2024-09-25 10:07:55");
INSERT INTO pa_estimate VALUES("378","","18","4","10","17","99","27","6","2567","2024-09-25 10:07:55");
INSERT INTO pa_estimate VALUES("379","","1","4","4","5","104","6","3","2567","2024-09-25 10:08:42");
INSERT INTO pa_estimate VALUES("380","","2","4","4","5","104","6","3","2567","2024-09-25 10:08:42");
INSERT INTO pa_estimate VALUES("381","","3","3","3","5","104","6","3","2567","2024-09-25 10:08:42");
INSERT INTO pa_estimate VALUES("382","","4","3","3","5","104","6","3","2567","2024-09-25 10:08:42");
INSERT INTO pa_estimate VALUES("383","","5","4","4","5","104","6","3","2567","2024-09-25 10:08:42");
INSERT INTO pa_estimate VALUES("384","","6","3","3","5","104","6","3","2567","2024-09-25 10:08:42");
INSERT INTO pa_estimate VALUES("385","","7","4","4","5","104","6","3","2567","2024-09-25 10:08:42");
INSERT INTO pa_estimate VALUES("386","","8","3","3","5","104","6","3","2567","2024-09-25 10:08:42");
INSERT INTO pa_estimate VALUES("387","","9","3","3","5","104","6","3","2567","2024-09-25 10:08:42");
INSERT INTO pa_estimate VALUES("388","","10","3","3","5","104","6","3","2567","2024-09-25 10:08:42");
INSERT INTO pa_estimate VALUES("389","","11","3","3","5","104","6","3","2567","2024-09-25 10:08:42");
INSERT INTO pa_estimate VALUES("390","","12","3","3","5","104","6","3","2567","2024-09-25 10:08:42");
INSERT INTO pa_estimate VALUES("391","","13","3","3","5","104","6","3","2567","2024-09-25 10:08:42");
INSERT INTO pa_estimate VALUES("392","","14","3","3","5","104","6","3","2567","2024-09-25 10:08:42");
INSERT INTO pa_estimate VALUES("393","","15","3","3","5","104","6","3","2567","2024-09-25 10:08:42");
INSERT INTO pa_estimate VALUES("394","","16","4","20","5","104","6","3","2567","2024-09-25 10:08:42");
INSERT INTO pa_estimate VALUES("395","","17","4","10","5","104","6","3","2567","2024-09-25 10:08:42");
INSERT INTO pa_estimate VALUES("396","","18","4","10","5","104","6","3","2567","2024-09-25 10:08:42");
INSERT INTO pa_estimate VALUES("397","","1","3","3","36","97","83","11","2567","2024-09-25 10:10:50");
INSERT INTO pa_estimate VALUES("398","","2","3","3","36","97","83","11","2567","2024-09-25 10:10:50");
INSERT INTO pa_estimate VALUES("399","","3","3","3","36","97","83","11","2567","2024-09-25 10:10:50");
INSERT INTO pa_estimate VALUES("400","","4","3","3","36","97","83","11","2567","2024-09-25 10:10:50");
INSERT INTO pa_estimate VALUES("401","","5","3","3","36","97","83","11","2567","2024-09-25 10:10:50");
INSERT INTO pa_estimate VALUES("402","","6","3","3","36","97","83","11","2567","2024-09-25 10:10:50");
INSERT INTO pa_estimate VALUES("403","","7","4","4","36","97","83","11","2567","2024-09-25 10:10:50");
INSERT INTO pa_estimate VALUES("404","","8","4","4","36","97","83","11","2567","2024-09-25 10:10:50");
INSERT INTO pa_estimate VALUES("405","","9","4","4","36","97","83","11","2567","2024-09-25 10:10:50");
INSERT INTO pa_estimate VALUES("406","","10","4","4","36","97","83","11","2567","2024-09-25 10:10:50");
INSERT INTO pa_estimate VALUES("407","","11","4","4","36","97","83","11","2567","2024-09-25 10:10:50");
INSERT INTO pa_estimate VALUES("408","","12","3","3","36","97","83","11","2567","2024-09-25 10:10:51");
INSERT INTO pa_estimate VALUES("409","","13","3","3","36","97","83","11","2567","2024-09-25 10:10:51");
INSERT INTO pa_estimate VALUES("410","","14","3","3","36","97","83","11","2567","2024-09-25 10:10:51");
INSERT INTO pa_estimate VALUES("411","","15","4","4","36","97","83","11","2567","2024-09-25 10:10:51");
INSERT INTO pa_estimate VALUES("412","","16","4","20","36","97","83","11","2567","2024-09-25 10:10:51");
INSERT INTO pa_estimate VALUES("413","","17","3","7.5","36","97","83","11","2567","2024-09-25 10:10:51");
INSERT INTO pa_estimate VALUES("414","","18","3","7.5","36","97","83","11","2567","2024-09-25 10:10:51");
INSERT INTO pa_estimate VALUES("415","","1","4","4","27","95","50","8","2567","2024-09-25 10:11:09");
INSERT INTO pa_estimate VALUES("416","","2","3","3","27","95","50","8","2567","2024-09-25 10:11:09");
INSERT INTO pa_estimate VALUES("417","","3","4","4","27","95","50","8","2567","2024-09-25 10:11:09");
INSERT INTO pa_estimate VALUES("418","","4","4","4","27","95","50","8","2567","2024-09-25 10:11:09");
INSERT INTO pa_estimate VALUES("419","","5","4","4","27","95","50","8","2567","2024-09-25 10:11:09");
INSERT INTO pa_estimate VALUES("420","","6","3","3","27","95","50","8","2567","2024-09-25 10:11:09");
INSERT INTO pa_estimate VALUES("421","","7","4","4","27","95","50","8","2567","2024-09-25 10:11:09");
INSERT INTO pa_estimate VALUES("422","","8","4","4","27","95","50","8","2567","2024-09-25 10:11:09");
INSERT INTO pa_estimate VALUES("423","","9","4","4","27","95","50","8","2567","2024-09-25 10:11:09");
INSERT INTO pa_estimate VALUES("424","","10","4","4","27","95","50","8","2567","2024-09-25 10:11:09");
INSERT INTO pa_estimate VALUES("425","","11","3","3","27","95","50","8","2567","2024-09-25 10:11:09");
INSERT INTO pa_estimate VALUES("426","","12","4","4","27","95","50","8","2567","2024-09-25 10:11:09");
INSERT INTO pa_estimate VALUES("427","","13","4","4","27","95","50","8","2567","2024-09-25 10:11:09");
INSERT INTO pa_estimate VALUES("428","","14","3","3","27","95","50","8","2567","2024-09-25 10:11:09");
INSERT INTO pa_estimate VALUES("429","","15","4","4","27","95","50","8","2567","2024-09-25 10:11:09");
INSERT INTO pa_estimate VALUES("430","","16","3","15","27","95","50","8","2567","2024-09-25 10:11:09");
INSERT INTO pa_estimate VALUES("431","","17","3","7.5","27","95","50","8","2567","2024-09-25 10:11:09");
INSERT INTO pa_estimate VALUES("432","","18","4","10","27","95","50","8","2567","2024-09-25 10:11:09");
INSERT INTO pa_estimate VALUES("433","","1","4","4","19","99","30","6","2567","2024-09-25 10:11:48");
INSERT INTO pa_estimate VALUES("434","","2","3","3","19","99","30","6","2567","2024-09-25 10:11:48");
INSERT INTO pa_estimate VALUES("435","","3","3","3","19","99","30","6","2567","2024-09-25 10:11:48");
INSERT INTO pa_estimate VALUES("436","","4","3","3","19","99","30","6","2567","2024-09-25 10:11:48");
INSERT INTO pa_estimate VALUES("437","","5","3","3","19","99","30","6","2567","2024-09-25 10:11:48");
INSERT INTO pa_estimate VALUES("438","","6","3","3","19","99","30","6","2567","2024-09-25 10:11:48");
INSERT INTO pa_estimate VALUES("439","","7","3","3","19","99","30","6","2567","2024-09-25 10:11:48");
INSERT INTO pa_estimate VALUES("440","","8","3","3","19","99","30","6","2567","2024-09-25 10:11:48");
INSERT INTO pa_estimate VALUES("441","","9","3","3","19","99","30","6","2567","2024-09-25 10:11:48");
INSERT INTO pa_estimate VALUES("442","","10","4","4","19","99","30","6","2567","2024-09-25 10:11:48");
INSERT INTO pa_estimate VALUES("443","","11","4","4","19","99","30","6","2567","2024-09-25 10:11:48");
INSERT INTO pa_estimate VALUES("444","","12","3","3","19","99","30","6","2567","2024-09-25 10:11:48");
INSERT INTO pa_estimate VALUES("445","","13","4","4","19","99","30","6","2567","2024-09-25 10:11:48");
INSERT INTO pa_estimate VALUES("446","","14","4","4","19","99","30","6","2567","2024-09-25 10:11:48");
INSERT INTO pa_estimate VALUES("447","","15","4","4","19","99","30","6","2567","2024-09-25 10:11:48");
INSERT INTO pa_estimate VALUES("448","","16","4","20","19","99","30","6","2567","2024-09-25 10:11:48");
INSERT INTO pa_estimate VALUES("449","","17","4","10","19","99","30","6","2567","2024-09-25 10:11:48");
INSERT INTO pa_estimate VALUES("450","","18","4","10","19","99","30","6","2567","2024-09-25 10:11:48");
INSERT INTO pa_estimate VALUES("451","","1","4","4","28","100","54","9","2567","2024-09-25 10:14:17");
INSERT INTO pa_estimate VALUES("452","","2","3","3","28","100","54","9","2567","2024-09-25 10:14:17");
INSERT INTO pa_estimate VALUES("453","","3","4","4","28","100","54","9","2567","2024-09-25 10:14:17");
INSERT INTO pa_estimate VALUES("454","","4","4","4","28","100","54","9","2567","2024-09-25 10:14:17");
INSERT INTO pa_estimate VALUES("455","","5","4","4","28","100","54","9","2567","2024-09-25 10:14:17");
INSERT INTO pa_estimate VALUES("456","","6","3","3","28","100","54","9","2567","2024-09-25 10:14:17");
INSERT INTO pa_estimate VALUES("457","","7","4","4","28","100","54","9","2567","2024-09-25 10:14:17");
INSERT INTO pa_estimate VALUES("458","","8","3","3","28","100","54","9","2567","2024-09-25 10:14:17");
INSERT INTO pa_estimate VALUES("459","","9","3","3","28","100","54","9","2567","2024-09-25 10:14:17");
INSERT INTO pa_estimate VALUES("460","","10","3","3","28","100","54","9","2567","2024-09-25 10:14:17");
INSERT INTO pa_estimate VALUES("461","","11","3","3","28","100","54","9","2567","2024-09-25 10:14:17");
INSERT INTO pa_estimate VALUES("462","","12","3","3","28","100","54","9","2567","2024-09-25 10:14:17");
INSERT INTO pa_estimate VALUES("463","","13","4","4","28","100","54","9","2567","2024-09-25 10:14:17");
INSERT INTO pa_estimate VALUES("464","","14","3","3","28","100","54","9","2567","2024-09-25 10:14:17");
INSERT INTO pa_estimate VALUES("465","","15","3","3","28","100","54","9","2567","2024-09-25 10:14:17");
INSERT INTO pa_estimate VALUES("466","","16","4","20","28","100","54","9","2567","2024-09-25 10:14:17");
INSERT INTO pa_estimate VALUES("467","","17","3","7.5","28","100","54","9","2567","2024-09-25 10:14:17");
INSERT INTO pa_estimate VALUES("468","","18","3","7.5","28","100","54","9","2567","2024-09-25 10:14:17");
INSERT INTO pa_estimate VALUES("469","","1","4","4","34","101","60","12","2567","2024-09-25 10:15:36");
INSERT INTO pa_estimate VALUES("470","","2","4","4","34","101","60","12","2567","2024-09-25 10:15:36");
INSERT INTO pa_estimate VALUES("471","","3","4","4","34","101","60","12","2567","2024-09-25 10:15:36");
INSERT INTO pa_estimate VALUES("472","","4","4","4","34","101","60","12","2567","2024-09-25 10:15:36");
INSERT INTO pa_estimate VALUES("473","","5","3","3","34","101","60","12","2567","2024-09-25 10:15:36");
INSERT INTO pa_estimate VALUES("474","","6","4","4","34","101","60","12","2567","2024-09-25 10:15:36");
INSERT INTO pa_estimate VALUES("475","","7","3","3","34","101","60","12","2567","2024-09-25 10:15:36");
INSERT INTO pa_estimate VALUES("476","","8","3","3","34","101","60","12","2567","2024-09-25 10:15:36");
INSERT INTO pa_estimate VALUES("477","","9","3","3","34","101","60","12","2567","2024-09-25 10:15:36");
INSERT INTO pa_estimate VALUES("478","","10","3","3","34","101","60","12","2567","2024-09-25 10:15:36");
INSERT INTO pa_estimate VALUES("479","","11","4","4","34","101","60","12","2567","2024-09-25 10:15:36");
INSERT INTO pa_estimate VALUES("480","","12","3","3","34","101","60","12","2567","2024-09-25 10:15:36");
INSERT INTO pa_estimate VALUES("481","","13","4","4","34","101","60","12","2567","2024-09-25 10:15:36");
INSERT INTO pa_estimate VALUES("482","","14","4","4","34","101","60","12","2567","2024-09-25 10:15:36");
INSERT INTO pa_estimate VALUES("483","","15","4","4","34","101","60","12","2567","2024-09-25 10:15:36");
INSERT INTO pa_estimate VALUES("484","","16","4","20","34","101","60","12","2567","2024-09-25 10:15:36");
INSERT INTO pa_estimate VALUES("485","","17","4","10","34","101","60","12","2567","2024-09-25 10:15:36");
INSERT INTO pa_estimate VALUES("486","","18","4","10","34","101","60","12","2567","2024-09-25 10:15:36");
INSERT INTO pa_estimate VALUES("487","","1","4","4","28","95","53","8","2567","2024-09-25 10:17:21");
INSERT INTO pa_estimate VALUES("488","","2","3","3","28","95","53","8","2567","2024-09-25 10:17:21");
INSERT INTO pa_estimate VALUES("489","","3","4","4","28","95","53","8","2567","2024-09-25 10:17:21");
INSERT INTO pa_estimate VALUES("490","","4","4","4","28","95","53","8","2567","2024-09-25 10:17:21");
INSERT INTO pa_estimate VALUES("491","","5","4","4","28","95","53","8","2567","2024-09-25 10:17:21");
INSERT INTO pa_estimate VALUES("492","","6","3","3","28","95","53","8","2567","2024-09-25 10:17:21");
INSERT INTO pa_estimate VALUES("493","","7","4","4","28","95","53","8","2567","2024-09-25 10:17:21");
INSERT INTO pa_estimate VALUES("494","","8","4","4","28","95","53","8","2567","2024-09-25 10:17:21");
INSERT INTO pa_estimate VALUES("495","","9","3","3","28","95","53","8","2567","2024-09-25 10:17:21");
INSERT INTO pa_estimate VALUES("496","","10","4","4","28","95","53","8","2567","2024-09-25 10:17:21");
INSERT INTO pa_estimate VALUES("497","","11","4","4","28","95","53","8","2567","2024-09-25 10:17:21");
INSERT INTO pa_estimate VALUES("498","","12","4","4","28","95","53","8","2567","2024-09-25 10:17:21");
INSERT INTO pa_estimate VALUES("499","","13","4","4","28","95","53","8","2567","2024-09-25 10:17:21");
INSERT INTO pa_estimate VALUES("500","","14","3","3","28","95","53","8","2567","2024-09-25 10:17:21");
INSERT INTO pa_estimate VALUES("501","","15","4","4","28","95","53","8","2567","2024-09-25 10:17:21");
INSERT INTO pa_estimate VALUES("502","","16","3","15","28","95","53","8","2567","2024-09-25 10:17:21");
INSERT INTO pa_estimate VALUES("503","","17","3","7.5","28","95","53","8","2567","2024-09-25 10:17:21");
INSERT INTO pa_estimate VALUES("504","","18","3","7.5","28","95","53","8","2567","2024-09-25 10:17:21");
INSERT INTO pa_estimate VALUES("505","","1","3","3","35","97","80","11","2567","2024-09-25 10:17:34");
INSERT INTO pa_estimate VALUES("506","","2","3","3","35","97","80","11","2567","2024-09-25 10:17:34");
INSERT INTO pa_estimate VALUES("507","","3","3","3","35","97","80","11","2567","2024-09-25 10:17:34");
INSERT INTO pa_estimate VALUES("508","","4","4","4","35","97","80","11","2567","2024-09-25 10:17:34");
INSERT INTO pa_estimate VALUES("509","","5","3","3","35","97","80","11","2567","2024-09-25 10:17:34");
INSERT INTO pa_estimate VALUES("510","","6","3","3","35","97","80","11","2567","2024-09-25 10:17:34");
INSERT INTO pa_estimate VALUES("511","","7","4","4","35","97","80","11","2567","2024-09-25 10:17:34");
INSERT INTO pa_estimate VALUES("512","","8","4","4","35","97","80","11","2567","2024-09-25 10:17:34");
INSERT INTO pa_estimate VALUES("513","","9","3","3","35","97","80","11","2567","2024-09-25 10:17:34");
INSERT INTO pa_estimate VALUES("514","","10","3","3","35","97","80","11","2567","2024-09-25 10:17:34");
INSERT INTO pa_estimate VALUES("515","","11","4","4","35","97","80","11","2567","2024-09-25 10:17:34");
INSERT INTO pa_estimate VALUES("516","","12","3","3","35","97","80","11","2567","2024-09-25 10:17:34");
INSERT INTO pa_estimate VALUES("517","","13","3","3","35","97","80","11","2567","2024-09-25 10:17:34");
INSERT INTO pa_estimate VALUES("518","","14","3","3","35","97","80","11","2567","2024-09-25 10:17:34");
INSERT INTO pa_estimate VALUES("519","","15","4","4","35","97","80","11","2567","2024-09-25 10:17:34");
INSERT INTO pa_estimate VALUES("520","","16","4","20","35","97","80","11","2567","2024-09-25 10:17:34");
INSERT INTO pa_estimate VALUES("521","","17","3","7.5","35","97","80","11","2567","2024-09-25 10:17:34");
INSERT INTO pa_estimate VALUES("522","","18","3","7.5","35","97","80","11","2567","2024-09-25 10:17:34");
INSERT INTO pa_estimate VALUES("523","","1","3","3","7","104","9","3","2567","2024-09-25 10:19:22");
INSERT INTO pa_estimate VALUES("524","","2","3","3","7","104","9","3","2567","2024-09-25 10:19:22");
INSERT INTO pa_estimate VALUES("525","","3","3","3","7","104","9","3","2567","2024-09-25 10:19:22");
INSERT INTO pa_estimate VALUES("526","","4","3","3","7","104","9","3","2567","2024-09-25 10:19:22");
INSERT INTO pa_estimate VALUES("527","","5","3","3","7","104","9","3","2567","2024-09-25 10:19:22");
INSERT INTO pa_estimate VALUES("528","","6","3","3","7","104","9","3","2567","2024-09-25 10:19:22");
INSERT INTO pa_estimate VALUES("529","","7","4","4","7","104","9","3","2567","2024-09-25 10:19:22");
INSERT INTO pa_estimate VALUES("530","","8","3","3","7","104","9","3","2567","2024-09-25 10:19:22");
INSERT INTO pa_estimate VALUES("531","","9","3","3","7","104","9","3","2567","2024-09-25 10:19:22");
INSERT INTO pa_estimate VALUES("532","","10","3","3","7","104","9","3","2567","2024-09-25 10:19:22");
INSERT INTO pa_estimate VALUES("533","","11","4","4","7","104","9","3","2567","2024-09-25 10:19:22");
INSERT INTO pa_estimate VALUES("534","","12","3","3","7","104","9","3","2567","2024-09-25 10:19:22");
INSERT INTO pa_estimate VALUES("535","","13","3","3","7","104","9","3","2567","2024-09-25 10:19:22");
INSERT INTO pa_estimate VALUES("536","","14","3","3","7","104","9","3","2567","2024-09-25 10:19:22");
INSERT INTO pa_estimate VALUES("537","","15","3","3","7","104","9","3","2567","2024-09-25 10:19:22");
INSERT INTO pa_estimate VALUES("538","","16","4","20","7","104","9","3","2567","2024-09-25 10:19:22");
INSERT INTO pa_estimate VALUES("539","","17","4","10","7","104","9","3","2567","2024-09-25 10:19:22");
INSERT INTO pa_estimate VALUES("540","","18","4","10","7","104","9","3","2567","2024-09-25 10:19:22");
INSERT INTO pa_estimate VALUES("541","","1","4","4","20","99","33","6","2567","2024-09-25 10:19:51");
INSERT INTO pa_estimate VALUES("542","","2","3","3","20","99","33","6","2567","2024-09-25 10:19:51");
INSERT INTO pa_estimate VALUES("543","","3","4","4","20","99","33","6","2567","2024-09-25 10:19:51");
INSERT INTO pa_estimate VALUES("544","","4","4","4","20","99","33","6","2567","2024-09-25 10:19:51");
INSERT INTO pa_estimate VALUES("545","","5","4","4","20","99","33","6","2567","2024-09-25 10:19:51");
INSERT INTO pa_estimate VALUES("546","","6","3","3","20","99","33","6","2567","2024-09-25 10:19:51");
INSERT INTO pa_estimate VALUES("547","","7","3","3","20","99","33","6","2567","2024-09-25 10:19:51");
INSERT INTO pa_estimate VALUES("548","","8","3","3","20","99","33","6","2567","2024-09-25 10:19:51");
INSERT INTO pa_estimate VALUES("549","","9","3","3","20","99","33","6","2567","2024-09-25 10:19:51");
INSERT INTO pa_estimate VALUES("550","","10","3","3","20","99","33","6","2567","2024-09-25 10:19:51");
INSERT INTO pa_estimate VALUES("551","","11","4","4","20","99","33","6","2567","2024-09-25 10:19:51");
INSERT INTO pa_estimate VALUES("552","","12","3","3","20","99","33","6","2567","2024-09-25 10:19:51");
INSERT INTO pa_estimate VALUES("553","","13","4","4","20","99","33","6","2567","2024-09-25 10:19:51");
INSERT INTO pa_estimate VALUES("554","","14","3","3","20","99","33","6","2567","2024-09-25 10:19:51");
INSERT INTO pa_estimate VALUES("555","","15","3","3","20","99","33","6","2567","2024-09-25 10:19:51");
INSERT INTO pa_estimate VALUES("556","","16","4","20","20","99","33","6","2567","2024-09-25 10:19:51");
INSERT INTO pa_estimate VALUES("557","","17","3","7.5","20","99","33","6","2567","2024-09-25 10:19:51");
INSERT INTO pa_estimate VALUES("558","","18","3","7.5","20","99","33","6","2567","2024-09-25 10:19:51");
INSERT INTO pa_estimate VALUES("559","","1","4","4","32","95","56","8","2567","2024-09-25 10:21:55");
INSERT INTO pa_estimate VALUES("560","","2","3","3","32","95","56","8","2567","2024-09-25 10:21:55");
INSERT INTO pa_estimate VALUES("561","","3","4","4","32","95","56","8","2567","2024-09-25 10:21:55");
INSERT INTO pa_estimate VALUES("562","","4","4","4","32","95","56","8","2567","2024-09-25 10:21:55");
INSERT INTO pa_estimate VALUES("563","","5","3","3","32","95","56","8","2567","2024-09-25 10:21:55");
INSERT INTO pa_estimate VALUES("564","","6","3","3","32","95","56","8","2567","2024-09-25 10:21:55");
INSERT INTO pa_estimate VALUES("565","","7","4","4","32","95","56","8","2567","2024-09-25 10:21:55");
INSERT INTO pa_estimate VALUES("566","","8","4","4","32","95","56","8","2567","2024-09-25 10:21:55");
INSERT INTO pa_estimate VALUES("567","","9","4","4","32","95","56","8","2567","2024-09-25 10:21:55");
INSERT INTO pa_estimate VALUES("568","","10","4","4","32","95","56","8","2567","2024-09-25 10:21:55");
INSERT INTO pa_estimate VALUES("569","","11","4","4","32","95","56","8","2567","2024-09-25 10:21:55");
INSERT INTO pa_estimate VALUES("570","","12","4","4","32","95","56","8","2567","2024-09-25 10:21:55");
INSERT INTO pa_estimate VALUES("571","","13","4","4","32","95","56","8","2567","2024-09-25 10:21:55");
INSERT INTO pa_estimate VALUES("572","","14","3","3","32","95","56","8","2567","2024-09-25 10:21:55");
INSERT INTO pa_estimate VALUES("573","","15","4","4","32","95","56","8","2567","2024-09-25 10:21:55");
INSERT INTO pa_estimate VALUES("574","","16","3","15","32","95","56","8","2567","2024-09-25 10:21:55");
INSERT INTO pa_estimate VALUES("575","","17","3","7.5","32","95","56","8","2567","2024-09-25 10:21:55");
INSERT INTO pa_estimate VALUES("576","","18","3","7.5","32","95","56","8","2567","2024-09-25 10:21:55");
INSERT INTO pa_estimate VALUES("595","","1","4","4","8","104","12","3","2567","2024-09-25 10:25:44");
INSERT INTO pa_estimate VALUES("596","","2","3","3","8","104","12","3","2567","2024-09-25 10:25:44");
INSERT INTO pa_estimate VALUES("597","","3","3","3","8","104","12","3","2567","2024-09-25 10:25:44");
INSERT INTO pa_estimate VALUES("598","","4","3","3","8","104","12","3","2567","2024-09-25 10:25:44");
INSERT INTO pa_estimate VALUES("599","","5","4","4","8","104","12","3","2567","2024-09-25 10:25:44");
INSERT INTO pa_estimate VALUES("600","","6","3","3","8","104","12","3","2567","2024-09-25 10:25:44");
INSERT INTO pa_estimate VALUES("601","","7","4","4","8","104","12","3","2567","2024-09-25 10:25:44");
INSERT INTO pa_estimate VALUES("602","","8","3","3","8","104","12","3","2567","2024-09-25 10:25:44");
INSERT INTO pa_estimate VALUES("603","","9","3","3","8","104","12","3","2567","2024-09-25 10:25:44");
INSERT INTO pa_estimate VALUES("604","","10","3","3","8","104","12","3","2567","2024-09-25 10:25:44");
INSERT INTO pa_estimate VALUES("605","","11","3","3","8","104","12","3","2567","2024-09-25 10:25:44");
INSERT INTO pa_estimate VALUES("606","","12","3","3","8","104","12","3","2567","2024-09-25 10:25:44");
INSERT INTO pa_estimate VALUES("607","","13","3","3","8","104","12","3","2567","2024-09-25 10:25:44");
INSERT INTO pa_estimate VALUES("608","","14","3","3","8","104","12","3","2567","2024-09-25 10:25:44");
INSERT INTO pa_estimate VALUES("609","","15","3","3","8","104","12","3","2567","2024-09-25 10:25:44");
INSERT INTO pa_estimate VALUES("610","","16","4","20","8","104","12","3","2567","2024-09-25 10:25:44");
INSERT INTO pa_estimate VALUES("611","","17","4","10","8","104","12","3","2567","2024-09-25 10:25:44");
INSERT INTO pa_estimate VALUES("612","","18","4","10","8","104","12","3","2567","2024-09-25 10:25:44");
INSERT INTO pa_estimate VALUES("613","","1","4","4","32","100","57","9","2567","2024-09-25 10:26:02");
INSERT INTO pa_estimate VALUES("614","","2","4","4","32","100","57","9","2567","2024-09-25 10:26:02");
INSERT INTO pa_estimate VALUES("615","","3","4","4","32","100","57","9","2567","2024-09-25 10:26:02");
INSERT INTO pa_estimate VALUES("616","","4","4","4","32","100","57","9","2567","2024-09-25 10:26:02");
INSERT INTO pa_estimate VALUES("617","","5","4","4","32","100","57","9","2567","2024-09-25 10:26:02");
INSERT INTO pa_estimate VALUES("618","","6","3","3","32","100","57","9","2567","2024-09-25 10:26:02");
INSERT INTO pa_estimate VALUES("619","","7","3","3","32","100","57","9","2567","2024-09-25 10:26:02");
INSERT INTO pa_estimate VALUES("620","","8","3","3","32","100","57","9","2567","2024-09-25 10:26:02");
INSERT INTO pa_estimate VALUES("621","","9","4","4","32","100","57","9","2567","2024-09-25 10:26:02");
INSERT INTO pa_estimate VALUES("622","","10","3","3","32","100","57","9","2567","2024-09-25 10:26:02");
INSERT INTO pa_estimate VALUES("623","","11","4","4","32","100","57","9","2567","2024-09-25 10:26:02");
INSERT INTO pa_estimate VALUES("624","","12","3","3","32","100","57","9","2567","2024-09-25 10:26:02");
INSERT INTO pa_estimate VALUES("625","","13","4","4","32","100","57","9","2567","2024-09-25 10:26:02");
INSERT INTO pa_estimate VALUES("626","","14","3","3","32","100","57","9","2567","2024-09-25 10:26:02");
INSERT INTO pa_estimate VALUES("627","","15","4","4","32","100","57","9","2567","2024-09-25 10:26:02");
INSERT INTO pa_estimate VALUES("628","","16","4","20","32","100","57","9","2567","2024-09-25 10:26:02");
INSERT INTO pa_estimate VALUES("629","","17","3","7.5","32","100","57","9","2567","2024-09-25 10:26:02");
INSERT INTO pa_estimate VALUES("630","","18","3","7.5","32","100","57","9","2567","2024-09-25 10:26:02");
INSERT INTO pa_estimate VALUES("631","","1","3","3","43","97","77","11","2567","2024-09-25 10:26:05");
INSERT INTO pa_estimate VALUES("632","","2","3","3","43","97","77","11","2567","2024-09-25 10:26:05");
INSERT INTO pa_estimate VALUES("633","","3","3","3","43","97","77","11","2567","2024-09-25 10:26:05");
INSERT INTO pa_estimate VALUES("634","","4","3","3","43","97","77","11","2567","2024-09-25 10:26:05");
INSERT INTO pa_estimate VALUES("635","","5","4","4","43","97","77","11","2567","2024-09-25 10:26:05");
INSERT INTO pa_estimate VALUES("636","","6","4","4","43","97","77","11","2567","2024-09-25 10:26:05");
INSERT INTO pa_estimate VALUES("637","","7","3","3","43","97","77","11","2567","2024-09-25 10:26:05");
INSERT INTO pa_estimate VALUES("638","","8","3","3","43","97","77","11","2567","2024-09-25 10:26:05");
INSERT INTO pa_estimate VALUES("639","","9","3","3","43","97","77","11","2567","2024-09-25 10:26:05");
INSERT INTO pa_estimate VALUES("640","","10","3","3","43","97","77","11","2567","2024-09-25 10:26:05");
INSERT INTO pa_estimate VALUES("641","","11","4","4","43","97","77","11","2567","2024-09-25 10:26:05");
INSERT INTO pa_estimate VALUES("642","","12","3","3","43","97","77","11","2567","2024-09-25 10:26:05");
INSERT INTO pa_estimate VALUES("643","","13","3","3","43","97","77","11","2567","2024-09-25 10:26:05");
INSERT INTO pa_estimate VALUES("644","","14","3","3","43","97","77","11","2567","2024-09-25 10:26:05");
INSERT INTO pa_estimate VALUES("645","","15","4","4","43","97","77","11","2567","2024-09-25 10:26:05");
INSERT INTO pa_estimate VALUES("646","","16","3","15","43","97","77","11","2567","2024-09-25 10:26:05");
INSERT INTO pa_estimate VALUES("647","","17","4","10","43","97","77","11","2567","2024-09-25 10:26:05");
INSERT INTO pa_estimate VALUES("648","","18","4","10","43","97","77","11","2567","2024-09-25 10:26:05");
INSERT INTO pa_estimate VALUES("649","","1","3","3","39","97","74","11","2567","2024-09-25 10:28:23");
INSERT INTO pa_estimate VALUES("650","","2","4","4","39","97","74","11","2567","2024-09-25 10:28:23");
INSERT INTO pa_estimate VALUES("651","","3","4","4","39","97","74","11","2567","2024-09-25 10:28:23");
INSERT INTO pa_estimate VALUES("652","","4","3","3","39","97","74","11","2567","2024-09-25 10:28:23");
INSERT INTO pa_estimate VALUES("653","","5","3","3","39","97","74","11","2567","2024-09-25 10:28:23");
INSERT INTO pa_estimate VALUES("654","","6","3","3","39","97","74","11","2567","2024-09-25 10:28:23");
INSERT INTO pa_estimate VALUES("655","","7","3","3","39","97","74","11","2567","2024-09-25 10:28:23");
INSERT INTO pa_estimate VALUES("656","","8","3","3","39","97","74","11","2567","2024-09-25 10:28:23");
INSERT INTO pa_estimate VALUES("657","","9","4","4","39","97","74","11","2567","2024-09-25 10:28:23");
INSERT INTO pa_estimate VALUES("658","","10","4","4","39","97","74","11","2567","2024-09-25 10:28:23");
INSERT INTO pa_estimate VALUES("659","","11","3","3","39","97","74","11","2567","2024-09-25 10:28:23");
INSERT INTO pa_estimate VALUES("660","","12","3","3","39","97","74","11","2567","2024-09-25 10:28:23");
INSERT INTO pa_estimate VALUES("661","","13","3","3","39","97","74","11","2567","2024-09-25 10:28:23");
INSERT INTO pa_estimate VALUES("662","","14","3","3","39","97","74","11","2567","2024-09-25 10:28:23");
INSERT INTO pa_estimate VALUES("663","","15","3","3","39","97","74","11","2567","2024-09-25 10:28:23");
INSERT INTO pa_estimate VALUES("664","","16","4","20","39","97","74","11","2567","2024-09-25 10:28:23");
INSERT INTO pa_estimate VALUES("665","","17","3","7.5","39","97","74","11","2567","2024-09-25 10:28:23");
INSERT INTO pa_estimate VALUES("666","","18","3","7.5","39","97","74","11","2567","2024-09-25 10:28:23");
INSERT INTO pa_estimate VALUES("667","","1","3","3","21","99","36","6","2567","2024-09-25 10:28:52");
INSERT INTO pa_estimate VALUES("668","","2","3","3","21","99","36","6","2567","2024-09-25 10:28:52");
INSERT INTO pa_estimate VALUES("669","","3","3","3","21","99","36","6","2567","2024-09-25 10:28:52");
INSERT INTO pa_estimate VALUES("670","","4","3","3","21","99","36","6","2567","2024-09-25 10:28:52");
INSERT INTO pa_estimate VALUES("671","","5","3","3","21","99","36","6","2567","2024-09-25 10:28:52");
INSERT INTO pa_estimate VALUES("672","","6","3","3","21","99","36","6","2567","2024-09-25 10:28:52");
INSERT INTO pa_estimate VALUES("673","","7","3","3","21","99","36","6","2567","2024-09-25 10:28:52");
INSERT INTO pa_estimate VALUES("674","","8","3","3","21","99","36","6","2567","2024-09-25 10:28:52");
INSERT INTO pa_estimate VALUES("675","","9","3","3","21","99","36","6","2567","2024-09-25 10:28:52");
INSERT INTO pa_estimate VALUES("676","","10","3","3","21","99","36","6","2567","2024-09-25 10:28:52");
INSERT INTO pa_estimate VALUES("677","","11","4","4","21","99","36","6","2567","2024-09-25 10:28:52");
INSERT INTO pa_estimate VALUES("678","","12","3","3","21","99","36","6","2567","2024-09-25 10:28:52");
INSERT INTO pa_estimate VALUES("679","","13","4","4","21","99","36","6","2567","2024-09-25 10:28:52");
INSERT INTO pa_estimate VALUES("680","","14","3","3","21","99","36","6","2567","2024-09-25 10:28:52");
INSERT INTO pa_estimate VALUES("681","","15","4","4","21","99","36","6","2567","2024-09-25 10:28:52");
INSERT INTO pa_estimate VALUES("682","","16","4","20","21","99","36","6","2567","2024-09-25 10:28:52");
INSERT INTO pa_estimate VALUES("683","","17","3","7.5","21","99","36","6","2567","2024-09-25 10:28:52");
INSERT INTO pa_estimate VALUES("684","","18","3","7.5","21","99","36","6","2567","2024-09-25 10:28:52");
INSERT INTO pa_estimate VALUES("685","","1","4","4","53","95","128","8","2567","2024-09-25 10:29:20");
INSERT INTO pa_estimate VALUES("686","","2","4","4","53","95","128","8","2567","2024-09-25 10:29:20");
INSERT INTO pa_estimate VALUES("687","","3","4","4","53","95","128","8","2567","2024-09-25 10:29:20");
INSERT INTO pa_estimate VALUES("688","","4","3","3","53","95","128","8","2567","2024-09-25 10:29:20");
INSERT INTO pa_estimate VALUES("689","","5","4","4","53","95","128","8","2567","2024-09-25 10:29:20");
INSERT INTO pa_estimate VALUES("690","","6","3","3","53","95","128","8","2567","2024-09-25 10:29:20");
INSERT INTO pa_estimate VALUES("691","","7","4","4","53","95","128","8","2567","2024-09-25 10:29:20");
INSERT INTO pa_estimate VALUES("692","","8","4","4","53","95","128","8","2567","2024-09-25 10:29:20");
INSERT INTO pa_estimate VALUES("693","","9","3","3","53","95","128","8","2567","2024-09-25 10:29:20");
INSERT INTO pa_estimate VALUES("694","","10","4","4","53","95","128","8","2567","2024-09-25 10:29:20");
INSERT INTO pa_estimate VALUES("695","","11","3","3","53","95","128","8","2567","2024-09-25 10:29:20");
INSERT INTO pa_estimate VALUES("696","","12","4","4","53","95","128","8","2567","2024-09-25 10:29:20");
INSERT INTO pa_estimate VALUES("697","","13","4","4","53","95","128","8","2567","2024-09-25 10:29:20");
INSERT INTO pa_estimate VALUES("698","","14","4","4","53","95","128","8","2567","2024-09-25 10:29:20");
INSERT INTO pa_estimate VALUES("699","","15","4","4","53","95","128","8","2567","2024-09-25 10:29:20");
INSERT INTO pa_estimate VALUES("700","","16","4","20","53","95","128","8","2567","2024-09-25 10:29:20");
INSERT INTO pa_estimate VALUES("701","","17","3","7.5","53","95","128","8","2567","2024-09-25 10:29:20");
INSERT INTO pa_estimate VALUES("702","","18","3","7.5","53","95","128","8","2567","2024-09-25 10:29:20");
INSERT INTO pa_estimate VALUES("703","","1","4","4","15","99","39","6","2567","2024-09-25 10:32:59");
INSERT INTO pa_estimate VALUES("704","","2","4","4","15","99","39","6","2567","2024-09-25 10:32:59");
INSERT INTO pa_estimate VALUES("705","","3","4","4","15","99","39","6","2567","2024-09-25 10:32:59");
INSERT INTO pa_estimate VALUES("706","","4","4","4","15","99","39","6","2567","2024-09-25 10:32:59");
INSERT INTO pa_estimate VALUES("707","","5","4","4","15","99","39","6","2567","2024-09-25 10:32:59");
INSERT INTO pa_estimate VALUES("708","","6","4","4","15","99","39","6","2567","2024-09-25 10:32:59");
INSERT INTO pa_estimate VALUES("709","","7","4","4","15","99","39","6","2567","2024-09-25 10:32:59");
INSERT INTO pa_estimate VALUES("710","","8","3","3","15","99","39","6","2567","2024-09-25 10:32:59");
INSERT INTO pa_estimate VALUES("711","","9","3","3","15","99","39","6","2567","2024-09-25 10:32:59");
INSERT INTO pa_estimate VALUES("712","","10","3","3","15","99","39","6","2567","2024-09-25 10:32:59");
INSERT INTO pa_estimate VALUES("713","","11","4","4","15","99","39","6","2567","2024-09-25 10:32:59");
INSERT INTO pa_estimate VALUES("714","","12","3","3","15","99","39","6","2567","2024-09-25 10:32:59");
INSERT INTO pa_estimate VALUES("715","","13","3","3","15","99","39","6","2567","2024-09-25 10:32:59");
INSERT INTO pa_estimate VALUES("716","","14","4","4","15","99","39","6","2567","2024-09-25 10:32:59");
INSERT INTO pa_estimate VALUES("717","","15","3","3","15","99","39","6","2567","2024-09-25 10:32:59");
INSERT INTO pa_estimate VALUES("718","","16","4","20","15","99","39","6","2567","2024-09-25 10:32:59");
INSERT INTO pa_estimate VALUES("719","","17","3","7.5","15","99","39","6","2567","2024-09-25 10:32:59");
INSERT INTO pa_estimate VALUES("720","","18","3","7.5","15","99","39","6","2567","2024-09-25 10:32:59");
INSERT INTO pa_estimate VALUES("721","","1","4","4","51","95","131","8","2567","2024-09-25 10:33:04");
INSERT INTO pa_estimate VALUES("722","","2","4","4","51","95","131","8","2567","2024-09-25 10:33:04");
INSERT INTO pa_estimate VALUES("723","","3","4","4","51","95","131","8","2567","2024-09-25 10:33:04");
INSERT INTO pa_estimate VALUES("724","","4","3","3","51","95","131","8","2567","2024-09-25 10:33:04");
INSERT INTO pa_estimate VALUES("725","","5","4","4","51","95","131","8","2567","2024-09-25 10:33:04");
INSERT INTO pa_estimate VALUES("726","","6","3","3","51","95","131","8","2567","2024-09-25 10:33:04");
INSERT INTO pa_estimate VALUES("727","","7","4","4","51","95","131","8","2567","2024-09-25 10:33:04");
INSERT INTO pa_estimate VALUES("728","","8","4","4","51","95","131","8","2567","2024-09-25 10:33:04");
INSERT INTO pa_estimate VALUES("729","","9","4","4","51","95","131","8","2567","2024-09-25 10:33:04");
INSERT INTO pa_estimate VALUES("730","","10","4","4","51","95","131","8","2567","2024-09-25 10:33:04");
INSERT INTO pa_estimate VALUES("731","","11","3","3","51","95","131","8","2567","2024-09-25 10:33:04");
INSERT INTO pa_estimate VALUES("732","","12","4","4","51","95","131","8","2567","2024-09-25 10:33:04");
INSERT INTO pa_estimate VALUES("733","","13","4","4","51","95","131","8","2567","2024-09-25 10:33:04");
INSERT INTO pa_estimate VALUES("734","","14","3","3","51","95","131","8","2567","2024-09-25 10:33:04");
INSERT INTO pa_estimate VALUES("735","","15","4","4","51","95","131","8","2567","2024-09-25 10:33:04");
INSERT INTO pa_estimate VALUES("736","","16","4","20","51","95","131","8","2567","2024-09-25 10:33:04");
INSERT INTO pa_estimate VALUES("737","","17","3","7.5","51","95","131","8","2567","2024-09-25 10:33:04");
INSERT INTO pa_estimate VALUES("738","","18","3","7.5","51","95","131","8","2567","2024-09-25 10:33:04");
INSERT INTO pa_estimate VALUES("739","","1","4","4","53","100","129","9","2567","2024-09-25 10:33:16");
INSERT INTO pa_estimate VALUES("740","","2","3","3","53","100","129","9","2567","2024-09-25 10:33:16");
INSERT INTO pa_estimate VALUES("741","","3","4","4","53","100","129","9","2567","2024-09-25 10:33:16");
INSERT INTO pa_estimate VALUES("742","","4","4","4","53","100","129","9","2567","2024-09-25 10:33:16");
INSERT INTO pa_estimate VALUES("743","","5","4","4","53","100","129","9","2567","2024-09-25 10:33:16");
INSERT INTO pa_estimate VALUES("744","","6","3","3","53","100","129","9","2567","2024-09-25 10:33:16");
INSERT INTO pa_estimate VALUES("745","","7","3","3","53","100","129","9","2567","2024-09-25 10:33:16");
INSERT INTO pa_estimate VALUES("746","","8","4","4","53","100","129","9","2567","2024-09-25 10:33:16");
INSERT INTO pa_estimate VALUES("747","","9","3","3","53","100","129","9","2567","2024-09-25 10:33:16");
INSERT INTO pa_estimate VALUES("748","","10","3","3","53","100","129","9","2567","2024-09-25 10:33:16");
INSERT INTO pa_estimate VALUES("749","","11","4","4","53","100","129","9","2567","2024-09-25 10:33:16");
INSERT INTO pa_estimate VALUES("750","","12","4","4","53","100","129","9","2567","2024-09-25 10:33:16");
INSERT INTO pa_estimate VALUES("751","","13","4","4","53","100","129","9","2567","2024-09-25 10:33:16");
INSERT INTO pa_estimate VALUES("752","","14","4","4","53","100","129","9","2567","2024-09-25 10:33:16");
INSERT INTO pa_estimate VALUES("753","","15","4","4","53","100","129","9","2567","2024-09-25 10:33:16");
INSERT INTO pa_estimate VALUES("754","","16","4","20","53","100","129","9","2567","2024-09-25 10:33:16");
INSERT INTO pa_estimate VALUES("755","","17","3","7.5","53","100","129","9","2567","2024-09-25 10:33:16");
INSERT INTO pa_estimate VALUES("756","","18","4","10","53","100","129","9","2567","2024-09-25 10:33:16");
INSERT INTO pa_estimate VALUES("775","","1","3","3","41","97","71","11","2567","2024-09-25 10:34:24");
INSERT INTO pa_estimate VALUES("776","","2","3","3","41","97","71","11","2567","2024-09-25 10:34:24");
INSERT INTO pa_estimate VALUES("777","","3","3","3","41","97","71","11","2567","2024-09-25 10:34:24");
INSERT INTO pa_estimate VALUES("778","","4","4","4","41","97","71","11","2567","2024-09-25 10:34:24");
INSERT INTO pa_estimate VALUES("779","","5","3","3","41","97","71","11","2567","2024-09-25 10:34:24");
INSERT INTO pa_estimate VALUES("780","","6","3","3","41","97","71","11","2567","2024-09-25 10:34:24");
INSERT INTO pa_estimate VALUES("781","","7","4","4","41","97","71","11","2567","2024-09-25 10:34:24");
INSERT INTO pa_estimate VALUES("782","","8","4","4","41","97","71","11","2567","2024-09-25 10:34:24");
INSERT INTO pa_estimate VALUES("783","","9","4","4","41","97","71","11","2567","2024-09-25 10:34:24");
INSERT INTO pa_estimate VALUES("784","","10","3","3","41","97","71","11","2567","2024-09-25 10:34:24");
INSERT INTO pa_estimate VALUES("785","","11","3","3","41","97","71","11","2567","2024-09-25 10:34:24");
INSERT INTO pa_estimate VALUES("786","","12","3","3","41","97","71","11","2567","2024-09-25 10:34:24");
INSERT INTO pa_estimate VALUES("787","","13","3","3","41","97","71","11","2567","2024-09-25 10:34:24");
INSERT INTO pa_estimate VALUES("788","","14","3","3","41","97","71","11","2567","2024-09-25 10:34:24");
INSERT INTO pa_estimate VALUES("789","","15","4","4","41","97","71","11","2567","2024-09-25 10:34:24");
INSERT INTO pa_estimate VALUES("790","","16","3","15","41","97","71","11","2567","2024-09-25 10:34:24");
INSERT INTO pa_estimate VALUES("791","","17","4","10","41","97","71","11","2567","2024-09-25 10:34:24");
INSERT INTO pa_estimate VALUES("792","","18","3","7.5","41","97","71","11","2567","2024-09-25 10:34:24");
INSERT INTO pa_estimate VALUES("793","","1","4","4","9","104","15","3","2567","2024-09-25 10:34:53");
INSERT INTO pa_estimate VALUES("794","","2","4","4","9","104","15","3","2567","2024-09-25 10:34:53");
INSERT INTO pa_estimate VALUES("795","","3","3","3","9","104","15","3","2567","2024-09-25 10:34:53");
INSERT INTO pa_estimate VALUES("796","","4","3","3","9","104","15","3","2567","2024-09-25 10:34:53");
INSERT INTO pa_estimate VALUES("797","","5","3","3","9","104","15","3","2567","2024-09-25 10:34:53");
INSERT INTO pa_estimate VALUES("798","","6","3","3","9","104","15","3","2567","2024-09-25 10:34:53");
INSERT INTO pa_estimate VALUES("799","","7","3","3","9","104","15","3","2567","2024-09-25 10:34:53");
INSERT INTO pa_estimate VALUES("800","","8","3","3","9","104","15","3","2567","2024-09-25 10:34:53");
INSERT INTO pa_estimate VALUES("801","","9","3","3","9","104","15","3","2567","2024-09-25 10:34:53");
INSERT INTO pa_estimate VALUES("802","","10","3","3","9","104","15","3","2567","2024-09-25 10:34:53");
INSERT INTO pa_estimate VALUES("803","","11","3","3","9","104","15","3","2567","2024-09-25 10:34:53");
INSERT INTO pa_estimate VALUES("804","","12","3","3","9","104","15","3","2567","2024-09-25 10:34:53");
INSERT INTO pa_estimate VALUES("805","","13","3","3","9","104","15","3","2567","2024-09-25 10:34:53");
INSERT INTO pa_estimate VALUES("806","","14","3","3","9","104","15","3","2567","2024-09-25 10:34:53");
INSERT INTO pa_estimate VALUES("807","","15","3","3","9","104","15","3","2567","2024-09-25 10:34:53");
INSERT INTO pa_estimate VALUES("808","","16","4","20","9","104","15","3","2567","2024-09-25 10:34:53");
INSERT INTO pa_estimate VALUES("809","","17","4","10","9","104","15","3","2567","2024-09-25 10:34:53");
INSERT INTO pa_estimate VALUES("810","","18","4","10","9","104","15","3","2567","2024-09-25 10:34:53");
INSERT INTO pa_estimate VALUES("811","","1","3","3","84","99","42","6","2567","2024-09-25 10:35:29");
INSERT INTO pa_estimate VALUES("812","","2","3","3","84","99","42","6","2567","2024-09-25 10:35:29");
INSERT INTO pa_estimate VALUES("813","","3","4","4","84","99","42","6","2567","2024-09-25 10:35:29");
INSERT INTO pa_estimate VALUES("814","","4","4","4","84","99","42","6","2567","2024-09-25 10:35:29");
INSERT INTO pa_estimate VALUES("815","","5","3","3","84","99","42","6","2567","2024-09-25 10:35:29");
INSERT INTO pa_estimate VALUES("816","","6","3","3","84","99","42","6","2567","2024-09-25 10:35:29");
INSERT INTO pa_estimate VALUES("817","","7","3","3","84","99","42","6","2567","2024-09-25 10:35:29");
INSERT INTO pa_estimate VALUES("818","","8","3","3","84","99","42","6","2567","2024-09-25 10:35:29");
INSERT INTO pa_estimate VALUES("819","","9","3","3","84","99","42","6","2567","2024-09-25 10:35:29");
INSERT INTO pa_estimate VALUES("820","","10","3","3","84","99","42","6","2567","2024-09-25 10:35:29");
INSERT INTO pa_estimate VALUES("821","","11","3","3","84","99","42","6","2567","2024-09-25 10:35:29");
INSERT INTO pa_estimate VALUES("822","","12","3","3","84","99","42","6","2567","2024-09-25 10:35:29");
INSERT INTO pa_estimate VALUES("823","","13","4","4","84","99","42","6","2567","2024-09-25 10:35:29");
INSERT INTO pa_estimate VALUES("824","","14","3","3","84","99","42","6","2567","2024-09-25 10:35:29");
INSERT INTO pa_estimate VALUES("825","","15","3","3","84","99","42","6","2567","2024-09-25 10:35:29");
INSERT INTO pa_estimate VALUES("826","","16","4","20","84","99","42","6","2567","2024-09-25 10:35:29");
INSERT INTO pa_estimate VALUES("827","","17","3","7.5","84","99","42","6","2567","2024-09-25 10:35:29");
INSERT INTO pa_estimate VALUES("828","","18","3","7.5","84","99","42","6","2567","2024-09-25 10:35:29");
INSERT INTO pa_estimate VALUES("829","","1","4","4","52","95","134","8","2567","2024-09-25 10:35:59");
INSERT INTO pa_estimate VALUES("830","","2","4","4","52","95","134","8","2567","2024-09-25 10:35:59");
INSERT INTO pa_estimate VALUES("831","","3","4","4","52","95","134","8","2567","2024-09-25 10:35:59");
INSERT INTO pa_estimate VALUES("832","","4","3","3","52","95","134","8","2567","2024-09-25 10:35:59");
INSERT INTO pa_estimate VALUES("833","","5","3","3","52","95","134","8","2567","2024-09-25 10:35:59");
INSERT INTO pa_estimate VALUES("834","","6","3","3","52","95","134","8","2567","2024-09-25 10:35:59");
INSERT INTO pa_estimate VALUES("835","","7","4","4","52","95","134","8","2567","2024-09-25 10:35:59");
INSERT INTO pa_estimate VALUES("836","","8","4","4","52","95","134","8","2567","2024-09-25 10:35:59");
INSERT INTO pa_estimate VALUES("837","","9","3","3","52","95","134","8","2567","2024-09-25 10:35:59");
INSERT INTO pa_estimate VALUES("838","","10","4","4","52","95","134","8","2567","2024-09-25 10:35:59");
INSERT INTO pa_estimate VALUES("839","","11","3","3","52","95","134","8","2567","2024-09-25 10:35:59");
INSERT INTO pa_estimate VALUES("840","","12","4","4","52","95","134","8","2567","2024-09-25 10:35:59");
INSERT INTO pa_estimate VALUES("841","","13","4","4","52","95","134","8","2567","2024-09-25 10:35:59");
INSERT INTO pa_estimate VALUES("842","","14","4","4","52","95","134","8","2567","2024-09-25 10:35:59");
INSERT INTO pa_estimate VALUES("843","","15","4","4","52","95","134","8","2567","2024-09-25 10:35:59");
INSERT INTO pa_estimate VALUES("844","","16","3","15","52","95","134","8","2567","2024-09-25 10:35:59");
INSERT INTO pa_estimate VALUES("845","","17","3","7.5","52","95","134","8","2567","2024-09-25 10:35:59");
INSERT INTO pa_estimate VALUES("846","","18","3","7.5","52","95","134","8","2567","2024-09-25 10:35:59");
INSERT INTO pa_estimate VALUES("847","","1","4","4","42","101","63","12","2567","2024-09-25 10:40:48");
INSERT INTO pa_estimate VALUES("848","","2","4","4","42","101","63","12","2567","2024-09-25 10:40:48");
INSERT INTO pa_estimate VALUES("849","","3","3","3","42","101","63","12","2567","2024-09-25 10:40:48");
INSERT INTO pa_estimate VALUES("850","","4","3","3","42","101","63","12","2567","2024-09-25 10:40:48");
INSERT INTO pa_estimate VALUES("851","","5","3","3","42","101","63","12","2567","2024-09-25 10:40:48");
INSERT INTO pa_estimate VALUES("852","","6","3","3","42","101","63","12","2567","2024-09-25 10:40:48");
INSERT INTO pa_estimate VALUES("853","","7","3","3","42","101","63","12","2567","2024-09-25 10:40:48");
INSERT INTO pa_estimate VALUES("854","","8","3","3","42","101","63","12","2567","2024-09-25 10:40:48");
INSERT INTO pa_estimate VALUES("855","","9","3","3","42","101","63","12","2567","2024-09-25 10:40:48");
INSERT INTO pa_estimate VALUES("856","","10","3","3","42","101","63","12","2567","2024-09-25 10:40:48");
INSERT INTO pa_estimate VALUES("857","","11","4","4","42","101","63","12","2567","2024-09-25 10:40:48");
INSERT INTO pa_estimate VALUES("858","","12","3","3","42","101","63","12","2567","2024-09-25 10:40:48");
INSERT INTO pa_estimate VALUES("859","","13","4","4","42","101","63","12","2567","2024-09-25 10:40:48");
INSERT INTO pa_estimate VALUES("860","","14","4","4","42","101","63","12","2567","2024-09-25 10:40:48");
INSERT INTO pa_estimate VALUES("861","","15","3","3","42","101","63","12","2567","2024-09-25 10:40:48");
INSERT INTO pa_estimate VALUES("862","","16","4","20","42","101","63","12","2567","2024-09-25 10:40:48");
INSERT INTO pa_estimate VALUES("863","","17","4","10","42","101","63","12","2567","2024-09-25 10:40:48");
INSERT INTO pa_estimate VALUES("864","","18","4","10","42","101","63","12","2567","2024-09-25 10:40:48");
INSERT INTO pa_estimate VALUES("865","","1","4","4","45","96","86","17","2567","2024-09-25 10:41:26");
INSERT INTO pa_estimate VALUES("866","","2","4","4","45","96","86","17","2567","2024-09-25 10:41:26");
INSERT INTO pa_estimate VALUES("867","","3","4","4","45","96","86","17","2567","2024-09-25 10:41:26");
INSERT INTO pa_estimate VALUES("868","","4","4","4","45","96","86","17","2567","2024-09-25 10:41:26");
INSERT INTO pa_estimate VALUES("869","","5","4","4","45","96","86","17","2567","2024-09-25 10:41:26");
INSERT INTO pa_estimate VALUES("870","","6","4","4","45","96","86","17","2567","2024-09-25 10:41:26");
INSERT INTO pa_estimate VALUES("871","","7","4","4","45","96","86","17","2567","2024-09-25 10:41:26");
INSERT INTO pa_estimate VALUES("872","","8","4","4","45","96","86","17","2567","2024-09-25 10:41:26");
INSERT INTO pa_estimate VALUES("873","","9","4","4","45","96","86","17","2567","2024-09-25 10:41:26");
INSERT INTO pa_estimate VALUES("874","","10","4","4","45","96","86","17","2567","2024-09-25 10:41:26");
INSERT INTO pa_estimate VALUES("875","","11","4","4","45","96","86","17","2567","2024-09-25 10:41:26");
INSERT INTO pa_estimate VALUES("876","","12","4","4","45","96","86","17","2567","2024-09-25 10:41:26");
INSERT INTO pa_estimate VALUES("877","","13","4","4","45","96","86","17","2567","2024-09-25 10:41:26");
INSERT INTO pa_estimate VALUES("878","","14","4","4","45","96","86","17","2567","2024-09-25 10:41:26");
INSERT INTO pa_estimate VALUES("879","","15","4","4","45","96","86","17","2567","2024-09-25 10:41:26");
INSERT INTO pa_estimate VALUES("880","","16","3","15","45","96","86","17","2567","2024-09-25 10:41:26");
INSERT INTO pa_estimate VALUES("881","","17","4","10","45","96","86","17","2567","2024-09-25 10:41:26");
INSERT INTO pa_estimate VALUES("882","","18","4","10","45","96","86","17","2567","2024-09-25 10:41:26");
INSERT INTO pa_estimate VALUES("883","","1","3","3","40","97","68","11","2567","2024-09-25 10:41:41");
INSERT INTO pa_estimate VALUES("884","","2","4","4","40","97","68","11","2567","2024-09-25 10:41:41");
INSERT INTO pa_estimate VALUES("885","","3","4","4","40","97","68","11","2567","2024-09-25 10:41:41");
INSERT INTO pa_estimate VALUES("886","","4","4","4","40","97","68","11","2567","2024-09-25 10:41:41");
INSERT INTO pa_estimate VALUES("887","","5","4","4","40","97","68","11","2567","2024-09-25 10:41:41");
INSERT INTO pa_estimate VALUES("888","","6","3","3","40","97","68","11","2567","2024-09-25 10:41:41");
INSERT INTO pa_estimate VALUES("889","","7","3","3","40","97","68","11","2567","2024-09-25 10:41:41");
INSERT INTO pa_estimate VALUES("890","","8","4","4","40","97","68","11","2567","2024-09-25 10:41:41");
INSERT INTO pa_estimate VALUES("891","","9","3","3","40","97","68","11","2567","2024-09-25 10:41:41");
INSERT INTO pa_estimate VALUES("892","","10","3","3","40","97","68","11","2567","2024-09-25 10:41:41");
INSERT INTO pa_estimate VALUES("893","","11","3","3","40","97","68","11","2567","2024-09-25 10:41:41");
INSERT INTO pa_estimate VALUES("894","","12","3","3","40","97","68","11","2567","2024-09-25 10:41:41");
INSERT INTO pa_estimate VALUES("895","","13","3","3","40","97","68","11","2567","2024-09-25 10:41:41");
INSERT INTO pa_estimate VALUES("896","","14","3","3","40","97","68","11","2567","2024-09-25 10:41:41");
INSERT INTO pa_estimate VALUES("897","","15","4","4","40","97","68","11","2567","2024-09-25 10:41:41");
INSERT INTO pa_estimate VALUES("898","","16","4","20","40","97","68","11","2567","2024-09-25 10:41:41");
INSERT INTO pa_estimate VALUES("899","","17","3","7.5","40","97","68","11","2567","2024-09-25 10:41:41");
INSERT INTO pa_estimate VALUES("900","","18","3","7.5","40","97","68","11","2567","2024-09-25 10:41:41");
INSERT INTO pa_estimate VALUES("901","","1","4","4","16","105","20","5","2567","2024-09-25 10:47:37");
INSERT INTO pa_estimate VALUES("902","","2","3","3","16","105","20","5","2567","2024-09-25 10:47:37");
INSERT INTO pa_estimate VALUES("903","","3","4","4","16","105","20","5","2567","2024-09-25 10:47:37");
INSERT INTO pa_estimate VALUES("904","","4","4","4","16","105","20","5","2567","2024-09-25 10:47:37");
INSERT INTO pa_estimate VALUES("905","","5","4","4","16","105","20","5","2567","2024-09-25 10:47:37");
INSERT INTO pa_estimate VALUES("906","","6","4","4","16","105","20","5","2567","2024-09-25 10:47:37");
INSERT INTO pa_estimate VALUES("907","","7","4","4","16","105","20","5","2567","2024-09-25 10:47:37");
INSERT INTO pa_estimate VALUES("908","","8","4","4","16","105","20","5","2567","2024-09-25 10:47:37");
INSERT INTO pa_estimate VALUES("909","","9","3","3","16","105","20","5","2567","2024-09-25 10:47:37");
INSERT INTO pa_estimate VALUES("910","","10","4","4","16","105","20","5","2567","2024-09-25 10:47:37");
INSERT INTO pa_estimate VALUES("911","","11","4","4","16","105","20","5","2567","2024-09-25 10:47:37");
INSERT INTO pa_estimate VALUES("912","","12","4","4","16","105","20","5","2567","2024-09-25 10:47:37");
INSERT INTO pa_estimate VALUES("913","","13","4","4","16","105","20","5","2567","2024-09-25 10:47:37");
INSERT INTO pa_estimate VALUES("914","","14","4","4","16","105","20","5","2567","2024-09-25 10:47:37");
INSERT INTO pa_estimate VALUES("915","","15","3","3","16","105","20","5","2567","2024-09-25 10:47:37");
INSERT INTO pa_estimate VALUES("916","","16","4","20","16","105","20","5","2567","2024-09-25 10:47:37");
INSERT INTO pa_estimate VALUES("917","","17","3","7.5","16","105","20","5","2567","2024-09-25 10:47:37");
INSERT INTO pa_estimate VALUES("918","","18","4","10","16","105","20","5","2567","2024-09-25 10:47:37");
INSERT INTO pa_estimate VALUES("919","","1","4","4","51","100","132","9","2567","2024-09-25 10:47:47");
INSERT INTO pa_estimate VALUES("920","","2","4","4","51","100","132","9","2567","2024-09-25 10:47:47");
INSERT INTO pa_estimate VALUES("921","","3","3","3","51","100","132","9","2567","2024-09-25 10:47:47");
INSERT INTO pa_estimate VALUES("922","","4","3","3","51","100","132","9","2567","2024-09-25 10:47:47");
INSERT INTO pa_estimate VALUES("923","","5","3","3","51","100","132","9","2567","2024-09-25 10:47:47");
INSERT INTO pa_estimate VALUES("924","","6","4","4","51","100","132","9","2567","2024-09-25 10:47:47");
INSERT INTO pa_estimate VALUES("925","","7","3","3","51","100","132","9","2567","2024-09-25 10:47:47");
INSERT INTO pa_estimate VALUES("926","","8","4","4","51","100","132","9","2567","2024-09-25 10:47:47");
INSERT INTO pa_estimate VALUES("927","","9","4","4","51","100","132","9","2567","2024-09-25 10:47:47");
INSERT INTO pa_estimate VALUES("928","","10","3","3","51","100","132","9","2567","2024-09-25 10:47:47");
INSERT INTO pa_estimate VALUES("929","","11","3","3","51","100","132","9","2567","2024-09-25 10:47:47");
INSERT INTO pa_estimate VALUES("930","","12","3","3","51","100","132","9","2567","2024-09-25 10:47:47");
INSERT INTO pa_estimate VALUES("931","","13","3","3","51","100","132","9","2567","2024-09-25 10:47:47");
INSERT INTO pa_estimate VALUES("932","","14","3","3","51","100","132","9","2567","2024-09-25 10:47:47");
INSERT INTO pa_estimate VALUES("933","","15","3","3","51","100","132","9","2567","2024-09-25 10:47:47");
INSERT INTO pa_estimate VALUES("934","","16","4","20","51","100","132","9","2567","2024-09-25 10:47:47");
INSERT INTO pa_estimate VALUES("935","","17","3","7.5","51","100","132","9","2567","2024-09-25 10:47:47");
INSERT INTO pa_estimate VALUES("936","","18","4","10","51","100","132","9","2567","2024-09-25 10:47:47");
INSERT INTO pa_estimate VALUES("937","","1","3","3","33","97","65","11","2567","2024-09-25 10:50:41");
INSERT INTO pa_estimate VALUES("938","","2","4","4","33","97","65","11","2567","2024-09-25 10:50:41");
INSERT INTO pa_estimate VALUES("939","","3","3","3","33","97","65","11","2567","2024-09-25 10:50:41");
INSERT INTO pa_estimate VALUES("940","","4","4","4","33","97","65","11","2567","2024-09-25 10:50:41");
INSERT INTO pa_estimate VALUES("941","","5","3","3","33","97","65","11","2567","2024-09-25 10:50:41");
INSERT INTO pa_estimate VALUES("942","","6","3","3","33","97","65","11","2567","2024-09-25 10:50:41");
INSERT INTO pa_estimate VALUES("943","","7","4","4","33","97","65","11","2567","2024-09-25 10:50:41");
INSERT INTO pa_estimate VALUES("944","","8","4","4","33","97","65","11","2567","2024-09-25 10:50:41");
INSERT INTO pa_estimate VALUES("945","","9","4","4","33","97","65","11","2567","2024-09-25 10:50:41");
INSERT INTO pa_estimate VALUES("946","","10","4","4","33","97","65","11","2567","2024-09-25 10:50:41");
INSERT INTO pa_estimate VALUES("947","","11","4","4","33","97","65","11","2567","2024-09-25 10:50:41");
INSERT INTO pa_estimate VALUES("948","","12","4","4","33","97","65","11","2567","2024-09-25 10:50:41");
INSERT INTO pa_estimate VALUES("949","","13","3","3","33","97","65","11","2567","2024-09-25 10:50:41");
INSERT INTO pa_estimate VALUES("950","","14","3","3","33","97","65","11","2567","2024-09-25 10:50:41");
INSERT INTO pa_estimate VALUES("951","","15","3","3","33","97","65","11","2567","2024-09-25 10:50:41");
INSERT INTO pa_estimate VALUES("952","","16","4","20","33","97","65","11","2567","2024-09-25 10:50:41");
INSERT INTO pa_estimate VALUES("953","","17","3","7.5","33","97","65","11","2567","2024-09-25 10:50:41");
INSERT INTO pa_estimate VALUES("954","","18","3","7.5","33","97","65","11","2567","2024-09-25 10:50:41");
INSERT INTO pa_estimate VALUES("955","","1","4","4","6","104","3","3","2567","2024-09-25 10:52:29");
INSERT INTO pa_estimate VALUES("956","","2","3","3","6","104","3","3","2567","2024-09-25 10:52:29");
INSERT INTO pa_estimate VALUES("957","","3","4","4","6","104","3","3","2567","2024-09-25 10:52:29");
INSERT INTO pa_estimate VALUES("958","","4","3","3","6","104","3","3","2567","2024-09-25 10:52:29");
INSERT INTO pa_estimate VALUES("959","","5","3","3","6","104","3","3","2567","2024-09-25 10:52:29");
INSERT INTO pa_estimate VALUES("960","","6","3","3","6","104","3","3","2567","2024-09-25 10:52:29");
INSERT INTO pa_estimate VALUES("961","","7","4","4","6","104","3","3","2567","2024-09-25 10:52:29");
INSERT INTO pa_estimate VALUES("962","","8","3","3","6","104","3","3","2567","2024-09-25 10:52:29");
INSERT INTO pa_estimate VALUES("963","","9","3","3","6","104","3","3","2567","2024-09-25 10:52:29");
INSERT INTO pa_estimate VALUES("964","","10","4","4","6","104","3","3","2567","2024-09-25 10:52:29");
INSERT INTO pa_estimate VALUES("965","","11","3","3","6","104","3","3","2567","2024-09-25 10:52:29");
INSERT INTO pa_estimate VALUES("966","","12","3","3","6","104","3","3","2567","2024-09-25 10:52:29");
INSERT INTO pa_estimate VALUES("967","","13","3","3","6","104","3","3","2567","2024-09-25 10:52:29");
INSERT INTO pa_estimate VALUES("968","","14","3","3","6","104","3","3","2567","2024-09-25 10:52:29");
INSERT INTO pa_estimate VALUES("969","","15","3","3","6","104","3","3","2567","2024-09-25 10:52:29");
INSERT INTO pa_estimate VALUES("970","","16","4","20","6","104","3","3","2567","2024-09-25 10:52:29");
INSERT INTO pa_estimate VALUES("971","","17","4","10","6","104","3","3","2567","2024-09-25 10:52:29");
INSERT INTO pa_estimate VALUES("972","","18","4","10","6","104","3","3","2567","2024-09-25 10:52:29");
INSERT INTO pa_estimate VALUES("973","","1","4","4","18","105","23","5","2567","2024-09-25 10:52:47");
INSERT INTO pa_estimate VALUES("974","","2","4","4","18","105","23","5","2567","2024-09-25 10:52:47");
INSERT INTO pa_estimate VALUES("975","","3","3","3","18","105","23","5","2567","2024-09-25 10:52:47");
INSERT INTO pa_estimate VALUES("976","","4","4","4","18","105","23","5","2567","2024-09-25 10:52:47");
INSERT INTO pa_estimate VALUES("977","","5","3","3","18","105","23","5","2567","2024-09-25 10:52:47");
INSERT INTO pa_estimate VALUES("978","","6","4","4","18","105","23","5","2567","2024-09-25 10:52:47");
INSERT INTO pa_estimate VALUES("979","","7","4","4","18","105","23","5","2567","2024-09-25 10:52:47");
INSERT INTO pa_estimate VALUES("980","","8","4","4","18","105","23","5","2567","2024-09-25 10:52:47");
INSERT INTO pa_estimate VALUES("981","","9","4","4","18","105","23","5","2567","2024-09-25 10:52:47");
INSERT INTO pa_estimate VALUES("982","","10","3","3","18","105","23","5","2567","2024-09-25 10:52:47");
INSERT INTO pa_estimate VALUES("983","","11","4","4","18","105","23","5","2567","2024-09-25 10:52:47");
INSERT INTO pa_estimate VALUES("984","","12","4","4","18","105","23","5","2567","2024-09-25 10:52:47");
INSERT INTO pa_estimate VALUES("985","","13","4","4","18","105","23","5","2567","2024-09-25 10:52:47");
INSERT INTO pa_estimate VALUES("986","","14","4","4","18","105","23","5","2567","2024-09-25 10:52:47");
INSERT INTO pa_estimate VALUES("987","","15","4","4","18","105","23","5","2567","2024-09-25 10:52:47");
INSERT INTO pa_estimate VALUES("988","","16","4","20","18","105","23","5","2567","2024-09-25 10:52:47");
INSERT INTO pa_estimate VALUES("989","","17","4","10","18","105","23","5","2567","2024-09-25 10:52:47");
INSERT INTO pa_estimate VALUES("990","","18","4","10","18","105","23","5","2567","2024-09-25 10:52:47");
INSERT INTO pa_estimate VALUES("991","","1","4","4","52","100","135","9","2567","2024-09-25 10:54:08");
INSERT INTO pa_estimate VALUES("992","","2","3","3","52","100","135","9","2567","2024-09-25 10:54:08");
INSERT INTO pa_estimate VALUES("993","","3","3","3","52","100","135","9","2567","2024-09-25 10:54:08");
INSERT INTO pa_estimate VALUES("994","","4","3","3","52","100","135","9","2567","2024-09-25 10:54:08");
INSERT INTO pa_estimate VALUES("995","","5","4","4","52","100","135","9","2567","2024-09-25 10:54:08");
INSERT INTO pa_estimate VALUES("996","","6","4","4","52","100","135","9","2567","2024-09-25 10:54:08");
INSERT INTO pa_estimate VALUES("997","","7","3","3","52","100","135","9","2567","2024-09-25 10:54:08");
INSERT INTO pa_estimate VALUES("998","","8","4","4","52","100","135","9","2567","2024-09-25 10:54:08");
INSERT INTO pa_estimate VALUES("999","","9","3","3","52","100","135","9","2567","2024-09-25 10:54:08");
INSERT INTO pa_estimate VALUES("1000","","10","3","3","52","100","135","9","2567","2024-09-25 10:54:08");
INSERT INTO pa_estimate VALUES("1001","","11","4","4","52","100","135","9","2567","2024-09-25 10:54:08");
INSERT INTO pa_estimate VALUES("1002","","12","3","3","52","100","135","9","2567","2024-09-25 10:54:08");
INSERT INTO pa_estimate VALUES("1003","","13","4","4","52","100","135","9","2567","2024-09-25 10:54:08");
INSERT INTO pa_estimate VALUES("1004","","14","3","3","52","100","135","9","2567","2024-09-25 10:54:08");
INSERT INTO pa_estimate VALUES("1005","","15","3","3","52","100","135","9","2567","2024-09-25 10:54:08");
INSERT INTO pa_estimate VALUES("1006","","16","4","20","52","100","135","9","2567","2024-09-25 10:54:08");
INSERT INTO pa_estimate VALUES("1007","","17","3","7.5","52","100","135","9","2567","2024-09-25 10:54:08");
INSERT INTO pa_estimate VALUES("1008","","18","3","7.5","52","100","135","9","2567","2024-09-25 10:54:08");
INSERT INTO pa_estimate VALUES("1009","","1","3","3","42","97","62","11","2567","2024-09-25 10:54:09");
INSERT INTO pa_estimate VALUES("1010","","2","4","4","42","97","62","11","2567","2024-09-25 10:54:09");
INSERT INTO pa_estimate VALUES("1011","","3","4","4","42","97","62","11","2567","2024-09-25 10:54:09");
INSERT INTO pa_estimate VALUES("1012","","4","4","4","42","97","62","11","2567","2024-09-25 10:54:09");
INSERT INTO pa_estimate VALUES("1013","","5","4","4","42","97","62","11","2567","2024-09-25 10:54:09");
INSERT INTO pa_estimate VALUES("1014","","6","4","4","42","97","62","11","2567","2024-09-25 10:54:09");
INSERT INTO pa_estimate VALUES("1015","","7","4","4","42","97","62","11","2567","2024-09-25 10:54:09");
INSERT INTO pa_estimate VALUES("1016","","8","4","4","42","97","62","11","2567","2024-09-25 10:54:09");
INSERT INTO pa_estimate VALUES("1017","","9","3","3","42","97","62","11","2567","2024-09-25 10:54:09");
INSERT INTO pa_estimate VALUES("1018","","10","3","3","42","97","62","11","2567","2024-09-25 10:54:09");
INSERT INTO pa_estimate VALUES("1019","","11","3","3","42","97","62","11","2567","2024-09-25 10:54:09");
INSERT INTO pa_estimate VALUES("1020","","12","3","3","42","97","62","11","2567","2024-09-25 10:54:09");
INSERT INTO pa_estimate VALUES("1021","","13","4","4","42","97","62","11","2567","2024-09-25 10:54:09");
INSERT INTO pa_estimate VALUES("1022","","14","3","3","42","97","62","11","2567","2024-09-25 10:54:09");
INSERT INTO pa_estimate VALUES("1023","","15","4","4","42","97","62","11","2567","2024-09-25 10:54:09");
INSERT INTO pa_estimate VALUES("1024","","16","3","15","42","97","62","11","2567","2024-09-25 10:54:09");
INSERT INTO pa_estimate VALUES("1025","","17","3","7.5","42","97","62","11","2567","2024-09-25 10:54:09");
INSERT INTO pa_estimate VALUES("1026","","18","3","7.5","42","97","62","11","2567","2024-09-25 10:54:09");
INSERT INTO pa_estimate VALUES("1027","","1","4","4","17","105","26","5","2567","2024-09-25 10:54:39");
INSERT INTO pa_estimate VALUES("1028","","2","4","4","17","105","26","5","2567","2024-09-25 10:54:39");
INSERT INTO pa_estimate VALUES("1029","","3","4","4","17","105","26","5","2567","2024-09-25 10:54:39");
INSERT INTO pa_estimate VALUES("1030","","4","3","3","17","105","26","5","2567","2024-09-25 10:54:39");
INSERT INTO pa_estimate VALUES("1031","","5","4","4","17","105","26","5","2567","2024-09-25 10:54:39");
INSERT INTO pa_estimate VALUES("1032","","6","3","3","17","105","26","5","2567","2024-09-25 10:54:39");
INSERT INTO pa_estimate VALUES("1033","","7","3","3","17","105","26","5","2567","2024-09-25 10:54:39");
INSERT INTO pa_estimate VALUES("1034","","8","4","4","17","105","26","5","2567","2024-09-25 10:54:39");
INSERT INTO pa_estimate VALUES("1035","","9","4","4","17","105","26","5","2567","2024-09-25 10:54:39");
INSERT INTO pa_estimate VALUES("1036","","10","4","4","17","105","26","5","2567","2024-09-25 10:54:39");
INSERT INTO pa_estimate VALUES("1037","","11","4","4","17","105","26","5","2567","2024-09-25 10:54:39");
INSERT INTO pa_estimate VALUES("1038","","12","3","3","17","105","26","5","2567","2024-09-25 10:54:39");
INSERT INTO pa_estimate VALUES("1039","","13","4","4","17","105","26","5","2567","2024-09-25 10:54:39");
INSERT INTO pa_estimate VALUES("1040","","14","4","4","17","105","26","5","2567","2024-09-25 10:54:39");
INSERT INTO pa_estimate VALUES("1041","","15","4","4","17","105","26","5","2567","2024-09-25 10:54:39");
INSERT INTO pa_estimate VALUES("1042","","16","4","20","17","105","26","5","2567","2024-09-25 10:54:39");
INSERT INTO pa_estimate VALUES("1043","","17","3","7.5","17","105","26","5","2567","2024-09-25 10:54:39");
INSERT INTO pa_estimate VALUES("1044","","18","4","10","17","105","26","5","2567","2024-09-25 10:54:39");
INSERT INTO pa_estimate VALUES("1045","","1","4","4","19","105","29","5","2567","2024-09-25 10:56:01");
INSERT INTO pa_estimate VALUES("1046","","2","3","3","19","105","29","5","2567","2024-09-25 10:56:01");
INSERT INTO pa_estimate VALUES("1047","","3","4","4","19","105","29","5","2567","2024-09-25 10:56:01");
INSERT INTO pa_estimate VALUES("1048","","4","3","3","19","105","29","5","2567","2024-09-25 10:56:01");
INSERT INTO pa_estimate VALUES("1049","","5","4","4","19","105","29","5","2567","2024-09-25 10:56:01");
INSERT INTO pa_estimate VALUES("1050","","6","3","3","19","105","29","5","2567","2024-09-25 10:56:01");
INSERT INTO pa_estimate VALUES("1051","","7","4","4","19","105","29","5","2567","2024-09-25 10:56:01");
INSERT INTO pa_estimate VALUES("1052","","8","4","4","19","105","29","5","2567","2024-09-25 10:56:01");
INSERT INTO pa_estimate VALUES("1053","","9","4","4","19","105","29","5","2567","2024-09-25 10:56:01");
INSERT INTO pa_estimate VALUES("1054","","10","4","4","19","105","29","5","2567","2024-09-25 10:56:01");
INSERT INTO pa_estimate VALUES("1055","","11","4","4","19","105","29","5","2567","2024-09-25 10:56:01");
INSERT INTO pa_estimate VALUES("1056","","12","4","4","19","105","29","5","2567","2024-09-25 10:56:01");
INSERT INTO pa_estimate VALUES("1057","","13","4","4","19","105","29","5","2567","2024-09-25 10:56:01");
INSERT INTO pa_estimate VALUES("1058","","14","4","4","19","105","29","5","2567","2024-09-25 10:56:01");
INSERT INTO pa_estimate VALUES("1059","","15","4","4","19","105","29","5","2567","2024-09-25 10:56:01");
INSERT INTO pa_estimate VALUES("1060","","16","3","15","19","105","29","5","2567","2024-09-25 10:56:01");
INSERT INTO pa_estimate VALUES("1061","","17","4","10","19","105","29","5","2567","2024-09-25 10:56:01");
INSERT INTO pa_estimate VALUES("1062","","18","4","10","19","105","29","5","2567","2024-09-25 10:56:01");
INSERT INTO pa_estimate VALUES("1063","","1","4","4","20","105","32","5","2567","2024-09-25 10:58:45");
INSERT INTO pa_estimate VALUES("1064","","2","4","4","20","105","32","5","2567","2024-09-25 10:58:45");
INSERT INTO pa_estimate VALUES("1065","","3","4","4","20","105","32","5","2567","2024-09-25 10:58:45");
INSERT INTO pa_estimate VALUES("1066","","4","3","3","20","105","32","5","2567","2024-09-25 10:58:45");
INSERT INTO pa_estimate VALUES("1067","","5","4","4","20","105","32","5","2567","2024-09-25 10:58:45");
INSERT INTO pa_estimate VALUES("1068","","6","3","3","20","105","32","5","2567","2024-09-25 10:58:45");
INSERT INTO pa_estimate VALUES("1069","","7","3","3","20","105","32","5","2567","2024-09-25 10:58:45");
INSERT INTO pa_estimate VALUES("1070","","8","4","4","20","105","32","5","2567","2024-09-25 10:58:45");
INSERT INTO pa_estimate VALUES("1071","","9","4","4","20","105","32","5","2567","2024-09-25 10:58:45");
INSERT INTO pa_estimate VALUES("1072","","10","4","4","20","105","32","5","2567","2024-09-25 10:58:45");
INSERT INTO pa_estimate VALUES("1073","","11","4","4","20","105","32","5","2567","2024-09-25 10:58:45");
INSERT INTO pa_estimate VALUES("1074","","12","4","4","20","105","32","5","2567","2024-09-25 10:58:45");
INSERT INTO pa_estimate VALUES("1075","","13","4","4","20","105","32","5","2567","2024-09-25 10:58:45");
INSERT INTO pa_estimate VALUES("1076","","14","4","4","20","105","32","5","2567","2024-09-25 10:58:45");
INSERT INTO pa_estimate VALUES("1077","","15","4","4","20","105","32","5","2567","2024-09-25 10:58:45");
INSERT INTO pa_estimate VALUES("1078","","16","4","20","20","105","32","5","2567","2024-09-25 10:58:45");
INSERT INTO pa_estimate VALUES("1079","","17","3","7.5","20","105","32","5","2567","2024-09-25 10:58:45");
INSERT INTO pa_estimate VALUES("1080","","18","3","7.5","20","105","32","5","2567","2024-09-25 10:58:45");
INSERT INTO pa_estimate VALUES("1081","","1","4","4","14","104","18","3","2567","2024-09-25 10:59:20");
INSERT INTO pa_estimate VALUES("1082","","2","4","4","14","104","18","3","2567","2024-09-25 10:59:20");
INSERT INTO pa_estimate VALUES("1083","","3","4","4","14","104","18","3","2567","2024-09-25 10:59:20");
INSERT INTO pa_estimate VALUES("1084","","4","4","4","14","104","18","3","2567","2024-09-25 10:59:20");
INSERT INTO pa_estimate VALUES("1085","","5","3","3","14","104","18","3","2567","2024-09-25 10:59:20");
INSERT INTO pa_estimate VALUES("1086","","6","3","3","14","104","18","3","2567","2024-09-25 10:59:20");
INSERT INTO pa_estimate VALUES("1087","","7","3","3","14","104","18","3","2567","2024-09-25 10:59:20");
INSERT INTO pa_estimate VALUES("1088","","8","3","3","14","104","18","3","2567","2024-09-25 10:59:20");
INSERT INTO pa_estimate VALUES("1089","","9","3","3","14","104","18","3","2567","2024-09-25 10:59:20");
INSERT INTO pa_estimate VALUES("1090","","10","3","3","14","104","18","3","2567","2024-09-25 10:59:20");
INSERT INTO pa_estimate VALUES("1091","","11","3","3","14","104","18","3","2567","2024-09-25 10:59:20");
INSERT INTO pa_estimate VALUES("1092","","12","3","3","14","104","18","3","2567","2024-09-25 10:59:20");
INSERT INTO pa_estimate VALUES("1093","","13","3","3","14","104","18","3","2567","2024-09-25 10:59:20");
INSERT INTO pa_estimate VALUES("1094","","14","3","3","14","104","18","3","2567","2024-09-25 10:59:20");
INSERT INTO pa_estimate VALUES("1095","","15","3","3","14","104","18","3","2567","2024-09-25 10:59:20");
INSERT INTO pa_estimate VALUES("1096","","16","4","20","14","104","18","3","2567","2024-09-25 10:59:20");
INSERT INTO pa_estimate VALUES("1097","","17","4","10","14","104","18","3","2567","2024-09-25 10:59:20");
INSERT INTO pa_estimate VALUES("1098","","18","4","10","14","104","18","3","2567","2024-09-25 10:59:20");
INSERT INTO pa_estimate VALUES("1099","","1","4","4","6","97","2","2","2567","2024-09-25 10:59:33");
INSERT INTO pa_estimate VALUES("1100","","2","4","4","6","97","2","2","2567","2024-09-25 10:59:33");
INSERT INTO pa_estimate VALUES("1101","","3","4","4","6","97","2","2","2567","2024-09-25 10:59:33");
INSERT INTO pa_estimate VALUES("1102","","4","3","3","6","97","2","2","2567","2024-09-25 10:59:33");
INSERT INTO pa_estimate VALUES("1103","","5","3","3","6","97","2","2","2567","2024-09-25 10:59:33");
INSERT INTO pa_estimate VALUES("1104","","6","4","4","6","97","2","2","2567","2024-09-25 10:59:33");
INSERT INTO pa_estimate VALUES("1105","","7","4","4","6","97","2","2","2567","2024-09-25 10:59:33");
INSERT INTO pa_estimate VALUES("1106","","8","3","3","6","97","2","2","2567","2024-09-25 10:59:33");
INSERT INTO pa_estimate VALUES("1107","","9","4","4","6","97","2","2","2567","2024-09-25 10:59:33");
INSERT INTO pa_estimate VALUES("1108","","10","3","3","6","97","2","2","2567","2024-09-25 10:59:33");
INSERT INTO pa_estimate VALUES("1109","","11","4","4","6","97","2","2","2567","2024-09-25 10:59:33");
INSERT INTO pa_estimate VALUES("1110","","12","4","4","6","97","2","2","2567","2024-09-25 10:59:33");
INSERT INTO pa_estimate VALUES("1111","","13","3","3","6","97","2","2","2567","2024-09-25 10:59:33");
INSERT INTO pa_estimate VALUES("1112","","14","4","4","6","97","2","2","2567","2024-09-25 10:59:33");
INSERT INTO pa_estimate VALUES("1113","","15","4","4","6","97","2","2","2567","2024-09-25 10:59:33");
INSERT INTO pa_estimate VALUES("1114","","16","4","20","6","97","2","2","2567","2024-09-25 10:59:33");
INSERT INTO pa_estimate VALUES("1115","","17","3","7.5","6","97","2","2","2567","2024-09-25 10:59:33");
INSERT INTO pa_estimate VALUES("1116","","18","3","7.5","6","97","2","2","2567","2024-09-25 10:59:33");
INSERT INTO pa_estimate VALUES("1117","","1","4","4","21","105","35","5","2567","2024-09-25 10:59:51");
INSERT INTO pa_estimate VALUES("1118","","2","3","3","21","105","35","5","2567","2024-09-25 10:59:52");
INSERT INTO pa_estimate VALUES("1119","","3","4","4","21","105","35","5","2567","2024-09-25 10:59:52");
INSERT INTO pa_estimate VALUES("1120","","4","4","4","21","105","35","5","2567","2024-09-25 10:59:52");
INSERT INTO pa_estimate VALUES("1121","","5","3","3","21","105","35","5","2567","2024-09-25 10:59:52");
INSERT INTO pa_estimate VALUES("1122","","6","3","3","21","105","35","5","2567","2024-09-25 10:59:52");
INSERT INTO pa_estimate VALUES("1123","","7","3","3","21","105","35","5","2567","2024-09-25 10:59:52");
INSERT INTO pa_estimate VALUES("1124","","8","3","3","21","105","35","5","2567","2024-09-25 10:59:52");
INSERT INTO pa_estimate VALUES("1125","","9","4","4","21","105","35","5","2567","2024-09-25 10:59:52");
INSERT INTO pa_estimate VALUES("1126","","10","4","4","21","105","35","5","2567","2024-09-25 10:59:52");
INSERT INTO pa_estimate VALUES("1127","","11","3","3","21","105","35","5","2567","2024-09-25 10:59:52");
INSERT INTO pa_estimate VALUES("1128","","12","4","4","21","105","35","5","2567","2024-09-25 10:59:52");
INSERT INTO pa_estimate VALUES("1129","","13","4","4","21","105","35","5","2567","2024-09-25 10:59:52");
INSERT INTO pa_estimate VALUES("1130","","14","4","4","21","105","35","5","2567","2024-09-25 10:59:52");
INSERT INTO pa_estimate VALUES("1131","","15","4","4","21","105","35","5","2567","2024-09-25 10:59:52");
INSERT INTO pa_estimate VALUES("1132","","16","4","20","21","105","35","5","2567","2024-09-25 10:59:52");
INSERT INTO pa_estimate VALUES("1133","","17","4","10","21","105","35","5","2567","2024-09-25 10:59:52");
INSERT INTO pa_estimate VALUES("1134","","18","4","10","21","105","35","5","2567","2024-09-25 10:59:52");
INSERT INTO pa_estimate VALUES("1135","","1","3","3","5","97","5","2","2567","2024-09-25 11:01:25");
INSERT INTO pa_estimate VALUES("1136","","2","4","4","5","97","5","2","2567","2024-09-25 11:01:25");
INSERT INTO pa_estimate VALUES("1137","","3","4","4","5","97","5","2","2567","2024-09-25 11:01:25");
INSERT INTO pa_estimate VALUES("1138","","4","3","3","5","97","5","2","2567","2024-09-25 11:01:25");
INSERT INTO pa_estimate VALUES("1139","","5","4","4","5","97","5","2","2567","2024-09-25 11:01:25");
INSERT INTO pa_estimate VALUES("1140","","6","3","3","5","97","5","2","2567","2024-09-25 11:01:25");
INSERT INTO pa_estimate VALUES("1141","","7","4","4","5","97","5","2","2567","2024-09-25 11:01:25");
INSERT INTO pa_estimate VALUES("1142","","8","4","4","5","97","5","2","2567","2024-09-25 11:01:25");
INSERT INTO pa_estimate VALUES("1143","","9","4","4","5","97","5","2","2567","2024-09-25 11:01:25");
INSERT INTO pa_estimate VALUES("1144","","10","4","4","5","97","5","2","2567","2024-09-25 11:01:25");
INSERT INTO pa_estimate VALUES("1145","","11","4","4","5","97","5","2","2567","2024-09-25 11:01:25");
INSERT INTO pa_estimate VALUES("1146","","12","4","4","5","97","5","2","2567","2024-09-25 11:01:25");
INSERT INTO pa_estimate VALUES("1147","","13","3","3","5","97","5","2","2567","2024-09-25 11:01:25");
INSERT INTO pa_estimate VALUES("1148","","14","3","3","5","97","5","2","2567","2024-09-25 11:01:25");
INSERT INTO pa_estimate VALUES("1149","","15","4","4","5","97","5","2","2567","2024-09-25 11:01:25");
INSERT INTO pa_estimate VALUES("1150","","16","4","20","5","97","5","2","2567","2024-09-25 11:01:25");
INSERT INTO pa_estimate VALUES("1151","","17","3","7.5","5","97","5","2","2567","2024-09-25 11:01:25");
INSERT INTO pa_estimate VALUES("1152","","18","3","7.5","5","97","5","2","2567","2024-09-25 11:01:25");
INSERT INTO pa_estimate VALUES("1153","","1","4","4","15","105","38","5","2567","2024-09-25 11:02:02");
INSERT INTO pa_estimate VALUES("1154","","2","4","4","15","105","38","5","2567","2024-09-25 11:02:02");
INSERT INTO pa_estimate VALUES("1155","","3","4","4","15","105","38","5","2567","2024-09-25 11:02:02");
INSERT INTO pa_estimate VALUES("1156","","4","3","3","15","105","38","5","2567","2024-09-25 11:02:02");
INSERT INTO pa_estimate VALUES("1157","","5","3","3","15","105","38","5","2567","2024-09-25 11:02:02");
INSERT INTO pa_estimate VALUES("1158","","6","4","4","15","105","38","5","2567","2024-09-25 11:02:02");
INSERT INTO pa_estimate VALUES("1159","","7","4","4","15","105","38","5","2567","2024-09-25 11:02:02");
INSERT INTO pa_estimate VALUES("1160","","8","3","3","15","105","38","5","2567","2024-09-25 11:02:02");
INSERT INTO pa_estimate VALUES("1161","","9","3","3","15","105","38","5","2567","2024-09-25 11:02:02");
INSERT INTO pa_estimate VALUES("1162","","10","4","4","15","105","38","5","2567","2024-09-25 11:02:02");
INSERT INTO pa_estimate VALUES("1163","","11","4","4","15","105","38","5","2567","2024-09-25 11:02:02");
INSERT INTO pa_estimate VALUES("1164","","12","4","4","15","105","38","5","2567","2024-09-25 11:02:02");
INSERT INTO pa_estimate VALUES("1165","","13","4","4","15","105","38","5","2567","2024-09-25 11:02:02");
INSERT INTO pa_estimate VALUES("1166","","14","4","4","15","105","38","5","2567","2024-09-25 11:02:02");
INSERT INTO pa_estimate VALUES("1167","","15","4","4","15","105","38","5","2567","2024-09-25 11:02:02");
INSERT INTO pa_estimate VALUES("1168","","16","3","15","15","105","38","5","2567","2024-09-25 11:02:02");
INSERT INTO pa_estimate VALUES("1169","","17","4","10","15","105","38","5","2567","2024-09-25 11:02:02");
INSERT INTO pa_estimate VALUES("1170","","18","4","10","15","105","38","5","2567","2024-09-25 11:02:02");
INSERT INTO pa_estimate VALUES("1171","","1","4","4","33","101","66","12","2567","2024-09-25 11:04:36");
INSERT INTO pa_estimate VALUES("1172","","2","4","4","33","101","66","12","2567","2024-09-25 11:04:36");
INSERT INTO pa_estimate VALUES("1173","","3","4","4","33","101","66","12","2567","2024-09-25 11:04:36");
INSERT INTO pa_estimate VALUES("1174","","4","4","4","33","101","66","12","2567","2024-09-25 11:04:36");
INSERT INTO pa_estimate VALUES("1175","","5","4","4","33","101","66","12","2567","2024-09-25 11:04:36");
INSERT INTO pa_estimate VALUES("1176","","6","3","3","33","101","66","12","2567","2024-09-25 11:04:36");
INSERT INTO pa_estimate VALUES("1177","","7","4","4","33","101","66","12","2567","2024-09-25 11:04:36");
INSERT INTO pa_estimate VALUES("1178","","8","3","3","33","101","66","12","2567","2024-09-25 11:04:36");
INSERT INTO pa_estimate VALUES("1179","","9","4","4","33","101","66","12","2567","2024-09-25 11:04:36");
INSERT INTO pa_estimate VALUES("1180","","10","3","3","33","101","66","12","2567","2024-09-25 11:04:36");
INSERT INTO pa_estimate VALUES("1181","","11","4","4","33","101","66","12","2567","2024-09-25 11:04:36");
INSERT INTO pa_estimate VALUES("1182","","12","4","4","33","101","66","12","2567","2024-09-25 11:04:36");
INSERT INTO pa_estimate VALUES("1183","","13","4","4","33","101","66","12","2567","2024-09-25 11:04:36");
INSERT INTO pa_estimate VALUES("1184","","14","4","4","33","101","66","12","2567","2024-09-25 11:04:36");
INSERT INTO pa_estimate VALUES("1185","","15","4","4","33","101","66","12","2567","2024-09-25 11:04:36");
INSERT INTO pa_estimate VALUES("1186","","16","3","15","33","101","66","12","2567","2024-09-25 11:04:36");
INSERT INTO pa_estimate VALUES("1187","","17","4","10","33","101","66","12","2567","2024-09-25 11:04:36");
INSERT INTO pa_estimate VALUES("1188","","18","4","10","33","101","66","12","2567","2024-09-25 11:04:36");
INSERT INTO pa_estimate VALUES("1189","","1","4","4","46","96","89","17","2567","2024-09-25 11:07:02");
INSERT INTO pa_estimate VALUES("1190","","2","3","3","46","96","89","17","2567","2024-09-25 11:07:02");
INSERT INTO pa_estimate VALUES("1191","","3","3","3","46","96","89","17","2567","2024-09-25 11:07:02");
INSERT INTO pa_estimate VALUES("1192","","4","4","4","46","96","89","17","2567","2024-09-25 11:07:02");
INSERT INTO pa_estimate VALUES("1193","","5","4","4","46","96","89","17","2567","2024-09-25 11:07:02");
INSERT INTO pa_estimate VALUES("1194","","6","4","4","46","96","89","17","2567","2024-09-25 11:07:02");
INSERT INTO pa_estimate VALUES("1195","","7","4","4","46","96","89","17","2567","2024-09-25 11:07:02");
INSERT INTO pa_estimate VALUES("1196","","8","4","4","46","96","89","17","2567","2024-09-25 11:07:02");
INSERT INTO pa_estimate VALUES("1197","","9","4","4","46","96","89","17","2567","2024-09-25 11:07:02");
INSERT INTO pa_estimate VALUES("1198","","10","4","4","46","96","89","17","2567","2024-09-25 11:07:02");
INSERT INTO pa_estimate VALUES("1199","","11","4","4","46","96","89","17","2567","2024-09-25 11:07:02");
INSERT INTO pa_estimate VALUES("1200","","12","4","4","46","96","89","17","2567","2024-09-25 11:07:02");
INSERT INTO pa_estimate VALUES("1201","","13","4","4","46","96","89","17","2567","2024-09-25 11:07:02");
INSERT INTO pa_estimate VALUES("1202","","14","4","4","46","96","89","17","2567","2024-09-25 11:07:02");
INSERT INTO pa_estimate VALUES("1203","","15","4","4","46","96","89","17","2567","2024-09-25 11:07:02");
INSERT INTO pa_estimate VALUES("1204","","16","4","20","46","96","89","17","2567","2024-09-25 11:07:02");
INSERT INTO pa_estimate VALUES("1205","","17","3","7.5","46","96","89","17","2567","2024-09-25 11:07:02");
INSERT INTO pa_estimate VALUES("1206","","18","4","10","46","96","89","17","2567","2024-09-25 11:07:02");
INSERT INTO pa_estimate VALUES("1207","","1","3","3","7","97","8","2","2567","2024-09-25 11:10:34");
INSERT INTO pa_estimate VALUES("1208","","2","3","3","7","97","8","2","2567","2024-09-25 11:10:34");
INSERT INTO pa_estimate VALUES("1209","","3","4","4","7","97","8","2","2567","2024-09-25 11:10:34");
INSERT INTO pa_estimate VALUES("1210","","4","4","4","7","97","8","2","2567","2024-09-25 11:10:34");
INSERT INTO pa_estimate VALUES("1211","","5","4","4","7","97","8","2","2567","2024-09-25 11:10:34");
INSERT INTO pa_estimate VALUES("1212","","6","3","3","7","97","8","2","2567","2024-09-25 11:10:34");
INSERT INTO pa_estimate VALUES("1213","","7","4","4","7","97","8","2","2567","2024-09-25 11:10:34");
INSERT INTO pa_estimate VALUES("1214","","8","4","4","7","97","8","2","2567","2024-09-25 11:10:34");
INSERT INTO pa_estimate VALUES("1215","","9","4","4","7","97","8","2","2567","2024-09-25 11:10:34");
INSERT INTO pa_estimate VALUES("1216","","10","4","4","7","97","8","2","2567","2024-09-25 11:10:34");
INSERT INTO pa_estimate VALUES("1217","","11","3","3","7","97","8","2","2567","2024-09-25 11:10:34");
INSERT INTO pa_estimate VALUES("1218","","12","3","3","7","97","8","2","2567","2024-09-25 11:10:34");
INSERT INTO pa_estimate VALUES("1219","","13","3","3","7","97","8","2","2567","2024-09-25 11:10:34");
INSERT INTO pa_estimate VALUES("1220","","14","3","3","7","97","8","2","2567","2024-09-25 11:10:34");
INSERT INTO pa_estimate VALUES("1221","","15","4","4","7","97","8","2","2567","2024-09-25 11:10:34");
INSERT INTO pa_estimate VALUES("1222","","16","3","15","7","97","8","2","2567","2024-09-25 11:10:34");
INSERT INTO pa_estimate VALUES("1223","","17","3","7.5","7","97","8","2","2567","2024-09-25 11:10:34");
INSERT INTO pa_estimate VALUES("1224","","18","3","7.5","7","97","8","2","2567","2024-09-25 11:10:34");
INSERT INTO pa_estimate VALUES("1225","","1","4","4","34","97","59","11","2567","2024-09-25 11:12:45");
INSERT INTO pa_estimate VALUES("1226","","2","4","4","34","97","59","11","2567","2024-09-25 11:12:45");
INSERT INTO pa_estimate VALUES("1227","","3","3","3","34","97","59","11","2567","2024-09-25 11:12:45");
INSERT INTO pa_estimate VALUES("1228","","4","4","4","34","97","59","11","2567","2024-09-25 11:12:45");
INSERT INTO pa_estimate VALUES("1229","","5","3","3","34","97","59","11","2567","2024-09-25 11:12:45");
INSERT INTO pa_estimate VALUES("1230","","6","3","3","34","97","59","11","2567","2024-09-25 11:12:45");
INSERT INTO pa_estimate VALUES("1231","","7","4","4","34","97","59","11","2567","2024-09-25 11:12:45");
INSERT INTO pa_estimate VALUES("1232","","8","4","4","34","97","59","11","2567","2024-09-25 11:12:45");
INSERT INTO pa_estimate VALUES("1233","","9","4","4","34","97","59","11","2567","2024-09-25 11:12:45");
INSERT INTO pa_estimate VALUES("1234","","10","4","4","34","97","59","11","2567","2024-09-25 11:12:45");
INSERT INTO pa_estimate VALUES("1235","","11","4","4","34","97","59","11","2567","2024-09-25 11:12:45");
INSERT INTO pa_estimate VALUES("1236","","12","3","3","34","97","59","11","2567","2024-09-25 11:12:45");
INSERT INTO pa_estimate VALUES("1237","","13","3","3","34","97","59","11","2567","2024-09-25 11:12:45");
INSERT INTO pa_estimate VALUES("1238","","14","4","4","34","97","59","11","2567","2024-09-25 11:12:45");
INSERT INTO pa_estimate VALUES("1239","","15","4","4","34","97","59","11","2567","2024-09-25 11:12:45");
INSERT INTO pa_estimate VALUES("1240","","16","4","20","34","97","59","11","2567","2024-09-25 11:12:45");
INSERT INTO pa_estimate VALUES("1241","","17","3","7.5","34","97","59","11","2567","2024-09-25 11:12:45");
INSERT INTO pa_estimate VALUES("1242","","18","3","7.5","34","97","59","11","2567","2024-09-25 11:12:45");
INSERT INTO pa_estimate VALUES("1243","","1","4","4","40","101","69","12","2567","2024-09-25 11:13:05");
INSERT INTO pa_estimate VALUES("1244","","2","4","4","40","101","69","12","2567","2024-09-25 11:13:05");
INSERT INTO pa_estimate VALUES("1245","","3","4","4","40","101","69","12","2567","2024-09-25 11:13:05");
INSERT INTO pa_estimate VALUES("1246","","4","4","4","40","101","69","12","2567","2024-09-25 11:13:05");
INSERT INTO pa_estimate VALUES("1247","","5","3","3","40","101","69","12","2567","2024-09-25 11:13:05");
INSERT INTO pa_estimate VALUES("1248","","6","3","3","40","101","69","12","2567","2024-09-25 11:13:05");
INSERT INTO pa_estimate VALUES("1249","","7","3","3","40","101","69","12","2567","2024-09-25 11:13:05");
INSERT INTO pa_estimate VALUES("1250","","8","4","4","40","101","69","12","2567","2024-09-25 11:13:05");
INSERT INTO pa_estimate VALUES("1251","","9","3","3","40","101","69","12","2567","2024-09-25 11:13:05");
INSERT INTO pa_estimate VALUES("1252","","10","3","3","40","101","69","12","2567","2024-09-25 11:13:05");
INSERT INTO pa_estimate VALUES("1253","","11","3","3","40","101","69","12","2567","2024-09-25 11:13:06");
INSERT INTO pa_estimate VALUES("1254","","12","3","3","40","101","69","12","2567","2024-09-25 11:13:06");
INSERT INTO pa_estimate VALUES("1255","","13","3","3","40","101","69","12","2567","2024-09-25 11:13:06");
INSERT INTO pa_estimate VALUES("1256","","14","3","3","40","101","69","12","2567","2024-09-25 11:13:06");
INSERT INTO pa_estimate VALUES("1257","","15","3","3","40","101","69","12","2567","2024-09-25 11:13:06");
INSERT INTO pa_estimate VALUES("1258","","16","4","20","40","101","69","12","2567","2024-09-25 11:13:06");
INSERT INTO pa_estimate VALUES("1259","","17","3","7.5","40","101","69","12","2567","2024-09-25 11:13:06");
INSERT INTO pa_estimate VALUES("1260","","18","3","7.5","40","101","69","12","2567","2024-09-25 11:13:06");
INSERT INTO pa_estimate VALUES("1261","","1","4","4","84","105","41","5","2567","2024-09-25 11:13:13");
INSERT INTO pa_estimate VALUES("1262","","2","4","4","84","105","41","5","2567","2024-09-25 11:13:13");
INSERT INTO pa_estimate VALUES("1263","","3","4","4","84","105","41","5","2567","2024-09-25 11:13:13");
INSERT INTO pa_estimate VALUES("1264","","4","4","4","84","105","41","5","2567","2024-09-25 11:13:13");
INSERT INTO pa_estimate VALUES("1265","","5","3","3","84","105","41","5","2567","2024-09-25 11:13:13");
INSERT INTO pa_estimate VALUES("1266","","6","4","4","84","105","41","5","2567","2024-09-25 11:13:13");
INSERT INTO pa_estimate VALUES("1267","","7","4","4","84","105","41","5","2567","2024-09-25 11:13:13");
INSERT INTO pa_estimate VALUES("1268","","8","3","3","84","105","41","5","2567","2024-09-25 11:13:13");
INSERT INTO pa_estimate VALUES("1269","","9","4","4","84","105","41","5","2567","2024-09-25 11:13:13");
INSERT INTO pa_estimate VALUES("1270","","10","4","4","84","105","41","5","2567","2024-09-25 11:13:13");
INSERT INTO pa_estimate VALUES("1271","","11","4","4","84","105","41","5","2567","2024-09-25 11:13:13");
INSERT INTO pa_estimate VALUES("1272","","12","4","4","84","105","41","5","2567","2024-09-25 11:13:13");
INSERT INTO pa_estimate VALUES("1273","","13","4","4","84","105","41","5","2567","2024-09-25 11:13:13");
INSERT INTO pa_estimate VALUES("1274","","14","4","4","84","105","41","5","2567","2024-09-25 11:13:13");
INSERT INTO pa_estimate VALUES("1275","","15","3","3","84","105","41","5","2567","2024-09-25 11:13:13");
INSERT INTO pa_estimate VALUES("1276","","16","3","15","84","105","41","5","2567","2024-09-25 11:13:13");
INSERT INTO pa_estimate VALUES("1277","","17","4","10","84","105","41","5","2567","2024-09-25 11:13:13");
INSERT INTO pa_estimate VALUES("1278","","18","4","10","84","105","41","5","2567","2024-09-25 11:13:13");
INSERT INTO pa_estimate VALUES("1279","","1","3","3","14","97","17","2","2567","2024-09-25 11:14:40");
INSERT INTO pa_estimate VALUES("1280","","2","3","3","14","97","17","2","2567","2024-09-25 11:14:40");
INSERT INTO pa_estimate VALUES("1281","","3","4","4","14","97","17","2","2567","2024-09-25 11:14:40");
INSERT INTO pa_estimate VALUES("1282","","4","4","4","14","97","17","2","2567","2024-09-25 11:14:40");
INSERT INTO pa_estimate VALUES("1283","","5","4","4","14","97","17","2","2567","2024-09-25 11:14:40");
INSERT INTO pa_estimate VALUES("1284","","6","3","3","14","97","17","2","2567","2024-09-25 11:14:40");
INSERT INTO pa_estimate VALUES("1285","","7","4","4","14","97","17","2","2567","2024-09-25 11:14:40");
INSERT INTO pa_estimate VALUES("1286","","8","4","4","14","97","17","2","2567","2024-09-25 11:14:40");
INSERT INTO pa_estimate VALUES("1287","","9","4","4","14","97","17","2","2567","2024-09-25 11:14:40");
INSERT INTO pa_estimate VALUES("1288","","10","4","4","14","97","17","2","2567","2024-09-25 11:14:40");
INSERT INTO pa_estimate VALUES("1289","","11","3","3","14","97","17","2","2567","2024-09-25 11:14:40");
INSERT INTO pa_estimate VALUES("1290","","12","3","3","14","97","17","2","2567","2024-09-25 11:14:40");
INSERT INTO pa_estimate VALUES("1291","","13","3","3","14","97","17","2","2567","2024-09-25 11:14:40");
INSERT INTO pa_estimate VALUES("1292","","14","3","3","14","97","17","2","2567","2024-09-25 11:14:40");
INSERT INTO pa_estimate VALUES("1293","","15","3","3","14","97","17","2","2567","2024-09-25 11:14:40");
INSERT INTO pa_estimate VALUES("1294","","16","4","20","14","97","17","2","2567","2024-09-25 11:14:40");
INSERT INTO pa_estimate VALUES("1295","","17","3","7.5","14","97","17","2","2567","2024-09-25 11:14:40");
INSERT INTO pa_estimate VALUES("1296","","18","3","7.5","14","97","17","2","2567","2024-09-25 11:14:40");
INSERT INTO pa_estimate VALUES("1297","","1","3","3","9","97","14","2","2567","2024-09-25 11:15:51");
INSERT INTO pa_estimate VALUES("1298","","2","3","3","9","97","14","2","2567","2024-09-25 11:15:51");
INSERT INTO pa_estimate VALUES("1299","","3","3","3","9","97","14","2","2567","2024-09-25 11:15:51");
INSERT INTO pa_estimate VALUES("1300","","4","4","4","9","97","14","2","2567","2024-09-25 11:15:51");
INSERT INTO pa_estimate VALUES("1301","","5","4","4","9","97","14","2","2567","2024-09-25 11:15:51");
INSERT INTO pa_estimate VALUES("1302","","6","3","3","9","97","14","2","2567","2024-09-25 11:15:51");
INSERT INTO pa_estimate VALUES("1303","","7","3","3","9","97","14","2","2567","2024-09-25 11:15:51");
INSERT INTO pa_estimate VALUES("1304","","8","3","3","9","97","14","2","2567","2024-09-25 11:15:51");
INSERT INTO pa_estimate VALUES("1305","","9","4","4","9","97","14","2","2567","2024-09-25 11:15:51");
INSERT INTO pa_estimate VALUES("1306","","10","4","4","9","97","14","2","2567","2024-09-25 11:15:51");
INSERT INTO pa_estimate VALUES("1307","","11","4","4","9","97","14","2","2567","2024-09-25 11:15:51");
INSERT INTO pa_estimate VALUES("1308","","12","3","3","9","97","14","2","2567","2024-09-25 11:15:51");
INSERT INTO pa_estimate VALUES("1309","","13","4","4","9","97","14","2","2567","2024-09-25 11:15:51");
INSERT INTO pa_estimate VALUES("1310","","14","3","3","9","97","14","2","2567","2024-09-25 11:15:51");
INSERT INTO pa_estimate VALUES("1311","","15","3","3","9","97","14","2","2567","2024-09-25 11:15:51");
INSERT INTO pa_estimate VALUES("1312","","16","3","15","9","97","14","2","2567","2024-09-25 11:15:51");
INSERT INTO pa_estimate VALUES("1313","","17","3","7.5","9","97","14","2","2567","2024-09-25 11:15:51");
INSERT INTO pa_estimate VALUES("1314","","18","3","7.5","9","97","14","2","2567","2024-09-25 11:15:51");
INSERT INTO pa_estimate VALUES("1315","","1","3","3","8","97","11","2","2567","2024-09-25 11:19:01");
INSERT INTO pa_estimate VALUES("1316","","2","3","3","8","97","11","2","2567","2024-09-25 11:19:01");
INSERT INTO pa_estimate VALUES("1317","","3","4","4","8","97","11","2","2567","2024-09-25 11:19:01");
INSERT INTO pa_estimate VALUES("1318","","4","4","4","8","97","11","2","2567","2024-09-25 11:19:01");
INSERT INTO pa_estimate VALUES("1319","","5","3","3","8","97","11","2","2567","2024-09-25 11:19:01");
INSERT INTO pa_estimate VALUES("1320","","6","4","4","8","97","11","2","2567","2024-09-25 11:19:01");
INSERT INTO pa_estimate VALUES("1321","","7","4","4","8","97","11","2","2567","2024-09-25 11:19:01");
INSERT INTO pa_estimate VALUES("1322","","8","4","4","8","97","11","2","2567","2024-09-25 11:19:01");
INSERT INTO pa_estimate VALUES("1323","","9","3","3","8","97","11","2","2567","2024-09-25 11:19:01");
INSERT INTO pa_estimate VALUES("1324","","10","3","3","8","97","11","2","2567","2024-09-25 11:19:01");
INSERT INTO pa_estimate VALUES("1325","","11","3","3","8","97","11","2","2567","2024-09-25 11:19:01");
INSERT INTO pa_estimate VALUES("1326","","12","3","3","8","97","11","2","2567","2024-09-25 11:19:01");
INSERT INTO pa_estimate VALUES("1327","","13","3","3","8","97","11","2","2567","2024-09-25 11:19:01");
INSERT INTO pa_estimate VALUES("1328","","14","3","3","8","97","11","2","2567","2024-09-25 11:19:01");
INSERT INTO pa_estimate VALUES("1329","","15","3","3","8","97","11","2","2567","2024-09-25 11:19:01");
INSERT INTO pa_estimate VALUES("1330","","16","3","15","8","97","11","2","2567","2024-09-25 11:19:01");
INSERT INTO pa_estimate VALUES("1331","","17","3","7.5","8","97","11","2","2567","2024-09-25 11:19:01");
INSERT INTO pa_estimate VALUES("1332","","18","3","7.5","8","97","11","2","2567","2024-09-25 11:19:01");
INSERT INTO pa_estimate VALUES("1333","","1","3","3","41","101","72","12","2567","2024-09-25 11:20:29");
INSERT INTO pa_estimate VALUES("1334","","2","3","3","41","101","72","12","2567","2024-09-25 11:20:29");
INSERT INTO pa_estimate VALUES("1335","","3","3","3","41","101","72","12","2567","2024-09-25 11:20:29");
INSERT INTO pa_estimate VALUES("1336","","4","4","4","41","101","72","12","2567","2024-09-25 11:20:29");
INSERT INTO pa_estimate VALUES("1337","","5","3","3","41","101","72","12","2567","2024-09-25 11:20:29");
INSERT INTO pa_estimate VALUES("1338","","6","3","3","41","101","72","12","2567","2024-09-25 11:20:29");
INSERT INTO pa_estimate VALUES("1339","","7","3","3","41","101","72","12","2567","2024-09-25 11:20:29");
INSERT INTO pa_estimate VALUES("1340","","8","3","3","41","101","72","12","2567","2024-09-25 11:20:29");
INSERT INTO pa_estimate VALUES("1341","","9","3","3","41","101","72","12","2567","2024-09-25 11:20:29");
INSERT INTO pa_estimate VALUES("1342","","10","3","3","41","101","72","12","2567","2024-09-25 11:20:29");
INSERT INTO pa_estimate VALUES("1343","","11","4","4","41","101","72","12","2567","2024-09-25 11:20:29");
INSERT INTO pa_estimate VALUES("1344","","12","3","3","41","101","72","12","2567","2024-09-25 11:20:29");
INSERT INTO pa_estimate VALUES("1345","","13","4","4","41","101","72","12","2567","2024-09-25 11:20:29");
INSERT INTO pa_estimate VALUES("1346","","14","3","3","41","101","72","12","2567","2024-09-25 11:20:29");
INSERT INTO pa_estimate VALUES("1347","","15","3","3","41","101","72","12","2567","2024-09-25 11:20:29");
INSERT INTO pa_estimate VALUES("1348","","16","4","20","41","101","72","12","2567","2024-09-25 11:20:29");
INSERT INTO pa_estimate VALUES("1349","","17","3","7.5","41","101","72","12","2567","2024-09-25 11:20:29");
INSERT INTO pa_estimate VALUES("1350","","18","3","7.5","41","101","72","12","2567","2024-09-25 11:20:29");
INSERT INTO pa_estimate VALUES("1351","","1","4","4","44","96","92","17","2567","2024-09-25 11:34:53");
INSERT INTO pa_estimate VALUES("1352","","2","3","3","44","96","92","17","2567","2024-09-25 11:34:53");
INSERT INTO pa_estimate VALUES("1353","","3","3","3","44","96","92","17","2567","2024-09-25 11:34:53");
INSERT INTO pa_estimate VALUES("1354","","4","4","4","44","96","92","17","2567","2024-09-25 11:34:53");
INSERT INTO pa_estimate VALUES("1355","","5","4","4","44","96","92","17","2567","2024-09-25 11:34:53");
INSERT INTO pa_estimate VALUES("1356","","6","4","4","44","96","92","17","2567","2024-09-25 11:34:53");
INSERT INTO pa_estimate VALUES("1357","","7","4","4","44","96","92","17","2567","2024-09-25 11:34:53");
INSERT INTO pa_estimate VALUES("1358","","8","4","4","44","96","92","17","2567","2024-09-25 11:34:53");
INSERT INTO pa_estimate VALUES("1359","","9","4","4","44","96","92","17","2567","2024-09-25 11:34:53");
INSERT INTO pa_estimate VALUES("1360","","10","4","4","44","96","92","17","2567","2024-09-25 11:34:53");
INSERT INTO pa_estimate VALUES("1361","","11","4","4","44","96","92","17","2567","2024-09-25 11:34:53");
INSERT INTO pa_estimate VALUES("1362","","12","4","4","44","96","92","17","2567","2024-09-25 11:34:53");
INSERT INTO pa_estimate VALUES("1363","","13","4","4","44","96","92","17","2567","2024-09-25 11:34:53");
INSERT INTO pa_estimate VALUES("1364","","14","4","4","44","96","92","17","2567","2024-09-25 11:34:53");
INSERT INTO pa_estimate VALUES("1365","","15","4","4","44","96","92","17","2567","2024-09-25 11:34:53");
INSERT INTO pa_estimate VALUES("1366","","16","4","20","44","96","92","17","2567","2024-09-25 11:34:53");
INSERT INTO pa_estimate VALUES("1367","","17","3","7.5","44","96","92","17","2567","2024-09-25 11:34:53");
INSERT INTO pa_estimate VALUES("1368","","18","4","10","44","96","92","17","2567","2024-09-25 11:34:53");
INSERT INTO pa_estimate VALUES("1369","","1","3","3","39","101","75","12","2567","2024-09-25 12:17:57");
INSERT INTO pa_estimate VALUES("1370","","2","3","3","39","101","75","12","2567","2024-09-25 12:17:57");
INSERT INTO pa_estimate VALUES("1371","","3","3","3","39","101","75","12","2567","2024-09-25 12:17:57");
INSERT INTO pa_estimate VALUES("1372","","4","3","3","39","101","75","12","2567","2024-09-25 12:17:57");
INSERT INTO pa_estimate VALUES("1373","","5","4","4","39","101","75","12","2567","2024-09-25 12:17:57");
INSERT INTO pa_estimate VALUES("1374","","6","4","4","39","101","75","12","2567","2024-09-25 12:17:57");
INSERT INTO pa_estimate VALUES("1375","","7","3","3","39","101","75","12","2567","2024-09-25 12:17:57");
INSERT INTO pa_estimate VALUES("1376","","8","3","3","39","101","75","12","2567","2024-09-25 12:17:57");
INSERT INTO pa_estimate VALUES("1377","","9","3","3","39","101","75","12","2567","2024-09-25 12:17:57");
INSERT INTO pa_estimate VALUES("1378","","10","3","3","39","101","75","12","2567","2024-09-25 12:17:57");
INSERT INTO pa_estimate VALUES("1379","","11","3","3","39","101","75","12","2567","2024-09-25 12:17:57");
INSERT INTO pa_estimate VALUES("1380","","12","4","4","39","101","75","12","2567","2024-09-25 12:17:57");
INSERT INTO pa_estimate VALUES("1381","","13","4","4","39","101","75","12","2567","2024-09-25 12:17:57");
INSERT INTO pa_estimate VALUES("1382","","14","3","3","39","101","75","12","2567","2024-09-25 12:17:57");
INSERT INTO pa_estimate VALUES("1383","","15","4","4","39","101","75","12","2567","2024-09-25 12:17:57");
INSERT INTO pa_estimate VALUES("1384","","16","4","20","39","101","75","12","2567","2024-09-25 12:17:57");
INSERT INTO pa_estimate VALUES("1385","","17","3","7.5","39","101","75","12","2567","2024-09-25 12:17:57");
INSERT INTO pa_estimate VALUES("1386","","18","3","7.5","39","101","75","12","2567","2024-09-25 12:17:57");
INSERT INTO pa_estimate VALUES("1387","","1","4","4","59","96","101","14","2567","2024-09-25 12:43:40");
INSERT INTO pa_estimate VALUES("1388","","2","3","3","59","96","101","14","2567","2024-09-25 12:43:40");
INSERT INTO pa_estimate VALUES("1389","","3","3","3","59","96","101","14","2567","2024-09-25 12:43:40");
INSERT INTO pa_estimate VALUES("1390","","4","4","4","59","96","101","14","2567","2024-09-25 12:43:40");
INSERT INTO pa_estimate VALUES("1391","","5","4","4","59","96","101","14","2567","2024-09-25 12:43:40");
INSERT INTO pa_estimate VALUES("1392","","6","4","4","59","96","101","14","2567","2024-09-25 12:43:40");
INSERT INTO pa_estimate VALUES("1393","","7","4","4","59","96","101","14","2567","2024-09-25 12:43:40");
INSERT INTO pa_estimate VALUES("1394","","8","4","4","59","96","101","14","2567","2024-09-25 12:43:40");
INSERT INTO pa_estimate VALUES("1395","","9","4","4","59","96","101","14","2567","2024-09-25 12:43:40");
INSERT INTO pa_estimate VALUES("1396","","10","4","4","59","96","101","14","2567","2024-09-25 12:43:40");
INSERT INTO pa_estimate VALUES("1397","","11","4","4","59","96","101","14","2567","2024-09-25 12:43:40");
INSERT INTO pa_estimate VALUES("1398","","12","4","4","59","96","101","14","2567","2024-09-25 12:43:40");
INSERT INTO pa_estimate VALUES("1399","","13","4","4","59","96","101","14","2567","2024-09-25 12:43:40");
INSERT INTO pa_estimate VALUES("1400","","14","4","4","59","96","101","14","2567","2024-09-25 12:43:40");
INSERT INTO pa_estimate VALUES("1401","","15","4","4","59","96","101","14","2567","2024-09-25 12:43:40");
INSERT INTO pa_estimate VALUES("1402","","16","4","20","59","96","101","14","2567","2024-09-25 12:43:40");
INSERT INTO pa_estimate VALUES("1403","","17","4","10","59","96","101","14","2567","2024-09-25 12:43:40");
INSERT INTO pa_estimate VALUES("1404","","18","3","7.5","59","96","101","14","2567","2024-09-25 12:43:40");
INSERT INTO pa_estimate VALUES("1405","","1","3","3","43","101","78","12","2567","2024-09-25 12:44:07");
INSERT INTO pa_estimate VALUES("1406","","2","3","3","43","101","78","12","2567","2024-09-25 12:44:07");
INSERT INTO pa_estimate VALUES("1407","","3","3","3","43","101","78","12","2567","2024-09-25 12:44:07");
INSERT INTO pa_estimate VALUES("1408","","4","3","3","43","101","78","12","2567","2024-09-25 12:44:07");
INSERT INTO pa_estimate VALUES("1409","","5","3","3","43","101","78","12","2567","2024-09-25 12:44:07");
INSERT INTO pa_estimate VALUES("1410","","6","3","3","43","101","78","12","2567","2024-09-25 12:44:07");
INSERT INTO pa_estimate VALUES("1411","","7","3","3","43","101","78","12","2567","2024-09-25 12:44:07");
INSERT INTO pa_estimate VALUES("1412","","8","3","3","43","101","78","12","2567","2024-09-25 12:44:07");
INSERT INTO pa_estimate VALUES("1413","","9","4","4","43","101","78","12","2567","2024-09-25 12:44:07");
INSERT INTO pa_estimate VALUES("1414","","10","4","4","43","101","78","12","2567","2024-09-25 12:44:07");
INSERT INTO pa_estimate VALUES("1415","","11","4","4","43","101","78","12","2567","2024-09-25 12:44:07");
INSERT INTO pa_estimate VALUES("1416","","12","3","3","43","101","78","12","2567","2024-09-25 12:44:07");
INSERT INTO pa_estimate VALUES("1417","","13","4","4","43","101","78","12","2567","2024-09-25 12:44:07");
INSERT INTO pa_estimate VALUES("1418","","14","4","4","43","101","78","12","2567","2024-09-25 12:44:08");
INSERT INTO pa_estimate VALUES("1419","","15","3","3","43","101","78","12","2567","2024-09-25 12:44:08");
INSERT INTO pa_estimate VALUES("1420","","16","4","20","43","101","78","12","2567","2024-09-25 12:44:08");
INSERT INTO pa_estimate VALUES("1421","","17","3","7.5","43","101","78","12","2567","2024-09-25 12:44:08");
INSERT INTO pa_estimate VALUES("1422","","18","3","7.5","43","101","78","12","2567","2024-09-25 12:44:08");
INSERT INTO pa_estimate VALUES("1423","","1","3","3","35","101","81","12","2567","2024-09-25 12:56:10");
INSERT INTO pa_estimate VALUES("1424","","2","3","3","35","101","81","12","2567","2024-09-25 12:56:10");
INSERT INTO pa_estimate VALUES("1425","","3","3","3","35","101","81","12","2567","2024-09-25 12:56:10");
INSERT INTO pa_estimate VALUES("1426","","4","3","3","35","101","81","12","2567","2024-09-25 12:56:10");
INSERT INTO pa_estimate VALUES("1427","","5","3","3","35","101","81","12","2567","2024-09-25 12:56:10");
INSERT INTO pa_estimate VALUES("1428","","6","3","3","35","101","81","12","2567","2024-09-25 12:56:10");
INSERT INTO pa_estimate VALUES("1429","","7","4","4","35","101","81","12","2567","2024-09-25 12:56:10");
INSERT INTO pa_estimate VALUES("1430","","8","3","3","35","101","81","12","2567","2024-09-25 12:56:10");
INSERT INTO pa_estimate VALUES("1431","","9","3","3","35","101","81","12","2567","2024-09-25 12:56:10");
INSERT INTO pa_estimate VALUES("1432","","10","3","3","35","101","81","12","2567","2024-09-25 12:56:10");
INSERT INTO pa_estimate VALUES("1433","","11","3","3","35","101","81","12","2567","2024-09-25 12:56:10");
INSERT INTO pa_estimate VALUES("1434","","12","3","3","35","101","81","12","2567","2024-09-25 12:56:10");
INSERT INTO pa_estimate VALUES("1435","","13","4","4","35","101","81","12","2567","2024-09-25 12:56:10");
INSERT INTO pa_estimate VALUES("1436","","14","4","4","35","101","81","12","2567","2024-09-25 12:56:10");
INSERT INTO pa_estimate VALUES("1437","","15","3","3","35","101","81","12","2567","2024-09-25 12:56:10");
INSERT INTO pa_estimate VALUES("1438","","16","4","20","35","101","81","12","2567","2024-09-25 12:56:10");
INSERT INTO pa_estimate VALUES("1439","","17","3","7.5","35","101","81","12","2567","2024-09-25 12:56:10");
INSERT INTO pa_estimate VALUES("1440","","18","3","7.5","35","101","81","12","2567","2024-09-25 12:56:11");
INSERT INTO pa_estimate VALUES("1441","","1","3","3","36","101","84","12","2567","2024-09-25 13:07:44");
INSERT INTO pa_estimate VALUES("1442","","2","3","3","36","101","84","12","2567","2024-09-25 13:07:44");
INSERT INTO pa_estimate VALUES("1443","","3","4","4","36","101","84","12","2567","2024-09-25 13:07:44");
INSERT INTO pa_estimate VALUES("1444","","4","3","3","36","101","84","12","2567","2024-09-25 13:07:44");
INSERT INTO pa_estimate VALUES("1445","","5","3","3","36","101","84","12","2567","2024-09-25 13:07:44");
INSERT INTO pa_estimate VALUES("1446","","6","3","3","36","101","84","12","2567","2024-09-25 13:07:44");
INSERT INTO pa_estimate VALUES("1447","","7","4","4","36","101","84","12","2567","2024-09-25 13:07:44");
INSERT INTO pa_estimate VALUES("1448","","8","3","3","36","101","84","12","2567","2024-09-25 13:07:44");
INSERT INTO pa_estimate VALUES("1449","","9","3","3","36","101","84","12","2567","2024-09-25 13:07:44");
INSERT INTO pa_estimate VALUES("1450","","10","3","3","36","101","84","12","2567","2024-09-25 13:07:44");
INSERT INTO pa_estimate VALUES("1451","","11","3","3","36","101","84","12","2567","2024-09-25 13:07:44");
INSERT INTO pa_estimate VALUES("1452","","12","3","3","36","101","84","12","2567","2024-09-25 13:07:44");
INSERT INTO pa_estimate VALUES("1453","","13","3","3","36","101","84","12","2567","2024-09-25 13:07:44");
INSERT INTO pa_estimate VALUES("1454","","14","4","4","36","101","84","12","2567","2024-09-25 13:07:44");
INSERT INTO pa_estimate VALUES("1455","","15","3","3","36","101","84","12","2567","2024-09-25 13:07:44");
INSERT INTO pa_estimate VALUES("1456","","16","4","20","36","101","84","12","2567","2024-09-25 13:07:44");
INSERT INTO pa_estimate VALUES("1457","","17","3","7.5","36","101","84","12","2567","2024-09-25 13:07:44");
INSERT INTO pa_estimate VALUES("1458","","18","3","7.5","36","101","84","12","2567","2024-09-25 13:07:44");
INSERT INTO pa_estimate VALUES("1459","","1","4","4","60","96","104","14","2567","2024-09-25 13:16:02");
INSERT INTO pa_estimate VALUES("1460","","2","4","4","60","96","104","14","2567","2024-09-25 13:16:02");
INSERT INTO pa_estimate VALUES("1461","","3","4","4","60","96","104","14","2567","2024-09-25 13:16:02");
INSERT INTO pa_estimate VALUES("1462","","4","4","4","60","96","104","14","2567","2024-09-25 13:16:02");
INSERT INTO pa_estimate VALUES("1463","","5","4","4","60","96","104","14","2567","2024-09-25 13:16:02");
INSERT INTO pa_estimate VALUES("1464","","6","4","4","60","96","104","14","2567","2024-09-25 13:16:02");
INSERT INTO pa_estimate VALUES("1465","","7","4","4","60","96","104","14","2567","2024-09-25 13:16:02");
INSERT INTO pa_estimate VALUES("1466","","8","4","4","60","96","104","14","2567","2024-09-25 13:16:02");
INSERT INTO pa_estimate VALUES("1467","","9","4","4","60","96","104","14","2567","2024-09-25 13:16:02");
INSERT INTO pa_estimate VALUES("1468","","10","4","4","60","96","104","14","2567","2024-09-25 13:16:02");
INSERT INTO pa_estimate VALUES("1469","","11","4","4","60","96","104","14","2567","2024-09-25 13:16:02");
INSERT INTO pa_estimate VALUES("1470","","12","4","4","60","96","104","14","2567","2024-09-25 13:16:02");
INSERT INTO pa_estimate VALUES("1471","","13","4","4","60","96","104","14","2567","2024-09-25 13:16:02");
INSERT INTO pa_estimate VALUES("1472","","14","4","4","60","96","104","14","2567","2024-09-25 13:16:02");
INSERT INTO pa_estimate VALUES("1473","","15","4","4","60","96","104","14","2567","2024-09-25 13:16:02");
INSERT INTO pa_estimate VALUES("1474","","16","3","15","60","96","104","14","2567","2024-09-25 13:16:02");
INSERT INTO pa_estimate VALUES("1475","","17","4","10","60","96","104","14","2567","2024-09-25 13:16:02");
INSERT INTO pa_estimate VALUES("1476","","18","4","10","60","96","104","14","2567","2024-09-25 13:16:02");
INSERT INTO pa_estimate VALUES("1513","","1","4","4","58","96","107","14","2567","2024-09-25 13:52:59");
INSERT INTO pa_estimate VALUES("1514","","2","3","3","58","96","107","14","2567","2024-09-25 13:52:59");
INSERT INTO pa_estimate VALUES("1515","","3","3","3","58","96","107","14","2567","2024-09-25 13:52:59");
INSERT INTO pa_estimate VALUES("1516","","4","4","4","58","96","107","14","2567","2024-09-25 13:52:59");
INSERT INTO pa_estimate VALUES("1517","","5","3","3","58","96","107","14","2567","2024-09-25 13:52:59");
INSERT INTO pa_estimate VALUES("1518","","6","4","4","58","96","107","14","2567","2024-09-25 13:52:59");
INSERT INTO pa_estimate VALUES("1519","","7","4","4","58","96","107","14","2567","2024-09-25 13:53:00");
INSERT INTO pa_estimate VALUES("1520","","8","4","4","58","96","107","14","2567","2024-09-25 13:53:00");
INSERT INTO pa_estimate VALUES("1521","","9","4","4","58","96","107","14","2567","2024-09-25 13:53:00");
INSERT INTO pa_estimate VALUES("1522","","10","4","4","58","96","107","14","2567","2024-09-25 13:53:00");
INSERT INTO pa_estimate VALUES("1523","","11","4","4","58","96","107","14","2567","2024-09-25 13:53:00");
INSERT INTO pa_estimate VALUES("1524","","12","4","4","58","96","107","14","2567","2024-09-25 13:53:00");
INSERT INTO pa_estimate VALUES("1525","","13","4","4","58","96","107","14","2567","2024-09-25 13:53:00");
INSERT INTO pa_estimate VALUES("1526","","14","4","4","58","96","107","14","2567","2024-09-25 13:53:00");
INSERT INTO pa_estimate VALUES("1527","","15","4","4","58","96","107","14","2567","2024-09-25 13:53:00");
INSERT INTO pa_estimate VALUES("1528","","16","4","20","58","96","107","14","2567","2024-09-25 13:53:00");
INSERT INTO pa_estimate VALUES("1529","","17","3","7.5","58","96","107","14","2567","2024-09-25 13:53:00");
INSERT INTO pa_estimate VALUES("1530","","18","3","7.5","58","96","107","14","2567","2024-09-25 13:53:00");
INSERT INTO pa_estimate VALUES("1549","","1","4","4","59","103","102","15","2567","2024-09-25 14:18:05");
INSERT INTO pa_estimate VALUES("1550","","2","4","4","59","103","102","15","2567","2024-09-25 14:18:05");
INSERT INTO pa_estimate VALUES("1551","","3","4","4","59","103","102","15","2567","2024-09-25 14:18:05");
INSERT INTO pa_estimate VALUES("1552","","4","4","4","59","103","102","15","2567","2024-09-25 14:18:05");
INSERT INTO pa_estimate VALUES("1553","","5","4","4","59","103","102","15","2567","2024-09-25 14:18:05");
INSERT INTO pa_estimate VALUES("1554","","6","3","3","59","103","102","15","2567","2024-09-25 14:18:05");
INSERT INTO pa_estimate VALUES("1555","","7","4","4","59","103","102","15","2567","2024-09-25 14:18:05");
INSERT INTO pa_estimate VALUES("1556","","8","3","3","59","103","102","15","2567","2024-09-25 14:18:05");
INSERT INTO pa_estimate VALUES("1557","","9","4","4","59","103","102","15","2567","2024-09-25 14:18:05");
INSERT INTO pa_estimate VALUES("1558","","10","4","4","59","103","102","15","2567","2024-09-25 14:18:05");
INSERT INTO pa_estimate VALUES("1559","","11","4","4","59","103","102","15","2567","2024-09-25 14:18:05");
INSERT INTO pa_estimate VALUES("1560","","12","3","3","59","103","102","15","2567","2024-09-25 14:18:05");
INSERT INTO pa_estimate VALUES("1561","","13","4","4","59","103","102","15","2567","2024-09-25 14:18:05");
INSERT INTO pa_estimate VALUES("1562","","14","3","3","59","103","102","15","2567","2024-09-25 14:18:05");
INSERT INTO pa_estimate VALUES("1563","","15","3","3","59","103","102","15","2567","2024-09-25 14:18:05");
INSERT INTO pa_estimate VALUES("1564","","16","3","15","59","103","102","15","2567","2024-09-25 14:18:05");
INSERT INTO pa_estimate VALUES("1565","","17","3","7.5","59","103","102","15","2567","2024-09-25 14:18:05");
INSERT INTO pa_estimate VALUES("1566","","18","3","7.5","59","103","102","15","2567","2024-09-25 14:18:05");
INSERT INTO pa_estimate VALUES("1567","","1","3","3","62","96","110","14","2567","2024-09-25 14:29:35");
INSERT INTO pa_estimate VALUES("1568","","2","3","3","62","96","110","14","2567","2024-09-25 14:29:35");
INSERT INTO pa_estimate VALUES("1569","","3","3","3","62","96","110","14","2567","2024-09-25 14:29:35");
INSERT INTO pa_estimate VALUES("1570","","4","4","4","62","96","110","14","2567","2024-09-25 14:29:35");
INSERT INTO pa_estimate VALUES("1571","","5","3","3","62","96","110","14","2567","2024-09-25 14:29:35");
INSERT INTO pa_estimate VALUES("1572","","6","4","4","62","96","110","14","2567","2024-09-25 14:29:35");
INSERT INTO pa_estimate VALUES("1573","","7","4","4","62","96","110","14","2567","2024-09-25 14:29:35");
INSERT INTO pa_estimate VALUES("1574","","8","4","4","62","96","110","14","2567","2024-09-25 14:29:35");
INSERT INTO pa_estimate VALUES("1575","","9","4","4","62","96","110","14","2567","2024-09-25 14:29:35");
INSERT INTO pa_estimate VALUES("1576","","10","4","4","62","96","110","14","2567","2024-09-25 14:29:35");
INSERT INTO pa_estimate VALUES("1577","","11","4","4","62","96","110","14","2567","2024-09-25 14:29:35");
INSERT INTO pa_estimate VALUES("1578","","12","4","4","62","96","110","14","2567","2024-09-25 14:29:35");
INSERT INTO pa_estimate VALUES("1579","","13","4","4","62","96","110","14","2567","2024-09-25 14:29:35");
INSERT INTO pa_estimate VALUES("1580","","14","4","4","62","96","110","14","2567","2024-09-25 14:29:35");
INSERT INTO pa_estimate VALUES("1581","","15","4","4","62","96","110","14","2567","2024-09-25 14:29:35");
INSERT INTO pa_estimate VALUES("1582","","16","4","20","62","96","110","14","2567","2024-09-25 14:29:35");
INSERT INTO pa_estimate VALUES("1583","","17","3","7.5","62","96","110","14","2567","2024-09-25 14:29:35");
INSERT INTO pa_estimate VALUES("1584","","18","3","7.5","62","96","110","14","2567","2024-09-25 14:29:35");
INSERT INTO pa_estimate VALUES("1621","","1","3","3","60","103","105","15","2567","2024-09-25 14:55:00");
INSERT INTO pa_estimate VALUES("1622","","2","4","4","60","103","105","15","2567","2024-09-25 14:55:01");
INSERT INTO pa_estimate VALUES("1623","","3","3","3","60","103","105","15","2567","2024-09-25 14:55:01");
INSERT INTO pa_estimate VALUES("1624","","4","4","4","60","103","105","15","2567","2024-09-25 14:55:01");
INSERT INTO pa_estimate VALUES("1625","","5","3","3","60","103","105","15","2567","2024-09-25 14:55:01");
INSERT INTO pa_estimate VALUES("1626","","6","3","3","60","103","105","15","2567","2024-09-25 14:55:01");
INSERT INTO pa_estimate VALUES("1627","","7","4","4","60","103","105","15","2567","2024-09-25 14:55:01");
INSERT INTO pa_estimate VALUES("1628","","8","4","4","60","103","105","15","2567","2024-09-25 14:55:01");
INSERT INTO pa_estimate VALUES("1629","","9","3","3","60","103","105","15","2567","2024-09-25 14:55:01");
INSERT INTO pa_estimate VALUES("1630","","10","4","4","60","103","105","15","2567","2024-09-25 14:55:01");
INSERT INTO pa_estimate VALUES("1631","","11","4","4","60","103","105","15","2567","2024-09-25 14:55:01");
INSERT INTO pa_estimate VALUES("1632","","12","4","4","60","103","105","15","2567","2024-09-25 14:55:01");
INSERT INTO pa_estimate VALUES("1633","","13","4","4","60","103","105","15","2567","2024-09-25 14:55:01");
INSERT INTO pa_estimate VALUES("1634","","14","4","4","60","103","105","15","2567","2024-09-25 14:55:01");
INSERT INTO pa_estimate VALUES("1635","","15","4","4","60","103","105","15","2567","2024-09-25 14:55:01");
INSERT INTO pa_estimate VALUES("1636","","16","3","15","60","103","105","15","2567","2024-09-25 14:55:02");
INSERT INTO pa_estimate VALUES("1637","","17","3","7.5","60","103","105","15","2567","2024-09-25 14:55:02");
INSERT INTO pa_estimate VALUES("1638","","18","3","7.5","60","103","105","15","2567","2024-09-25 14:55:02");
INSERT INTO pa_estimate VALUES("1639","","1","4","4","67","96","113","14","2567","2024-09-25 15:00:58");
INSERT INTO pa_estimate VALUES("1640","","2","3","3","67","96","113","14","2567","2024-09-25 15:00:58");
INSERT INTO pa_estimate VALUES("1641","","3","4","4","67","96","113","14","2567","2024-09-25 15:00:58");
INSERT INTO pa_estimate VALUES("1642","","4","4","4","67","96","113","14","2567","2024-09-25 15:00:58");
INSERT INTO pa_estimate VALUES("1643","","5","4","4","67","96","113","14","2567","2024-09-25 15:00:58");
INSERT INTO pa_estimate VALUES("1644","","6","3","3","67","96","113","14","2567","2024-09-25 15:00:58");
INSERT INTO pa_estimate VALUES("1645","","7","4","4","67","96","113","14","2567","2024-09-25 15:00:58");
INSERT INTO pa_estimate VALUES("1646","","8","4","4","67","96","113","14","2567","2024-09-25 15:00:58");
INSERT INTO pa_estimate VALUES("1647","","9","4","4","67","96","113","14","2567","2024-09-25 15:00:58");
INSERT INTO pa_estimate VALUES("1648","","10","4","4","67","96","113","14","2567","2024-09-25 15:00:58");
INSERT INTO pa_estimate VALUES("1649","","11","4","4","67","96","113","14","2567","2024-09-25 15:00:59");
INSERT INTO pa_estimate VALUES("1650","","12","4","4","67","96","113","14","2567","2024-09-25 15:00:59");
INSERT INTO pa_estimate VALUES("1651","","13","4","4","67","96","113","14","2567","2024-09-25 15:00:59");
INSERT INTO pa_estimate VALUES("1652","","14","4","4","67","96","113","14","2567","2024-09-25 15:00:59");
INSERT INTO pa_estimate VALUES("1653","","15","4","4","67","96","113","14","2567","2024-09-25 15:00:59");
INSERT INTO pa_estimate VALUES("1654","","16","4","20","67","96","113","14","2567","2024-09-25 15:00:59");
INSERT INTO pa_estimate VALUES("1655","","17","3","7.5","67","96","113","14","2567","2024-09-25 15:00:59");
INSERT INTO pa_estimate VALUES("1656","","18","3","7.5","67","96","113","14","2567","2024-09-25 15:00:59");
INSERT INTO pa_estimate VALUES("1657","","1","4","4","58","103","108","15","2567","2024-09-25 15:04:59");
INSERT INTO pa_estimate VALUES("1658","","2","4","4","58","103","108","15","2567","2024-09-25 15:04:59");
INSERT INTO pa_estimate VALUES("1659","","3","3","3","58","103","108","15","2567","2024-09-25 15:04:59");
INSERT INTO pa_estimate VALUES("1660","","4","3","3","58","103","108","15","2567","2024-09-25 15:05:00");
INSERT INTO pa_estimate VALUES("1661","","5","4","4","58","103","108","15","2567","2024-09-25 15:05:00");
INSERT INTO pa_estimate VALUES("1662","","6","3","3","58","103","108","15","2567","2024-09-25 15:05:00");
INSERT INTO pa_estimate VALUES("1663","","7","4","4","58","103","108","15","2567","2024-09-25 15:05:00");
INSERT INTO pa_estimate VALUES("1664","","8","4","4","58","103","108","15","2567","2024-09-25 15:05:00");
INSERT INTO pa_estimate VALUES("1665","","9","4","4","58","103","108","15","2567","2024-09-25 15:05:00");
INSERT INTO pa_estimate VALUES("1666","","10","4","4","58","103","108","15","2567","2024-09-25 15:05:00");
INSERT INTO pa_estimate VALUES("1667","","11","4","4","58","103","108","15","2567","2024-09-25 15:05:00");
INSERT INTO pa_estimate VALUES("1668","","12","4","4","58","103","108","15","2567","2024-09-25 15:05:00");
INSERT INTO pa_estimate VALUES("1669","","13","3","3","58","103","108","15","2567","2024-09-25 15:05:00");
INSERT INTO pa_estimate VALUES("1670","","14","3","3","58","103","108","15","2567","2024-09-25 15:05:00");
INSERT INTO pa_estimate VALUES("1671","","15","4","4","58","103","108","15","2567","2024-09-25 15:05:00");
INSERT INTO pa_estimate VALUES("1672","","16","3","15","58","103","108","15","2567","2024-09-25 15:05:00");
INSERT INTO pa_estimate VALUES("1673","","17","4","10","58","103","108","15","2567","2024-09-25 15:05:00");
INSERT INTO pa_estimate VALUES("1674","","18","4","10","58","103","108","15","2567","2024-09-25 15:05:00");
INSERT INTO pa_estimate VALUES("1675","","1","4","4","62","103","111","15","2567","2024-09-25 15:14:52");
INSERT INTO pa_estimate VALUES("1676","","2","4","4","62","103","111","15","2567","2024-09-25 15:14:52");
INSERT INTO pa_estimate VALUES("1677","","3","3","3","62","103","111","15","2567","2024-09-25 15:14:52");
INSERT INTO pa_estimate VALUES("1678","","4","4","4","62","103","111","15","2567","2024-09-25 15:14:52");
INSERT INTO pa_estimate VALUES("1679","","5","3","3","62","103","111","15","2567","2024-09-25 15:14:52");
INSERT INTO pa_estimate VALUES("1680","","6","3","3","62","103","111","15","2567","2024-09-25 15:14:52");
INSERT INTO pa_estimate VALUES("1681","","7","3","3","62","103","111","15","2567","2024-09-25 15:14:52");
INSERT INTO pa_estimate VALUES("1682","","8","4","4","62","103","111","15","2567","2024-09-25 15:14:52");
INSERT INTO pa_estimate VALUES("1683","","9","4","4","62","103","111","15","2567","2024-09-25 15:14:52");
INSERT INTO pa_estimate VALUES("1684","","10","4","4","62","103","111","15","2567","2024-09-25 15:14:52");
INSERT INTO pa_estimate VALUES("1685","","11","3","3","62","103","111","15","2567","2024-09-25 15:14:52");
INSERT INTO pa_estimate VALUES("1686","","12","3","3","62","103","111","15","2567","2024-09-25 15:14:52");
INSERT INTO pa_estimate VALUES("1687","","13","3","3","62","103","111","15","2567","2024-09-25 15:14:52");
INSERT INTO pa_estimate VALUES("1688","","14","3","3","62","103","111","15","2567","2024-09-25 15:14:52");
INSERT INTO pa_estimate VALUES("1689","","15","3","3","62","103","111","15","2567","2024-09-25 15:14:53");
INSERT INTO pa_estimate VALUES("1690","","16","4","20","62","103","111","15","2567","2024-09-25 15:14:53");
INSERT INTO pa_estimate VALUES("1691","","17","3","7.5","62","103","111","15","2567","2024-09-25 15:14:53");
INSERT INTO pa_estimate VALUES("1692","","18","3","7.5","62","103","111","15","2567","2024-09-25 15:14:53");
INSERT INTO pa_estimate VALUES("1711","","1","4","4","61","96","116","14","2567","2024-09-25 15:21:24");
INSERT INTO pa_estimate VALUES("1712","","2","4","4","61","96","116","14","2567","2024-09-25 15:21:24");
INSERT INTO pa_estimate VALUES("1713","","3","3","3","61","96","116","14","2567","2024-09-25 15:21:24");
INSERT INTO pa_estimate VALUES("1714","","4","3","3","61","96","116","14","2567","2024-09-25 15:21:24");
INSERT INTO pa_estimate VALUES("1715","","5","4","4","61","96","116","14","2567","2024-09-25 15:21:24");
INSERT INTO pa_estimate VALUES("1716","","6","4","4","61","96","116","14","2567","2024-09-25 15:21:24");
INSERT INTO pa_estimate VALUES("1717","","7","4","4","61","96","116","14","2567","2024-09-25 15:21:24");
INSERT INTO pa_estimate VALUES("1718","","8","4","4","61","96","116","14","2567","2024-09-25 15:21:24");
INSERT INTO pa_estimate VALUES("1719","","9","4","4","61","96","116","14","2567","2024-09-25 15:21:24");
INSERT INTO pa_estimate VALUES("1720","","10","4","4","61","96","116","14","2567","2024-09-25 15:21:25");
INSERT INTO pa_estimate VALUES("1721","","11","4","4","61","96","116","14","2567","2024-09-25 15:21:25");
INSERT INTO pa_estimate VALUES("1722","","12","4","4","61","96","116","14","2567","2024-09-25 15:21:25");
INSERT INTO pa_estimate VALUES("1723","","13","4","4","61","96","116","14","2567","2024-09-25 15:21:25");
INSERT INTO pa_estimate VALUES("1724","","14","4","4","61","96","116","14","2567","2024-09-25 15:21:25");
INSERT INTO pa_estimate VALUES("1725","","15","4","4","61","96","116","14","2567","2024-09-25 15:21:25");
INSERT INTO pa_estimate VALUES("1726","","16","4","20","61","96","116","14","2567","2024-09-25 15:21:25");
INSERT INTO pa_estimate VALUES("1727","","17","3","7.5","61","96","116","14","2567","2024-09-25 15:21:25");
INSERT INTO pa_estimate VALUES("1728","","18","3","7.5","61","96","116","14","2567","2024-09-25 15:21:25");
INSERT INTO pa_estimate VALUES("1729","","1","4","4","67","103","114","15","2567","2024-09-25 15:24:44");
INSERT INTO pa_estimate VALUES("1730","","2","4","4","67","103","114","15","2567","2024-09-25 15:24:44");
INSERT INTO pa_estimate VALUES("1731","","3","4","4","67","103","114","15","2567","2024-09-25 15:24:44");
INSERT INTO pa_estimate VALUES("1732","","4","3","3","67","103","114","15","2567","2024-09-25 15:24:44");
INSERT INTO pa_estimate VALUES("1733","","5","3","3","67","103","114","15","2567","2024-09-25 15:24:45");
INSERT INTO pa_estimate VALUES("1734","","6","3","3","67","103","114","15","2567","2024-09-25 15:24:45");
INSERT INTO pa_estimate VALUES("1735","","7","3","3","67","103","114","15","2567","2024-09-25 15:24:45");
INSERT INTO pa_estimate VALUES("1736","","8","4","4","67","103","114","15","2567","2024-09-25 15:24:45");
INSERT INTO pa_estimate VALUES("1737","","9","4","4","67","103","114","15","2567","2024-09-25 15:24:45");
INSERT INTO pa_estimate VALUES("1738","","10","4","4","67","103","114","15","2567","2024-09-25 15:24:45");
INSERT INTO pa_estimate VALUES("1739","","11","3","3","67","103","114","15","2567","2024-09-25 15:24:45");
INSERT INTO pa_estimate VALUES("1740","","12","4","4","67","103","114","15","2567","2024-09-25 15:24:45");
INSERT INTO pa_estimate VALUES("1741","","13","3","3","67","103","114","15","2567","2024-09-25 15:24:45");
INSERT INTO pa_estimate VALUES("1742","","14","3","3","67","103","114","15","2567","2024-09-25 15:24:45");
INSERT INTO pa_estimate VALUES("1743","","15","3","3","67","103","114","15","2567","2024-09-25 15:24:45");
INSERT INTO pa_estimate VALUES("1744","","16","4","20","67","103","114","15","2567","2024-09-25 15:24:45");
INSERT INTO pa_estimate VALUES("1745","","17","3","7.5","67","103","114","15","2567","2024-09-25 15:24:45");
INSERT INTO pa_estimate VALUES("1746","","18","3","7.5","67","103","114","15","2567","2024-09-25 15:24:45");
INSERT INTO pa_estimate VALUES("1747","","1","4","4","71","96","137","14","2567","2024-09-25 15:33:56");
INSERT INTO pa_estimate VALUES("1748","","2","3","3","71","96","137","14","2567","2024-09-25 15:33:56");
INSERT INTO pa_estimate VALUES("1749","","3","3","3","71","96","137","14","2567","2024-09-25 15:33:57");
INSERT INTO pa_estimate VALUES("1750","","4","4","4","71","96","137","14","2567","2024-09-25 15:33:58");
INSERT INTO pa_estimate VALUES("1751","","5","4","4","71","96","137","14","2567","2024-09-25 15:33:58");
INSERT INTO pa_estimate VALUES("1752","","6","4","4","71","96","137","14","2567","2024-09-25 15:33:58");
INSERT INTO pa_estimate VALUES("1753","","7","4","4","71","96","137","14","2567","2024-09-25 15:33:58");
INSERT INTO pa_estimate VALUES("1754","","8","4","4","71","96","137","14","2567","2024-09-25 15:33:58");
INSERT INTO pa_estimate VALUES("1755","","9","4","4","71","96","137","14","2567","2024-09-25 15:33:58");
INSERT INTO pa_estimate VALUES("1756","","10","4","4","71","96","137","14","2567","2024-09-25 15:33:58");
INSERT INTO pa_estimate VALUES("1757","","11","4","4","71","96","137","14","2567","2024-09-25 15:33:59");
INSERT INTO pa_estimate VALUES("1758","","12","4","4","71","96","137","14","2567","2024-09-25 15:33:59");
INSERT INTO pa_estimate VALUES("1759","","13","4","4","71","96","137","14","2567","2024-09-25 15:33:59");
INSERT INTO pa_estimate VALUES("1760","","14","4","4","71","96","137","14","2567","2024-09-25 15:33:59");
INSERT INTO pa_estimate VALUES("1761","","15","4","4","71","96","137","14","2567","2024-09-25 15:33:59");
INSERT INTO pa_estimate VALUES("1762","","16","4","20","71","96","137","14","2567","2024-09-25 15:33:59");
INSERT INTO pa_estimate VALUES("1763","","17","3","7.5","71","96","137","14","2567","2024-09-25 15:33:59");
INSERT INTO pa_estimate VALUES("1764","","18","4","10","71","96","137","14","2567","2024-09-25 15:33:59");
INSERT INTO pa_estimate VALUES("1765","","1","4","4","61","103","117","15","2567","2024-09-25 15:40:37");
INSERT INTO pa_estimate VALUES("1766","","2","4","4","61","103","117","15","2567","2024-09-25 15:40:37");
INSERT INTO pa_estimate VALUES("1767","","3","3","3","61","103","117","15","2567","2024-09-25 15:40:37");
INSERT INTO pa_estimate VALUES("1768","","4","4","4","61","103","117","15","2567","2024-09-25 15:40:37");
INSERT INTO pa_estimate VALUES("1769","","5","3","3","61","103","117","15","2567","2024-09-25 15:40:37");
INSERT INTO pa_estimate VALUES("1770","","6","4","4","61","103","117","15","2567","2024-09-25 15:40:37");
INSERT INTO pa_estimate VALUES("1771","","7","4","4","61","103","117","15","2567","2024-09-25 15:40:37");
INSERT INTO pa_estimate VALUES("1772","","8","4","4","61","103","117","15","2567","2024-09-25 15:40:37");
INSERT INTO pa_estimate VALUES("1773","","9","4","4","61","103","117","15","2567","2024-09-25 15:40:37");
INSERT INTO pa_estimate VALUES("1774","","10","4","4","61","103","117","15","2567","2024-09-25 15:40:37");
INSERT INTO pa_estimate VALUES("1775","","11","3","3","61","103","117","15","2567","2024-09-25 15:40:37");
INSERT INTO pa_estimate VALUES("1776","","12","4","4","61","103","117","15","2567","2024-09-25 15:40:37");
INSERT INTO pa_estimate VALUES("1777","","13","3","3","61","103","117","15","2567","2024-09-25 15:40:38");
INSERT INTO pa_estimate VALUES("1778","","14","3","3","61","103","117","15","2567","2024-09-25 15:40:38");
INSERT INTO pa_estimate VALUES("1779","","15","4","4","61","103","117","15","2567","2024-09-25 15:40:38");
INSERT INTO pa_estimate VALUES("1780","","16","4","20","61","103","117","15","2567","2024-09-25 15:40:38");
INSERT INTO pa_estimate VALUES("1781","","17","3","7.5","61","103","117","15","2567","2024-09-25 15:40:38");
INSERT INTO pa_estimate VALUES("1782","","18","3","7.5","61","103","117","15","2567","2024-09-25 15:40:38");
INSERT INTO pa_estimate VALUES("1783","","1","4","4","68","96","140","14","2567","2024-09-25 15:40:46");
INSERT INTO pa_estimate VALUES("1784","","2","3","3","68","96","140","14","2567","2024-09-25 15:40:47");
INSERT INTO pa_estimate VALUES("1785","","3","3","3","68","96","140","14","2567","2024-09-25 15:40:47");
INSERT INTO pa_estimate VALUES("1786","","4","4","4","68","96","140","14","2567","2024-09-25 15:40:47");
INSERT INTO pa_estimate VALUES("1787","","5","4","4","68","96","140","14","2567","2024-09-25 15:40:47");
INSERT INTO pa_estimate VALUES("1788","","6","4","4","68","96","140","14","2567","2024-09-25 15:40:47");
INSERT INTO pa_estimate VALUES("1789","","7","4","4","68","96","140","14","2567","2024-09-25 15:40:47");
INSERT INTO pa_estimate VALUES("1790","","8","4","4","68","96","140","14","2567","2024-09-25 15:40:47");
INSERT INTO pa_estimate VALUES("1791","","9","4","4","68","96","140","14","2567","2024-09-25 15:40:47");
INSERT INTO pa_estimate VALUES("1792","","10","4","4","68","96","140","14","2567","2024-09-25 15:40:47");
INSERT INTO pa_estimate VALUES("1793","","11","4","4","68","96","140","14","2567","2024-09-25 15:40:47");
INSERT INTO pa_estimate VALUES("1794","","12","4","4","68","96","140","14","2567","2024-09-25 15:40:47");
INSERT INTO pa_estimate VALUES("1795","","13","4","4","68","96","140","14","2567","2024-09-25 15:40:47");
INSERT INTO pa_estimate VALUES("1796","","14","4","4","68","96","140","14","2567","2024-09-25 15:40:47");
INSERT INTO pa_estimate VALUES("1797","","15","4","4","68","96","140","14","2567","2024-09-25 15:40:47");
INSERT INTO pa_estimate VALUES("1798","","16","4","20","68","96","140","14","2567","2024-09-25 15:40:47");
INSERT INTO pa_estimate VALUES("1799","","17","3","7.5","68","96","140","14","2567","2024-09-25 15:40:47");
INSERT INTO pa_estimate VALUES("1800","","18","3","7.5","68","96","140","14","2567","2024-09-25 15:40:47");
INSERT INTO pa_estimate VALUES("1801","","1","4","4","71","103","138","15","2567","2024-09-25 15:48:57");
INSERT INTO pa_estimate VALUES("1802","","2","4","4","71","103","138","15","2567","2024-09-25 15:48:57");
INSERT INTO pa_estimate VALUES("1803","","3","4","4","71","103","138","15","2567","2024-09-25 15:48:57");
INSERT INTO pa_estimate VALUES("1804","","4","4","4","71","103","138","15","2567","2024-09-25 15:48:57");
INSERT INTO pa_estimate VALUES("1805","","5","3","3","71","103","138","15","2567","2024-09-25 15:48:57");
INSERT INTO pa_estimate VALUES("1806","","6","3","3","71","103","138","15","2567","2024-09-25 15:48:57");
INSERT INTO pa_estimate VALUES("1807","","7","4","4","71","103","138","15","2567","2024-09-25 15:48:57");
INSERT INTO pa_estimate VALUES("1808","","8","4","4","71","103","138","15","2567","2024-09-25 15:48:57");
INSERT INTO pa_estimate VALUES("1809","","9","3","3","71","103","138","15","2567","2024-09-25 15:48:57");
INSERT INTO pa_estimate VALUES("1810","","10","4","4","71","103","138","15","2567","2024-09-25 15:48:57");
INSERT INTO pa_estimate VALUES("1811","","11","4","4","71","103","138","15","2567","2024-09-25 15:48:57");
INSERT INTO pa_estimate VALUES("1812","","12","4","4","71","103","138","15","2567","2024-09-25 15:48:57");
INSERT INTO pa_estimate VALUES("1813","","13","3","3","71","103","138","15","2567","2024-09-25 15:48:57");
INSERT INTO pa_estimate VALUES("1814","","14","3","3","71","103","138","15","2567","2024-09-25 15:48:57");
INSERT INTO pa_estimate VALUES("1815","","15","4","4","71","103","138","15","2567","2024-09-25 15:48:57");
INSERT INTO pa_estimate VALUES("1816","","16","4","20","71","103","138","15","2567","2024-09-25 15:48:57");
INSERT INTO pa_estimate VALUES("1817","","17","3","7.5","71","103","138","15","2567","2024-09-25 15:48:57");
INSERT INTO pa_estimate VALUES("1818","","18","3","7.5","71","103","138","15","2567","2024-09-25 15:48:57");
INSERT INTO pa_estimate VALUES("1819","","1","4","4","68","103","141","15","2567","2024-09-25 15:54:24");
INSERT INTO pa_estimate VALUES("1820","","2","4","4","68","103","141","15","2567","2024-09-25 15:54:24");
INSERT INTO pa_estimate VALUES("1821","","3","4","4","68","103","141","15","2567","2024-09-25 15:54:24");
INSERT INTO pa_estimate VALUES("1822","","4","4","4","68","103","141","15","2567","2024-09-25 15:54:24");
INSERT INTO pa_estimate VALUES("1823","","5","4","4","68","103","141","15","2567","2024-09-25 15:54:24");
INSERT INTO pa_estimate VALUES("1824","","6","3","3","68","103","141","15","2567","2024-09-25 15:54:24");
INSERT INTO pa_estimate VALUES("1825","","7","4","4","68","103","141","15","2567","2024-09-25 15:54:25");
INSERT INTO pa_estimate VALUES("1826","","8","3","3","68","103","141","15","2567","2024-09-25 15:54:25");
INSERT INTO pa_estimate VALUES("1827","","9","4","4","68","103","141","15","2567","2024-09-25 15:54:25");
INSERT INTO pa_estimate VALUES("1828","","10","4","4","68","103","141","15","2567","2024-09-25 15:54:25");
INSERT INTO pa_estimate VALUES("1829","","11","3","3","68","103","141","15","2567","2024-09-25 15:54:25");
INSERT INTO pa_estimate VALUES("1830","","12","4","4","68","103","141","15","2567","2024-09-25 15:54:25");
INSERT INTO pa_estimate VALUES("1831","","13","4","4","68","103","141","15","2567","2024-09-25 15:54:25");
INSERT INTO pa_estimate VALUES("1832","","14","4","4","68","103","141","15","2567","2024-09-25 15:54:25");
INSERT INTO pa_estimate VALUES("1833","","15","4","4","68","103","141","15","2567","2024-09-25 15:54:25");
INSERT INTO pa_estimate VALUES("1834","","16","4","20","68","103","141","15","2567","2024-09-25 15:54:25");
INSERT INTO pa_estimate VALUES("1835","","17","4","10","68","103","141","15","2567","2024-09-25 15:54:25");
INSERT INTO pa_estimate VALUES("1836","","18","3","7.5","68","103","141","15","2567","2024-09-25 15:54:25");
INSERT INTO pa_estimate VALUES("1837","","1","4","4","16","17","19","4","2567","2024-09-29 10:26:36");
INSERT INTO pa_estimate VALUES("1838","","2","4","4","16","17","19","4","2567","2024-09-29 10:26:36");
INSERT INTO pa_estimate VALUES("1839","","3","4","4","16","17","19","4","2567","2024-09-29 10:26:36");
INSERT INTO pa_estimate VALUES("1840","","4","4","4","16","17","19","4","2567","2024-09-29 10:26:36");
INSERT INTO pa_estimate VALUES("1841","","5","3","3","16","17","19","4","2567","2024-09-29 10:26:36");
INSERT INTO pa_estimate VALUES("1842","","6","3","3","16","17","19","4","2567","2024-09-29 10:26:36");
INSERT INTO pa_estimate VALUES("1843","","7","4","4","16","17","19","4","2567","2024-09-29 10:26:36");
INSERT INTO pa_estimate VALUES("1844","","8","4","4","16","17","19","4","2567","2024-09-29 10:26:36");
INSERT INTO pa_estimate VALUES("1845","","9","4","4","16","17","19","4","2567","2024-09-29 10:26:36");
INSERT INTO pa_estimate VALUES("1846","","10","4","4","16","17","19","4","2567","2024-09-29 10:26:36");
INSERT INTO pa_estimate VALUES("1847","","11","3","3","16","17","19","4","2567","2024-09-29 10:26:36");
INSERT INTO pa_estimate VALUES("1848","","12","4","4","16","17","19","4","2567","2024-09-29 10:26:36");
INSERT INTO pa_estimate VALUES("1849","","13","3","3","16","17","19","4","2567","2024-09-29 10:26:36");
INSERT INTO pa_estimate VALUES("1850","","14","4","4","16","17","19","4","2567","2024-09-29 10:26:36");
INSERT INTO pa_estimate VALUES("1851","","15","3","3","16","17","19","4","2567","2024-09-29 10:26:36");
INSERT INTO pa_estimate VALUES("1852","","16","3","15","16","17","19","4","2567","2024-09-29 10:26:36");
INSERT INTO pa_estimate VALUES("1853","","17","4","10","16","17","19","4","2567","2024-09-29 10:26:36");
INSERT INTO pa_estimate VALUES("1854","","18","4","10","16","17","19","4","2567","2024-09-29 10:26:36");
INSERT INTO pa_estimate VALUES("1855","","1","4","4","18","17","22","4","2567","2024-09-29 10:38:06");
INSERT INTO pa_estimate VALUES("1856","","2","4","4","18","17","22","4","2567","2024-09-29 10:38:06");
INSERT INTO pa_estimate VALUES("1857","","3","4","4","18","17","22","4","2567","2024-09-29 10:38:06");
INSERT INTO pa_estimate VALUES("1858","","4","4","4","18","17","22","4","2567","2024-09-29 10:38:06");
INSERT INTO pa_estimate VALUES("1859","","5","3","3","18","17","22","4","2567","2024-09-29 10:38:06");
INSERT INTO pa_estimate VALUES("1860","","6","3","3","18","17","22","4","2567","2024-09-29 10:38:06");
INSERT INTO pa_estimate VALUES("1861","","7","4","4","18","17","22","4","2567","2024-09-29 10:38:06");
INSERT INTO pa_estimate VALUES("1862","","8","4","4","18","17","22","4","2567","2024-09-29 10:38:06");
INSERT INTO pa_estimate VALUES("1863","","9","4","4","18","17","22","4","2567","2024-09-29 10:38:06");
INSERT INTO pa_estimate VALUES("1864","","10","4","4","18","17","22","4","2567","2024-09-29 10:38:06");
INSERT INTO pa_estimate VALUES("1865","","11","3","3","18","17","22","4","2567","2024-09-29 10:38:06");
INSERT INTO pa_estimate VALUES("1866","","12","4","4","18","17","22","4","2567","2024-09-29 10:38:06");
INSERT INTO pa_estimate VALUES("1867","","13","3","3","18","17","22","4","2567","2024-09-29 10:38:06");
INSERT INTO pa_estimate VALUES("1868","","14","4","4","18","17","22","4","2567","2024-09-29 10:38:06");
INSERT INTO pa_estimate VALUES("1869","","15","3","3","18","17","22","4","2567","2024-09-29 10:38:06");
INSERT INTO pa_estimate VALUES("1870","","16","3","15","18","17","22","4","2567","2024-09-29 10:38:06");
INSERT INTO pa_estimate VALUES("1871","","17","4","10","18","17","22","4","2567","2024-09-29 10:38:06");
INSERT INTO pa_estimate VALUES("1872","","18","4","10","18","17","22","4","2567","2024-09-29 10:38:06");
INSERT INTO pa_estimate VALUES("1873","","1","4","4","17","17","25","4","2567","2024-09-29 10:44:36");
INSERT INTO pa_estimate VALUES("1874","","2","4","4","17","17","25","4","2567","2024-09-29 10:44:36");
INSERT INTO pa_estimate VALUES("1875","","3","4","4","17","17","25","4","2567","2024-09-29 10:44:36");
INSERT INTO pa_estimate VALUES("1876","","4","4","4","17","17","25","4","2567","2024-09-29 10:44:36");
INSERT INTO pa_estimate VALUES("1877","","5","3","3","17","17","25","4","2567","2024-09-29 10:44:36");
INSERT INTO pa_estimate VALUES("1878","","6","3","3","17","17","25","4","2567","2024-09-29 10:44:36");
INSERT INTO pa_estimate VALUES("1879","","7","4","4","17","17","25","4","2567","2024-09-29 10:44:36");
INSERT INTO pa_estimate VALUES("1880","","8","4","4","17","17","25","4","2567","2024-09-29 10:44:36");
INSERT INTO pa_estimate VALUES("1881","","9","4","4","17","17","25","4","2567","2024-09-29 10:44:36");
INSERT INTO pa_estimate VALUES("1882","","10","4","4","17","17","25","4","2567","2024-09-29 10:44:36");
INSERT INTO pa_estimate VALUES("1883","","11","4","4","17","17","25","4","2567","2024-09-29 10:44:36");
INSERT INTO pa_estimate VALUES("1884","","12","4","4","17","17","25","4","2567","2024-09-29 10:44:36");
INSERT INTO pa_estimate VALUES("1885","","13","3","3","17","17","25","4","2567","2024-09-29 10:44:36");
INSERT INTO pa_estimate VALUES("1886","","14","4","4","17","17","25","4","2567","2024-09-29 10:44:36");
INSERT INTO pa_estimate VALUES("1887","","15","4","4","17","17","25","4","2567","2024-09-29 10:44:36");
INSERT INTO pa_estimate VALUES("1888","","16","3","15","17","17","25","4","2567","2024-09-29 10:44:36");
INSERT INTO pa_estimate VALUES("1889","","17","4","10","17","17","25","4","2567","2024-09-29 10:44:36");
INSERT INTO pa_estimate VALUES("1890","","18","4","10","17","17","25","4","2567","2024-09-29 10:44:36");
INSERT INTO pa_estimate VALUES("1891","","1","4","4","19","17","28","4","2567","2024-09-29 10:54:29");
INSERT INTO pa_estimate VALUES("1892","","2","4","4","19","17","28","4","2567","2024-09-29 10:54:29");
INSERT INTO pa_estimate VALUES("1893","","3","4","4","19","17","28","4","2567","2024-09-29 10:54:29");
INSERT INTO pa_estimate VALUES("1894","","4","4","4","19","17","28","4","2567","2024-09-29 10:54:29");
INSERT INTO pa_estimate VALUES("1895","","5","3","3","19","17","28","4","2567","2024-09-29 10:54:29");
INSERT INTO pa_estimate VALUES("1896","","6","3","3","19","17","28","4","2567","2024-09-29 10:54:29");
INSERT INTO pa_estimate VALUES("1897","","7","4","4","19","17","28","4","2567","2024-09-29 10:54:29");
INSERT INTO pa_estimate VALUES("1898","","8","4","4","19","17","28","4","2567","2024-09-29 10:54:29");
INSERT INTO pa_estimate VALUES("1899","","9","3","3","19","17","28","4","2567","2024-09-29 10:54:29");
INSERT INTO pa_estimate VALUES("1900","","10","4","4","19","17","28","4","2567","2024-09-29 10:54:29");
INSERT INTO pa_estimate VALUES("1901","","11","4","4","19","17","28","4","2567","2024-09-29 10:54:29");
INSERT INTO pa_estimate VALUES("1902","","12","4","4","19","17","28","4","2567","2024-09-29 10:54:29");
INSERT INTO pa_estimate VALUES("1903","","13","4","4","19","17","28","4","2567","2024-09-29 10:54:29");
INSERT INTO pa_estimate VALUES("1904","","14","4","4","19","17","28","4","2567","2024-09-29 10:54:29");
INSERT INTO pa_estimate VALUES("1905","","15","4","4","19","17","28","4","2567","2024-09-29 10:54:29");
INSERT INTO pa_estimate VALUES("1906","","16","3","15","19","17","28","4","2567","2024-09-29 10:54:29");
INSERT INTO pa_estimate VALUES("1907","","17","4","10","19","17","28","4","2567","2024-09-29 10:54:29");
INSERT INTO pa_estimate VALUES("1908","","18","4","10","19","17","28","4","2567","2024-09-29 10:54:29");
INSERT INTO pa_estimate VALUES("1909","","1","3","3","20","17","31","4","2567","2024-09-29 11:00:42");
INSERT INTO pa_estimate VALUES("1910","","2","3","3","20","17","31","4","2567","2024-09-29 11:00:42");
INSERT INTO pa_estimate VALUES("1911","","3","3","3","20","17","31","4","2567","2024-09-29 11:00:42");
INSERT INTO pa_estimate VALUES("1912","","4","4","4","20","17","31","4","2567","2024-09-29 11:00:42");
INSERT INTO pa_estimate VALUES("1913","","5","3","3","20","17","31","4","2567","2024-09-29 11:00:42");
INSERT INTO pa_estimate VALUES("1914","","6","3","3","20","17","31","4","2567","2024-09-29 11:00:42");
INSERT INTO pa_estimate VALUES("1915","","7","4","4","20","17","31","4","2567","2024-09-29 11:00:42");
INSERT INTO pa_estimate VALUES("1916","","8","4","4","20","17","31","4","2567","2024-09-29 11:00:42");
INSERT INTO pa_estimate VALUES("1917","","9","4","4","20","17","31","4","2567","2024-09-29 11:00:42");
INSERT INTO pa_estimate VALUES("1918","","10","4","4","20","17","31","4","2567","2024-09-29 11:00:42");
INSERT INTO pa_estimate VALUES("1919","","11","3","3","20","17","31","4","2567","2024-09-29 11:00:42");
INSERT INTO pa_estimate VALUES("1920","","12","3","3","20","17","31","4","2567","2024-09-29 11:00:42");
INSERT INTO pa_estimate VALUES("1921","","13","3","3","20","17","31","4","2567","2024-09-29 11:00:42");
INSERT INTO pa_estimate VALUES("1922","","14","3","3","20","17","31","4","2567","2024-09-29 11:00:42");
INSERT INTO pa_estimate VALUES("1923","","15","3","3","20","17","31","4","2567","2024-09-29 11:00:42");
INSERT INTO pa_estimate VALUES("1924","","16","3","15","20","17","31","4","2567","2024-09-29 11:00:42");
INSERT INTO pa_estimate VALUES("1925","","17","4","10","20","17","31","4","2567","2024-09-29 11:00:42");
INSERT INTO pa_estimate VALUES("1926","","18","4","10","20","17","31","4","2567","2024-09-29 11:00:42");
INSERT INTO pa_estimate VALUES("1927","","1","3","3","21","17","34","4","2567","2024-09-29 11:20:02");
INSERT INTO pa_estimate VALUES("1928","","2","3","3","21","17","34","4","2567","2024-09-29 11:20:02");
INSERT INTO pa_estimate VALUES("1929","","3","3","3","21","17","34","4","2567","2024-09-29 11:20:02");
INSERT INTO pa_estimate VALUES("1930","","4","4","4","21","17","34","4","2567","2024-09-29 11:20:02");
INSERT INTO pa_estimate VALUES("1931","","5","3","3","21","17","34","4","2567","2024-09-29 11:20:02");
INSERT INTO pa_estimate VALUES("1932","","6","3","3","21","17","34","4","2567","2024-09-29 11:20:02");
INSERT INTO pa_estimate VALUES("1933","","7","3","3","21","17","34","4","2567","2024-09-29 11:20:02");
INSERT INTO pa_estimate VALUES("1934","","8","4","4","21","17","34","4","2567","2024-09-29 11:20:02");
INSERT INTO pa_estimate VALUES("1935","","9","4","4","21","17","34","4","2567","2024-09-29 11:20:02");
INSERT INTO pa_estimate VALUES("1936","","10","4","4","21","17","34","4","2567","2024-09-29 11:20:02");
INSERT INTO pa_estimate VALUES("1937","","11","4","4","21","17","34","4","2567","2024-09-29 11:20:02");
INSERT INTO pa_estimate VALUES("1938","","12","3","3","21","17","34","4","2567","2024-09-29 11:20:02");
INSERT INTO pa_estimate VALUES("1939","","13","3","3","21","17","34","4","2567","2024-09-29 11:20:02");
INSERT INTO pa_estimate VALUES("1940","","14","3","3","21","17","34","4","2567","2024-09-29 11:20:02");
INSERT INTO pa_estimate VALUES("1941","","15","3","3","21","17","34","4","2567","2024-09-29 11:20:02");
INSERT INTO pa_estimate VALUES("1942","","16","3","15","21","17","34","4","2567","2024-09-29 11:20:02");
INSERT INTO pa_estimate VALUES("1943","","17","4","10","21","17","34","4","2567","2024-09-29 11:20:02");
INSERT INTO pa_estimate VALUES("1944","","18","4","10","21","17","34","4","2567","2024-09-29 11:20:02");
INSERT INTO pa_estimate VALUES("1945","","1","3","3","15","17","37","4","2567","2024-09-29 12:07:20");
INSERT INTO pa_estimate VALUES("1946","","2","3","3","15","17","37","4","2567","2024-09-29 12:07:20");
INSERT INTO pa_estimate VALUES("1947","","3","3","3","15","17","37","4","2567","2024-09-29 12:07:20");
INSERT INTO pa_estimate VALUES("1948","","4","4","4","15","17","37","4","2567","2024-09-29 12:07:20");
INSERT INTO pa_estimate VALUES("1949","","5","3","3","15","17","37","4","2567","2024-09-29 12:07:20");
INSERT INTO pa_estimate VALUES("1950","","6","3","3","15","17","37","4","2567","2024-09-29 12:07:20");
INSERT INTO pa_estimate VALUES("1951","","7","3","3","15","17","37","4","2567","2024-09-29 12:07:20");
INSERT INTO pa_estimate VALUES("1952","","8","3","3","15","17","37","4","2567","2024-09-29 12:07:20");
INSERT INTO pa_estimate VALUES("1953","","9","4","4","15","17","37","4","2567","2024-09-29 12:07:20");
INSERT INTO pa_estimate VALUES("1954","","10","4","4","15","17","37","4","2567","2024-09-29 12:07:20");
INSERT INTO pa_estimate VALUES("1955","","11","3","3","15","17","37","4","2567","2024-09-29 12:07:20");
INSERT INTO pa_estimate VALUES("1956","","12","3","3","15","17","37","4","2567","2024-09-29 12:07:20");
INSERT INTO pa_estimate VALUES("1957","","13","4","4","15","17","37","4","2567","2024-09-29 12:07:20");
INSERT INTO pa_estimate VALUES("1958","","14","3","3","15","17","37","4","2567","2024-09-29 12:07:20");
INSERT INTO pa_estimate VALUES("1959","","15","4","4","15","17","37","4","2567","2024-09-29 12:07:20");
INSERT INTO pa_estimate VALUES("1960","","16","3","15","15","17","37","4","2567","2024-09-29 12:07:20");
INSERT INTO pa_estimate VALUES("1961","","17","4","10","15","17","37","4","2567","2024-09-29 12:07:20");
INSERT INTO pa_estimate VALUES("1962","","18","4","10","15","17","37","4","2567","2024-09-29 12:07:20");
INSERT INTO pa_estimate VALUES("1963","","1","3","3","84","17","40","4","2567","2024-09-29 12:31:45");
INSERT INTO pa_estimate VALUES("1964","","2","3","3","84","17","40","4","2567","2024-09-29 12:31:45");
INSERT INTO pa_estimate VALUES("1965","","3","3","3","84","17","40","4","2567","2024-09-29 12:31:45");
INSERT INTO pa_estimate VALUES("1966","","4","4","4","84","17","40","4","2567","2024-09-29 12:31:45");
INSERT INTO pa_estimate VALUES("1967","","5","3","3","84","17","40","4","2567","2024-09-29 12:31:45");
INSERT INTO pa_estimate VALUES("1968","","6","3","3","84","17","40","4","2567","2024-09-29 12:31:45");
INSERT INTO pa_estimate VALUES("1969","","7","4","4","84","17","40","4","2567","2024-09-29 12:31:45");
INSERT INTO pa_estimate VALUES("1970","","8","3","3","84","17","40","4","2567","2024-09-29 12:31:45");
INSERT INTO pa_estimate VALUES("1971","","9","3","3","84","17","40","4","2567","2024-09-29 12:31:45");
INSERT INTO pa_estimate VALUES("1972","","10","4","4","84","17","40","4","2567","2024-09-29 12:31:45");
INSERT INTO pa_estimate VALUES("1973","","11","3","3","84","17","40","4","2567","2024-09-29 12:31:45");
INSERT INTO pa_estimate VALUES("1974","","12","3","3","84","17","40","4","2567","2024-09-29 12:31:45");
INSERT INTO pa_estimate VALUES("1975","","13","4","4","84","17","40","4","2567","2024-09-29 12:31:45");
INSERT INTO pa_estimate VALUES("1976","","14","3","3","84","17","40","4","2567","2024-09-29 12:31:45");
INSERT INTO pa_estimate VALUES("1977","","15","4","4","84","17","40","4","2567","2024-09-29 12:31:45");
INSERT INTO pa_estimate VALUES("1978","","16","3","15","84","17","40","4","2567","2024-09-29 12:31:45");
INSERT INTO pa_estimate VALUES("1979","","17","4","10","84","17","40","4","2567","2024-09-29 12:31:45");
INSERT INTO pa_estimate VALUES("1980","","18","4","10","84","17","40","4","2567","2024-09-29 12:31:45");
INSERT INTO pa_estimate VALUES("1981","","1","3","3","59","58","100","13","2567","2024-09-30 05:25:06");
INSERT INTO pa_estimate VALUES("1982","","2","3","3","59","58","100","13","2567","2024-09-30 05:25:06");
INSERT INTO pa_estimate VALUES("1983","","3","3","3","59","58","100","13","2567","2024-09-30 05:25:06");
INSERT INTO pa_estimate VALUES("1984","","4","4","4","59","58","100","13","2567","2024-09-30 05:25:06");
INSERT INTO pa_estimate VALUES("1985","","5","4","4","59","58","100","13","2567","2024-09-30 05:25:06");
INSERT INTO pa_estimate VALUES("1986","","6","4","4","59","58","100","13","2567","2024-09-30 05:25:06");
INSERT INTO pa_estimate VALUES("1987","","7","4","4","59","58","100","13","2567","2024-09-30 05:25:06");
INSERT INTO pa_estimate VALUES("1988","","8","4","4","59","58","100","13","2567","2024-09-30 05:25:06");
INSERT INTO pa_estimate VALUES("1989","","9","3","3","59","58","100","13","2567","2024-09-30 05:25:06");
INSERT INTO pa_estimate VALUES("1990","","10","4","4","59","58","100","13","2567","2024-09-30 05:25:06");
INSERT INTO pa_estimate VALUES("1991","","11","4","4","59","58","100","13","2567","2024-09-30 05:25:06");
INSERT INTO pa_estimate VALUES("1992","","12","4","4","59","58","100","13","2567","2024-09-30 05:25:06");
INSERT INTO pa_estimate VALUES("1993","","13","4","4","59","58","100","13","2567","2024-09-30 05:25:06");
INSERT INTO pa_estimate VALUES("1994","","14","4","4","59","58","100","13","2567","2024-09-30 05:25:06");
INSERT INTO pa_estimate VALUES("1995","","15","3","3","59","58","100","13","2567","2024-09-30 05:25:06");
INSERT INTO pa_estimate VALUES("1996","","16","3","15","59","58","100","13","2567","2024-09-30 05:25:06");
INSERT INTO pa_estimate VALUES("1997","","17","3","7.5","59","58","100","13","2567","2024-09-30 05:25:06");
INSERT INTO pa_estimate VALUES("1998","","18","3","7.5","59","58","100","13","2567","2024-09-30 05:25:06");
INSERT INTO pa_estimate VALUES("1999","","1","3","3","60","58","103","13","2567","2024-09-30 05:38:26");
INSERT INTO pa_estimate VALUES("2000","","2","3","3","60","58","103","13","2567","2024-09-30 05:38:26");
INSERT INTO pa_estimate VALUES("2001","","3","3","3","60","58","103","13","2567","2024-09-30 05:38:26");
INSERT INTO pa_estimate VALUES("2002","","4","4","4","60","58","103","13","2567","2024-09-30 05:38:26");
INSERT INTO pa_estimate VALUES("2003","","5","4","4","60","58","103","13","2567","2024-09-30 05:38:26");
INSERT INTO pa_estimate VALUES("2004","","6","4","4","60","58","103","13","2567","2024-09-30 05:38:26");
INSERT INTO pa_estimate VALUES("2005","","7","4","4","60","58","103","13","2567","2024-09-30 05:38:26");
INSERT INTO pa_estimate VALUES("2006","","8","4","4","60","58","103","13","2567","2024-09-30 05:38:26");
INSERT INTO pa_estimate VALUES("2007","","9","3","3","60","58","103","13","2567","2024-09-30 05:38:26");
INSERT INTO pa_estimate VALUES("2008","","10","4","4","60","58","103","13","2567","2024-09-30 05:38:26");
INSERT INTO pa_estimate VALUES("2009","","11","4","4","60","58","103","13","2567","2024-09-30 05:38:26");
INSERT INTO pa_estimate VALUES("2010","","12","3","3","60","58","103","13","2567","2024-09-30 05:38:26");
INSERT INTO pa_estimate VALUES("2011","","13","4","4","60","58","103","13","2567","2024-09-30 05:38:26");
INSERT INTO pa_estimate VALUES("2012","","14","4","4","60","58","103","13","2567","2024-09-30 05:38:26");
INSERT INTO pa_estimate VALUES("2013","","15","4","4","60","58","103","13","2567","2024-09-30 05:38:26");
INSERT INTO pa_estimate VALUES("2014","","16","3","15","60","58","103","13","2567","2024-09-30 05:38:26");
INSERT INTO pa_estimate VALUES("2015","","17","3","7.5","60","58","103","13","2567","2024-09-30 05:38:26");
INSERT INTO pa_estimate VALUES("2016","","18","3","7.5","60","58","103","13","2567","2024-09-30 05:38:26");
INSERT INTO pa_estimate VALUES("2017","","1","3","3","58","58","106","13","2567","2024-09-30 05:47:10");
INSERT INTO pa_estimate VALUES("2018","","2","3","3","58","58","106","13","2567","2024-09-30 05:47:10");
INSERT INTO pa_estimate VALUES("2019","","3","3","3","58","58","106","13","2567","2024-09-30 05:47:10");
INSERT INTO pa_estimate VALUES("2020","","4","4","4","58","58","106","13","2567","2024-09-30 05:47:10");
INSERT INTO pa_estimate VALUES("2021","","5","4","4","58","58","106","13","2567","2024-09-30 05:47:10");
INSERT INTO pa_estimate VALUES("2022","","6","4","4","58","58","106","13","2567","2024-09-30 05:47:10");
INSERT INTO pa_estimate VALUES("2023","","7","4","4","58","58","106","13","2567","2024-09-30 05:47:10");
INSERT INTO pa_estimate VALUES("2024","","8","4","4","58","58","106","13","2567","2024-09-30 05:47:10");
INSERT INTO pa_estimate VALUES("2025","","9","3","3","58","58","106","13","2567","2024-09-30 05:47:10");
INSERT INTO pa_estimate VALUES("2026","","10","4","4","58","58","106","13","2567","2024-09-30 05:47:10");
INSERT INTO pa_estimate VALUES("2027","","11","4","4","58","58","106","13","2567","2024-09-30 05:47:10");
INSERT INTO pa_estimate VALUES("2028","","12","4","4","58","58","106","13","2567","2024-09-30 05:47:10");
INSERT INTO pa_estimate VALUES("2029","","13","4","4","58","58","106","13","2567","2024-09-30 05:47:10");
INSERT INTO pa_estimate VALUES("2030","","14","4","4","58","58","106","13","2567","2024-09-30 05:47:10");
INSERT INTO pa_estimate VALUES("2031","","15","3","3","58","58","106","13","2567","2024-09-30 05:47:10");
INSERT INTO pa_estimate VALUES("2032","","16","3","15","58","58","106","13","2567","2024-09-30 05:47:10");
INSERT INTO pa_estimate VALUES("2033","","17","3","7.5","58","58","106","13","2567","2024-09-30 05:47:10");
INSERT INTO pa_estimate VALUES("2034","","18","3","7.5","58","58","106","13","2567","2024-09-30 05:47:10");
INSERT INTO pa_estimate VALUES("2035","","1","3","3","62","58","109","13","2567","2024-09-30 05:47:55");
INSERT INTO pa_estimate VALUES("2036","","2","3","3","62","58","109","13","2567","2024-09-30 05:47:55");
INSERT INTO pa_estimate VALUES("2037","","3","3","3","62","58","109","13","2567","2024-09-30 05:47:55");
INSERT INTO pa_estimate VALUES("2038","","4","4","4","62","58","109","13","2567","2024-09-30 05:47:55");
INSERT INTO pa_estimate VALUES("2039","","5","4","4","62","58","109","13","2567","2024-09-30 05:47:55");
INSERT INTO pa_estimate VALUES("2040","","6","4","4","62","58","109","13","2567","2024-09-30 05:47:55");
INSERT INTO pa_estimate VALUES("2041","","7","4","4","62","58","109","13","2567","2024-09-30 05:47:55");
INSERT INTO pa_estimate VALUES("2042","","8","4","4","62","58","109","13","2567","2024-09-30 05:47:55");
INSERT INTO pa_estimate VALUES("2043","","9","3","3","62","58","109","13","2567","2024-09-30 05:47:55");
INSERT INTO pa_estimate VALUES("2044","","10","4","4","62","58","109","13","2567","2024-09-30 05:47:55");
INSERT INTO pa_estimate VALUES("2045","","11","4","4","62","58","109","13","2567","2024-09-30 05:47:55");
INSERT INTO pa_estimate VALUES("2046","","12","4","4","62","58","109","13","2567","2024-09-30 05:47:55");
INSERT INTO pa_estimate VALUES("2047","","13","4","4","62","58","109","13","2567","2024-09-30 05:47:55");
INSERT INTO pa_estimate VALUES("2048","","14","4","4","62","58","109","13","2567","2024-09-30 05:47:55");
INSERT INTO pa_estimate VALUES("2049","","15","3","3","62","58","109","13","2567","2024-09-30 05:47:55");
INSERT INTO pa_estimate VALUES("2050","","16","3","15","62","58","109","13","2567","2024-09-30 05:47:55");
INSERT INTO pa_estimate VALUES("2051","","17","3","7.5","62","58","109","13","2567","2024-09-30 05:47:55");
INSERT INTO pa_estimate VALUES("2052","","18","3","7.5","62","58","109","13","2567","2024-09-30 05:47:55");
INSERT INTO pa_estimate VALUES("2053","","1","3","3","67","58","112","13","2567","2024-09-30 05:48:38");
INSERT INTO pa_estimate VALUES("2054","","2","3","3","67","58","112","13","2567","2024-09-30 05:48:38");
INSERT INTO pa_estimate VALUES("2055","","3","3","3","67","58","112","13","2567","2024-09-30 05:48:38");
INSERT INTO pa_estimate VALUES("2056","","4","4","4","67","58","112","13","2567","2024-09-30 05:48:38");
INSERT INTO pa_estimate VALUES("2057","","5","4","4","67","58","112","13","2567","2024-09-30 05:48:38");
INSERT INTO pa_estimate VALUES("2058","","6","4","4","67","58","112","13","2567","2024-09-30 05:48:38");
INSERT INTO pa_estimate VALUES("2059","","7","4","4","67","58","112","13","2567","2024-09-30 05:48:38");
INSERT INTO pa_estimate VALUES("2060","","8","4","4","67","58","112","13","2567","2024-09-30 05:48:38");
INSERT INTO pa_estimate VALUES("2061","","9","3","3","67","58","112","13","2567","2024-09-30 05:48:38");
INSERT INTO pa_estimate VALUES("2062","","10","4","4","67","58","112","13","2567","2024-09-30 05:48:38");
INSERT INTO pa_estimate VALUES("2063","","11","4","4","67","58","112","13","2567","2024-09-30 05:48:38");
INSERT INTO pa_estimate VALUES("2064","","12","4","4","67","58","112","13","2567","2024-09-30 05:48:38");
INSERT INTO pa_estimate VALUES("2065","","13","4","4","67","58","112","13","2567","2024-09-30 05:48:38");
INSERT INTO pa_estimate VALUES("2066","","14","4","4","67","58","112","13","2567","2024-09-30 05:48:38");
INSERT INTO pa_estimate VALUES("2067","","15","3","3","67","58","112","13","2567","2024-09-30 05:48:38");
INSERT INTO pa_estimate VALUES("2068","","16","3","15","67","58","112","13","2567","2024-09-30 05:48:38");
INSERT INTO pa_estimate VALUES("2069","","17","3","7.5","67","58","112","13","2567","2024-09-30 05:48:38");
INSERT INTO pa_estimate VALUES("2070","","18","3","7.5","67","58","112","13","2567","2024-09-30 05:48:38");
INSERT INTO pa_estimate VALUES("2071","","1","3","3","61","58","115","13","2567","2024-09-30 05:50:08");
INSERT INTO pa_estimate VALUES("2072","","2","3","3","61","58","115","13","2567","2024-09-30 05:50:08");
INSERT INTO pa_estimate VALUES("2073","","3","3","3","61","58","115","13","2567","2024-09-30 05:50:08");
INSERT INTO pa_estimate VALUES("2074","","4","3","3","61","58","115","13","2567","2024-09-30 05:50:08");
INSERT INTO pa_estimate VALUES("2075","","5","4","4","61","58","115","13","2567","2024-09-30 05:50:08");
INSERT INTO pa_estimate VALUES("2076","","6","4","4","61","58","115","13","2567","2024-09-30 05:50:08");
INSERT INTO pa_estimate VALUES("2077","","7","4","4","61","58","115","13","2567","2024-09-30 05:50:08");
INSERT INTO pa_estimate VALUES("2078","","8","4","4","61","58","115","13","2567","2024-09-30 05:50:08");
INSERT INTO pa_estimate VALUES("2079","","9","3","3","61","58","115","13","2567","2024-09-30 05:50:08");
INSERT INTO pa_estimate VALUES("2080","","10","4","4","61","58","115","13","2567","2024-09-30 05:50:08");
INSERT INTO pa_estimate VALUES("2081","","11","4","4","61","58","115","13","2567","2024-09-30 05:50:08");
INSERT INTO pa_estimate VALUES("2082","","12","4","4","61","58","115","13","2567","2024-09-30 05:50:08");
INSERT INTO pa_estimate VALUES("2083","","13","4","4","61","58","115","13","2567","2024-09-30 05:50:08");
INSERT INTO pa_estimate VALUES("2084","","14","4","4","61","58","115","13","2567","2024-09-30 05:50:08");
INSERT INTO pa_estimate VALUES("2085","","15","3","3","61","58","115","13","2567","2024-09-30 05:50:08");
INSERT INTO pa_estimate VALUES("2086","","16","3","15","61","58","115","13","2567","2024-09-30 05:50:08");
INSERT INTO pa_estimate VALUES("2087","","17","3","7.5","61","58","115","13","2567","2024-09-30 05:50:08");
INSERT INTO pa_estimate VALUES("2088","","18","3","7.5","61","58","115","13","2567","2024-09-30 05:50:08");
INSERT INTO pa_estimate VALUES("2089","","1","3","3","71","58","136","13","2567","2024-09-30 05:53:11");
INSERT INTO pa_estimate VALUES("2090","","2","3","3","71","58","136","13","2567","2024-09-30 05:53:11");
INSERT INTO pa_estimate VALUES("2091","","3","3","3","71","58","136","13","2567","2024-09-30 05:53:11");
INSERT INTO pa_estimate VALUES("2092","","4","3","3","71","58","136","13","2567","2024-09-30 05:53:11");
INSERT INTO pa_estimate VALUES("2093","","5","4","4","71","58","136","13","2567","2024-09-30 05:53:11");
INSERT INTO pa_estimate VALUES("2094","","6","4","4","71","58","136","13","2567","2024-09-30 05:53:11");
INSERT INTO pa_estimate VALUES("2095","","7","4","4","71","58","136","13","2567","2024-09-30 05:53:11");
INSERT INTO pa_estimate VALUES("2096","","8","4","4","71","58","136","13","2567","2024-09-30 05:53:11");
INSERT INTO pa_estimate VALUES("2097","","9","3","3","71","58","136","13","2567","2024-09-30 05:53:11");
INSERT INTO pa_estimate VALUES("2098","","10","4","4","71","58","136","13","2567","2024-09-30 05:53:11");
INSERT INTO pa_estimate VALUES("2099","","11","4","4","71","58","136","13","2567","2024-09-30 05:53:11");
INSERT INTO pa_estimate VALUES("2100","","12","4","4","71","58","136","13","2567","2024-09-30 05:53:11");
INSERT INTO pa_estimate VALUES("2101","","13","4","4","71","58","136","13","2567","2024-09-30 05:53:11");
INSERT INTO pa_estimate VALUES("2102","","14","4","4","71","58","136","13","2567","2024-09-30 05:53:11");
INSERT INTO pa_estimate VALUES("2103","","15","3","3","71","58","136","13","2567","2024-09-30 05:53:11");
INSERT INTO pa_estimate VALUES("2104","","16","3","15","71","58","136","13","2567","2024-09-30 05:53:11");
INSERT INTO pa_estimate VALUES("2105","","17","3","7.5","71","58","136","13","2567","2024-09-30 05:53:11");
INSERT INTO pa_estimate VALUES("2106","","18","3","7.5","71","58","136","13","2567","2024-09-30 05:53:11");
INSERT INTO pa_estimate VALUES("2107","","1","3","3","68","58","139","13","2567","2024-09-30 05:54:02");
INSERT INTO pa_estimate VALUES("2108","","2","3","3","68","58","139","13","2567","2024-09-30 05:54:02");
INSERT INTO pa_estimate VALUES("2109","","3","3","3","68","58","139","13","2567","2024-09-30 05:54:02");
INSERT INTO pa_estimate VALUES("2110","","4","3","3","68","58","139","13","2567","2024-09-30 05:54:02");
INSERT INTO pa_estimate VALUES("2111","","5","4","4","68","58","139","13","2567","2024-09-30 05:54:02");
INSERT INTO pa_estimate VALUES("2112","","6","4","4","68","58","139","13","2567","2024-09-30 05:54:02");
INSERT INTO pa_estimate VALUES("2113","","7","4","4","68","58","139","13","2567","2024-09-30 05:54:02");
INSERT INTO pa_estimate VALUES("2114","","8","4","4","68","58","139","13","2567","2024-09-30 05:54:02");
INSERT INTO pa_estimate VALUES("2115","","9","3","3","68","58","139","13","2567","2024-09-30 05:54:02");
INSERT INTO pa_estimate VALUES("2116","","10","4","4","68","58","139","13","2567","2024-09-30 05:54:02");
INSERT INTO pa_estimate VALUES("2117","","11","4","4","68","58","139","13","2567","2024-09-30 05:54:02");
INSERT INTO pa_estimate VALUES("2118","","12","4","4","68","58","139","13","2567","2024-09-30 05:54:02");
INSERT INTO pa_estimate VALUES("2119","","13","4","4","68","58","139","13","2567","2024-09-30 05:54:02");
INSERT INTO pa_estimate VALUES("2120","","14","4","4","68","58","139","13","2567","2024-09-30 05:54:02");
INSERT INTO pa_estimate VALUES("2121","","15","3","3","68","58","139","13","2567","2024-09-30 05:54:02");
INSERT INTO pa_estimate VALUES("2122","","16","3","15","68","58","139","13","2567","2024-09-30 05:54:02");
INSERT INTO pa_estimate VALUES("2123","","17","3","7.5","68","58","139","13","2567","2024-09-30 05:54:02");
INSERT INTO pa_estimate VALUES("2124","","18","3","7.5","68","58","139","13","2567","2024-09-30 05:54:02");
INSERT INTO pa_estimate VALUES("2125","","1","4","4","53","51","127","7","2567","2024-10-01 10:23:24");
INSERT INTO pa_estimate VALUES("2126","","2","3","3","53","51","127","7","2567","2024-10-01 10:23:24");
INSERT INTO pa_estimate VALUES("2127","","3","3","3","53","51","127","7","2567","2024-10-01 10:23:24");
INSERT INTO pa_estimate VALUES("2128","","4","4","4","53","51","127","7","2567","2024-10-01 10:23:24");
INSERT INTO pa_estimate VALUES("2129","","5","4","4","53","51","127","7","2567","2024-10-01 10:23:24");
INSERT INTO pa_estimate VALUES("2130","","6","4","4","53","51","127","7","2567","2024-10-01 10:23:24");
INSERT INTO pa_estimate VALUES("2131","","7","4","4","53","51","127","7","2567","2024-10-01 10:23:24");
INSERT INTO pa_estimate VALUES("2132","","8","4","4","53","51","127","7","2567","2024-10-01 10:23:24");
INSERT INTO pa_estimate VALUES("2133","","9","4","4","53","51","127","7","2567","2024-10-01 10:23:24");
INSERT INTO pa_estimate VALUES("2134","","10","3","3","53","51","127","7","2567","2024-10-01 10:23:24");
INSERT INTO pa_estimate VALUES("2135","","11","4","4","53","51","127","7","2567","2024-10-01 10:23:24");
INSERT INTO pa_estimate VALUES("2136","","12","3","3","53","51","127","7","2567","2024-10-01 10:23:24");
INSERT INTO pa_estimate VALUES("2137","","13","3","3","53","51","127","7","2567","2024-10-01 10:23:24");
INSERT INTO pa_estimate VALUES("2138","","14","4","4","53","51","127","7","2567","2024-10-01 10:23:24");
INSERT INTO pa_estimate VALUES("2139","","15","4","4","53","51","127","7","2567","2024-10-01 10:23:24");
INSERT INTO pa_estimate VALUES("2140","","16","3","15","53","51","127","7","2567","2024-10-01 10:23:24");
INSERT INTO pa_estimate VALUES("2141","","17","3","7.5","53","51","127","7","2567","2024-10-01 10:23:24");
INSERT INTO pa_estimate VALUES("2142","","18","3","7.5","53","51","127","7","2567","2024-10-01 10:23:24");
INSERT INTO pa_estimate VALUES("2143","","1","4","4","51","51","130","7","2567","2024-10-01 10:33:00");
INSERT INTO pa_estimate VALUES("2144","","2","4","4","51","51","130","7","2567","2024-10-01 10:33:00");
INSERT INTO pa_estimate VALUES("2145","","3","3","3","51","51","130","7","2567","2024-10-01 10:33:00");
INSERT INTO pa_estimate VALUES("2146","","4","4","4","51","51","130","7","2567","2024-10-01 10:33:00");
INSERT INTO pa_estimate VALUES("2147","","5","4","4","51","51","130","7","2567","2024-10-01 10:33:00");
INSERT INTO pa_estimate VALUES("2148","","6","3","3","51","51","130","7","2567","2024-10-01 10:33:00");
INSERT INTO pa_estimate VALUES("2149","","7","4","4","51","51","130","7","2567","2024-10-01 10:33:00");
INSERT INTO pa_estimate VALUES("2150","","8","3","3","51","51","130","7","2567","2024-10-01 10:33:00");
INSERT INTO pa_estimate VALUES("2151","","9","4","4","51","51","130","7","2567","2024-10-01 10:33:00");
INSERT INTO pa_estimate VALUES("2152","","10","4","4","51","51","130","7","2567","2024-10-01 10:33:00");
INSERT INTO pa_estimate VALUES("2153","","11","3","3","51","51","130","7","2567","2024-10-01 10:33:00");
INSERT INTO pa_estimate VALUES("2154","","12","4","4","51","51","130","7","2567","2024-10-01 10:33:00");
INSERT INTO pa_estimate VALUES("2155","","13","3","3","51","51","130","7","2567","2024-10-01 10:33:00");
INSERT INTO pa_estimate VALUES("2156","","14","4","4","51","51","130","7","2567","2024-10-01 10:33:00");
INSERT INTO pa_estimate VALUES("2157","","15","4","4","51","51","130","7","2567","2024-10-01 10:33:00");
INSERT INTO pa_estimate VALUES("2158","","16","3","15","51","51","130","7","2567","2024-10-01 10:33:00");
INSERT INTO pa_estimate VALUES("2159","","17","3","7.5","51","51","130","7","2567","2024-10-01 10:33:00");
INSERT INTO pa_estimate VALUES("2160","","18","3","7.5","51","51","130","7","2567","2024-10-01 10:33:00");
INSERT INTO pa_estimate VALUES("2161","","1","4","4","54","57","94","19","2567","2024-10-01 11:00:26");
INSERT INTO pa_estimate VALUES("2162","","2","3","3","54","57","94","19","2567","2024-10-01 11:00:26");
INSERT INTO pa_estimate VALUES("2163","","3","4","4","54","57","94","19","2567","2024-10-01 11:00:26");
INSERT INTO pa_estimate VALUES("2164","","4","4","4","54","57","94","19","2567","2024-10-01 11:00:26");
INSERT INTO pa_estimate VALUES("2165","","5","3","3","54","57","94","19","2567","2024-10-01 11:00:26");
INSERT INTO pa_estimate VALUES("2166","","6","4","4","54","57","94","19","2567","2024-10-01 11:00:27");
INSERT INTO pa_estimate VALUES("2167","","7","4","4","54","57","94","19","2567","2024-10-01 11:00:27");
INSERT INTO pa_estimate VALUES("2168","","8","4","4","54","57","94","19","2567","2024-10-01 11:00:27");
INSERT INTO pa_estimate VALUES("2169","","9","3","3","54","57","94","19","2567","2024-10-01 11:00:27");
INSERT INTO pa_estimate VALUES("2170","","10","4","4","54","57","94","19","2567","2024-10-01 11:00:27");
INSERT INTO pa_estimate VALUES("2171","","11","4","4","54","57","94","19","2567","2024-10-01 11:00:27");
INSERT INTO pa_estimate VALUES("2172","","12","4","4","54","57","94","19","2567","2024-10-01 11:00:27");
INSERT INTO pa_estimate VALUES("2173","","13","4","4","54","57","94","19","2567","2024-10-01 11:00:27");
INSERT INTO pa_estimate VALUES("2174","","14","3","3","54","57","94","19","2567","2024-10-01 11:00:27");
INSERT INTO pa_estimate VALUES("2175","","15","3","3","54","57","94","19","2567","2024-10-01 11:00:27");
INSERT INTO pa_estimate VALUES("2176","","16","4","20","54","57","94","19","2567","2024-10-01 11:00:27");
INSERT INTO pa_estimate VALUES("2177","","17","3","7.5","54","57","94","19","2567","2024-10-01 11:00:27");
INSERT INTO pa_estimate VALUES("2178","","18","4","10","54","57","94","19","2567","2024-10-01 11:00:27");
INSERT INTO pa_estimate VALUES("2179","","1","4","4","52","51","133","7","2567","2024-10-01 11:03:18");
INSERT INTO pa_estimate VALUES("2180","","2","4","4","52","51","133","7","2567","2024-10-01 11:03:18");
INSERT INTO pa_estimate VALUES("2181","","3","3","3","52","51","133","7","2567","2024-10-01 11:03:18");
INSERT INTO pa_estimate VALUES("2182","","4","3","3","52","51","133","7","2567","2024-10-01 11:03:18");
INSERT INTO pa_estimate VALUES("2183","","5","4","4","52","51","133","7","2567","2024-10-01 11:03:18");
INSERT INTO pa_estimate VALUES("2184","","6","3","3","52","51","133","7","2567","2024-10-01 11:03:18");
INSERT INTO pa_estimate VALUES("2185","","7","4","4","52","51","133","7","2567","2024-10-01 11:03:18");
INSERT INTO pa_estimate VALUES("2186","","8","4","4","52","51","133","7","2567","2024-10-01 11:03:18");
INSERT INTO pa_estimate VALUES("2187","","9","4","4","52","51","133","7","2567","2024-10-01 11:03:18");
INSERT INTO pa_estimate VALUES("2188","","10","3","3","52","51","133","7","2567","2024-10-01 11:03:18");
INSERT INTO pa_estimate VALUES("2189","","11","4","4","52","51","133","7","2567","2024-10-01 11:03:18");
INSERT INTO pa_estimate VALUES("2190","","12","3","3","52","51","133","7","2567","2024-10-01 11:03:18");
INSERT INTO pa_estimate VALUES("2191","","13","3","3","52","51","133","7","2567","2024-10-01 11:03:18");
INSERT INTO pa_estimate VALUES("2192","","14","4","4","52","51","133","7","2567","2024-10-01 11:03:18");
INSERT INTO pa_estimate VALUES("2193","","15","4","4","52","51","133","7","2567","2024-10-01 11:03:18");
INSERT INTO pa_estimate VALUES("2194","","16","3","15","52","51","133","7","2567","2024-10-01 11:03:18");
INSERT INTO pa_estimate VALUES("2195","","17","3","7.5","52","51","133","7","2567","2024-10-01 11:03:18");
INSERT INTO pa_estimate VALUES("2196","","18","3","7.5","52","51","133","7","2567","2024-10-01 11:03:18");
INSERT INTO pa_estimate VALUES("2197","","1","4","4","57","57","118","19","2567","2024-10-01 11:10:36");
INSERT INTO pa_estimate VALUES("2198","","2","4","4","57","57","118","19","2567","2024-10-01 11:10:36");
INSERT INTO pa_estimate VALUES("2199","","3","4","4","57","57","118","19","2567","2024-10-01 11:10:36");
INSERT INTO pa_estimate VALUES("2200","","4","3","3","57","57","118","19","2567","2024-10-01 11:10:36");
INSERT INTO pa_estimate VALUES("2201","","5","4","4","57","57","118","19","2567","2024-10-01 11:10:36");
INSERT INTO pa_estimate VALUES("2202","","6","3","3","57","57","118","19","2567","2024-10-01 11:10:36");
INSERT INTO pa_estimate VALUES("2203","","7","4","4","57","57","118","19","2567","2024-10-01 11:10:36");
INSERT INTO pa_estimate VALUES("2204","","8","4","4","57","57","118","19","2567","2024-10-01 11:10:36");
INSERT INTO pa_estimate VALUES("2205","","9","4","4","57","57","118","19","2567","2024-10-01 11:10:36");
INSERT INTO pa_estimate VALUES("2206","","10","4","4","57","57","118","19","2567","2024-10-01 11:10:36");
INSERT INTO pa_estimate VALUES("2207","","11","4","4","57","57","118","19","2567","2024-10-01 11:10:36");
INSERT INTO pa_estimate VALUES("2208","","12","4","4","57","57","118","19","2567","2024-10-01 11:10:36");
INSERT INTO pa_estimate VALUES("2209","","13","3","3","57","57","118","19","2567","2024-10-01 11:10:36");
INSERT INTO pa_estimate VALUES("2210","","14","3","3","57","57","118","19","2567","2024-10-01 11:10:36");
INSERT INTO pa_estimate VALUES("2211","","15","3","3","57","57","118","19","2567","2024-10-01 11:10:36");
INSERT INTO pa_estimate VALUES("2212","","16","3","15","57","57","118","19","2567","2024-10-01 11:10:36");
INSERT INTO pa_estimate VALUES("2213","","17","3","7.5","57","57","118","19","2567","2024-10-01 11:10:36");
INSERT INTO pa_estimate VALUES("2214","","18","3","7.5","57","57","118","19","2567","2024-10-01 11:10:36");
INSERT INTO pa_estimate VALUES("2215","","1","3","3","77","57","124","19","2567","2024-10-01 11:33:42");
INSERT INTO pa_estimate VALUES("2216","","2","3","3","77","57","124","19","2567","2024-10-01 11:33:42");
INSERT INTO pa_estimate VALUES("2217","","3","3","3","77","57","124","19","2567","2024-10-01 11:33:42");
INSERT INTO pa_estimate VALUES("2218","","4","4","4","77","57","124","19","2567","2024-10-01 11:33:42");
INSERT INTO pa_estimate VALUES("2219","","5","3","3","77","57","124","19","2567","2024-10-01 11:33:42");
INSERT INTO pa_estimate VALUES("2220","","6","3","3","77","57","124","19","2567","2024-10-01 11:33:42");
INSERT INTO pa_estimate VALUES("2221","","7","4","4","77","57","124","19","2567","2024-10-01 11:33:42");
INSERT INTO pa_estimate VALUES("2222","","8","4","4","77","57","124","19","2567","2024-10-01 11:33:42");
INSERT INTO pa_estimate VALUES("2223","","9","4","4","77","57","124","19","2567","2024-10-01 11:33:42");
INSERT INTO pa_estimate VALUES("2224","","10","4","4","77","57","124","19","2567","2024-10-01 11:33:42");
INSERT INTO pa_estimate VALUES("2225","","11","3","3","77","57","124","19","2567","2024-10-01 11:33:42");
INSERT INTO pa_estimate VALUES("2226","","12","4","4","77","57","124","19","2567","2024-10-01 11:33:42");
INSERT INTO pa_estimate VALUES("2227","","13","3","3","77","57","124","19","2567","2024-10-01 11:33:42");
INSERT INTO pa_estimate VALUES("2228","","14","3","3","77","57","124","19","2567","2024-10-01 11:33:42");
INSERT INTO pa_estimate VALUES("2229","","15","3","3","77","57","124","19","2567","2024-10-01 11:33:42");
INSERT INTO pa_estimate VALUES("2230","","16","3","15","77","57","124","19","2567","2024-10-01 11:33:42");
INSERT INTO pa_estimate VALUES("2231","","17","3","7.5","77","57","124","19","2567","2024-10-01 11:33:42");
INSERT INTO pa_estimate VALUES("2232","","18","3","7.5","77","57","124","19","2567","2024-10-01 11:33:42");
INSERT INTO pa_estimate VALUES("2233","","1","3","3","75","57","121","19","2567","2024-10-01 12:08:03");
INSERT INTO pa_estimate VALUES("2234","","2","4","4","75","57","121","19","2567","2024-10-01 12:08:03");
INSERT INTO pa_estimate VALUES("2235","","3","4","4","75","57","121","19","2567","2024-10-01 12:08:03");
INSERT INTO pa_estimate VALUES("2236","","4","3","3","75","57","121","19","2567","2024-10-01 12:08:03");
INSERT INTO pa_estimate VALUES("2237","","5","3","3","75","57","121","19","2567","2024-10-01 12:08:03");
INSERT INTO pa_estimate VALUES("2238","","6","3","3","75","57","121","19","2567","2024-10-01 12:08:03");
INSERT INTO pa_estimate VALUES("2239","","7","4","4","75","57","121","19","2567","2024-10-01 12:08:03");
INSERT INTO pa_estimate VALUES("2240","","8","4","4","75","57","121","19","2567","2024-10-01 12:08:03");
INSERT INTO pa_estimate VALUES("2241","","9","4","4","75","57","121","19","2567","2024-10-01 12:08:03");
INSERT INTO pa_estimate VALUES("2242","","10","4","4","75","57","121","19","2567","2024-10-01 12:08:03");
INSERT INTO pa_estimate VALUES("2243","","11","4","4","75","57","121","19","2567","2024-10-01 12:08:03");
INSERT INTO pa_estimate VALUES("2244","","12","4","4","75","57","121","19","2567","2024-10-01 12:08:03");
INSERT INTO pa_estimate VALUES("2245","","13","3","3","75","57","121","19","2567","2024-10-01 12:08:03");
INSERT INTO pa_estimate VALUES("2246","","14","3","3","75","57","121","19","2567","2024-10-01 12:08:03");
INSERT INTO pa_estimate VALUES("2247","","15","3","3","75","57","121","19","2567","2024-10-01 12:08:03");
INSERT INTO pa_estimate VALUES("2248","","16","3","15","75","57","121","19","2567","2024-10-01 12:08:03");
INSERT INTO pa_estimate VALUES("2249","","17","3","7.5","75","57","121","19","2567","2024-10-01 12:08:03");
INSERT INTO pa_estimate VALUES("2250","","18","3","7.5","75","57","121","19","2567","2024-10-01 12:08:03");
INSERT INTO pa_estimate VALUES("2251","","1","3","3","55","57","97","19","2567","2024-10-01 12:09:02");
INSERT INTO pa_estimate VALUES("2252","","2","3","3","55","57","97","19","2567","2024-10-01 12:09:02");
INSERT INTO pa_estimate VALUES("2253","","3","4","4","55","57","97","19","2567","2024-10-01 12:09:02");
INSERT INTO pa_estimate VALUES("2254","","4","3","3","55","57","97","19","2567","2024-10-01 12:09:03");
INSERT INTO pa_estimate VALUES("2255","","5","4","4","55","57","97","19","2567","2024-10-01 12:09:03");
INSERT INTO pa_estimate VALUES("2256","","6","3","3","55","57","97","19","2567","2024-10-01 12:09:03");
INSERT INTO pa_estimate VALUES("2257","","7","4","4","55","57","97","19","2567","2024-10-01 12:09:03");
INSERT INTO pa_estimate VALUES("2258","","8","4","4","55","57","97","19","2567","2024-10-01 12:09:03");
INSERT INTO pa_estimate VALUES("2259","","9","4","4","55","57","97","19","2567","2024-10-01 12:09:03");
INSERT INTO pa_estimate VALUES("2260","","10","4","4","55","57","97","19","2567","2024-10-01 12:09:03");
INSERT INTO pa_estimate VALUES("2261","","11","3","3","55","57","97","19","2567","2024-10-01 12:09:03");
INSERT INTO pa_estimate VALUES("2262","","12","4","4","55","57","97","19","2567","2024-10-01 12:09:03");
INSERT INTO pa_estimate VALUES("2263","","13","3","3","55","57","97","19","2567","2024-10-01 12:09:03");
INSERT INTO pa_estimate VALUES("2264","","14","3","3","55","57","97","19","2567","2024-10-01 12:09:03");
INSERT INTO pa_estimate VALUES("2265","","15","3","3","55","57","97","19","2567","2024-10-01 12:09:03");
INSERT INTO pa_estimate VALUES("2266","","16","3","15","55","57","97","19","2567","2024-10-01 12:09:03");
INSERT INTO pa_estimate VALUES("2267","","17","3","7.5","55","57","97","19","2567","2024-10-01 12:09:03");
INSERT INTO pa_estimate VALUES("2268","","18","3","7.5","55","57","97","19","2567","2024-10-01 12:09:03");
INSERT INTO pa_estimate VALUES("2269","","1","4","4","45","44","85","16","2567","2024-10-02 10:18:15");
INSERT INTO pa_estimate VALUES("2270","","2","4","4","45","44","85","16","2567","2024-10-02 10:18:15");
INSERT INTO pa_estimate VALUES("2271","","3","4","4","45","44","85","16","2567","2024-10-02 10:18:15");
INSERT INTO pa_estimate VALUES("2272","","4","3","3","45","44","85","16","2567","2024-10-02 10:18:15");
INSERT INTO pa_estimate VALUES("2273","","5","4","4","45","44","85","16","2567","2024-10-02 10:18:15");
INSERT INTO pa_estimate VALUES("2274","","6","3","3","45","44","85","16","2567","2024-10-02 10:18:15");
INSERT INTO pa_estimate VALUES("2275","","7","4","4","45","44","85","16","2567","2024-10-02 10:18:15");
INSERT INTO pa_estimate VALUES("2276","","8","4","4","45","44","85","16","2567","2024-10-02 10:18:15");
INSERT INTO pa_estimate VALUES("2277","","9","4","4","45","44","85","16","2567","2024-10-02 10:18:16");
INSERT INTO pa_estimate VALUES("2278","","10","4","4","45","44","85","16","2567","2024-10-02 10:18:16");
INSERT INTO pa_estimate VALUES("2279","","11","4","4","45","44","85","16","2567","2024-10-02 10:18:16");
INSERT INTO pa_estimate VALUES("2280","","12","4","4","45","44","85","16","2567","2024-10-02 10:18:16");
INSERT INTO pa_estimate VALUES("2281","","13","4","4","45","44","85","16","2567","2024-10-02 10:18:16");
INSERT INTO pa_estimate VALUES("2282","","14","4","4","45","44","85","16","2567","2024-10-02 10:18:16");
INSERT INTO pa_estimate VALUES("2283","","15","4","4","45","44","85","16","2567","2024-10-02 10:18:16");
INSERT INTO pa_estimate VALUES("2284","","16","4","20","45","44","85","16","2567","2024-10-02 10:18:16");
INSERT INTO pa_estimate VALUES("2285","","17","4","10","45","44","85","16","2567","2024-10-02 10:18:16");
INSERT INTO pa_estimate VALUES("2286","","18","3","7.5","45","44","85","16","2567","2024-10-02 10:18:16");
INSERT INTO pa_estimate VALUES("2287","","1","4","4","46","44","88","16","2567","2024-10-02 10:22:01");
INSERT INTO pa_estimate VALUES("2288","","2","4","4","46","44","88","16","2567","2024-10-02 10:22:01");
INSERT INTO pa_estimate VALUES("2289","","3","4","4","46","44","88","16","2567","2024-10-02 10:22:01");
INSERT INTO pa_estimate VALUES("2290","","4","3","3","46","44","88","16","2567","2024-10-02 10:22:01");
INSERT INTO pa_estimate VALUES("2291","","5","4","4","46","44","88","16","2567","2024-10-02 10:22:01");
INSERT INTO pa_estimate VALUES("2292","","6","3","3","46","44","88","16","2567","2024-10-02 10:22:01");
INSERT INTO pa_estimate VALUES("2293","","7","4","4","46","44","88","16","2567","2024-10-02 10:22:01");
INSERT INTO pa_estimate VALUES("2294","","8","4","4","46","44","88","16","2567","2024-10-02 10:22:01");
INSERT INTO pa_estimate VALUES("2295","","9","3","3","46","44","88","16","2567","2024-10-02 10:22:01");
INSERT INTO pa_estimate VALUES("2296","","10","4","4","46","44","88","16","2567","2024-10-02 10:22:01");
INSERT INTO pa_estimate VALUES("2297","","11","4","4","46","44","88","16","2567","2024-10-02 10:22:01");
INSERT INTO pa_estimate VALUES("2298","","12","4","4","46","44","88","16","2567","2024-10-02 10:22:01");
INSERT INTO pa_estimate VALUES("2299","","13","4","4","46","44","88","16","2567","2024-10-02 10:22:01");
INSERT INTO pa_estimate VALUES("2300","","14","4","4","46","44","88","16","2567","2024-10-02 10:22:01");
INSERT INTO pa_estimate VALUES("2301","","15","3","3","46","44","88","16","2567","2024-10-02 10:22:01");
INSERT INTO pa_estimate VALUES("2302","","16","4","20","46","44","88","16","2567","2024-10-02 10:22:01");
INSERT INTO pa_estimate VALUES("2303","","17","4","10","46","44","88","16","2567","2024-10-02 10:22:01");
INSERT INTO pa_estimate VALUES("2304","","18","3","7.5","46","44","88","16","2567","2024-10-02 10:22:01");
INSERT INTO pa_estimate VALUES("2305","","1","4","4","44","44","91","16","2567","2024-10-02 10:22:53");
INSERT INTO pa_estimate VALUES("2306","","2","4","4","44","44","91","16","2567","2024-10-02 10:22:53");
INSERT INTO pa_estimate VALUES("2307","","3","4","4","44","44","91","16","2567","2024-10-02 10:22:53");
INSERT INTO pa_estimate VALUES("2308","","4","3","3","44","44","91","16","2567","2024-10-02 10:22:53");
INSERT INTO pa_estimate VALUES("2309","","5","4","4","44","44","91","16","2567","2024-10-02 10:22:53");
INSERT INTO pa_estimate VALUES("2310","","6","3","3","44","44","91","16","2567","2024-10-02 10:22:53");
INSERT INTO pa_estimate VALUES("2311","","7","4","4","44","44","91","16","2567","2024-10-02 10:22:53");
INSERT INTO pa_estimate VALUES("2312","","8","4","4","44","44","91","16","2567","2024-10-02 10:22:53");
INSERT INTO pa_estimate VALUES("2313","","9","4","4","44","44","91","16","2567","2024-10-02 10:22:53");
INSERT INTO pa_estimate VALUES("2314","","10","4","4","44","44","91","16","2567","2024-10-02 10:22:53");
INSERT INTO pa_estimate VALUES("2315","","11","4","4","44","44","91","16","2567","2024-10-02 10:22:53");
INSERT INTO pa_estimate VALUES("2316","","12","4","4","44","44","91","16","2567","2024-10-02 10:22:53");
INSERT INTO pa_estimate VALUES("2317","","13","4","4","44","44","91","16","2567","2024-10-02 10:22:53");
INSERT INTO pa_estimate VALUES("2318","","14","4","4","44","44","91","16","2567","2024-10-02 10:22:53");
INSERT INTO pa_estimate VALUES("2319","","15","3","3","44","44","91","16","2567","2024-10-02 10:22:53");
INSERT INTO pa_estimate VALUES("2320","","16","4","20","44","44","91","16","2567","2024-10-02 10:22:53");
INSERT INTO pa_estimate VALUES("2321","","17","4","10","44","44","91","16","2567","2024-10-02 10:22:53");
INSERT INTO pa_estimate VALUES("2322","","18","3","7.5","44","44","91","16","2567","2024-10-02 10:22:53");
INSERT INTO pa_estimate VALUES("2323","","1","4","4","6","5","1","1","2567","2024-10-02 13:11:43");
INSERT INTO pa_estimate VALUES("2324","","2","4","4","6","5","1","1","2567","2024-10-02 13:11:43");
INSERT INTO pa_estimate VALUES("2325","","3","4","4","6","5","1","1","2567","2024-10-02 13:11:43");
INSERT INTO pa_estimate VALUES("2326","","4","4","4","6","5","1","1","2567","2024-10-02 13:11:43");
INSERT INTO pa_estimate VALUES("2327","","5","4","4","6","5","1","1","2567","2024-10-02 13:11:43");
INSERT INTO pa_estimate VALUES("2328","","6","4","4","6","5","1","1","2567","2024-10-02 13:11:43");
INSERT INTO pa_estimate VALUES("2329","","7","4","4","6","5","1","1","2567","2024-10-02 13:11:43");
INSERT INTO pa_estimate VALUES("2330","","8","4","4","6","5","1","1","2567","2024-10-02 13:11:43");
INSERT INTO pa_estimate VALUES("2331","","9","4","4","6","5","1","1","2567","2024-10-02 13:11:43");
INSERT INTO pa_estimate VALUES("2332","","10","4","4","6","5","1","1","2567","2024-10-02 13:11:43");
INSERT INTO pa_estimate VALUES("2333","","11","4","4","6","5","1","1","2567","2024-10-02 13:11:43");
INSERT INTO pa_estimate VALUES("2334","","12","4","4","6","5","1","1","2567","2024-10-02 13:11:43");
INSERT INTO pa_estimate VALUES("2335","","13","4","4","6","5","1","1","2567","2024-10-02 13:11:43");
INSERT INTO pa_estimate VALUES("2336","","14","4","4","6","5","1","1","2567","2024-10-02 13:11:43");
INSERT INTO pa_estimate VALUES("2337","","15","4","4","6","5","1","1","2567","2024-10-02 13:11:43");
INSERT INTO pa_estimate VALUES("2338","","16","3","15","6","5","1","1","2567","2024-10-02 13:11:43");
INSERT INTO pa_estimate VALUES("2339","","17","3","7.5","6","5","1","1","2567","2024-10-02 13:11:43");
INSERT INTO pa_estimate VALUES("2340","","18","4","10","6","5","1","1","2567","2024-10-02 13:11:43");
INSERT INTO pa_estimate VALUES("2341","","1","3","3","7","5","7","1","2567","2024-10-02 13:14:07");
INSERT INTO pa_estimate VALUES("2342","","2","3","3","7","5","7","1","2567","2024-10-02 13:14:07");
INSERT INTO pa_estimate VALUES("2343","","3","4","4","7","5","7","1","2567","2024-10-02 13:14:07");
INSERT INTO pa_estimate VALUES("2344","","4","3","3","7","5","7","1","2567","2024-10-02 13:14:08");
INSERT INTO pa_estimate VALUES("2345","","5","3","3","7","5","7","1","2567","2024-10-02 13:14:08");
INSERT INTO pa_estimate VALUES("2346","","6","3","3","7","5","7","1","2567","2024-10-02 13:14:08");
INSERT INTO pa_estimate VALUES("2347","","7","3","3","7","5","7","1","2567","2024-10-02 13:14:08");
INSERT INTO pa_estimate VALUES("2348","","8","4","4","7","5","7","1","2567","2024-10-02 13:14:08");
INSERT INTO pa_estimate VALUES("2349","","9","4","4","7","5","7","1","2567","2024-10-02 13:14:08");
INSERT INTO pa_estimate VALUES("2350","","10","4","4","7","5","7","1","2567","2024-10-02 13:14:08");
INSERT INTO pa_estimate VALUES("2351","","11","4","4","7","5","7","1","2567","2024-10-02 13:14:08");
INSERT INTO pa_estimate VALUES("2352","","12","3","3","7","5","7","1","2567","2024-10-02 13:14:08");
INSERT INTO pa_estimate VALUES("2353","","13","4","4","7","5","7","1","2567","2024-10-02 13:14:08");
INSERT INTO pa_estimate VALUES("2354","","14","4","4","7","5","7","1","2567","2024-10-02 13:14:08");
INSERT INTO pa_estimate VALUES("2355","","15","3","3","7","5","7","1","2567","2024-10-02 13:14:08");
INSERT INTO pa_estimate VALUES("2356","","16","3","15","7","5","7","1","2567","2024-10-02 13:14:08");
INSERT INTO pa_estimate VALUES("2357","","17","3","7.5","7","5","7","1","2567","2024-10-02 13:14:08");
INSERT INTO pa_estimate VALUES("2358","","18","4","10","7","5","7","1","2567","2024-10-02 13:14:08");
INSERT INTO pa_estimate VALUES("2359","","1","3","3","8","5","10","1","2567","2024-10-02 13:18:21");
INSERT INTO pa_estimate VALUES("2360","","2","3","3","8","5","10","1","2567","2024-10-02 13:18:21");
INSERT INTO pa_estimate VALUES("2361","","3","4","4","8","5","10","1","2567","2024-10-02 13:18:21");
INSERT INTO pa_estimate VALUES("2362","","4","4","4","8","5","10","1","2567","2024-10-02 13:18:21");
INSERT INTO pa_estimate VALUES("2363","","5","3","3","8","5","10","1","2567","2024-10-02 13:18:21");
INSERT INTO pa_estimate VALUES("2364","","6","3","3","8","5","10","1","2567","2024-10-02 13:18:21");
INSERT INTO pa_estimate VALUES("2365","","7","4","4","8","5","10","1","2567","2024-10-02 13:18:21");
INSERT INTO pa_estimate VALUES("2366","","8","4","4","8","5","10","1","2567","2024-10-02 13:18:21");
INSERT INTO pa_estimate VALUES("2367","","9","4","4","8","5","10","1","2567","2024-10-02 13:18:21");
INSERT INTO pa_estimate VALUES("2368","","10","4","4","8","5","10","1","2567","2024-10-02 13:18:21");
INSERT INTO pa_estimate VALUES("2369","","11","4","4","8","5","10","1","2567","2024-10-02 13:18:21");
INSERT INTO pa_estimate VALUES("2370","","12","4","4","8","5","10","1","2567","2024-10-02 13:18:21");
INSERT INTO pa_estimate VALUES("2371","","13","4","4","8","5","10","1","2567","2024-10-02 13:18:21");
INSERT INTO pa_estimate VALUES("2372","","14","3","3","8","5","10","1","2567","2024-10-02 13:18:21");
INSERT INTO pa_estimate VALUES("2373","","15","3","3","8","5","10","1","2567","2024-10-02 13:18:21");
INSERT INTO pa_estimate VALUES("2374","","16","3","15","8","5","10","1","2567","2024-10-02 13:18:21");
INSERT INTO pa_estimate VALUES("2375","","17","3","7.5","8","5","10","1","2567","2024-10-02 13:18:21");
INSERT INTO pa_estimate VALUES("2376","","18","3","7.5","8","5","10","1","2567","2024-10-02 13:18:21");
INSERT INTO pa_estimate VALUES("2377","","1","3","3","9","5","13","1","2567","2024-10-02 13:19:10");
INSERT INTO pa_estimate VALUES("2378","","2","3","3","9","5","13","1","2567","2024-10-02 13:19:10");
INSERT INTO pa_estimate VALUES("2379","","3","4","4","9","5","13","1","2567","2024-10-02 13:19:10");
INSERT INTO pa_estimate VALUES("2380","","4","4","4","9","5","13","1","2567","2024-10-02 13:19:10");
INSERT INTO pa_estimate VALUES("2381","","5","3","3","9","5","13","1","2567","2024-10-02 13:19:10");
INSERT INTO pa_estimate VALUES("2382","","6","3","3","9","5","13","1","2567","2024-10-02 13:19:10");
INSERT INTO pa_estimate VALUES("2383","","7","4","4","9","5","13","1","2567","2024-10-02 13:19:10");
INSERT INTO pa_estimate VALUES("2384","","8","4","4","9","5","13","1","2567","2024-10-02 13:19:10");
INSERT INTO pa_estimate VALUES("2385","","9","4","4","9","5","13","1","2567","2024-10-02 13:19:10");
INSERT INTO pa_estimate VALUES("2386","","10","4","4","9","5","13","1","2567","2024-10-02 13:19:10");
INSERT INTO pa_estimate VALUES("2387","","11","4","4","9","5","13","1","2567","2024-10-02 13:19:10");
INSERT INTO pa_estimate VALUES("2388","","12","3","3","9","5","13","1","2567","2024-10-02 13:19:10");
INSERT INTO pa_estimate VALUES("2389","","13","3","3","9","5","13","1","2567","2024-10-02 13:19:10");
INSERT INTO pa_estimate VALUES("2390","","14","3","3","9","5","13","1","2567","2024-10-02 13:19:10");
INSERT INTO pa_estimate VALUES("2391","","15","3","3","9","5","13","1","2567","2024-10-02 13:19:10");
INSERT INTO pa_estimate VALUES("2392","","16","3","15","9","5","13","1","2567","2024-10-02 13:19:10");
INSERT INTO pa_estimate VALUES("2393","","17","3","7.5","9","5","13","1","2567","2024-10-02 13:19:10");
INSERT INTO pa_estimate VALUES("2394","","18","3","7.5","9","5","13","1","2567","2024-10-02 13:19:10");
INSERT INTO pa_estimate VALUES("2395","","1","4","4","14","5","16","1","2567","2024-10-02 13:20:01");
INSERT INTO pa_estimate VALUES("2396","","2","3","3","14","5","16","1","2567","2024-10-02 13:20:01");
INSERT INTO pa_estimate VALUES("2397","","3","4","4","14","5","16","1","2567","2024-10-02 13:20:01");
INSERT INTO pa_estimate VALUES("2398","","4","3","3","14","5","16","1","2567","2024-10-02 13:20:01");
INSERT INTO pa_estimate VALUES("2399","","5","3","3","14","5","16","1","2567","2024-10-02 13:20:01");
INSERT INTO pa_estimate VALUES("2400","","6","3","3","14","5","16","1","2567","2024-10-02 13:20:01");
INSERT INTO pa_estimate VALUES("2401","","7","4","4","14","5","16","1","2567","2024-10-02 13:20:01");
INSERT INTO pa_estimate VALUES("2402","","8","4","4","14","5","16","1","2567","2024-10-02 13:20:01");
INSERT INTO pa_estimate VALUES("2403","","9","4","4","14","5","16","1","2567","2024-10-02 13:20:01");
INSERT INTO pa_estimate VALUES("2404","","10","4","4","14","5","16","1","2567","2024-10-02 13:20:01");
INSERT INTO pa_estimate VALUES("2405","","11","4","4","14","5","16","1","2567","2024-10-02 13:20:01");
INSERT INTO pa_estimate VALUES("2406","","12","4","4","14","5","16","1","2567","2024-10-02 13:20:01");
INSERT INTO pa_estimate VALUES("2407","","13","4","4","14","5","16","1","2567","2024-10-02 13:20:01");
INSERT INTO pa_estimate VALUES("2408","","14","3","3","14","5","16","1","2567","2024-10-02 13:20:01");
INSERT INTO pa_estimate VALUES("2409","","15","4","4","14","5","16","1","2567","2024-10-02 13:20:01");
INSERT INTO pa_estimate VALUES("2410","","16","3","15","14","5","16","1","2567","2024-10-02 13:20:01");
INSERT INTO pa_estimate VALUES("2411","","17","3","7.5","14","5","16","1","2567","2024-10-02 13:20:01");
INSERT INTO pa_estimate VALUES("2412","","18","3","7.5","14","5","16","1","2567","2024-10-02 13:20:01");
INSERT INTO pa_estimate VALUES("2413","","1","3","3","5","5","4","1","2567","2024-10-02 13:30:32");
INSERT INTO pa_estimate VALUES("2414","","2","4","4","5","5","4","1","2567","2024-10-02 13:30:32");
INSERT INTO pa_estimate VALUES("2415","","3","4","4","5","5","4","1","2567","2024-10-02 13:30:32");
INSERT INTO pa_estimate VALUES("2416","","4","3","3","5","5","4","1","2567","2024-10-02 13:30:32");
INSERT INTO pa_estimate VALUES("2417","","5","4","4","5","5","4","1","2567","2024-10-02 13:30:32");
INSERT INTO pa_estimate VALUES("2418","","6","4","4","5","5","4","1","2567","2024-10-02 13:30:32");
INSERT INTO pa_estimate VALUES("2419","","7","4","4","5","5","4","1","2567","2024-10-02 13:30:32");
INSERT INTO pa_estimate VALUES("2420","","8","4","4","5","5","4","1","2567","2024-10-02 13:30:32");
INSERT INTO pa_estimate VALUES("2421","","9","4","4","5","5","4","1","2567","2024-10-02 13:30:32");
INSERT INTO pa_estimate VALUES("2422","","10","4","4","5","5","4","1","2567","2024-10-02 13:30:32");
INSERT INTO pa_estimate VALUES("2423","","11","4","4","5","5","4","1","2567","2024-10-02 13:30:32");
INSERT INTO pa_estimate VALUES("2424","","12","4","4","5","5","4","1","2567","2024-10-02 13:30:32");
INSERT INTO pa_estimate VALUES("2425","","13","3","3","5","5","4","1","2567","2024-10-02 13:30:32");
INSERT INTO pa_estimate VALUES("2426","","14","4","4","5","5","4","1","2567","2024-10-02 13:30:32");
INSERT INTO pa_estimate VALUES("2427","","15","4","4","5","5","4","1","2567","2024-10-02 13:30:32");
INSERT INTO pa_estimate VALUES("2428","","16","3","15","5","5","4","1","2567","2024-10-02 13:30:32");
INSERT INTO pa_estimate VALUES("2429","","17","4","10","5","5","4","1","2567","2024-10-02 13:30:32");
INSERT INTO pa_estimate VALUES("2430","","18","4","10","5","5","4","1","2567","2024-10-02 13:30:32");
INSERT INTO pa_estimate VALUES("2431","","1","3","3","26","25","43","7","2567","2024-10-03 15:41:27");
INSERT INTO pa_estimate VALUES("2432","","2","4","4","26","25","43","7","2567","2024-10-03 15:41:27");
INSERT INTO pa_estimate VALUES("2433","","3","3","3","26","25","43","7","2567","2024-10-03 15:41:27");
INSERT INTO pa_estimate VALUES("2434","","4","3","3","26","25","43","7","2567","2024-10-03 15:41:27");
INSERT INTO pa_estimate VALUES("2435","","5","3","3","26","25","43","7","2567","2024-10-03 15:41:27");
INSERT INTO pa_estimate VALUES("2436","","6","3","3","26","25","43","7","2567","2024-10-03 15:41:27");
INSERT INTO pa_estimate VALUES("2437","","7","3","3","26","25","43","7","2567","2024-10-03 15:41:27");
INSERT INTO pa_estimate VALUES("2438","","8","4","4","26","25","43","7","2567","2024-10-03 15:41:27");
INSERT INTO pa_estimate VALUES("2439","","9","4","4","26","25","43","7","2567","2024-10-03 15:41:27");
INSERT INTO pa_estimate VALUES("2440","","10","4","4","26","25","43","7","2567","2024-10-03 15:41:27");
INSERT INTO pa_estimate VALUES("2441","","11","4","4","26","25","43","7","2567","2024-10-03 15:41:27");
INSERT INTO pa_estimate VALUES("2442","","12","4","4","26","25","43","7","2567","2024-10-03 15:41:27");
INSERT INTO pa_estimate VALUES("2443","","13","4","4","26","25","43","7","2567","2024-10-03 15:41:27");
INSERT INTO pa_estimate VALUES("2444","","14","4","4","26","25","43","7","2567","2024-10-03 15:41:27");
INSERT INTO pa_estimate VALUES("2445","","15","4","4","26","25","43","7","2567","2024-10-03 15:41:27");
INSERT INTO pa_estimate VALUES("2446","","16","3","15","26","25","43","7","2567","2024-10-03 15:41:27");
INSERT INTO pa_estimate VALUES("2447","","17","3","7.5","26","25","43","7","2567","2024-10-03 15:41:27");
INSERT INTO pa_estimate VALUES("2448","","18","3","7.5","26","25","43","7","2567","2024-10-03 15:41:27");
INSERT INTO pa_estimate VALUES("2449","","1","3","3","25","25","46","7","2567","2024-10-03 15:42:18");
INSERT INTO pa_estimate VALUES("2450","","2","4","4","25","25","46","7","2567","2024-10-03 15:42:18");
INSERT INTO pa_estimate VALUES("2451","","3","4","4","25","25","46","7","2567","2024-10-03 15:42:18");
INSERT INTO pa_estimate VALUES("2452","","4","3","3","25","25","46","7","2567","2024-10-03 15:42:18");
INSERT INTO pa_estimate VALUES("2453","","5","4","4","25","25","46","7","2567","2024-10-03 15:42:18");
INSERT INTO pa_estimate VALUES("2454","","6","3","3","25","25","46","7","2567","2024-10-03 15:42:18");
INSERT INTO pa_estimate VALUES("2455","","7","4","4","25","25","46","7","2567","2024-10-03 15:42:18");
INSERT INTO pa_estimate VALUES("2456","","8","4","4","25","25","46","7","2567","2024-10-03 15:42:18");
INSERT INTO pa_estimate VALUES("2457","","9","3","3","25","25","46","7","2567","2024-10-03 15:42:18");
INSERT INTO pa_estimate VALUES("2458","","10","4","4","25","25","46","7","2567","2024-10-03 15:42:18");
INSERT INTO pa_estimate VALUES("2459","","11","4","4","25","25","46","7","2567","2024-10-03 15:42:18");
INSERT INTO pa_estimate VALUES("2460","","12","4","4","25","25","46","7","2567","2024-10-03 15:42:18");
INSERT INTO pa_estimate VALUES("2461","","13","4","4","25","25","46","7","2567","2024-10-03 15:42:18");
INSERT INTO pa_estimate VALUES("2462","","14","3","3","25","25","46","7","2567","2024-10-03 15:42:18");
INSERT INTO pa_estimate VALUES("2463","","15","4","4","25","25","46","7","2567","2024-10-03 15:42:18");
INSERT INTO pa_estimate VALUES("2464","","16","3","15","25","25","46","7","2567","2024-10-03 15:42:18");
INSERT INTO pa_estimate VALUES("2465","","17","3","7.5","25","25","46","7","2567","2024-10-03 15:42:18");
INSERT INTO pa_estimate VALUES("2466","","18","3","7.5","25","25","46","7","2567","2024-10-03 15:42:18");
INSERT INTO pa_estimate VALUES("2467","","1","3","3","27","25","49","7","2567","2024-10-03 15:43:09");
INSERT INTO pa_estimate VALUES("2468","","2","3","3","27","25","49","7","2567","2024-10-03 15:43:09");
INSERT INTO pa_estimate VALUES("2469","","3","3","3","27","25","49","7","2567","2024-10-03 15:43:09");
INSERT INTO pa_estimate VALUES("2470","","4","3","3","27","25","49","7","2567","2024-10-03 15:43:09");
INSERT INTO pa_estimate VALUES("2471","","5","3","3","27","25","49","7","2567","2024-10-03 15:43:09");
INSERT INTO pa_estimate VALUES("2472","","6","3","3","27","25","49","7","2567","2024-10-03 15:43:09");
INSERT INTO pa_estimate VALUES("2473","","7","3","3","27","25","49","7","2567","2024-10-03 15:43:09");
INSERT INTO pa_estimate VALUES("2474","","8","4","4","27","25","49","7","2567","2024-10-03 15:43:09");
INSERT INTO pa_estimate VALUES("2475","","9","4","4","27","25","49","7","2567","2024-10-03 15:43:09");
INSERT INTO pa_estimate VALUES("2476","","10","4","4","27","25","49","7","2567","2024-10-03 15:43:09");
INSERT INTO pa_estimate VALUES("2477","","11","4","4","27","25","49","7","2567","2024-10-03 15:43:09");
INSERT INTO pa_estimate VALUES("2478","","12","4","4","27","25","49","7","2567","2024-10-03 15:43:09");
INSERT INTO pa_estimate VALUES("2479","","13","3","3","27","25","49","7","2567","2024-10-03 15:43:09");
INSERT INTO pa_estimate VALUES("2480","","14","4","4","27","25","49","7","2567","2024-10-03 15:43:09");
INSERT INTO pa_estimate VALUES("2481","","15","3","3","27","25","49","7","2567","2024-10-03 15:43:09");
INSERT INTO pa_estimate VALUES("2482","","16","3","15","27","25","49","7","2567","2024-10-03 15:43:09");
INSERT INTO pa_estimate VALUES("2483","","17","3","7.5","27","25","49","7","2567","2024-10-03 15:43:09");
INSERT INTO pa_estimate VALUES("2484","","18","3","7.5","27","25","49","7","2567","2024-10-03 15:43:09");
INSERT INTO pa_estimate VALUES("2485","","1","3","3","28","25","52","7","2567","2024-10-03 15:43:59");
INSERT INTO pa_estimate VALUES("2486","","2","4","4","28","25","52","7","2567","2024-10-03 15:43:59");
INSERT INTO pa_estimate VALUES("2487","","3","4","4","28","25","52","7","2567","2024-10-03 15:43:59");
INSERT INTO pa_estimate VALUES("2488","","4","4","4","28","25","52","7","2567","2024-10-03 15:43:59");
INSERT INTO pa_estimate VALUES("2489","","5","4","4","28","25","52","7","2567","2024-10-03 15:43:59");
INSERT INTO pa_estimate VALUES("2490","","6","3","3","28","25","52","7","2567","2024-10-03 15:43:59");
INSERT INTO pa_estimate VALUES("2491","","7","4","4","28","25","52","7","2567","2024-10-03 15:43:59");
INSERT INTO pa_estimate VALUES("2492","","8","4","4","28","25","52","7","2567","2024-10-03 15:43:59");
INSERT INTO pa_estimate VALUES("2493","","9","4","4","28","25","52","7","2567","2024-10-03 15:43:59");
INSERT INTO pa_estimate VALUES("2494","","10","4","4","28","25","52","7","2567","2024-10-03 15:43:59");
INSERT INTO pa_estimate VALUES("2495","","11","3","3","28","25","52","7","2567","2024-10-03 15:43:59");
INSERT INTO pa_estimate VALUES("2496","","12","4","4","28","25","52","7","2567","2024-10-03 15:43:59");
INSERT INTO pa_estimate VALUES("2497","","13","3","3","28","25","52","7","2567","2024-10-03 15:43:59");
INSERT INTO pa_estimate VALUES("2498","","14","3","3","28","25","52","7","2567","2024-10-03 15:43:59");
INSERT INTO pa_estimate VALUES("2499","","15","4","4","28","25","52","7","2567","2024-10-03 15:43:59");
INSERT INTO pa_estimate VALUES("2500","","16","3","15","28","25","52","7","2567","2024-10-03 15:43:59");
INSERT INTO pa_estimate VALUES("2501","","17","3","7.5","28","25","52","7","2567","2024-10-03 15:43:59");
INSERT INTO pa_estimate VALUES("2502","","18","3","7.5","28","25","52","7","2567","2024-10-03 15:43:59");
INSERT INTO pa_estimate VALUES("2503","","1","3","3","32","25","55","7","2567","2024-10-03 15:45:24");
INSERT INTO pa_estimate VALUES("2504","","2","4","4","32","25","55","7","2567","2024-10-03 15:45:24");
INSERT INTO pa_estimate VALUES("2505","","3","4","4","32","25","55","7","2567","2024-10-03 15:45:24");
INSERT INTO pa_estimate VALUES("2506","","4","3","3","32","25","55","7","2567","2024-10-03 15:45:24");
INSERT INTO pa_estimate VALUES("2507","","5","4","4","32","25","55","7","2567","2024-10-03 15:45:24");
INSERT INTO pa_estimate VALUES("2508","","6","3","3","32","25","55","7","2567","2024-10-03 15:45:24");
INSERT INTO pa_estimate VALUES("2509","","7","4","4","32","25","55","7","2567","2024-10-03 15:45:24");
INSERT INTO pa_estimate VALUES("2510","","8","4","4","32","25","55","7","2567","2024-10-03 15:45:24");
INSERT INTO pa_estimate VALUES("2511","","9","4","4","32","25","55","7","2567","2024-10-03 15:45:24");
INSERT INTO pa_estimate VALUES("2512","","10","4","4","32","25","55","7","2567","2024-10-03 15:45:24");
INSERT INTO pa_estimate VALUES("2513","","11","4","4","32","25","55","7","2567","2024-10-03 15:45:24");
INSERT INTO pa_estimate VALUES("2514","","12","4","4","32","25","55","7","2567","2024-10-03 15:45:24");
INSERT INTO pa_estimate VALUES("2515","","13","4","4","32","25","55","7","2567","2024-10-03 15:45:24");
INSERT INTO pa_estimate VALUES("2516","","14","3","3","32","25","55","7","2567","2024-10-03 15:45:24");
INSERT INTO pa_estimate VALUES("2517","","15","4","4","32","25","55","7","2567","2024-10-03 15:45:24");
INSERT INTO pa_estimate VALUES("2518","","16","3","15","32","25","55","7","2567","2024-10-03 15:45:24");
INSERT INTO pa_estimate VALUES("2519","","17","3","7.5","32","25","55","7","2567","2024-10-03 15:45:24");
INSERT INTO pa_estimate VALUES("2520","","18","3","7.5","32","25","55","7","2567","2024-10-03 15:45:24");
INSERT INTO pa_estimate VALUES("2521","","1","4","4","34","36","58","10","2567","2024-10-03 16:14:29");
INSERT INTO pa_estimate VALUES("2522","","2","4","4","34","36","58","10","2567","2024-10-03 16:14:29");
INSERT INTO pa_estimate VALUES("2523","","3","4","4","34","36","58","10","2567","2024-10-03 16:14:29");
INSERT INTO pa_estimate VALUES("2524","","4","3","3","34","36","58","10","2567","2024-10-03 16:14:29");
INSERT INTO pa_estimate VALUES("2525","","5","4","4","34","36","58","10","2567","2024-10-03 16:14:29");
INSERT INTO pa_estimate VALUES("2526","","6","4","4","34","36","58","10","2567","2024-10-03 16:14:29");
INSERT INTO pa_estimate VALUES("2527","","7","4","4","34","36","58","10","2567","2024-10-03 16:14:29");
INSERT INTO pa_estimate VALUES("2528","","8","4","4","34","36","58","10","2567","2024-10-03 16:14:29");
INSERT INTO pa_estimate VALUES("2529","","9","4","4","34","36","58","10","2567","2024-10-03 16:14:29");
INSERT INTO pa_estimate VALUES("2530","","10","4","4","34","36","58","10","2567","2024-10-03 16:14:29");
INSERT INTO pa_estimate VALUES("2531","","11","4","4","34","36","58","10","2567","2024-10-03 16:14:29");
INSERT INTO pa_estimate VALUES("2532","","12","4","4","34","36","58","10","2567","2024-10-03 16:14:29");
INSERT INTO pa_estimate VALUES("2533","","13","3","3","34","36","58","10","2567","2024-10-03 16:14:29");
INSERT INTO pa_estimate VALUES("2534","","14","3","3","34","36","58","10","2567","2024-10-03 16:14:29");
INSERT INTO pa_estimate VALUES("2535","","15","3","3","34","36","58","10","2567","2024-10-03 16:14:29");
INSERT INTO pa_estimate VALUES("2536","","16","4","20","34","36","58","10","2567","2024-10-03 16:14:29");
INSERT INTO pa_estimate VALUES("2537","","17","4","10","34","36","58","10","2567","2024-10-03 16:14:29");
INSERT INTO pa_estimate VALUES("2538","","18","3","7.5","34","36","58","10","2567","2024-10-03 16:14:29");
INSERT INTO pa_estimate VALUES("2539","","1","4","4","42","36","61","10","2567","2024-10-03 16:17:41");
INSERT INTO pa_estimate VALUES("2540","","2","4","4","42","36","61","10","2567","2024-10-03 16:17:41");
INSERT INTO pa_estimate VALUES("2541","","3","4","4","42","36","61","10","2567","2024-10-03 16:17:41");
INSERT INTO pa_estimate VALUES("2542","","4","4","4","42","36","61","10","2567","2024-10-03 16:17:41");
INSERT INTO pa_estimate VALUES("2543","","5","4","4","42","36","61","10","2567","2024-10-03 16:17:41");
INSERT INTO pa_estimate VALUES("2544","","6","4","4","42","36","61","10","2567","2024-10-03 16:17:41");
INSERT INTO pa_estimate VALUES("2545","","7","3","3","42","36","61","10","2567","2024-10-03 16:17:41");
INSERT INTO pa_estimate VALUES("2546","","8","3","3","42","36","61","10","2567","2024-10-03 16:17:41");
INSERT INTO pa_estimate VALUES("2547","","9","3","3","42","36","61","10","2567","2024-10-03 16:17:41");
INSERT INTO pa_estimate VALUES("2548","","10","3","3","42","36","61","10","2567","2024-10-03 16:17:41");
INSERT INTO pa_estimate VALUES("2549","","11","4","4","42","36","61","10","2567","2024-10-03 16:17:41");
INSERT INTO pa_estimate VALUES("2550","","12","4","4","42","36","61","10","2567","2024-10-03 16:17:41");
INSERT INTO pa_estimate VALUES("2551","","13","4","4","42","36","61","10","2567","2024-10-03 16:17:41");
INSERT INTO pa_estimate VALUES("2552","","14","4","4","42","36","61","10","2567","2024-10-03 16:17:41");
INSERT INTO pa_estimate VALUES("2553","","15","4","4","42","36","61","10","2567","2024-10-03 16:17:41");
INSERT INTO pa_estimate VALUES("2554","","16","4","20","42","36","61","10","2567","2024-10-03 16:17:41");
INSERT INTO pa_estimate VALUES("2555","","17","3","7.5","42","36","61","10","2567","2024-10-03 16:17:41");
INSERT INTO pa_estimate VALUES("2556","","18","4","10","42","36","61","10","2567","2024-10-03 16:17:41");
INSERT INTO pa_estimate VALUES("2557","","1","4","4","33","36","64","10","2567","2024-10-03 16:19:22");
INSERT INTO pa_estimate VALUES("2558","","2","4","4","33","36","64","10","2567","2024-10-03 16:19:22");
INSERT INTO pa_estimate VALUES("2559","","3","4","4","33","36","64","10","2567","2024-10-03 16:19:22");
INSERT INTO pa_estimate VALUES("2560","","4","3","3","33","36","64","10","2567","2024-10-03 16:19:22");
INSERT INTO pa_estimate VALUES("2561","","5","4","4","33","36","64","10","2567","2024-10-03 16:19:22");
INSERT INTO pa_estimate VALUES("2562","","6","4","4","33","36","64","10","2567","2024-10-03 16:19:22");
INSERT INTO pa_estimate VALUES("2563","","7","3","3","33","36","64","10","2567","2024-10-03 16:19:22");
INSERT INTO pa_estimate VALUES("2564","","8","4","4","33","36","64","10","2567","2024-10-03 16:19:22");
INSERT INTO pa_estimate VALUES("2565","","9","4","4","33","36","64","10","2567","2024-10-03 16:19:22");
INSERT INTO pa_estimate VALUES("2566","","10","4","4","33","36","64","10","2567","2024-10-03 16:19:22");
INSERT INTO pa_estimate VALUES("2567","","11","4","4","33","36","64","10","2567","2024-10-03 16:19:22");
INSERT INTO pa_estimate VALUES("2568","","12","4","4","33","36","64","10","2567","2024-10-03 16:19:22");
INSERT INTO pa_estimate VALUES("2569","","13","4","4","33","36","64","10","2567","2024-10-03 16:19:22");
INSERT INTO pa_estimate VALUES("2570","","14","3","3","33","36","64","10","2567","2024-10-03 16:19:22");
INSERT INTO pa_estimate VALUES("2571","","15","4","4","33","36","64","10","2567","2024-10-03 16:19:22");
INSERT INTO pa_estimate VALUES("2572","","16","4","20","33","36","64","10","2567","2024-10-03 16:19:22");
INSERT INTO pa_estimate VALUES("2573","","17","3","7.5","33","36","64","10","2567","2024-10-03 16:19:22");
INSERT INTO pa_estimate VALUES("2574","","18","4","10","33","36","64","10","2567","2024-10-03 16:19:22");
INSERT INTO pa_estimate VALUES("2575","","1","4","4","40","36","67","10","2567","2024-10-03 16:21:09");
INSERT INTO pa_estimate VALUES("2576","","2","4","4","40","36","67","10","2567","2024-10-03 16:21:09");
INSERT INTO pa_estimate VALUES("2577","","3","4","4","40","36","67","10","2567","2024-10-03 16:21:09");
INSERT INTO pa_estimate VALUES("2578","","4","4","4","40","36","67","10","2567","2024-10-03 16:21:09");
INSERT INTO pa_estimate VALUES("2579","","5","4","4","40","36","67","10","2567","2024-10-03 16:21:09");
INSERT INTO pa_estimate VALUES("2580","","6","4","4","40","36","67","10","2567","2024-10-03 16:21:09");
INSERT INTO pa_estimate VALUES("2581","","7","4","4","40","36","67","10","2567","2024-10-03 16:21:09");
INSERT INTO pa_estimate VALUES("2582","","8","4","4","40","36","67","10","2567","2024-10-03 16:21:09");
INSERT INTO pa_estimate VALUES("2583","","9","3","3","40","36","67","10","2567","2024-10-03 16:21:09");
INSERT INTO pa_estimate VALUES("2584","","10","3","3","40","36","67","10","2567","2024-10-03 16:21:09");
INSERT INTO pa_estimate VALUES("2585","","11","4","4","40","36","67","10","2567","2024-10-03 16:21:09");
INSERT INTO pa_estimate VALUES("2586","","12","4","4","40","36","67","10","2567","2024-10-03 16:21:09");
INSERT INTO pa_estimate VALUES("2587","","13","3","3","40","36","67","10","2567","2024-10-03 16:21:09");
INSERT INTO pa_estimate VALUES("2588","","14","3","3","40","36","67","10","2567","2024-10-03 16:21:09");
INSERT INTO pa_estimate VALUES("2589","","15","3","3","40","36","67","10","2567","2024-10-03 16:21:09");
INSERT INTO pa_estimate VALUES("2590","","16","3","15","40","36","67","10","2567","2024-10-03 16:21:09");
INSERT INTO pa_estimate VALUES("2591","","17","3","7.5","40","36","67","10","2567","2024-10-03 16:21:09");
INSERT INTO pa_estimate VALUES("2592","","18","3","7.5","40","36","67","10","2567","2024-10-03 16:21:09");
INSERT INTO pa_estimate VALUES("2593","","1","4","4","41","36","70","10","2567","2024-10-03 16:22:10");
INSERT INTO pa_estimate VALUES("2594","","2","4","4","41","36","70","10","2567","2024-10-03 16:22:10");
INSERT INTO pa_estimate VALUES("2595","","3","4","4","41","36","70","10","2567","2024-10-03 16:22:10");
INSERT INTO pa_estimate VALUES("2596","","4","3","3","41","36","70","10","2567","2024-10-03 16:22:10");
INSERT INTO pa_estimate VALUES("2597","","5","4","4","41","36","70","10","2567","2024-10-03 16:22:10");
INSERT INTO pa_estimate VALUES("2598","","6","4","4","41","36","70","10","2567","2024-10-03 16:22:10");
INSERT INTO pa_estimate VALUES("2599","","7","3","3","41","36","70","10","2567","2024-10-03 16:22:10");
INSERT INTO pa_estimate VALUES("2600","","8","4","4","41","36","70","10","2567","2024-10-03 16:22:10");
INSERT INTO pa_estimate VALUES("2601","","9","3","3","41","36","70","10","2567","2024-10-03 16:22:10");
INSERT INTO pa_estimate VALUES("2602","","10","3","3","41","36","70","10","2567","2024-10-03 16:22:10");
INSERT INTO pa_estimate VALUES("2603","","11","4","4","41","36","70","10","2567","2024-10-03 16:22:10");
INSERT INTO pa_estimate VALUES("2604","","12","4","4","41","36","70","10","2567","2024-10-03 16:22:10");
INSERT INTO pa_estimate VALUES("2605","","13","3","3","41","36","70","10","2567","2024-10-03 16:22:10");
INSERT INTO pa_estimate VALUES("2606","","14","3","3","41","36","70","10","2567","2024-10-03 16:22:10");
INSERT INTO pa_estimate VALUES("2607","","15","3","3","41","36","70","10","2567","2024-10-03 16:22:10");
INSERT INTO pa_estimate VALUES("2608","","16","3","15","41","36","70","10","2567","2024-10-03 16:22:10");
INSERT INTO pa_estimate VALUES("2609","","17","3","7.5","41","36","70","10","2567","2024-10-03 16:22:10");
INSERT INTO pa_estimate VALUES("2610","","18","3","7.5","41","36","70","10","2567","2024-10-03 16:22:10");
INSERT INTO pa_estimate VALUES("2611","","1","4","4","39","36","73","10","2567","2024-10-03 16:23:54");
INSERT INTO pa_estimate VALUES("2612","","2","4","4","39","36","73","10","2567","2024-10-03 16:23:54");
INSERT INTO pa_estimate VALUES("2613","","3","3","3","39","36","73","10","2567","2024-10-03 16:23:54");
INSERT INTO pa_estimate VALUES("2614","","4","4","4","39","36","73","10","2567","2024-10-03 16:23:54");
INSERT INTO pa_estimate VALUES("2615","","5","4","4","39","36","73","10","2567","2024-10-03 16:23:54");
INSERT INTO pa_estimate VALUES("2616","","6","4","4","39","36","73","10","2567","2024-10-03 16:23:54");
INSERT INTO pa_estimate VALUES("2617","","7","4","4","39","36","73","10","2567","2024-10-03 16:23:54");
INSERT INTO pa_estimate VALUES("2618","","8","4","4","39","36","73","10","2567","2024-10-03 16:23:54");
INSERT INTO pa_estimate VALUES("2619","","9","3","3","39","36","73","10","2567","2024-10-03 16:23:54");
INSERT INTO pa_estimate VALUES("2620","","10","4","4","39","36","73","10","2567","2024-10-03 16:23:54");
INSERT INTO pa_estimate VALUES("2621","","11","4","4","39","36","73","10","2567","2024-10-03 16:23:54");
INSERT INTO pa_estimate VALUES("2622","","12","4","4","39","36","73","10","2567","2024-10-03 16:23:54");
INSERT INTO pa_estimate VALUES("2623","","13","2","2","39","36","73","10","2567","2024-10-03 16:23:54");
INSERT INTO pa_estimate VALUES("2624","","14","2","2","39","36","73","10","2567","2024-10-03 16:23:54");
INSERT INTO pa_estimate VALUES("2625","","15","2","2","39","36","73","10","2567","2024-10-03 16:23:54");
INSERT INTO pa_estimate VALUES("2626","","16","3","15","39","36","73","10","2567","2024-10-03 16:23:54");
INSERT INTO pa_estimate VALUES("2627","","17","3","7.5","39","36","73","10","2567","2024-10-03 16:23:54");
INSERT INTO pa_estimate VALUES("2628","","18","3","7.5","39","36","73","10","2567","2024-10-03 16:23:54");
INSERT INTO pa_estimate VALUES("2629","","1","4","4","43","36","76","10","2567","2024-10-03 17:00:09");
INSERT INTO pa_estimate VALUES("2630","","2","4","4","43","36","76","10","2567","2024-10-03 17:00:09");
INSERT INTO pa_estimate VALUES("2631","","3","4","4","43","36","76","10","2567","2024-10-03 17:00:09");
INSERT INTO pa_estimate VALUES("2632","","4","4","4","43","36","76","10","2567","2024-10-03 17:00:09");
INSERT INTO pa_estimate VALUES("2633","","5","4","4","43","36","76","10","2567","2024-10-03 17:00:09");
INSERT INTO pa_estimate VALUES("2634","","6","4","4","43","36","76","10","2567","2024-10-03 17:00:09");
INSERT INTO pa_estimate VALUES("2635","","7","2","2","43","36","76","10","2567","2024-10-03 17:00:09");
INSERT INTO pa_estimate VALUES("2636","","8","3","3","43","36","76","10","2567","2024-10-03 17:00:09");
INSERT INTO pa_estimate VALUES("2637","","9","3","3","43","36","76","10","2567","2024-10-03 17:00:09");
INSERT INTO pa_estimate VALUES("2638","","10","4","4","43","36","76","10","2567","2024-10-03 17:00:09");
INSERT INTO pa_estimate VALUES("2639","","11","4","4","43","36","76","10","2567","2024-10-03 17:00:09");
INSERT INTO pa_estimate VALUES("2640","","12","4","4","43","36","76","10","2567","2024-10-03 17:00:09");
INSERT INTO pa_estimate VALUES("2641","","13","3","3","43","36","76","10","2567","2024-10-03 17:00:09");
INSERT INTO pa_estimate VALUES("2642","","14","3","3","43","36","76","10","2567","2024-10-03 17:00:09");
INSERT INTO pa_estimate VALUES("2643","","15","4","4","43","36","76","10","2567","2024-10-03 17:00:09");
INSERT INTO pa_estimate VALUES("2644","","16","3","15","43","36","76","10","2567","2024-10-03 17:00:09");
INSERT INTO pa_estimate VALUES("2645","","17","3","7.5","43","36","76","10","2567","2024-10-03 17:00:09");
INSERT INTO pa_estimate VALUES("2646","","18","3","7.5","43","36","76","10","2567","2024-10-03 17:00:09");
INSERT INTO pa_estimate VALUES("2647","","1","4","4","35","36","79","10","2567","2024-10-03 17:02:00");
INSERT INTO pa_estimate VALUES("2648","","2","4","4","35","36","79","10","2567","2024-10-03 17:02:00");
INSERT INTO pa_estimate VALUES("2649","","3","3","3","35","36","79","10","2567","2024-10-03 17:02:00");
INSERT INTO pa_estimate VALUES("2650","","4","3","3","35","36","79","10","2567","2024-10-03 17:02:00");
INSERT INTO pa_estimate VALUES("2651","","5","4","4","35","36","79","10","2567","2024-10-03 17:02:00");
INSERT INTO pa_estimate VALUES("2652","","6","3","3","35","36","79","10","2567","2024-10-03 17:02:00");
INSERT INTO pa_estimate VALUES("2653","","7","4","4","35","36","79","10","2567","2024-10-03 17:02:00");
INSERT INTO pa_estimate VALUES("2654","","8","3","3","35","36","79","10","2567","2024-10-03 17:02:00");
INSERT INTO pa_estimate VALUES("2655","","9","3","3","35","36","79","10","2567","2024-10-03 17:02:00");
INSERT INTO pa_estimate VALUES("2656","","10","4","4","35","36","79","10","2567","2024-10-03 17:02:00");
INSERT INTO pa_estimate VALUES("2657","","11","4","4","35","36","79","10","2567","2024-10-03 17:02:00");
INSERT INTO pa_estimate VALUES("2658","","12","3","3","35","36","79","10","2567","2024-10-03 17:02:00");
INSERT INTO pa_estimate VALUES("2659","","13","4","4","35","36","79","10","2567","2024-10-03 17:02:00");
INSERT INTO pa_estimate VALUES("2660","","14","4","4","35","36","79","10","2567","2024-10-03 17:02:00");
INSERT INTO pa_estimate VALUES("2661","","15","3","3","35","36","79","10","2567","2024-10-03 17:02:00");
INSERT INTO pa_estimate VALUES("2662","","16","3","15","35","36","79","10","2567","2024-10-03 17:02:00");
INSERT INTO pa_estimate VALUES("2663","","17","3","7.5","35","36","79","10","2567","2024-10-03 17:02:00");
INSERT INTO pa_estimate VALUES("2664","","18","3","7.5","35","36","79","10","2567","2024-10-03 17:02:00");
INSERT INTO pa_estimate VALUES("2665","","1","4","4","36","36","82","10","2567","2024-10-03 17:08:57");
INSERT INTO pa_estimate VALUES("2666","","2","4","4","36","36","82","10","2567","2024-10-03 17:08:57");
INSERT INTO pa_estimate VALUES("2667","","3","4","4","36","36","82","10","2567","2024-10-03 17:08:57");
INSERT INTO pa_estimate VALUES("2668","","4","3","3","36","36","82","10","2567","2024-10-03 17:08:57");
INSERT INTO pa_estimate VALUES("2669","","5","3","3","36","36","82","10","2567","2024-10-03 17:08:57");
INSERT INTO pa_estimate VALUES("2670","","6","3","3","36","36","82","10","2567","2024-10-03 17:08:57");
INSERT INTO pa_estimate VALUES("2671","","7","3","3","36","36","82","10","2567","2024-10-03 17:08:57");
INSERT INTO pa_estimate VALUES("2672","","8","4","4","36","36","82","10","2567","2024-10-03 17:08:57");
INSERT INTO pa_estimate VALUES("2673","","9","3","3","36","36","82","10","2567","2024-10-03 17:08:57");
INSERT INTO pa_estimate VALUES("2674","","10","4","4","36","36","82","10","2567","2024-10-03 17:08:57");
INSERT INTO pa_estimate VALUES("2675","","11","4","4","36","36","82","10","2567","2024-10-03 17:08:57");
INSERT INTO pa_estimate VALUES("2676","","12","3","3","36","36","82","10","2567","2024-10-03 17:08:57");
INSERT INTO pa_estimate VALUES("2677","","13","4","4","36","36","82","10","2567","2024-10-03 17:08:57");
INSERT INTO pa_estimate VALUES("2678","","14","3","3","36","36","82","10","2567","2024-10-03 17:08:57");
INSERT INTO pa_estimate VALUES("2679","","15","4","4","36","36","82","10","2567","2024-10-03 17:08:57");
INSERT INTO pa_estimate VALUES("2680","","16","3","15","36","36","82","10","2567","2024-10-03 17:08:57");
INSERT INTO pa_estimate VALUES("2681","","17","3","7.5","36","36","82","10","2567","2024-10-03 17:08:57");
INSERT INTO pa_estimate VALUES("2682","","18","3","7.5","36","36","82","10","2567","2024-10-03 17:08:57");



