DROP TABLE pa_estimate2;

CREATE TABLE `pa_estimate2` (
  `id_esti2` int(9) NOT NULL AUTO_INCREMENT,
  `id_ass` int(9) DEFAULT NULL,
  `id_h_ass` int(9) DEFAULT NULL,
  `pcode` int(9) DEFAULT NULL,
  `ecode` int(5) DEFAULT NULL,
  `e_score` double DEFAULT NULL,
  `e_score2` double DEFAULT NULL,
  `pa_year` int(4) DEFAULT NULL,
  `changat` timestamp NULL DEFAULT CURRENT_TIMESTAMP,
  PRIMARY KEY (`id_esti2`)
) ENGINE=InnoDB AUTO_INCREMENT=150 DEFAULT CHARSET=latin1;

INSERT INTO pa_estimate2 VALUES("1","87","18","45","102","56","37.5","2567","2024-09-25 09:19:58");
INSERT INTO pa_estimate2 VALUES("2","95","20","54","98","57","37.5","2567","2024-09-25 09:30:10");
INSERT INTO pa_estimate2 VALUES("3","90","18","46","102","54","37.5","2567","2024-09-25 09:33:07");
INSERT INTO pa_estimate2 VALUES("4","98","20","55","98","54","37.5","2567","2024-09-25 09:34:54");
INSERT INTO pa_estimate2 VALUES("5","48","9","25","100","56","37.5","2567","2024-09-25 09:39:45");
INSERT INTO pa_estimate2 VALUES("6","119","20","57","98","55","37.5","2567","2024-09-25 09:39:59");
INSERT INTO pa_estimate2 VALUES("7","120","21","57","102","55","37.5","2567","2024-09-25 09:41:01");
INSERT INTO pa_estimate2 VALUES("8","123","21","75","102","53","32.5","2567","2024-09-25 09:44:05");
INSERT INTO pa_estimate2 VALUES("9","126","21","77","102","55","32.5","2567","2024-09-25 09:48:12");
INSERT INTO pa_estimate2 VALUES("10","122","20","75","98","56","37.5","2567","2024-09-25 09:48:23");
INSERT INTO pa_estimate2 VALUES("11","45","9","26","100","57","37.5","2567","2024-09-25 09:51:14");
INSERT INTO pa_estimate2 VALUES("12","96","21","54","102","56","37.5","2567","2024-09-25 09:52:11");
INSERT INTO pa_estimate2 VALUES("13","125","20","77","98","55","35","2567","2024-09-25 09:53:12");
INSERT INTO pa_estimate2 VALUES("14","99","21","55","102","56","37.5","2567","2024-09-25 09:54:15");
INSERT INTO pa_estimate2 VALUES("15","93","18","44","102","56","37.5","2567","2024-09-25 09:55:11");
INSERT INTO pa_estimate2 VALUES("16","21","6","16","99","58","35","2567","2024-09-25 09:55:16");
INSERT INTO pa_estimate2 VALUES("17","44","8","26","95","58","37.5","2567","2024-09-25 09:57:53");
INSERT INTO pa_estimate2 VALUES("18","24","6","18","99","52","40","2567","2024-09-25 10:02:28");
INSERT INTO pa_estimate2 VALUES("19","47","8","25","95","58","37.5","2567","2024-09-25 10:02:48");
INSERT INTO pa_estimate2 VALUES("20","51","9","27","100","56","37.5","2567","2024-09-25 10:03:28");
INSERT INTO pa_estimate2 VALUES("21","27","6","17","99","52","40","2567","2024-09-25 10:07:55");
INSERT INTO pa_estimate2 VALUES("22","6","3","5","104","49","40","2567","2024-09-25 10:08:42");
INSERT INTO pa_estimate2 VALUES("23","83","11","36","97","51","35","2567","2024-09-25 10:10:51");
INSERT INTO pa_estimate2 VALUES("24","50","8","27","95","56","32.5","2567","2024-09-25 10:11:09");
INSERT INTO pa_estimate2 VALUES("25","30","6","19","99","51","40","2567","2024-09-25 10:11:48");
INSERT INTO pa_estimate2 VALUES("26","54","9","28","100","51","35","2567","2024-09-25 10:14:17");
INSERT INTO pa_estimate2 VALUES("27","60","12","34","101","54","40","2567","2024-09-25 10:15:36");
INSERT INTO pa_estimate2 VALUES("28","53","8","28","95","56","30","2567","2024-09-25 10:17:21");
INSERT INTO pa_estimate2 VALUES("29","80","11","35","97","50","35","2567","2024-09-25 10:17:34");
INSERT INTO pa_estimate2 VALUES("30","9","3","7","104","47","40","2567","2024-09-25 10:19:22");
INSERT INTO pa_estimate2 VALUES("31","33","6","20","99","51","35","2567","2024-09-25 10:19:51");
INSERT INTO pa_estimate2 VALUES("32","56","8","32","95","56","30","2567","2024-09-25 10:21:55");
INSERT INTO pa_estimate2 VALUES("34","12","3","8","104","48","40","2567","2024-09-25 10:25:44");
INSERT INTO pa_estimate2 VALUES("35","57","9","32","100","54","35","2567","2024-09-25 10:26:02");
INSERT INTO pa_estimate2 VALUES("36","77","11","43","97","49","35","2567","2024-09-25 10:26:05");
INSERT INTO pa_estimate2 VALUES("37","74","11","39","97","49","35","2567","2024-09-25 10:28:23");
INSERT INTO pa_estimate2 VALUES("38","36","6","21","99","48","35","2567","2024-09-25 10:28:52");
INSERT INTO pa_estimate2 VALUES("39","128","8","53","95","56","35","2567","2024-09-25 10:29:20");
INSERT INTO pa_estimate2 VALUES("40","39","6","15","99","54","35","2567","2024-09-25 10:32:59");
INSERT INTO pa_estimate2 VALUES("41","131","8","51","95","56","35","2567","2024-09-25 10:33:04");
INSERT INTO pa_estimate2 VALUES("42","129","9","53","100","55","37.5","2567","2024-09-25 10:33:16");
INSERT INTO pa_estimate2 VALUES("44","71","11","41","97","50","32.5","2567","2024-09-25 10:34:24");
INSERT INTO pa_estimate2 VALUES("45","15","3","9","104","47","40","2567","2024-09-25 10:34:53");
INSERT INTO pa_estimate2 VALUES("46","42","6","84","99","48","35","2567","2024-09-25 10:35:29");
INSERT INTO pa_estimate2 VALUES("47","134","8","52","95","55","30","2567","2024-09-25 10:35:59");
INSERT INTO pa_estimate2 VALUES("48","63","12","42","101","50","40","2567","2024-09-25 10:40:48");
INSERT INTO pa_estimate2 VALUES("49","86","17","45","96","60","35","2567","2024-09-25 10:41:26");
INSERT INTO pa_estimate2 VALUES("50","68","11","40","97","51","35","2567","2024-09-25 10:41:41");
INSERT INTO pa_estimate2 VALUES("51","20","5","16","105","57","37.5","2567","2024-09-25 10:47:37");
INSERT INTO pa_estimate2 VALUES("52","132","9","51","100","50","37.5","2567","2024-09-25 10:47:47");
INSERT INTO pa_estimate2 VALUES("53","65","11","33","97","53","35","2567","2024-09-25 10:50:41");
INSERT INTO pa_estimate2 VALUES("54","3","3","6","104","49","40","2567","2024-09-25 10:52:29");
INSERT INTO pa_estimate2 VALUES("55","23","5","18","105","57","40","2567","2024-09-25 10:52:47");
INSERT INTO pa_estimate2 VALUES("56","135","9","52","100","51","35","2567","2024-09-25 10:54:08");
INSERT INTO pa_estimate2 VALUES("57","62","11","42","97","54","30","2567","2024-09-25 10:54:09");
INSERT INTO pa_estimate2 VALUES("58","26","5","17","105","56","37.5","2567","2024-09-25 10:54:39");
INSERT INTO pa_estimate2 VALUES("59","29","5","19","105","57","35","2567","2024-09-25 10:56:01");
INSERT INTO pa_estimate2 VALUES("60","32","5","20","105","57","35","2567","2024-09-25 10:58:45");
INSERT INTO pa_estimate2 VALUES("61","18","3","14","104","49","40","2567","2024-09-25 10:59:20");
INSERT INTO pa_estimate2 VALUES("62","2","2","6","97","55","35","2567","2024-09-25 10:59:33");
INSERT INTO pa_estimate2 VALUES("63","35","5","21","105","54","40","2567","2024-09-25 10:59:52");
INSERT INTO pa_estimate2 VALUES("64","5","2","5","97","55","35","2567","2024-09-25 11:01:25");
INSERT INTO pa_estimate2 VALUES("65","38","5","15","105","56","35","2567","2024-09-25 11:02:02");
INSERT INTO pa_estimate2 VALUES("66","66","12","33","101","57","35","2567","2024-09-25 11:04:36");
INSERT INTO pa_estimate2 VALUES("67","89","17","46","96","58","37.5","2567","2024-09-25 11:07:02");
INSERT INTO pa_estimate2 VALUES("68","8","2","7","97","53","30","2567","2024-09-25 11:10:34");
INSERT INTO pa_estimate2 VALUES("69","59","11","34","97","55","35","2567","2024-09-25 11:12:45");
INSERT INTO pa_estimate2 VALUES("70","69","12","40","101","50","35","2567","2024-09-25 11:13:06");
INSERT INTO pa_estimate2 VALUES("71","41","5","84","105","57","35","2567","2024-09-25 11:13:13");
INSERT INTO pa_estimate2 VALUES("72","17","2","14","97","52","35","2567","2024-09-25 11:14:40");
INSERT INTO pa_estimate2 VALUES("73","14","2","9","97","51","30","2567","2024-09-25 11:15:51");
INSERT INTO pa_estimate2 VALUES("74","11","2","8","97","50","30","2567","2024-09-25 11:19:01");
INSERT INTO pa_estimate2 VALUES("75","72","12","41","101","48","35","2567","2024-09-25 11:20:29");
INSERT INTO pa_estimate2 VALUES("76","92","17","44","96","58","37.5","2567","2024-09-25 11:34:53");
INSERT INTO pa_estimate2 VALUES("77","75","12","39","101","50","35","2567","2024-09-25 12:17:57");
INSERT INTO pa_estimate2 VALUES("78","101","14","59","96","58","37.5","2567","2024-09-25 12:43:40");
INSERT INTO pa_estimate2 VALUES("79","78","12","43","101","50","35","2567","2024-09-25 12:44:08");
INSERT INTO pa_estimate2 VALUES("80","81","12","35","101","48","35","2567","2024-09-25 12:56:11");
INSERT INTO pa_estimate2 VALUES("81","84","12","36","101","48","35","2567","2024-09-25 13:07:44");
INSERT INTO pa_estimate2 VALUES("82","104","14","60","96","60","35","2567","2024-09-25 13:16:02");
INSERT INTO pa_estimate2 VALUES("85","107","14","58","96","57","35","2567","2024-09-25 13:53:00");
INSERT INTO pa_estimate2 VALUES("87","102","15","59","103","55","30","2567","2024-09-25 14:18:05");
INSERT INTO pa_estimate2 VALUES("88","110","14","62","96","56","35","2567","2024-09-25 14:29:35");
INSERT INTO pa_estimate2 VALUES("91","105","15","60","103","55","30","2567","2024-09-25 14:55:02");
INSERT INTO pa_estimate2 VALUES("92","113","14","67","96","58","35","2567","2024-09-25 15:00:59");
INSERT INTO pa_estimate2 VALUES("93","108","15","58","103","55","35","2567","2024-09-25 15:05:00");
INSERT INTO pa_estimate2 VALUES("94","111","15","62","103","51","35","2567","2024-09-25 15:14:53");
INSERT INTO pa_estimate2 VALUES("96","116","14","61","96","58","35","2567","2024-09-25 15:21:25");
INSERT INTO pa_estimate2 VALUES("97","114","15","67","103","52","35","2567","2024-09-25 15:24:45");
INSERT INTO pa_estimate2 VALUES("98","137","14","71","96","58","37.5","2567","2024-09-25 15:33:59");
INSERT INTO pa_estimate2 VALUES("99","117","15","61","103","55","35","2567","2024-09-25 15:40:38");
INSERT INTO pa_estimate2 VALUES("100","140","14","68","96","58","35","2567","2024-09-25 15:40:47");
INSERT INTO pa_estimate2 VALUES("101","138","15","71","103","55","35","2567","2024-09-25 15:48:57");
INSERT INTO pa_estimate2 VALUES("102","141","15","68","103","57","37.5","2567","2024-09-25 15:54:25");
INSERT INTO pa_estimate2 VALUES("103","19","4","16","17","55","35","2567","2024-09-29 10:26:36");
INSERT INTO pa_estimate2 VALUES("104","22","4","18","17","55","35","2567","2024-09-29 10:38:06");
INSERT INTO pa_estimate2 VALUES("105","25","4","17","17","57","35","2567","2024-09-29 10:44:36");
INSERT INTO pa_estimate2 VALUES("106","28","4","19","17","57","35","2567","2024-09-29 10:54:29");
INSERT INTO pa_estimate2 VALUES("107","31","4","20","17","50","35","2567","2024-09-29 11:00:42");
INSERT INTO pa_estimate2 VALUES("108","34","4","21","17","50","35","2567","2024-09-29 11:20:02");
INSERT INTO pa_estimate2 VALUES("109","37","4","15","17","50","35","2567","2024-09-29 12:07:20");
INSERT INTO pa_estimate2 VALUES("110","40","4","84","17","50","35","2567","2024-09-29 12:31:45");
INSERT INTO pa_estimate2 VALUES("111","100","13","59","58","55","30","2567","2024-09-30 05:25:06");
INSERT INTO pa_estimate2 VALUES("112","103","13","60","58","55","30","2567","2024-09-30 05:38:26");
INSERT INTO pa_estimate2 VALUES("113","106","13","58","58","55","30","2567","2024-09-30 05:47:10");
INSERT INTO pa_estimate2 VALUES("114","109","13","62","58","55","30","2567","2024-09-30 05:47:55");
INSERT INTO pa_estimate2 VALUES("115","112","13","67","58","55","30","2567","2024-09-30 05:48:38");
INSERT INTO pa_estimate2 VALUES("116","115","13","61","58","54","30","2567","2024-09-30 05:50:08");
INSERT INTO pa_estimate2 VALUES("117","136","13","71","58","54","30","2567","2024-09-30 05:53:11");
INSERT INTO pa_estimate2 VALUES("118","139","13","68","58","54","30","2567","2024-09-30 05:54:02");
INSERT INTO pa_estimate2 VALUES("119","127","7","53","51","55","30","2567","2024-10-01 10:23:24");
INSERT INTO pa_estimate2 VALUES("120","130","7","51","51","55","30","2567","2024-10-01 10:33:00");
INSERT INTO pa_estimate2 VALUES("121","94","19","54","57","55","37.5","2567","2024-10-01 11:00:27");
INSERT INTO pa_estimate2 VALUES("122","133","7","52","51","54","30","2567","2024-10-01 11:03:18");
INSERT INTO pa_estimate2 VALUES("123","118","19","57","57","55","30","2567","2024-10-01 11:10:36");
INSERT INTO pa_estimate2 VALUES("124","124","19","77","57","51","30","2567","2024-10-01 11:33:42");
INSERT INTO pa_estimate2 VALUES("125","121","19","75","57","53","30","2567","2024-10-01 12:08:03");
INSERT INTO pa_estimate2 VALUES("126","97","19","55","57","52","30","2567","2024-10-01 12:09:03");
INSERT INTO pa_estimate2 VALUES("127","85","16","45","44","58","37.5","2567","2024-10-02 10:18:16");
INSERT INTO pa_estimate2 VALUES("128","88","16","46","44","56","37.5","2567","2024-10-02 10:22:01");
INSERT INTO pa_estimate2 VALUES("129","91","16","44","44","57","37.5","2567","2024-10-02 10:22:53");
INSERT INTO pa_estimate2 VALUES("130","1","1","6","5","60","32.5","2567","2024-10-02 13:11:43");
INSERT INTO pa_estimate2 VALUES("131","7","1","7","5","52","32.5","2567","2024-10-02 13:14:08");
INSERT INTO pa_estimate2 VALUES("132","10","1","8","5","54","30","2567","2024-10-02 13:18:21");
INSERT INTO pa_estimate2 VALUES("133","13","1","9","5","52","30","2567","2024-10-02 13:19:10");
INSERT INTO pa_estimate2 VALUES("134","16","1","14","5","55","30","2567","2024-10-02 13:20:01");
INSERT INTO pa_estimate2 VALUES("135","4","1","5","5","57","35","2567","2024-10-02 13:30:32");
INSERT INTO pa_estimate2 VALUES("136","43","7","26","25","54","30","2567","2024-10-03 15:41:27");
INSERT INTO pa_estimate2 VALUES("137","46","7","25","25","55","30","2567","2024-10-03 15:42:18");
INSERT INTO pa_estimate2 VALUES("138","49","7","27","25","51","30","2567","2024-10-03 15:43:09");
INSERT INTO pa_estimate2 VALUES("139","52","7","28","25","55","30","2567","2024-10-03 15:43:59");
INSERT INTO pa_estimate2 VALUES("140","55","7","32","25","56","30","2567","2024-10-03 15:45:24");
INSERT INTO pa_estimate2 VALUES("141","58","10","34","36","56","37.5","2567","2024-10-03 16:14:29");
INSERT INTO pa_estimate2 VALUES("142","61","10","42","36","56","37.5","2567","2024-10-03 16:17:41");
INSERT INTO pa_estimate2 VALUES("143","64","10","33","36","57","37.5","2567","2024-10-03 16:19:22");
INSERT INTO pa_estimate2 VALUES("144","67","10","40","36","55","30","2567","2024-10-03 16:21:09");
INSERT INTO pa_estimate2 VALUES("145","70","10","41","36","53","30","2567","2024-10-03 16:22:10");
INSERT INTO pa_estimate2 VALUES("146","73","10","39","36","52","30","2567","2024-10-03 16:23:54");
INSERT INTO pa_estimate2 VALUES("147","76","10","43","36","54","30","2567","2024-10-03 17:00:09");
INSERT INTO pa_estimate2 VALUES("148","79","10","35","36","53","30","2567","2024-10-03 17:02:00");
INSERT INTO pa_estimate2 VALUES("149","82","10","36","36","53","30","2567","2024-10-03 17:08:57");



DROP TABLE pa_h_assessment;

CREATE TABLE `pa_h_assessment` (
  `id_h_ass` int(5) NOT NULL AUTO_INCREMENT,
  `pcode` int(9) DEFAULT NULL,
  `group_h_ass` int(3) DEFAULT NULL,
  `pa_h_real` int(1) DEFAULT '0',
  `pa_year` int(4) DEFAULT NULL,
  PRIMARY KEY (`id_h_ass`)
) ENGINE=InnoDB AUTO_INCREMENT=28 DEFAULT CHARSET=latin1;

INSERT INTO pa_h_assessment VALUES("1","5","1","0","2567");
INSERT INTO pa_h_assessment VALUES("2","97","1","1","2567");
INSERT INTO pa_h_assessment VALUES("3","104","1","1","2567");
INSERT INTO pa_h_assessment VALUES("4","17","2","0","2567");
INSERT INTO pa_h_assessment VALUES("5","105","2","1","2567");
INSERT INTO pa_h_assessment VALUES("6","99","2","1","2567");
INSERT INTO pa_h_assessment VALUES("7","25","3","0","2567");
INSERT INTO pa_h_assessment VALUES("8","95","3","1","2567");
INSERT INTO pa_h_assessment VALUES("9","100","3","1","2567");
INSERT INTO pa_h_assessment VALUES("10","36","4","0","2567");
INSERT INTO pa_h_assessment VALUES("11","97","4","1","2567");
INSERT INTO pa_h_assessment VALUES("12","101","4","1","2567");
INSERT INTO pa_h_assessment VALUES("13","58","5","0","2567");
INSERT INTO pa_h_assessment VALUES("14","96","5","1","2567");
INSERT INTO pa_h_assessment VALUES("15","103","5","1","2567");
INSERT INTO pa_h_assessment VALUES("16","44","6","0","2567");
INSERT INTO pa_h_assessment VALUES("17","96","6","1","2567");
INSERT INTO pa_h_assessment VALUES("18","102","6","1","2567");
INSERT INTO pa_h_assessment VALUES("19","51","7","0","2567");
INSERT INTO pa_h_assessment VALUES("20","98","7","1","2567");
INSERT INTO pa_h_assessment VALUES("21","102","7","1","2567");



DROP TABLE pa_score;

CREATE TABLE `pa_score` (
  `id_sco` int(2) DEFAULT NULL,
  `no_sco` int(1) DEFAULT NULL,
  `n_sco` double DEFAULT NULL,
  `g_sco` int(1) DEFAULT NULL
) ENGINE=InnoDB DEFAULT CHARSET=latin1;

INSERT INTO pa_score VALUES("1","1","1","1");
INSERT INTO pa_score VALUES("2","2","2","1");
INSERT INTO pa_score VALUES("3","3","3","1");
INSERT INTO pa_score VALUES("4","4","4","1");
INSERT INTO pa_score VALUES("5","1","5","2");
INSERT INTO pa_score VALUES("6","2","10","2");
INSERT INTO pa_score VALUES("7","3","15","2");
INSERT INTO pa_score VALUES("8","4","20","2");
INSERT INTO pa_score VALUES("9","1","2.5","3");
INSERT INTO pa_score VALUES("10","2","5","3");
INSERT INTO pa_score VALUES("11","3","7.5","3");
INSERT INTO pa_score VALUES("12","4","10","3");



DROP TABLE pa_section1;

CREATE TABLE `pa_section1` (
  `id_sele1` int(2) DEFAULT NULL,
  `name_sele1` varchar(250) CHARACTER SET utf8 DEFAULT NULL
) ENGINE=InnoDB DEFAULT CHARSET=latin1;

INSERT INTO pa_section1 VALUES("1","ส่วนที่ 1 ข้อตกลงในการพัฒนางานตามมาตรฐานตำแหน่ง (60 คะแนน)");
INSERT INTO pa_section1 VALUES("2","ส่วนที่ 2 ข้อตกลงในการพัฒนางานที่เสนอเป็นประเด็นท้าทายในการพัฒนาผลลัพธ์การเรียนรู้ของผู้เรียน (40 คะแนน)");



DROP TABLE pa_section2;

CREATE TABLE `pa_section2` (
  `id_sele2` int(2) NOT NULL,
  `id_sele1` int(1) DEFAULT NULL,
  `name_sele2` varchar(100) CHARACTER SET utf8 DEFAULT NULL,
  PRIMARY KEY (`id_sele2`)
) ENGINE=InnoDB DEFAULT CHARSET=latin1;

INSERT INTO pa_section2 VALUES("1","1","1. ด้านการจัดการเรียนรู้");
INSERT INTO pa_section2 VALUES("2","1","2. ด้านการส่งเสริมและสนับสนุนการจัดการเรียนรู้");
INSERT INTO pa_section2 VALUES("3","1","3. ด้านการพัฒนาตนเองและวิชาชีพ");
INSERT INTO pa_section2 VALUES("4","2","1. วิธีดำเนินการ (20 คะแนน)");
INSERT INTO pa_section2 VALUES("5","2","2. ผลลัพธ์การเรียนรู้ของผู้เรียนที่คาดหวัง (20 คะแนน)");



DROP TABLE pa_section3;

CREATE TABLE `pa_section3` (
  `id_sele3` int(3) NOT NULL AUTO_INCREMENT,
  `id_sele2` int(2) DEFAULT NULL,
  `id_sele1` int(1) DEFAULT NULL,
  `g_sco` int(1) DEFAULT NULL,
  `name_sele3` varchar(100) CHARACTER SET utf8 DEFAULT NULL,
  `name_sele3_detail1` text CHARACTER SET utf8,
  `name_sele3_detail2` text CHARACTER SET utf8,
  `name_sele3_detail3` text CHARACTER SET utf8,
  `name_sele3_detail4` text CHARACTER SET utf8,
  `name_sele3_detail5` text CHARACTER SET utf8,
  PRIMARY KEY (`id_sele3`)
) ENGINE=InnoDB AUTO_INCREMENT=20 DEFAULT CHARSET=latin1;

INSERT INTO pa_section3 VALUES("1","1","1","1","1.1 สร้างและหรือพัฒนาหลักสูตร","มีการจัดทำรายวิชาและหน่วยการเรียนรู้ให้สอดคล้องกับมาตรฐานการเรียนรู้ และตัวชี้วัดหรือผลการเรียนรู้ตามหลักสูตรเพื่อให้ผู้เรียนได้พัฒนาสมรรถนะและการเรียนรู้ เต็มตามศักยภาพ โดยมีการพัฒนารายวิชาและหน่วยการเรียนรู้ ให้สอดคล้อง","มีการจัดทำรายวิชาและหน่วยการเรียนรู้ให้สอดคล้องกับมาตรฐานการเรียนรู้ และตัวชี้วัดหรือผลการเรียนรู้ตามหลักสูตรเพื่อให้ผู้เรียนได้พัฒนาสมรรถนะและการเรียนรู้ เต็มตามศักยภาพ โดยมีการพัฒนารายวิชาและหน่วยการเรียนรู้ ให้สอดคล้องกับบริบทของส านศึกษา ผู้เรียน และท้อง ิ่น และสามาร แก้ไขปัญหาในการจัดการเรียนรู้ได้","ริเริ่ม พัฒนารายวิชาและหน่วยการเรียนรู้ ให้สอดคล้องกับมาตรฐานการเรียนรู้ และตัวชี้วัด หรือผลการเรียนรู้ ตามหลักสูตร บริบทของสถานศึกษา ผู้เรียน และท้องถิ่น สามารถแก้ไขปัญหาในการจัดการเรียนรู้ เพื่อให้ผู้เรียนได้พัฒนาสมรร นะและการเรียนรู้เต็มตามศักยภาพส่งผลให้คุณภาพการจัดการเรียนรู้สูงขึ้น และเป็นแบบอย่างที่ดี ในการสร้างและหรือพัฒนาหลักสูตร","ริเริ่ม คิดค้น พัฒนารายวิชาและหน่วยการเรียนรู้ 
ให้สอดคล้องกับมาตรฐานการเรียนรู้ และตัวชี้วัดหรือผลการเรียนรู้ ตามหลักสูตร บริบทของสถานศึกษา ผู้เรียน และท้องถิ่น เพื่อแก้ไขปัญหาในการจัดการเรียนรู้ ทำให้ผู้เรียนได้พัฒนาสมรรถนะและการเรียนรู้เต็มตามศักยภาพ ส่งผลให้คุณภาพการจัดการเรียนรู้สูงขึ้น เป็นแบบอย่างที่ดี และสามารถ ให้คำปรึกษากับผู้อื่นในการสร้างและหรือพัฒนาหลักสูตร
","ริเริ่ม คิดค้น พัฒนารายวิชาและหน่วยการเรียนรู้ ให้สอดคล้องกับมาตรฐานการเรียนรู้ และตัวชี้วัดหรือผลการเรียนรู้ ตามหลักสูตร บริบทของสถานศึกษา ผู้เรียน และท้องถิ่น เพื่อแก้ไขปัญหาในการจัดการเรียนรู้ ทำให้ผู้เรียนได้พัฒนาสมรรถนะและการเรียนรู้เต็มตามศักยภาพ ส่งผลให้คุณภาพการจัดการเรียนรู้สูงขึ้น เป็นแบบอย่างที่ดี และสามารถ ให้คำปรึกษากับผู้อื่นในการสร้างและหรือพัฒนาหลักสูตร");
INSERT INTO pa_section3 VALUES("2","1","1","1","1.2 ออกแบบการจัดการเรียนรู้","เน้นผู้เรียนเป็นสำคัญ เพื่อให้ผู้เรียนมีความรู้ ทักษะ คุณลักษณะประจำวิชา คุณลักษณะอันพึงประสงค์ และสมรรถนะที่สำคัญ ตามหลักสูตร โดยมีการปรับประยุกต์ให้สอดคล้องกับบริบทของสถานศึกษา ผู้เรียน และท้องถิ่นกับบริบทของสถานศึกษา ผู้เรียน และท้องถิ่น และสามารถแก้ไขปัญหาในการจัดการเรียนรู้ได้","เน้นผู้เรียนเป็นสำคัญ เพื่อให้ผู้เรียนมีความรู้ ทักษะ 
คุณลักษณะประจำวิชา คุณลักษณะอันพึงประสงค์ และสมรรถนะที่สำคัญ ตามหลักสูตร โดยมีการออกแบบการจัดการเรียนรู้ ที่สามารถแก้ไขปัญหาในการจัดการเรียนรู้ ทำให้ผู้เรียนมีกระบวนการคิดและค้นพบองค์ความรู้ด้วยตนเอง และสร้างแรงบันดาลใจ
","ริเริ่ม คิดค้น การออกแบบการจัดการเรียนรู้ โดยเน้นผู้เรียนเป็นสำคัญ สามารถแก้ไขปัญหา และพัฒนาคุณภาพการจัดการเรียนรู้ให้สูงขึ้น เพื่อให้ผู้เรียนมีความรู้ ทักษะ คุณลักษณะประจำวิชา คุณลักษณะอันพึงประสงค์ ","ริเริ่ม คิดค้น ปรับเปลี่ยน การออกแบบการจัดการเรียนรู้ โดยเน้นผู้เรียนเป็นสำคัญ สามารถแก้ไขปัญหาและพัฒนาคุณภาพการจัดการเรียนรู้ให้สูงขึ้น เพื่อให้ผู้เรียนมีความรู้ ทักษะ คุณลักษณะประจำวิชา   คุณลักษณะอันพึงประสงค์และสมรรถนะที่สำคัญ ตามหลักสูตร มีกระบวนการคิดและค้นพบองค์ความรู้ด้วยตนเอง และสร้างแรงบันดาลใจ เป็นแบบอย่างที่ดีและสามาร ให้คำปรึกษากับผู้อื่น ในการออกแบบการจัดการเรียนรู้					","ริเริ่ม คิดค้น ปรับเปลี่ยน การออกแบบการจัดการเรียนรู้ โดยเน้นผู้เรียนเป็นสำคัญ สามารถแก้ไขปัญหาและพัฒนาคุณภาพการจัดการเรียนรู้ให้สูงขึ้น เพื่อให้ผู้เรียนมีความรู้ ทักษะ คุณลักษณะประจำวิชา   คุณลักษณะอันพึงประสงค์และสมรรถนะที่สำคัญ ตามหลักสูตร มีกระบวนการคิดและค้นพบองค์ความรู้ด้วยตนเอง และสร้างแรงบันดาลใจ เป็นแบบอย่างที่ดีและสามาร ให้คำปรึกษากับผู้อื่น ในการออกแบบการจัดการเรียนรู้");
INSERT INTO pa_section3 VALUES("3","1","1","1","1.3 จัดกิจกรรมการเรียนรู้","มีการอำนวยความสะดวกในการเรียนรู้ และส่งเสริมผู้เรียนได้พัฒนาเต็มตามศักยภาพ เรียนรู้และทำงานร่วมกัน โดยมีการปรับประยุกต์ให้สอดคล้องกับความแตกต่างของผู้เรียน","มีการอำนวยความสะดวกในการเรียนรู้ และส่งเสริมผู้เรียนได้พัฒนาเต็มตามศักยภาพ เรียนรู้และทำงานร่วมกันโดยมีการจัดกิจกรรมการเรียนรู้ ที่สามารถแก้ไขปัญหาในการจัดการเรียนรู้ ทำให้ผู้เรียนมีกระบวนการคิดและค้นพบองค์ความรู้ด้วยตนเอง และสร้างแรงบันดาลใจ","มีการริเริ่ม คิดค้น และพัฒนานวัตกรรม การจัดกิจกรรมการเรียนรู้ ที่สามารถแก้ไขปัญหาในการจัดการเรียนรู้ ทำให้ผู้เรียนได้พัฒนาเต็มตามศักยภาพ เรียนรู้และทำงานร่วมกัน มีกระบวนการคิดและค้นพบองค์ความรู้ด้วยตนเอง และสร้างแรงบันดาลใจและเป็นแบบอย่างที่ดีในการจัดกิจกรรมการเรียนรู้","มีการริเริ่ม คิดค้น พัฒนา ปรับเปลี่ยน นวัตกรรม การจัดกิจกรรมการเรียนรู้ ที่สามารถแก้ไขปัญหาในการจัดการเรียนรู้ ทำให้ผู้เรียนได้พัฒนาเต็มตามศักยภาพ เรียนรู้และทำงานร่วมกัน มีกระบวนการคิดและค้นพบองค์ความรู้ด้วยตนเอง และสร้างแรงบันดาลใจ เป็นแบบอย่างที่ดีและสามารถ ให้คำปรึกษากับผู้อื่นในการจัดกิจกรรมการเรียนรู้","มีการริเริ่ม คิดค้น พัฒนา ปรับเปลี่ยน นวัตกรรมการจัดกิจกรรมการเรียนรู้ ที่สามารถแก้ไขปัญหาในการจัดการเรียนรู้ ทำให้ผู้เรียนได้พัฒนาเต็มตามศักยภาพ เรียนรู้และทำงานร่วมกัน มีกระบวนการคิดและค้นพบองค์ความรู้ด้วยตนเอง และสร้างแรงบันดาลใจ เผยแพร่และขยายผลนวัตกรรมการจัดกิจกรรมการเรียนรู้เป็นแบบอย่างที่ดี และสามารถให้คำปรึกษากับผู้อื่น สร้างการเปลี่ยนแปลงในการจัดกิจกรรมการเรียนรู้");
INSERT INTO pa_section3 VALUES("4","1","1","1","1.4 สร้างและหรือพัฒนาสื่อ นวัตกรรม เทคโนโลยีและแหล่งเรียนรู้","มีการสร้างและหรือพัฒนาสื่อ นวัตกรรม เทคโนโลยีและแหล่งเรียนรู้สอดคล้องกับกิจกรรมการเรียนรู้ โดยมีการปรับประยุกต์ให้สอดคล้องกับความแตกต่างของผู้เรียน และทำให้ผู้เรียนมีทักษะการคิดและสามารถสร้างนวัตกรรมได้","มีการสร้างและหรือพัฒนาสื่อ นวัตกรรม เทคโนโลยีและแหล่งเรียนรู้สอดคล้องกับกิจกรรมการเรียนรู้สามาร แก้ไขปัญหาในการเรียนรู้ของผู้เรียน และทำให้ผู้เรียนมีทักษะการคิดและสามารถสร้างนวัตกรรมได้","  มีการริเริ่ม คิดค้น และพัฒนาสื่อ นวัตกรรม เทคโนโลยีและแหล่งเรียนรู้สอดคล้องกับกิจกรรมการเรียนรู้สามารถแก้ไขปัญหาในการเรียนรู้ของผู้เรียน และทำให้ผู้เรียนมีทักษะการคิดและสามารถสร้างนวัตกรรมได้และเป็นแบบอย่างที่ดีในการสร้างและหรือพัฒนาสื่อ นวัตกรรม เทคโนโลยีและแหล่งเรียนรู้","มีการริเริ่ม คิดค้น พัฒนา ปรับเปลี่ยน สื่อ นวัตกรรม เทคโนโลยีและแหล่งเรียนรู้สอดคล้องกับกิจกรรมการเรียนรู้สามารถแก้ไขปัญหาในการเรียนรู้ของผู้เรียน และทำให้ผู้เรียนมีทักษะการคิดและสามารถสร้างนวัตกรรมได้ เป็นแบบอย่างที่ดีและสามารถ ให้คำปรึกษากับผู้อื่นในการสร้างและหรือพัฒนาสื่อ นวัตกรรม เทคโนโลยีและแหล่งเรียนรู้","มีีการริเริ่ม คิดค้น พัฒนา ปรับเปลี่ยน สื่อ นวัตกรรม เทคโนโลยีและแหล่งเรียนรู้สอดคล้องกับกิจกรรมการเรียนรู้สามารถแก้ไขปัญหาในการเรียนรู้ของผู้เรียน และทำให้ผู้เรียนมีทักษะการคิดและสามารถสร้างนวัตกรรมได้ เผยแพร่และขยายผลสื่อ นวัตกรรม และเทคโนโลยีเป็นแบบอย่างที่ดีและสามารถให้คำปรึกษากับผู้อื่นในการสร้างและหรือพัฒนาสื่อ นวัตกรรม เทคโนโลยีและแหล่งเรียนรู้");
INSERT INTO pa_section3 VALUES("5","1","1","1","1.5 วัดและประเมินผลการเรียนรู้","มีการวัดและประเมินผลการเรียนรู้ด้วยวิธีการที่หลากหลาย เหมาะสม และสอดคล้องกับมาตรฐานการเรียนรู้ ให้ผู้เรียนพัฒนาการเรียนรู้อย่างต่อเนื่อง","มีการวัดและประเมินผลการเรียนรู้ด้วยวิธีการที่หลากหลาย เหมาะสม และสอดคล้องกับมาตรฐานการเรียนรู้ ให้ผู้เรียนพัฒนาการเรียนรู้อย่างต่อเนื่อง ประเมินผลการเรียนรู้ตามสภาพจริง และนำผลการวัดและประเมินผลการเรียนรู้มาใช้แก้ไขปัญหาการจัดการเรียนรู้","มีการริเริ่ม คิดค้น และพัฒนารูปแบบการวัดและประเมินผลการเรียนรู้ตามสภาพจริง ด้วยวิธีการที่หลากหลายเหมาะสม และสอดคล้องกับมาตรฐานการเรียนรู้ และนำผลการวัดและประเมินผลการเรียนรู้ มาใช้แก้ไขปัญหาการจัดการเรียนรู้เพื่อให้ผู้เรียนพัฒนาการเรียนรู้อย่างต่อเนื่อง และเป็นแบบอย่างที่ดีในการวัดและประเมินผลการเรียนรู้","มีมีการริเริ่ม คิดค้น พัฒนา ปรับเปลี่ยน รูปแบบการวัดและประเมินผลการเรียนรู้ตามสภาพจริงด้วยวิธีการที่หลากหลายเหมาะสม และสอดคล้องกับมาตรฐานการเรียนรู้ และนำผลการวัดและประเมินผลการเรียนรู้ มาใช้แก้ไขปัญหาการจัดการเรียนรู้เพื่อให้ผู้เรียนพัฒนาการเรียนรู้อย่างต่อเนื่องเป็นแบบอย่างที่ดีและสามาร ให้คำปรึกษากับผู้อื่น ในการวัดและประเมินผลการเรียนรู้","มีการริเริ่ม คิดค้น พัฒนา ปรับเปลี่ยน รูปแบบการวัดและประเมินผลการเรียนรู้ตามสภาพจริงด้วยวิธีการที่หลากหลายเหมาะสม และสอดคล้องกับมาตรฐานการเรียนรู้ และนำผลการวัดและประเมินผลการเรียนรู้ มาใช้แก้ไขปัญหาการจัดการเรียนรู้ เพื่อให้ผู้เรียนพัฒนาการเรียนรู้อย่างต่อเนื่องเป็นแบบอย่างที่ดีและสามารถให้คำปรึกษากับผู้อื่นในการวัดและประเมินผลการเรียนรู้");
INSERT INTO pa_section3 VALUES("6","1","1","1","1.6 ศึกษา วิเคราะห์ และสังเคราะห์ เพื่อแก้ปัญหาหรือพัฒนาการเรียนรู้","มีการศึกษา วิเคราะห์ และสังเคราะห์ เพื่อแก้ปัญหาหรือพัฒนาการเรียนรู้ที่ส่งผลต่อคุณภาพผู้เรียน","มีการศึกษา วิเคราะห์ และสังเคราะห์ เพื่อแก้ไขปัญหาหรือพัฒนาการเรียนรู้ที่ส่งผลต่อคุณภาพผู้เรียนและนำผลการศึกษา วิเคราะห์ และสังเคราะห์ มาใช้แก้ไขปัญหาหรือพัฒนาการจัดการเรียนรู้","มีการริเริ่ม คิดค้น วิเคราะห์ และสังเคราะห์ เพื่อแก้ไขปัญหาหรือพัฒนาการเรียนรู้ที่ส่งผลต่อคุณภาพผู้เรียนและนำผลการศึกษาวิเคราะห์ และสังเคราะห์ มาใช้แก้ไขปัญหาหรือพัฒนาคุณภาพการจัดการเรียนรู้ให้สูงขึ้น และเป็นแบบอย่างที่ดีในการศึกษา วิเคราะห์ และสังเคราะห์ เพื่อแก้ไขปัญหาหรือพัฒนาการเรียนรู้","มีการริเริ่ม คิดค้น วิเคราะห์ สังเคราะห์ และหรือวิจัยเพื่อแก้ไขปัญหาหรือพัฒนาที่ส่งผลต่อคุณภาพผู้เรียนและนำผลการศึกษา วิเคราะห์ สังเคราะห์ และหรือวิจัยมาใช้แก้ไขปัญหาหรือพัฒนา ปรับเปลี่ยนนวัตกรรมการจัดการเรียนรู้เพื่อพัฒนาคุณภาพการจัดการเรียนรู้ให้สูงขึ้น เป นแบบอย่างที่ดีและสามาร คำปรึกษากับผู้อื่นในการ ศึกษา วิเคราะห์ สังเคราะห์ และหรือวิจัยเพื่อแก้ไขปัญหาหรือพัฒนาการเรียนรู้","มีการริเริ่ม คิดค้น วิเคราะห์ สังเคราะห์ และหรือวิจัยเพื่อแก้ไขปัญหาหรือพัฒนาที่ส่งผลต่อคุณภาพผู้เรียน และนำผลการศึกษา วิเคราะห์ สังเคราะห์ และหรือวิจัยมาใช้แก้ไขปัญหาหรือพัฒนา ปรับเปลี่ยนนวัตกรรมการจัดการเรียนรู้เพื่อพัฒนาคุณภาพการจัดการเรียนรู้ให้สูงขึ้น มีการเผยแพร่และขยายผลนวัตกรรมและงานวิจัยจนนำไปสู่การเปลี่ยนแปลง");
INSERT INTO pa_section3 VALUES("7","1","1","1","1.7 จัดบรรยากาศที่ส่งเสริมและพัฒนาผู้เรียน","มีการจัดบรรยากาศที่ส่งเสริมและพัฒนาผู้เรียน ให้เกิดกระบวนการคิด ทักษะชีวิต ทักษะการทำงาน ทักษะการเรียนรู้และนวัตกรรม ทักษะด้านสารสนเทศ สื่อ และเทคโนโลยี","มีการจัดบรรยากาศที่เหมาะสม สอดคล้องกับความแตกต่างผู้เรียนเป นรายบุคคล สามาร แก้ไขปัญหาการเรียนรู้ สร้างแรงบันดาลใจส่งเสริมและพัฒนาผู้เรียน ให้เกิดกระบวนการคิด ทักษะชีวิต ทักษะการทำงาน ทักษะการเรียนรู้และนวัตกรรม ทักษะด้านสารสนเทศ สื่อ และเทคโนโลย","มีการริเริ่ม คิดค้น และพัฒนาการจัดบรรยากาศ ที่เหมาะสม สอดคล้องกับความแตกต่างผู้เรียนเป็นรายบุคคล สามารถแก้ไขปัญหาการเรียนรู้ และสร้างแรงบันดาลใจส่งเสริมและพัฒนาผู้เรียนให้เกิดกระบวนการคิด ทักษะชีวิต ทักษะการทำงาน ทักษะการเรียนรู้และนวัตกรรม ทักษะด้านสารสนเทศ สื่อ และเทคโนโลยีและเป็นแบบอย่างที่ดีในการจัดบรรยากาศที่ส่งเสริมและพัฒนาผู้เรียนเรียนรู้และนวัตกรรม ทักษะด้านสารสนเทศ สื่อ และเทคโนโลยี","มีการริเริ่ม คิดค้น พัฒนา ปรับเปลี่ยน การจัดบรรยากาศที่เหมาะสม สอดคล้องกับความแตกต่างผู้เรียนเป็นรายบุคคล สามารถแก้ไขปัญหาการเรียนรู้ และสร้างแรงบันดาลใจ ส่งเสริมและพัฒนาผู้เรียน ให้เกิดกระบวนการคิด ทักษะชีวิต ทักษะการทำงานทักษะการเรียนรู้และนวัตกรรม ทักษะด้านสารสนเทศ สื่อ และเทคโนโลยี เป็นแบบอย่างที่ดีและสามารถ ให้คำปรึกษากับผู้อื่นในการจัดบรรยากาศที่ส่งเสริมและพัฒนาผู้เรียน","มีการริเริ่ม คิดค้น พัฒนา ปรับเปลี่ยน การจัดบรรยากาศที่เหมาะสม สอดคล้องกับความแตกต่างผู้เรียนเป็นรายบุคคล สามารถแก้ไขปัญหาการเรียนรู้ และสร้างแรงบันดาลใจส่งเสริมและพัฒนาผู้เรียน ให้เกิดกระบวนการคิด ทักษะชีวิต ทักษะการทำงานทักษะการเรียนรู้และนวัตกรรม ทักษะด้านสารสนเทศ สื่อ และเทคโนโลยี เป็นแบบอย่างที่ดีและสามารถให้คำปรึกษากับผู้อื่นในการจัดบรรยากาศที่ส่งเสริมและพัฒนาผู้เรียน");
INSERT INTO pa_section3 VALUES("8","1","1","1","1.8 อบรมและพัฒนาคุณลักษณะที่ดีของผู้เรียน","มีการอบรมบ่มนิสัยให้ผู้เรียนมีคุณธรรม จริยธรรม คุณลักษณะอันพึงประสงค์ และค่านิยมความเป็นไทยที่ดีงาม","มีการอบรมบ่มนิสัยให้ผู้เรียนมีคุณธรรม จริยธรรม คุณลักษณะอันพึงประสงค์ และค่านิยมความเป็นไทยที่ดีงาม โดยคำนึง ึงความแตกต่างของผู้เรียนเป นรายบุคคล และสามาร แก้ไขปัญหาผู้เรียนได้","มีการอบรมบ่มนิสัยให้ผู้เรียนมีคุณธรรม จริยธรรม คุณลักษณะอันพึงประสงค์ และค่านิยมความเป็นไทยที่ดีงาม โดยริเริ่ม คิดค้น และพัฒนารูปแบบการดำเนินการที่มีประสิทธิภาพ คำนึงถึงความแตกต่างของผู้เรียนเป็นรายบุคคล และสามารถแก้ไขปัญหาและพัฒนาผู้เรียนได้ และเป็นแบบอย่างที่ดีในการอบรมและพัฒนาคุณลักษณะที่ดีของผู้เรียน","มีการอบรมบ่มนิสัยให้ผู้เรียนมีคุณธรรม จริยธรรม คุณลักษณะอันพึงประสงค์ และค่านิยมความเป็นไทยที่ดีงาม โดยริเริ่ม คิดค้น พัฒนา ปรับเปลี่ยน รูปแบบ การดำเนินการที่มีประสิทธิภาพ คำนึงถึงความแตกต่างของผู้เรียนเป็นรายบุคคลและสามารถแก้ไขปัญหาและพัฒนาผู้เรียนได้ เป็นแบบอย่างที่ดีและสามาร ให้คำปรึกษากับผู้อื่นในการอบรมและพัฒนาคุณลักษณะที่ดีของผู้เรียน","มีการอบรมบ่มนิสัยให้ผู้เรียนมีคุณธรรม จริยธรรม คุณลักษณะอันพึงประสงค์ และค่านิยมความเป็นไทยที่ดีงาม โดยริเริ่ม คิดค้น พัฒนา ปรับเปลี่ยน รูปแบบ การดำเนินการที่มีประสิทธิภาพ คำนึงถึงความแตกต่างของผู้เรียนเป็นรายบุคคลและสามารถแก้ไขปัญหาและพัฒนาผู้เรียนได้ เป็นแบบอย่างที่ดีและสามารถให้คำปรึกษากับผู้อื่นในการอบรมและพัฒนาคุณลักษณะที่ดีของผู้เรียน");
INSERT INTO pa_section3 VALUES("9","2","1","1","2.1 จัดทำข้อมูลสารสนเทศของผู้เรียนและรายวิชา","มีการจัดทำข้อมูลสารสนเทศของผู้เรียนและรายวิชาเพื่อใช้ในการส่งเสริมสนับสนุนการเรียนรู้ และพัฒนาคุณภาพผู้เรียน","มีการจัดทำข้อมูลสารสนเทศของผู้เรียนและรายวิชาโดยมีข้อมูลเป นปัจจุบัน เพื่อใช้ในการส่งเสริมสนับสนุนการเรียนรู้ แก้ไขปัญหาและพัฒนาคุณภาพผู้เรียน","มีการริเริ่ม คิดค้น และพัฒนารูปแบบการจัดทำข้อมูลสารสนเทศของผู้เรียนและรายวิชา ให้มีข้อมูลเป็นปัจจุบัน เพื่อใช้ในการส่งเสริมสนับสนุนการเรียนรู้ แก้ไขปัญหาและพัฒนาคุณภาพผู้เรียน และเป็นแบบอย่างที่ดี","มีการริเริ่ม คิดค้น พัฒนา ปรับเปลี่ยน รูปแบบ การจัดทำข้อมูลสารสนเทศของผู้เรียนและรายวิชา ให้มีข้อมูลเป็นปัจจุบัน เพื่อใช้ในการส่งเสริมสนับสนุนการเรียนรู้ แก้ไขปัญหาและพัฒนาคุณภาพผู้เรียน เป็นแบบอย่างที่ดีและสามารถให้คำปรึกษากับผู้อื่นได้","มีการริเริ่ม คิดค้น พัฒนา ปรับเปลี่ยน รูปแบบ การจัดทำข้อมูลสารสนเทศของผู้เรียนและรายวิชา ให้มีข้อมูลเป็นปัจจุบัน เพื่อใช้ในการส่งเสริมสนับสนุนการเรียนรู้ แก้ไขปัญหาและพัฒนาคุณภาพผู้เรียน เป็นแบบอย่างที่ดีและสามารถให้คำปรึกษากับผู้อื่นได้");
INSERT INTO pa_section3 VALUES("10","2","1","1","2.2 ดำเนินการตามระบบดูแลช่วยเหลือผู้เรียน","มีการใช้ข้อมูลสารสนเทศเกี่ยวกับผู้เรียนรายบุคคล และประสานความร่วมมือกับผู้มีส่วนเกี่ยวข้อง เพื่อพัฒนา และแก้ปัญหาผู้เรียน","มีการใช้ข้อมูลสารสนเทศเกี่ยวกับผู้เรียนรายบุคคล และประสานความร่วมมือกับผู้มีส่วนเกี่ยวข้อง เพื่อพัฒนาและแก้ไขปัญหาผู้เรียน","มีการใช้ข้อมูลสารสนเทศเกี่ยวกับผู้เรียนรายบุคคล และประสานความร่วมมือกับผู้มีส่วนเกี่ยวข้อง เพื่อพัฒนาและแก้ไขปัญหาผู้เรียน และริเริ่มโครงการหรือจัดกิจกรรมเชิงสร้างสรรค์ด้วยวิธีการที่หลากหลายในการดูแลช่วยเหลือผู้เรียน และเป นแบบอย่างที่ดี","มีการใช้ข้อมูลสารสนเทศเกี่ยวกับผู้เรียนรายบุคคล และประสานความร่วมมือกับผู้มีส่วนเกี่ยวข้อง เพื่อพัฒนาและแก้ไขปัญหาผู้เรียน และริเริ่มโครงการหรือจัดกิจกรรมเชิงสร้างสรรค์ด้วยวิธีการที่หลากหลายในการดูแลช่วยเหลือผู้เรียนเป็นแบบอย่างที่ดีและสามาร ให้คำปรึกษากับผู้อื่นได้","มีการใช้ข้อมูลสารสนเทศเกี่ยวกับผู้เรียนรายบุคคล และประสานความร่วมมือกับผู้มีส่วนเกี่ยวข้อง เพื่อพัฒนาและแก้ไขปัญหาผู้เรียน และริเริ่มโครงการหรือจัดกิจกรรมเชิงสร้างสรรค์ด้วยวิธีการที่หลากหลายในการดูแลช่วยเหลือผู้เรียน เป็นแบบอย่างที่ดีและสามารถให้คำปรึกษากับผู้อื่นได้");
INSERT INTO pa_section3 VALUES("11","2","1","1","2.3 ปฏิบัติงานวิชาการ และงานอื่นๆ ของสถานศึกษา","ร่วมปฏิบัติงานทางวิชาการ และงานอื่น ๆ ของสถานศึกษาเพื่อยกระดับคุณภาพการจัดการศึกษาของสถานศึกษา","ร่วมปฏิบัติงานทางวิชาการ และงานอื่น ๆ ของสถานศึกษาเพื่อยกระดับคุณภาพการจัดการศึกษาของสถานศึกษา ","ร่วมปฏิบัติงานทางวิชาการ และงานอื่นๆ ของสถานศึกษาเพื่อยกระดับคุณภาพการจัดการศึกษาของสถานศึกษา โดยมีการพัฒนารูปแบบหรือแนวทางการดำเนินงานให้มีประสิทธิภาพสูงขึ้นและเป็นแบบอย่างที่ดี","ร่วมปฏิบัติงานทางวิชาการ และงานอื่น ๆ ของสถานศึกษาเพื่อยกระดับคุณภาพการจัดการศึกษาของสถานศึกษา โดยมีการพัฒนารูปแบบหรือแนวทางการดำเนินงานให้มีประสิทธิภาพสูงขึ้น เป็นแบบอย่างที่ดีและสามารถให้คำปรึกษากับผู้อื่นได้","ร่วมปฏิบัติงานทางวิชาการ และงานอื่น ๆ ของสถานศึกษาเพื่อยกระดับคุณภาพการจัดการศึกษาของสถานศึกษา โดยมีการพัฒนารูปแบบหรือแนวทางการดำเนินงานให้มีประสิทธิภาพสูงขึ้นเป็นแบบอย่างที่ดีและสามารถให้คำปรึกษากับผู้อื่นได้");
INSERT INTO pa_section3 VALUES("12","2","1","1","2.4 ประสานความร่วมมือกับผู้ปกครอง ภาคีเครือข่าย และหรือสถานประกอบการ ","ประสานความร่วมมือกับผู้ปกครอง ภาคีเครือข่าย และหรือสถานประกอบการ เพื่อร่วมกันพัฒนาผู้เรียน","ประสานความร่วมมือกับผู้ปกครอง ภาคีเครือข่าย และหรือสถานประกอบการ เพื่อร่วมกันแก้ไขปัญหาและพัฒนาผู้เรียน","การประสานความร่วมมือกับผู้ปกครอง ภาคีเครือข่าย และหรือสถานประกอบการ เพื่อร่วมกันแก้ไขปัญหาและพัฒนาผู้เรียน และเป็นแบบอย่างที่ดี","การประสานความร่วมมือกับผู้ปกครอง ภาคีเครือข่าย และหรือสถานประกอบการ เพื่อร่วมกันแก้ไขปัญหา และพัฒนาผู้เรียนเป็นแบบอย่างที่ดีและสามารถให้คำปรึกษากับผู้อื่นได้","การประสานความร่วมมือกับผู้ปกครอง ภาคีเครือข่าย และหรือสถานประกอบการ เพื่อร่วมกันแก้ไขปัญหาและพัฒนาผู้เรียนเป็นแบบอย่างที่ดีและสามารถให้คำปรึกษากับผู้อื่นได้");
INSERT INTO pa_section3 VALUES("13","3","1","1","3.1 พัฒนาตนเองอย่างเป็นระบบและต่อเนื่อง","เพื่อให้มีความรู้ความสามารถ ทักษะ โดยเฉพาะอย่างยิ่งการใช้ภาษาไทยและภาษาอังกฤษเพื่อการสื่อสาร และการใช้เทคโนโลยีดิจิทัล เพื่อการศึกษาสมรรถนะวิชาชีพครูและความรอบรู้ในเนื้อหาวิชาและวิธีการสอน","มีการพัฒนาตนเองอย่างเป็นระบบและต่อเนื่อง เพื่อให้มีความรู้ ความสามารถ ทักษะ โดยเฉพาะอย่างยิ่งการใช้ภาษาไทยและภาษาอังกฤษเพื่อการสื่อสาร และการใช้เทคโนโลยีดิจิทัลเพื่อการศึกษา สมรรถนะวิชาชีพครูและความรอบรู้ในเนื้อหาวิชาและวิธีการสอน และนำผลการพัฒนาตนเองและพัฒนาวิชาชีพมาใช้ในการจัดการเรียนรู้ที่มีผลต่อคุณภาพผู้เรียน","พัฒนาตนเองอย่างเป็นระบบและต่อเนื่อง เพื่อให้มีความรู้ ความสามารถ ทักษะ โดยเฉพาะอย่างยิ่ง การใช้ภาษาไทยและภาษาอังกฤษเพื่อการสื่อสาร และการใช้เทคโนโลยีดิจิทัลเพื่อการศึกษา สมรรถนะวิชาชีพครูและความรอบรู้ในเนื้อหาวิชาและวิธีการสอน และเป็นแบบอย่างที่ดี","พัฒนาตนเองอย่างเป็นระบบและต่อเนื่อง เพื่อให้มีความรู้ ความสามารถ ทักษะ โดยเฉพาะอย่างยิ่งการใช้ภาษาไทยและภาษาอังกฤษเพื่อการสื่อสาร และการใช้เทคโนโลยีดิจิทัลเพื่อการศึกษา สมรรถนะวิชาชีพครูและความรอบรู้ในเนื้อหาวิชาและวิธีการสอน เป็นแบบอย่างที่ดีและสามารถให้คำปรึกษากับผู้อื่นได้","เพื่อให้มีความรู้ ความสามารถ ทักษะ โดยเฉพาะอย่างยิ่งการใช้ภาษาไทยและภาษาอังกฤษเพื่อการสื่อสาร และการใช้เทคโนโลยีดิจิทัลเพื่อการศึกษา สมรรถนะวิชาชีพครูและความรอบรู้ในเนื้อหาวิชาและวิธีการสอน เป นแบบอย่างที่ดีสามาร ให้คำปรึกษากับผู้อื่น และเป นผู้นำในวงวิชาชีพ");
INSERT INTO pa_section3 VALUES("14","3","1","1","3.2 มีส่วนร่วมในการแลกเปลี่ยนเรียนรู้ทางวิชาชีพ","มีส่วนร่วมในการแลกเปลี่ยนเรียนรู้ทางวิชาชีพ เพื่อพัฒนาการจัดการเรียนรู้","มีส่วนร่วมในการแลกเปลี่ยนเรียนรู้ทางวิชาชีพ เพื่อแก้ไขปัญหาและพัฒนาการจัดการเรียนรู้","มีส่วนร่วม และเป็นผู้นำในการแลกเปลี่ยนเรียนรู้ทางวิชาชีพ เพื่อแก้ไขปัญหาและสร้างนวัตกรรมเพื่อพัฒนาการจัดการเรียนรู้และเป นแบบอย่างที่ดี","นำผลจากการแลกเปลี่ยนเรียนรู้ทางวิชาชีพมาใช้ เพื่อแก้ไขปัญหา และสร้างหรือปรับเปลี่ยนนวัตกรรมการจัดการเรียนรู้เพื่อพัฒนาการจัดการเรียนรู้ให้มีคุณภาพสูงขึ้น เป็นแบบอย่างที่ดีและสามารถให้คำปรึกษากับผู้อื่นได้","นำผลจากการแลกเปลี่ยนเรียนรู้ทางวิชาชีพมาใช้ เพื่อแก้ไขปัญหา และสร้างหรือปรับเปลี่ยนนวัตกรรมการจัดการเรียนรู้เพื่อพัฒนาการจัดการเรียนรู้ให้มีคุณภาพสูงขึ้น เป็นแบบอย่างที่ดีสามารถให้คำปรึกษากับผู้อื่น และเป็นผู้นำในวงวิชาชีพ");
INSERT INTO pa_section3 VALUES("15","3","1","1","3.3 นำความรู้ ความสามารถ ทักษะที่ได้จากการพัฒนาตนเองและวิชาชีพมาใช้","นำความรู้ ความสามารถ ทักษะที่ได้จากการพัฒนาตนเองและวิชาชีพมาใช้ในการพัฒนาการจัดการเรียนรู้ การพัฒนาคุณภาพผู้เรียน และการพัฒนานวัตกรรมการจัดการเรียนรู้","นำความรู้ ความสามารถ ทักษะที่ได้จากการพัฒนาตนเองและวิชาชีพมาใช้ในการพัฒนาการจัดการเรียนรู้ การพัฒนาคุณภาพผู้เรียน และการพัฒนานวัตกรรมการจัดการเรียนรู้ที่มีผลต่อคุณภาพผู้เรียน","นำความรู้ ความสามารถ ทักษะที่ได้จากการพัฒนาตนเองและวิชาชีพมาใช้ในการพัฒนาการจัดการเรียนรู้ การพัฒนาคุณภาพผู้เรียน รวมถึงการพัฒนานวัตกรรมการจัดการเรียนรู้ที่มีผลต่อคุณภาพผู้เรียน และเป็นแบบอย่างที่ดี","นำผลจากการแลกเปลี่ยนเรียนรู้ทางวิชาชีพมาใช้ เพื่อแก้ไขปัญหา และสร้างหรือปรับเปลี่ยนนวัตกรรมการจัดการเรียนรู้เพื่อพัฒนาการจัดการเรียนรู้ให้มีคุณภาพสูงขึ้น เป็นแบบอย่างที่ดีและสามารถให้คำปรึกษากับผู้อื่นได้
  3.3 นำความรู้ ความสามารถ ทักษะที่ได้จากการพัฒนาตนเองและวิชาชีพมาใช้ในการพัฒนาการจัดการเรียนรู้ การพัฒนาคุณภาพผู้เรียน และการพัฒนานวัตกรรมการจัดการเรียนรู้ที่มีผลต่อคุณภาพผู้เรียน เป็นแบบอย่างที่ดีและสามารถให้คำปรึกษากับผู้อื่นได้","นำความรู้ ความสามารถ ทักษะที่ได้จากการพัฒนาตนเองและวิชาชีพมาใช้ในการพัฒนาการจัดการเรียนรู้ การพัฒนาคุณภาพผู้เรียน และการพัฒนานวัตกรรมการจัดการเรียนรู้ที่มีผลต่อคุณภาพผู้เรียน เป็นแบบอย่างที่ดีสามารถให้คำปรึกษากับผู้อื่น เป็นผู้นำและสร้างการเปลี่ยนแปลงในวงวิชาชีพ");
INSERT INTO pa_section3 VALUES("16","4","2","2","1. วิธีดำเนินการ (20 คะแนน)","พิจารณาจากการดำเนินการที่ถูกต้อง ครบถ้วน เป็นไปตามระยะเวลาที่กำหนดไว้ในข้อตกลง และสะท้อนให้เห็นถึงระดับการปฏิบัติที่คาดหวังตามตำแหน่งและวิทยฐานะ","พิจารณาจากการดำเนินการที่ถูกต้อง ครบถ้วน เป็นไปตามระยะเวลาที่กำหนดไว้ในข้อตกลง และสะท้อนให้เห็นถึงระดับการปฏิบัติที่คาดหวังตามตำแหน่งและวิทยฐานะ","พิจารณาจากการดำเนินการที่ถูกต้อง ครบถ้วน เป็นไปตามระยะเวลาที่กำหนดไว้ในข้อตกลง และสะท้อนให้เห็นถึงระดับการปฏิบัติที่คาดหวังตามตำแหน่งและวิทยฐานะ","พิจารณาจากการดำเนินการที่ถูกต้อง ครบถ้วน เป็นไปตามระยะเวลาที่กำหนดไว้ในข้อตกลง และสะท้อนให้เห็นถึงระดับการปฏิบัติที่คาดหวังตามตำแหน่งและวิทยฐานะ","พิจารณาจากการดำเนินการที่ถูกต้อง ครบถ้วน เป็นไปตามระยะเวลาที่กำหนดไว้ในข้อตกลง และสะท้อนให้เห็นถึงระดับการปฏิบัติที่คาดหวังตามตำแหน่งและวิทยฐานะ");
INSERT INTO pa_section3 VALUES("17","5","2","3","2.1 เชิงปริมาณ (10 คะแนน)","พิจารณาจากการบรรลุเป้าหมายเชิงปริมาณได้ครบถ้วนตามข้อตกลง และมีความถูกต้อง เชื่อถือได้","พิจารณาจากการบรรลุเป้าหมายเชิงปริมาณได้ครบถ้วนตามข้อตกลง และมีความถูกต้อง เชื่อถือได้","พิจารณาจากการบรรลุเป้าหมายเชิงปริมาณได้ครบถ้วนตามข้อตกลง และมีความถูกต้อง เชื่อถือได้","พิจารณาจากการบรรลุเป้าหมายเชิงปริมาณได้ครบถ้วนตามข้อตกลง และมีความถูกต้อง เชื่อถือได้","พิจารณาจากการบรรลุเป้าหมายเชิงปริมาณได้ครบถ้วนตามข้อตกลง และมีความถูกต้อง เชื่อถือได้");
INSERT INTO pa_section3 VALUES("18","5","2","3","2.2 เชิงคุณภาพ (10 คะแนน)","พิจารณาจากการบรรลุเป้าหมายเชิงคุณภาพได้ครบถ้วน ถูกต้อง เชื่อถือได้และปรากฏผลต่อคุณภาพผู้เรียนได้ตามข้อตกลง","พิจารณาจากการบรรลุเป้าหมายเชิงคุณภาพได้ครบถ้วน ถูกต้อง เชื่อถือได้ และปรากฏผลต่อคุณภาพผู้เรียนได้ตามข้อตกลง","พิจารณาจากการบรรลุเป้าหมายเชิงคุณภาพได้ครบถ้วน ถูกต้อง เชื่อถือได้ และปรากฏผลต่อคุณภาพผู้เรียนได้ตามข้อตกลง","พิจารณาจากการบรรลุเป้าหมายเชิงคุณภาพได้ครบถ้วน ถูกต้อง เชื่อถือได้ และปรากฏผลต่อคุณภาพผู้เรียนได้ตามข้อตกลง","พิจารณาจากการบรรลุเป้าหมายเชิงปริมาณได้ครบถ้วนตามข้อตกลง และมีความถูกต้อง เชื่อถือได้");
INSERT INTO pa_section3 VALUES("19","1","1","0","1.0 ภาระงาน ตาม ที่ ก.ค.ศ. กำหนด","","","","","");



DROP TABLE pa_section4;

CREATE TABLE `pa_section4` (
  `id_sele4` int(2) DEFAULT NULL,
  `name_sele4` varchar(250) DEFAULT NULL
) ENGINE=InnoDB DEFAULT CHARSET=utf8;

INSERT INTO pa_section4 VALUES("1","จุดเด่น");
INSERT INTO pa_section4 VALUES("2","จุดที่ควรพัฒนา");
INSERT INTO pa_section4 VALUES("3","ข้อคิดเห็น");



DROP TABLE pa_summarize;

CREATE TABLE `pa_summarize` (
  `id_smr` int(9) NOT NULL AUTO_INCREMENT,
  `pcode` int(9) DEFAULT NULL,
  `id_sele4` int(1) DEFAULT NULL,
  `id_ass` int(9) DEFAULT NULL,
  `id_h_ass` int(9) DEFAULT NULL,
  `n_smr` text CHARACTER SET utf8,
  `ecode` int(9) DEFAULT NULL,
  `pa_year` int(4) DEFAULT NULL,
  `changat` timestamp NULL DEFAULT CURRENT_TIMESTAMP,
  PRIMARY KEY (`id_smr`)
) ENGINE=InnoDB AUTO_INCREMENT=448 DEFAULT CHARSET=latin1;

INSERT INTO pa_summarize VALUES("1","45","1","87","18","การนำเสนอได้ตรงและสอดคล้องกับตามมาตรฐานตำแหน่งพัฒนาตนเองอย่างเป็นระบบและต่อเนื่องและทักษะที่ได้จากการพัฒนาตนเองและวิชาชีพ","102","2567","2024-09-25 09:19:58");
INSERT INTO pa_summarize VALUES("2","45","2","87","18","การวัดผลประเมินตามสภาพจริง","102","2567","2024-09-25 09:19:58");
INSERT INTO pa_summarize VALUES("3","45","3","87","18","สามารถเป็นต้นแบบในการจัดกิจกรรมการเรียนรู้ได้","102","2567","2024-09-25 09:19:58");
INSERT INTO pa_summarize VALUES("4","54","1","95","20","ปฏิบัติตามหลักวิชาการทางการศึกษา ครบทุกตัวชี้วัด","98","2567","2024-09-25 09:30:10");
INSERT INTO pa_summarize VALUES("5","54","2","95","20","การวัดผล การประเมินผล","98","2567","2024-09-25 09:30:10");
INSERT INTO pa_summarize VALUES("6","54","3","95","20","สามารถเป็นแบบอย่างทางการศึกษาได้","98","2567","2024-09-25 09:30:10");
INSERT INTO pa_summarize VALUES("7","46","1","90","18","การนำเสนอได้ตรงและสอดคล้องกับตามมาตรฐานตำแหน่งพัฒนาตนเองอย่างเป็นระบบและต่อเนื่องและทักษะที่ได้จากการพัฒนาตนเองและวิชาชีพ","102","2567","2024-09-25 09:33:08");
INSERT INTO pa_summarize VALUES("8","46","2","90","18","การวัดผลประเมินตามสภาพจริง","102","2567","2024-09-25 09:33:08");
INSERT INTO pa_summarize VALUES("9","46","3","90","18","สามารถเป็นต้นแบบในการจัดกิจกรรมการเรียนรู้ได้","102","2567","2024-09-25 09:33:08");
INSERT INTO pa_summarize VALUES("10","55","1","98","20","มีการพัฒนาอย่างเป็นระบบ มีความมุ่งมั่นในการจัดกิจกรรมการเรียนรู้","98","2567","2024-09-25 09:34:54");
INSERT INTO pa_summarize VALUES("11","55","2","98","20","การพัฒนานวัตกรรมทางการศึกษา ","98","2567","2024-09-25 09:34:54");
INSERT INTO pa_summarize VALUES("12","55","3","98","20","มีความทุ่มเทในการจัดกิจกรรมการเรียนรู้สาระทัศนศิลป์เต็มความสามารถ","98","2567","2024-09-25 09:34:54");
INSERT INTO pa_summarize VALUES("13","25","1","48","9","มีการพัฒนางานโดยการทำโครงงานส่งผลให้นักเรียนเกิดการเรียนรู้ มีทักษะตามกระบวนการ","100","2567","2024-09-25 09:39:45");
INSERT INTO pa_summarize VALUES("14","25","2","48","9","-","100","2567","2024-09-25 09:39:45");
INSERT INTO pa_summarize VALUES("15","25","3","48","9","-","100","2567","2024-09-25 09:39:45");
INSERT INTO pa_summarize VALUES("16","57","1","119","20","ระบบดูแลช่วยเหลือนักเรียนสามารถเป็นแบบอย่างได้","98","2567","2024-09-25 09:39:59");
INSERT INTO pa_summarize VALUES("17","57","2","119","20","การจัดกิจกรรมควรมีความหลากหลาย กระตุ้นการเรียนรู้ของผู้เรียนตามศักยภาพของผู้เรียน","98","2567","2024-09-25 09:39:59");
INSERT INTO pa_summarize VALUES("18","57","3","119","20","สามารถเป็นแบบอย่างที่ดีในระบบดูแลช่วยเหลือผู้เรียน","98","2567","2024-09-25 09:39:59");
INSERT INTO pa_summarize VALUES("19","57","1","120","21","การนำเสนอได้ตรงและสอดคล้องกับตามมาตรฐานตำแหน่งพัฒนาตนเองอย่างเป็นระบบและต่อเนื่องและทักษะที่ได้จากการพัฒนาตนเองและวิชาชีพ","102","2567","2024-09-25 09:41:01");
INSERT INTO pa_summarize VALUES("20","57","2","120","21","การวัดผลประเมินตามสภาพจริง","102","2567","2024-09-25 09:41:01");
INSERT INTO pa_summarize VALUES("21","57","3","120","21","สามารถเป็นต้นแบบในการจัดกิจกรรมการเรียนรู้ได้","102","2567","2024-09-25 09:41:01");
INSERT INTO pa_summarize VALUES("22","75","1","123","21","การนำเสนอได้ตรงและสอดคล้องกับตามมาตรฐานตำแหน่งพัฒนาตนเองอย่างเป็นระบบและต่อเนื่องและทักษะที่ได้จากการพัฒนาตนเองและวิชาชีพ","102","2567","2024-09-25 09:44:05");
INSERT INTO pa_summarize VALUES("23","75","2","123","21","","102","2567","2024-09-25 09:44:05");
INSERT INTO pa_summarize VALUES("24","75","3","123","21","","102","2567","2024-09-25 09:44:05");
INSERT INTO pa_summarize VALUES("25","77","1","126","21","การนำเสนอได้ตรงและสอดคล้องกับตามมาตรฐานตำแหน่งพัฒนาตนเองอย่างเป็นระบบและต่อเนื่องและทักษะที่ได้จากการพัฒนาตนเองและวิชาชีพ","102","2567","2024-09-25 09:48:12");
INSERT INTO pa_summarize VALUES("26","77","2","126","21","-","102","2567","2024-09-25 09:48:12");
INSERT INTO pa_summarize VALUES("27","77","3","126","21","-","102","2567","2024-09-25 09:48:12");
INSERT INTO pa_summarize VALUES("28","75","1","122","20","สร้างบรรยากาศทางการเรียนรู้ได้เป็นอย่างดี","98","2567","2024-09-25 09:48:23");
INSERT INTO pa_summarize VALUES("29","75","2","122","20","การพัฒนาเองด้านเทคโนโลยีเพื่อการจัดกิจกรรมการเรียนรู้","98","2567","2024-09-25 09:48:23");
INSERT INTO pa_summarize VALUES("30","75","3","122","20","การจัดระบบข้อมูลสารสนเทศในการจัดการเรียนรู้เพื่อสร้างแหล่งเรียนรู้ตามความต้องการของผู้เรียน","98","2567","2024-09-25 09:48:23");
INSERT INTO pa_summarize VALUES("31","26","1","45","9","มีการพัฒนางานโดยการจัดทำแบบฝึกทักษะคณิตศาสตร์ การคูณ การหาร ทศนิยม ส่งผลให้นักเรียนเกิดการเรียนรู้ มีทักษะตามกระบวนการได้ดี","100","2567","2024-09-25 09:51:14");
INSERT INTO pa_summarize VALUES("32","26","2","45","9","-","100","2567","2024-09-25 09:51:14");
INSERT INTO pa_summarize VALUES("33","26","3","45","9","-","100","2567","2024-09-25 09:51:14");
INSERT INTO pa_summarize VALUES("34","54","1","96","21","มีการพัฒนาตนเองอย่างต่อเนื่อง เป็นระบบ สามารถเป็นตัวอย่างได้","102","2567","2024-09-25 09:52:11");
INSERT INTO pa_summarize VALUES("35","54","2","96","21","การวัดผลประเมินตามสภาพจริง","102","2567","2024-09-25 09:52:11");
INSERT INTO pa_summarize VALUES("36","54","3","96","21","สามารถเป็นต้นแบบในการจัดกิจกรรมการเรียนรู้ได้","102","2567","2024-09-25 09:52:11");
INSERT INTO pa_summarize VALUES("37","77","1","125","20","มีการจัดระบบข้อมูลสารสนเทศ","98","2567","2024-09-25 09:53:12");
INSERT INTO pa_summarize VALUES("38","77","2","125","20","การประสานความร่วมมือของผู้ที่มีส่วนเกี่ยวข้อง","98","2567","2024-09-25 09:53:12");
INSERT INTO pa_summarize VALUES("39","77","3","125","20","","98","2567","2024-09-25 09:53:12");
INSERT INTO pa_summarize VALUES("40","55","1","99","21","การนำเสนอได้ตรงและสอดคล้องกับตามมาตรฐานตำแหน่งพัฒนาตนเองอย่างเป็นระบบและต่อเนื่องและทักษะที่ได้จากการพัฒนาตนเองและวิชาชีพ","102","2567","2024-09-25 09:54:15");
INSERT INTO pa_summarize VALUES("41","55","2","99","21","การวัดผลประเมินตามสภาพจริง","102","2567","2024-09-25 09:54:15");
INSERT INTO pa_summarize VALUES("42","55","3","99","21","สามารถเป็นต้นแบบในการจัดกิจกรรมการเรียนรู้ได้","102","2567","2024-09-25 09:54:15");
INSERT INTO pa_summarize VALUES("43","44","1","93","18","มีการพัฒนาตนเองอย่างต่อเนื่อง เป็นระบบ สามารถเป็นตัวอย่างได้","102","2567","2024-09-25 09:55:11");
INSERT INTO pa_summarize VALUES("44","44","2","93","18","การวัดผลประเมินตามสภาพจริง","102","2567","2024-09-25 09:55:11");
INSERT INTO pa_summarize VALUES("45","44","3","93","18","สามารถเป็นต้นแบบในการจัดกิจกรรมการเรียนรู้ได้","102","2567","2024-09-25 09:55:11");
INSERT INTO pa_summarize VALUES("46","16","1","21","6","นักเรียนสามารถอ่านและเขียนคำที่มีมาตราตัวสะกดตามบัญชีคำพื้นฐานได้ถูกต้อง","99","2567","2024-09-25 09:55:16");
INSERT INTO pa_summarize VALUES("47","16","2","21","6","","99","2567","2024-09-25 09:55:16");
INSERT INTO pa_summarize VALUES("48","16","3","21","6","","99","2567","2024-09-25 09:55:16");
INSERT INTO pa_summarize VALUES("49","26","1","44","8","เป็นผู้อุทิศเวลาให้กับทางราชการ นำเทคโนโลยี นวัตกรรมทางการศึกษาใหม่ๆมาใช้ในการเรียนการสอน","95","2567","2024-09-25 09:57:53");
INSERT INTO pa_summarize VALUES("50","26","2","44","8","","95","2567","2024-09-25 09:57:53");
INSERT INTO pa_summarize VALUES("51","26","3","44","8","","95","2567","2024-09-25 09:57:53");
INSERT INTO pa_summarize VALUES("52","18","1","24","6","มีการจัดกิจกรรมการเรียนรู้ ที่ทำให้ผู้เรียนได้พัฒนาเต็มตามศักยภาพ เรียนรู้และทำงานร่วมกันได้ดี","99","2567","2024-09-25 10:02:28");
INSERT INTO pa_summarize VALUES("53","18","2","24","6","","99","2567","2024-09-25 10:02:28");
INSERT INTO pa_summarize VALUES("54","18","3","24","6","","99","2567","2024-09-25 10:02:28");
INSERT INTO pa_summarize VALUES("55","25","1","47","8","เป็นผู้อุทิศเวลาให้กับทางราชการ นำเทคโนโลยี นวัตกรรมทางการศึกษาใหม่ๆมาใช้ในการเรียนการสอน","95","2567","2024-09-25 10:02:48");
INSERT INTO pa_summarize VALUES("56","25","2","47","8","","95","2567","2024-09-25 10:02:48");
INSERT INTO pa_summarize VALUES("57","25","3","47","8","","95","2567","2024-09-25 10:02:48");
INSERT INTO pa_summarize VALUES("58","27","1","51","9","มีการพัฒนางานโดยการจัดทำแบบฝึกทักษะคณิตศาสตร์ การคูณทศนิยม 1ตำแหน่ง ส่งผลให้นักเรียนเกิดการเรียนรู้ มีทักษะตามกระบวนการได้ดี","100","2567","2024-09-25 10:03:28");
INSERT INTO pa_summarize VALUES("59","27","2","51","9","","100","2567","2024-09-25 10:03:28");
INSERT INTO pa_summarize VALUES("60","27","3","51","9","","100","2567","2024-09-25 10:03:28");
INSERT INTO pa_summarize VALUES("61","17","1","27","6","นักเรียนสามารถอ่านและเขียนคำที่มีมาตราตัวสะกดตามบัญชีคำพื้นฐานชั้นป.๒ ได้ถูกต้อง","99","2567","2024-09-25 10:07:55");
INSERT INTO pa_summarize VALUES("62","17","2","27","6","","99","2567","2024-09-25 10:07:55");
INSERT INTO pa_summarize VALUES("63","17","3","27","6","","99","2567","2024-09-25 10:07:55");
INSERT INTO pa_summarize VALUES("64","5","1","6","3","จัดกิจกรรมตอบสนองต่อการเรียนรู้ของเด็ก","104","2567","2024-09-25 10:08:42");
INSERT INTO pa_summarize VALUES("65","5","2","6","3","-","104","2567","2024-09-25 10:08:42");
INSERT INTO pa_summarize VALUES("66","5","3","6","3","ชื่นชมในความใส่ใจ ตั้งใจ เด็กได้เรียนรู้ผ่านการลงมือทำ","104","2567","2024-09-25 10:08:42");
INSERT INTO pa_summarize VALUES("67","36","1","83","11","ปฏิบัติกิจกรรมการเรียนการสอนโดยนักเรียนได้คิด ค้นคว้าและลงมือปฏิบัติด้วยตนเอง","97","2567","2024-09-25 10:10:51");
INSERT INTO pa_summarize VALUES("68","36","2","83","11","","97","2567","2024-09-25 10:10:51");
INSERT INTO pa_summarize VALUES("69","36","3","83","11","","97","2567","2024-09-25 10:10:51");
INSERT INTO pa_summarize VALUES("70","27","1","50","8","เป็นผู้อุทิศเวลาให้กับทางราชการ นำเทคโนโลยี นวัตกรรมทางการศึกษาใหม่ๆมาใช้ในการเรียนการสอน","95","2567","2024-09-25 10:11:09");
INSERT INTO pa_summarize VALUES("71","27","2","50","8","","95","2567","2024-09-25 10:11:09");
INSERT INTO pa_summarize VALUES("72","27","3","50","8","","95","2567","2024-09-25 10:11:09");
INSERT INTO pa_summarize VALUES("73","19","1","30","6","สามารถแก้ไขปัญหาตามประเด็นท้าทาย และพัฒนาคุณภาพการจัดการเรียนรู้ให้สูงขึ้นได้ดี","99","2567","2024-09-25 10:11:48");
INSERT INTO pa_summarize VALUES("74","19","2","30","6","","99","2567","2024-09-25 10:11:48");
INSERT INTO pa_summarize VALUES("75","19","3","30","6","","99","2567","2024-09-25 10:11:48");
INSERT INTO pa_summarize VALUES("76","28","1","54","9","มีการพัฒนางานโดยการจัดทำแบบฝึกทักษะคณิตศาสตร์ การบวกลบจำนวนเต็ม ของนักเรียนชั้นประถมศึกษาปีที่ 1 ส่งผลให้นักเรียนเกิดการเรียนรู้ มีทักษะตามกระบวนการได้ดี","100","2567","2024-09-25 10:14:17");
INSERT INTO pa_summarize VALUES("77","28","2","54","9","-","100","2567","2024-09-25 10:14:17");
INSERT INTO pa_summarize VALUES("78","28","3","54","9","-","100","2567","2024-09-25 10:14:17");
INSERT INTO pa_summarize VALUES("79","34","1","60","12","ชุดแบบฝึกทักษะกระบวนการทางวิทยาศาสตร์ขั้นพื้นฐานเรื่องแรงและการเคลื่อนที่แนวตรงที่ผู้ศึกษาได้สร้างขึ้นมีประสิทธิภาพ  สำเร็จเป้าหมายเพราะคะแนนระหว่างหลังเรียนสูงกว่าก่อนเรียนและนักเรียนมีเจตคติที่ดีในการเรียนรู้ทางวิชาวิทยาศาสตร์นักเรียนมีความสุขในการเรียนรู้และมีความพึงพอใจในการเรียนวิทยาศาสตร์ดีขึ้น","101","2567","2024-09-25 10:15:36");
INSERT INTO pa_summarize VALUES("80","34","2","60","12","-","101","2567","2024-09-25 10:15:36");
INSERT INTO pa_summarize VALUES("81","34","3","60","12","ผู้ศึกษาสามารถใช้ชุดแบบฝึกทักษะกระบวนการทางวิทยาศาสตร์เรื่องแรงและการเคลื่อนที่แนวตรงมาจัดกิจกรรมการเรียนการสอนได้อย่างมีประสิทธิภาพ สำเร็จตามเป้าหมายที่วางไว้","101","2567","2024-09-25 10:15:36");
INSERT INTO pa_summarize VALUES("82","28","1","53","8","เป็นผู้อุทิศเวลาให้กับทางราชการ นำเทคโนโลยี นวัตกรรมทางการศึกษาใหม่ๆมาใช้ในการเรียนการสอน","95","2567","2024-09-25 10:17:21");
INSERT INTO pa_summarize VALUES("83","28","2","53","8","","95","2567","2024-09-25 10:17:21");
INSERT INTO pa_summarize VALUES("84","28","3","53","8","","95","2567","2024-09-25 10:17:21");
INSERT INTO pa_summarize VALUES("85","35","1","80","11","มีกิจกรรมการเรียนรู้ที่หลากหลาย","97","2567","2024-09-25 10:17:34");
INSERT INTO pa_summarize VALUES("86","35","2","80","11","","97","2567","2024-09-25 10:17:34");
INSERT INTO pa_summarize VALUES("87","35","3","80","11","","97","2567","2024-09-25 10:17:34");
INSERT INTO pa_summarize VALUES("88","7","1","9","3","จัดกิจกรรมตอบสนองต่อการเรียนรู้ของเด็ก","104","2567","2024-09-25 10:19:22");
INSERT INTO pa_summarize VALUES("89","7","2","9","3","-","104","2567","2024-09-25 10:19:22");
INSERT INTO pa_summarize VALUES("90","7","3","9","3","ชื่นชมในความใส่ใจ ตั้งใจ เด็กได้เรียนรู้ผ่านการลงมือทำ","104","2567","2024-09-25 10:19:22");
INSERT INTO pa_summarize VALUES("91","20","1","33","6","สามารถพัฒนาทักษะการอ่านของนักเรียนได้ดี นักเรียนสามารถอ่านได้ตามมาตรฐานการเรียนรู้","99","2567","2024-09-25 10:19:51");
INSERT INTO pa_summarize VALUES("92","20","2","33","6","","99","2567","2024-09-25 10:19:51");
INSERT INTO pa_summarize VALUES("93","20","3","33","6","","99","2567","2024-09-25 10:19:51");
INSERT INTO pa_summarize VALUES("94","32","1","56","8","เป็นผู้อุทิศเวลาให้กับทางราชการ นำเทคโนโลยี นวัตกรรมทางการศึกษาใหม่ๆมาใช้ในการเรียนการสอน","95","2567","2024-09-25 10:21:55");
INSERT INTO pa_summarize VALUES("95","32","2","56","8","","95","2567","2024-09-25 10:21:55");
INSERT INTO pa_summarize VALUES("96","32","3","56","8","","95","2567","2024-09-25 10:21:55");
INSERT INTO pa_summarize VALUES("100","8","1","12","3","จัดกิจกรรมตอบสนองต่อการเรียนรู้ของเด็ก","104","2567","2024-09-25 10:25:44");
INSERT INTO pa_summarize VALUES("101","8","2","12","3","-","104","2567","2024-09-25 10:25:44");
INSERT INTO pa_summarize VALUES("102","8","3","12","3","ชื่นชมในความใส่ใจ ตั้งใจ เด็กได้เรียนรู้ผ่านการลงมือทำ","104","2567","2024-09-25 10:25:44");
INSERT INTO pa_summarize VALUES("103","32","1","57","9","มีการพัฒนางานโดยการจัดทำแบบฝึกทักษะคณิตศาสตร์ การอ่านเขียนกราฟฟังก์ชันกำลังสอง ของนักเรียนชั้นมัธยมศึกษาปีที่ 3 ส่งผลให้นักเรียนเกิดการเรียนรู้ มีทักษะตามกระบวนการได้ดี","100","2567","2024-09-25 10:26:02");
INSERT INTO pa_summarize VALUES("104","32","2","57","9","-","100","2567","2024-09-25 10:26:02");
INSERT INTO pa_summarize VALUES("105","32","3","57","9","-","100","2567","2024-09-25 10:26:02");
INSERT INTO pa_summarize VALUES("106","43","1","77","11","มีกิจกรรมที่หลากหลาย นักเรียนได้ลงมือปฏิบัติด้วยตนเอง","97","2567","2024-09-25 10:26:05");
INSERT INTO pa_summarize VALUES("107","43","2","77","11","","97","2567","2024-09-25 10:26:05");
INSERT INTO pa_summarize VALUES("108","43","3","77","11","","97","2567","2024-09-25 10:26:05");
INSERT INTO pa_summarize VALUES("109","39","1","74","11","","97","2567","2024-09-25 10:28:23");
INSERT INTO pa_summarize VALUES("110","39","2","74","11","","97","2567","2024-09-25 10:28:23");
INSERT INTO pa_summarize VALUES("111","39","3","74","11","","97","2567","2024-09-25 10:28:23");
INSERT INTO pa_summarize VALUES("112","21","1","36","6","นักเรียนมีทักษะในการเขียนเรื่องตามจินตนาการได้ดี ถูกต้องตามหลักการเขียน","99","2567","2024-09-25 10:28:52");
INSERT INTO pa_summarize VALUES("113","21","2","36","6","","99","2567","2024-09-25 10:28:52");
INSERT INTO pa_summarize VALUES("114","21","3","36","6","","99","2567","2024-09-25 10:28:52");
INSERT INTO pa_summarize VALUES("115","53","1","128","8","เป็นผู้อุทิศเวลาให้กับทางราชการ นำเทคโนโลยี นวัตกรรมทางการศึกษาใหม่ๆมาใช้ในการเรียนการสอน","95","2567","2024-09-25 10:29:20");
INSERT INTO pa_summarize VALUES("116","53","2","128","8","","95","2567","2024-09-25 10:29:20");
INSERT INTO pa_summarize VALUES("117","53","3","128","8","","95","2567","2024-09-25 10:29:20");
INSERT INTO pa_summarize VALUES("118","15","1","39","6","นักเรียนสามารถอ่านจับใจความสำคัญของเรื่องได้ดี มีพัฒนาการอ่านจับใจความสำคัญของเรื่องได้ดีขึ้น","99","2567","2024-09-25 10:32:59");
INSERT INTO pa_summarize VALUES("119","15","2","39","6","","99","2567","2024-09-25 10:32:59");
INSERT INTO pa_summarize VALUES("120","15","3","39","6","","99","2567","2024-09-25 10:32:59");
INSERT INTO pa_summarize VALUES("121","51","1","131","8","เป็นผู้อุทิศเวลาให้กับทางราชการ นำเทคโนโลยี นวัตกรรมทางการศึกษาใหม่ๆมาใช้ในการเรียนการสอน","95","2567","2024-09-25 10:33:04");
INSERT INTO pa_summarize VALUES("122","51","2","131","8","","95","2567","2024-09-25 10:33:04");
INSERT INTO pa_summarize VALUES("123","51","3","131","8","","95","2567","2024-09-25 10:33:04");
INSERT INTO pa_summarize VALUES("124","53","1","129","9","มีการพัฒนางานโดยการจัดการเรียนการสอนแบบ 5 ขั้นตอน เรื่องทักษะเบื้องต้นในการเล่นกีฬาฟุตบอล ของนักเรียนชั้นมัธยมศึกษาปีที่ 2 ส่งผลให้นักเรียนเกิดการเรียนรู้ มีทักษะตามกระบวนการได้ดี","100","2567","2024-09-25 10:33:16");
INSERT INTO pa_summarize VALUES("125","53","2","129","9","-","100","2567","2024-09-25 10:33:16");
INSERT INTO pa_summarize VALUES("126","53","3","129","9","-","100","2567","2024-09-25 10:33:16");
INSERT INTO pa_summarize VALUES("130","41","1","71","11","นักเรียนปฏิบัติด้วยกิจกรรมที่หลากหลายได้ลงมือปฏิบัติด้วยตนเอง","97","2567","2024-09-25 10:34:24");
INSERT INTO pa_summarize VALUES("131","41","2","71","11","กรอบการดำเนินงานควรเขียนรายละเอียดการดำเนินการให้ชัดเจนเป็นขั้นตอน","97","2567","2024-09-25 10:34:24");
INSERT INTO pa_summarize VALUES("132","41","3","71","11","","97","2567","2024-09-25 10:34:24");
INSERT INTO pa_summarize VALUES("133","9","1","15","3","จัดกิจกรรมตอบสนองต่อการเรียนรู้ของเด็ก","104","2567","2024-09-25 10:34:53");
INSERT INTO pa_summarize VALUES("134","9","2","15","3","-","104","2567","2024-09-25 10:34:53");
INSERT INTO pa_summarize VALUES("135","9","3","15","3","ชื่นชมในความใส่ใจ ตั้งใจ เด็กได้เรียนรู้ผ่านการลงมือทำ","104","2567","2024-09-25 10:34:53");
INSERT INTO pa_summarize VALUES("136","84","1","42","6","นักเรียนมีทักษะในการเขียนเรื่องจากภาพได้ดีขึ้น ","99","2567","2024-09-25 10:35:29");
INSERT INTO pa_summarize VALUES("137","84","2","42","6","","99","2567","2024-09-25 10:35:29");
INSERT INTO pa_summarize VALUES("138","84","3","42","6","","99","2567","2024-09-25 10:35:29");
INSERT INTO pa_summarize VALUES("139","52","1","134","8","นำเทคโนโลยี นวัตกรรมทางการศึกษาใหม่ๆมาใช้ในการเรียนการสอน","95","2567","2024-09-25 10:35:59");
INSERT INTO pa_summarize VALUES("140","52","2","134","8","","95","2567","2024-09-25 10:35:59");
INSERT INTO pa_summarize VALUES("141","52","3","134","8","","95","2567","2024-09-25 10:35:59");
INSERT INTO pa_summarize VALUES("142","42","1","63","12","ครูผู้สอนสามารถใช้สื่อนวัตกรรมและเทคโนโลยีมาใช้ในการเรียนรู้โดยใช้เกมสร้างสรรค์ที่สร้างขึ้นจากโปรแกรม  MS Excel  ทำให้ผู้เรียนเกิดการเรียนรู้ทุกที่ทุกเวลา อยู่ที่ไหนก็สามารถเรียนได้","101","2567","2024-09-25 10:40:48");
INSERT INTO pa_summarize VALUES("143","42","2","63","12","-","101","2567","2024-09-25 10:40:48");
INSERT INTO pa_summarize VALUES("144","42","3","63","12","ผู้เรียนสามารถนำความรู้ที่ได้ไปประยุกต์ใช้ให้เกิดประโยชน์ในชีวิตประจำวันโดยใช้สื่อเทคโนโลยีที่ทันสมัยนักเรียนมีผลสัมฤทธิ์สูงกว่าสถานศึกษากำหนด","101","2567","2024-09-25 10:40:48");
INSERT INTO pa_summarize VALUES("145","45","1","86","17","ผู้รับการประเมินได้มีการปฏิบัติงานตามมาตรฐานตำแหน่งโดยมีการริเริ่มพัฒนาในองค์ประกอบทั้ง 5 ด้านและ 15 ตัวชี้วัดได้ตรงตามมาตรฐานกับระดับตำแหน่งที่คาดหวังและเป็นแบบอย่างที่ดีในส่วนของข้อตกลงในการพัฒนางานที่เสนอเป็นประเด็นท้าทายในการพัฒนาผลลัพธ์การเรียนรู้ของผู้เรียนได้มีการพัฒนาในเรื่อง มารยาทไทยและมารยาททางสังคมผู้รับการประเมินได้ดำเนินการให้บรรลุผลส่งผลให้ผู้เรียนสามารถปฏิบัติได้ร้อยละ 90 ","96","2567","2024-09-25 10:41:26");
INSERT INTO pa_summarize VALUES("146","45","2","86","17","-","96","2567","2024-09-25 10:41:26");
INSERT INTO pa_summarize VALUES("147","45","3","86","17","ในส่วนของประเด็นท้าทายควรอธิบายขั้นตอนและกระบวนการดำเนินงานให้ชัดเจนเพื่อให้เห็นภาพการดำเนินงานของครู","96","2567","2024-09-25 10:41:26");
INSERT INTO pa_summarize VALUES("148","40","1","68","11","ปฏิบัติกิจกรรมการเรียนการสอนโดยนักเรียนได้คิด ค้นคว้าและลงมือปฏิบัติด้วยตนเอง","97","2567","2024-09-25 10:41:41");
INSERT INTO pa_summarize VALUES("149","40","2","68","11","","97","2567","2024-09-25 10:41:41");
INSERT INTO pa_summarize VALUES("150","40","3","68","11","","97","2567","2024-09-25 10:41:41");
INSERT INTO pa_summarize VALUES("151","16","1","20","5","","105","2567","2024-09-25 10:47:37");
INSERT INTO pa_summarize VALUES("152","16","2","20","5","","105","2567","2024-09-25 10:47:37");
INSERT INTO pa_summarize VALUES("153","16","3","20","5","สามารถใช้ทักษะที่ได้จากการพัฒนาตนเองและวิชาชีพมาใช้ในการพัฒนาการจัดการเรียนรู้ รวมถึงการพัฒนาคุณภาพผู้เรียน ","105","2567","2024-09-25 10:47:37");
INSERT INTO pa_summarize VALUES("154","51","1","132","9","มีการพัฒนางานโดยการพัฒนาผลสัมฤทธิ์ทางการเรียนรายวิชาพลศึกษา เรื่องทักษะเบื้องต้นในการเล่นกีฬา ตะกร้อข้างเท้าด้านใน ของนักเรียนชั้นประถมศึกษาปีที่ 5ส่งผลให้นักเรียนเกิดการเรียนรู้ มีทักษะตามกระบวนการได้ดี","100","2567","2024-09-25 10:47:47");
INSERT INTO pa_summarize VALUES("155","51","2","132","9","-","100","2567","2024-09-25 10:47:47");
INSERT INTO pa_summarize VALUES("156","51","3","132","9","-","100","2567","2024-09-25 10:47:47");
INSERT INTO pa_summarize VALUES("157","33","1","65","11","มีกิจกรรมการเรียนรู้ที่หลากหลาย","97","2567","2024-09-25 10:50:41");
INSERT INTO pa_summarize VALUES("158","33","2","65","11","","97","2567","2024-09-25 10:50:41");
INSERT INTO pa_summarize VALUES("159","33","3","65","11","","97","2567","2024-09-25 10:50:41");
INSERT INTO pa_summarize VALUES("160","6","1","3","3","จัดกิจกรรมตอบสนองต่อการเรียนรู้ของเด็ก","104","2567","2024-09-25 10:52:29");
INSERT INTO pa_summarize VALUES("161","6","2","3","3","-","104","2567","2024-09-25 10:52:29");
INSERT INTO pa_summarize VALUES("162","6","3","3","3","ชื่นชมในความใส่ใจ ตั้งใจ เด็กได้เรียนรู้ผ่านการลงมือทำ","104","2567","2024-09-25 10:52:29");
INSERT INTO pa_summarize VALUES("163","18","1","23","5","","105","2567","2024-09-25 10:52:47");
INSERT INTO pa_summarize VALUES("164","18","2","23","5","","105","2567","2024-09-25 10:52:47");
INSERT INTO pa_summarize VALUES("165","18","3","23","5","","105","2567","2024-09-25 10:52:47");
INSERT INTO pa_summarize VALUES("166","52","1","135","9","มีการพัฒนางานโดยการสร้างแบบทดสอบ ทักษะการเคลื่อนไหวเบื้องต้นของนักเรียนชั้นประถมศึกษาปีที่ 3 ส่งผลให้นักเรียนเกิดการเรียนรู้ มีทักษะตามกระบวนการได้ดี","100","2567","2024-09-25 10:54:08");
INSERT INTO pa_summarize VALUES("167","52","2","135","9","-","100","2567","2024-09-25 10:54:08");
INSERT INTO pa_summarize VALUES("168","52","3","135","9","-","100","2567","2024-09-25 10:54:08");
INSERT INTO pa_summarize VALUES("169","42","1","62","11","มีกิจกรรมที่หลากหลาย นักเรียนได้ลงมือปฏิบัติด้วยตนเอง","97","2567","2024-09-25 10:54:10");
INSERT INTO pa_summarize VALUES("170","42","2","62","11","","97","2567","2024-09-25 10:54:10");
INSERT INTO pa_summarize VALUES("171","42","3","62","11","","97","2567","2024-09-25 10:54:10");
INSERT INTO pa_summarize VALUES("172","17","1","26","5","","105","2567","2024-09-25 10:54:39");
INSERT INTO pa_summarize VALUES("173","17","2","26","5","","105","2567","2024-09-25 10:54:39");
INSERT INTO pa_summarize VALUES("174","17","3","26","5","","105","2567","2024-09-25 10:54:39");
INSERT INTO pa_summarize VALUES("175","19","1","29","5","","105","2567","2024-09-25 10:56:01");
INSERT INTO pa_summarize VALUES("176","19","2","29","5","","105","2567","2024-09-25 10:56:01");
INSERT INTO pa_summarize VALUES("177","19","3","29","5","","105","2567","2024-09-25 10:56:01");
INSERT INTO pa_summarize VALUES("178","20","1","32","5","","105","2567","2024-09-25 10:58:45");
INSERT INTO pa_summarize VALUES("179","20","2","32","5","","105","2567","2024-09-25 10:58:45");
INSERT INTO pa_summarize VALUES("180","20","3","32","5","","105","2567","2024-09-25 10:58:45");
INSERT INTO pa_summarize VALUES("181","14","1","18","3","จัดกิจกรรมตอบสนองต่อการเรียนรู้ของเด็ก","104","2567","2024-09-25 10:59:20");
INSERT INTO pa_summarize VALUES("182","14","2","18","3","-","104","2567","2024-09-25 10:59:20");
INSERT INTO pa_summarize VALUES("183","14","3","18","3","ชื่นชมในความใส่ใจ ตั้งใจ เด็กได้เรียนรู้ผ่านการลงมือทำ","104","2567","2024-09-25 10:59:20");
INSERT INTO pa_summarize VALUES("184","6","1","2","2","นักเรียนปฏิบัติด้วยกิจกรรมที่หลากหลายได้ลงมือปฏิบัติด้วยตนเอง","97","2567","2024-09-25 10:59:33");
INSERT INTO pa_summarize VALUES("185","6","2","2","2","","97","2567","2024-09-25 10:59:33");
INSERT INTO pa_summarize VALUES("186","6","3","2","2","","97","2567","2024-09-25 10:59:33");
INSERT INTO pa_summarize VALUES("187","21","1","35","5","","105","2567","2024-09-25 10:59:52");
INSERT INTO pa_summarize VALUES("188","21","2","35","5","","105","2567","2024-09-25 10:59:52");
INSERT INTO pa_summarize VALUES("189","21","3","35","5","","105","2567","2024-09-25 10:59:52");
INSERT INTO pa_summarize VALUES("190","5","1","5","2","มีกิจกรรมการเรียนรู้ที่หลากหลาย","97","2567","2024-09-25 11:01:25");
INSERT INTO pa_summarize VALUES("191","5","2","5","2","","97","2567","2024-09-25 11:01:25");
INSERT INTO pa_summarize VALUES("192","5","3","5","2","","97","2567","2024-09-25 11:01:25");
INSERT INTO pa_summarize VALUES("193","15","1","38","5","","105","2567","2024-09-25 11:02:02");
INSERT INTO pa_summarize VALUES("194","15","2","38","5","","105","2567","2024-09-25 11:02:02");
INSERT INTO pa_summarize VALUES("195","15","3","38","5","","105","2567","2024-09-25 11:02:02");
INSERT INTO pa_summarize VALUES("196","33","1","66","12","1. เป็นการจัดการเรียนการสอนที่ทันสมัยสอดคล้องกับยุคปัจจุบัน โดยยึดหลักการของ Active Learning และทักษะ การเรียนรู้ใน ศตวรรษที่ 21 (3R8Cs) เป็นส าคัญ และมีล าดับขั้นในการ เรียนรู้อย่างต่อเนื่องเป็นระบบ 2. เป็นการจัดการเรียนการสอนที่เน้นให้ผู้เรียนได้มีองค์ความรู้ทักษะ และคุณลักษณะที่แท้จริงจนติดตัวผู้เรียนอย่าง คงทน สามารถนำไปเป็นพื้นฐานในการเรียนรู้และนำไปประยุกต์ใช้ใน การปฏิบัติในวิชาชีพได้จริง","101","2567","2024-09-25 11:04:36");
INSERT INTO pa_summarize VALUES("197","33","2","66","12","-","101","2567","2024-09-25 11:04:36");
INSERT INTO pa_summarize VALUES("198","33","3","66","12","การพัฒนารูปแบบการเรียนการสอนเพื่อส่งเสริมทักษะบูรณาการทางวิทยาศาสตร์  เรื่อง การด ารงชีวิตของพืช ระดับชั้นมัธยมศึกษาปีที่ 1  โดยใช้รูปแบบการสอน EDPROT Model ร่วมกับการจัดการเรียนรู้แบบ Active leaningส่งผลสัมฤทธิ์ทางการเรียนเรื่องการดำรงชีวิตของพืชสูงกว่า นักเรียนที่ได้รับการสอนแบบปกติ","101","2567","2024-09-25 11:04:36");
INSERT INTO pa_summarize VALUES("199","46","1","89","17","ผู้รับการประเมินได้มีการปฏิบัติงานตามมาตรฐานตำแหน่งโดยมีการปรับประยุกต์ในองค์ประกอบทั้ง 5 ด้านและ 15 ตัวชี้วัดได้ตรงตามมาตรฐานกับระดับตำแหน่งที่คาดหวังในส่วนของข้อตกลงในการพัฒนางานที่เสนอเป็นประเด็นท้าทายในการพัฒนาผลลัพธ์การเรียนรู้ของผู้เรียนได้มีการพัฒนาในเรื่องการพัฒนาทักษะความคิดวิเคราะห์โดยใช้แบบฝึกทักษะการคิดวิเคราะห์ รายวิชาสังคมศึกษา ศาสนา และวัฒนธรรม ของนักเรียนชั้นประถมศึกษาปีที่ 5 ผู้รับการประเมินได้ดำเนินการให้บรรลุผลส่งผลให้ผู้เรียนสามารถคิดสร้างสรรค์ คิดแก้ปัญหาด้วยแนวทางใหม่ๆ ในเรื่องที่มีประโยชน์ มีคุณค่ากับส่วนรวม","96","2567","2024-09-25 11:07:02");
INSERT INTO pa_summarize VALUES("200","46","2","89","17","-","96","2567","2024-09-25 11:07:02");
INSERT INTO pa_summarize VALUES("201","46","3","89","17","ในส่วนของประเด็นท้าทายผู้รับการประเมินควรระบุจำนวนนักเรียนในเชิงปริมาณให้ชัดเจนแต่วิธีการดำเนินการเพื่อให้เกิดผลลัพธ์กับผู้เรียนชัดเจนดีมาก","96","2567","2024-09-25 11:07:02");
INSERT INTO pa_summarize VALUES("202","7","1","8","2","มีกิจกรรมการเรียนรู้ที่หลากหลาย","97","2567","2024-09-25 11:10:34");
INSERT INTO pa_summarize VALUES("203","7","2","8","2","","97","2567","2024-09-25 11:10:34");
INSERT INTO pa_summarize VALUES("204","7","3","8","2","","97","2567","2024-09-25 11:10:34");
INSERT INTO pa_summarize VALUES("205","34","1","59","11","ปฏิบัติกิจกรรมการเรียนการสอนโดยนักเรียนได้คิด ค้นคว้าและลงมือปฏิบัติด้วยตนเอง","97","2567","2024-09-25 11:12:45");
INSERT INTO pa_summarize VALUES("206","34","2","59","11","กรอบการดำเนินงานควรเขียนรายละเอียดการดำเนินการให้ชัดเจนเป็นขั้นตอน","97","2567","2024-09-25 11:12:45");
INSERT INTO pa_summarize VALUES("207","34","3","59","11","","97","2567","2024-09-25 11:12:45");
INSERT INTO pa_summarize VALUES("208","40","1","69","12","นักเรียนมีทักษะกระบวนการทางวิทยาศาสตร์เรื่อง การพัฒนาทักษะกระบวนการทางวิทยาศาสตร์ วิชาวิทยาศาสตร์พื้นฐาน เรื่อง พลังงานไฟฟ้ากับชีวิต ของนักเรียนระดับชั้นประถมศึกษาปีที่ ๓ ด้วยกระบวนการเรียนรู้แบบ MACA Model","101","2567","2024-09-25 11:13:06");
INSERT INTO pa_summarize VALUES("209","40","2","69","12","-","101","2567","2024-09-25 11:13:06");
INSERT INTO pa_summarize VALUES("210","40","3","69","12","นักเรียนชั้นประถมศึกษาปีที่ ๓ ได้รับส่งเสริมและพัฒนาความรู้ความเข้าใจ ทักษะกระบวนการทางวิทยาศาสตร์ และคุณลักษณะอันพึงประสงค์ จากการจัดกิจกรรมการเรียนการสอน ในหน่วยการเรียนรู้ เรื่อง ไฟฟ้ากับชีวิต ด้วยการจัดกิจกรรมการเรียนรู้รูปแบบ MACA MODEL โดยมีผ่านเกณฑ์การประเมิน","101","2567","2024-09-25 11:13:06");
INSERT INTO pa_summarize VALUES("211","84","1","41","5","","105","2567","2024-09-25 11:13:13");
INSERT INTO pa_summarize VALUES("212","84","2","41","5","","105","2567","2024-09-25 11:13:13");
INSERT INTO pa_summarize VALUES("213","84","3","41","5","","105","2567","2024-09-25 11:13:13");
INSERT INTO pa_summarize VALUES("214","14","1","17","2","นักเรียนปฏิบัติด้วยกิจกรรมที่หลากหลายได้ลงมือปฏิบัติด้วยตนเอง","97","2567","2024-09-25 11:14:40");
INSERT INTO pa_summarize VALUES("215","14","2","17","2","กรอบการดำเนินงานควรเขียนรายละเอียดการดำเนินการให้ชัดเจนเป็นขั้นตอน","97","2567","2024-09-25 11:14:40");
INSERT INTO pa_summarize VALUES("216","14","3","17","2","","97","2567","2024-09-25 11:14:40");
INSERT INTO pa_summarize VALUES("217","9","1","14","2","ปฏิบัติกิจกรรมการเรียนการสอนโดยนักเรียนได้คิด ค้นคว้าและลงมือปฏิบัติด้วยตนเอง","97","2567","2024-09-25 11:15:51");
INSERT INTO pa_summarize VALUES("218","9","2","14","2","กรอบการดำเนินงานควรเขียนรายละเอียดการดำเนินการให้ชัดเจนเป็นขั้นตอน","97","2567","2024-09-25 11:15:51");
INSERT INTO pa_summarize VALUES("219","9","3","14","2","","97","2567","2024-09-25 11:15:51");
INSERT INTO pa_summarize VALUES("220","8","1","11","2","นักเรียนปฏิบัติด้วยกิจกรรมที่หลากหลายได้ลงมือปฏิบัติด้วยตนเอง","97","2567","2024-09-25 11:19:01");
INSERT INTO pa_summarize VALUES("221","8","2","11","2","กรอบการดำเนินงานควรเขียนรายละเอียดการดำเนินการให้ชัดเจนเป็นขั้นตอน","97","2567","2024-09-25 11:19:01");
INSERT INTO pa_summarize VALUES("222","8","3","11","2","","97","2567","2024-09-25 11:19:01");
INSERT INTO pa_summarize VALUES("223","41","1","72","12","นักเรียนมีการพัฒนาในเรื่องการจับเมาส์ที่ดีขึ้น รวมทั้งการ บังคับเมาส์ที่คล่องแคล่วมากขึ้น และมีความสุขในการเรียนวิชาคอมพิวเตอร์ รวทั้งสามารถเรียนรู้ไปพร้อม ๆ กับเพื่อนๆ ได้อย่างเต็ม ศักยภาพที่นักเรียนควรทําได้","101","2567","2024-09-25 11:20:29");
INSERT INTO pa_summarize VALUES("224","41","2","72","12","-","101","2567","2024-09-25 11:20:29");
INSERT INTO pa_summarize VALUES("225","41","3","72","12","นักเรียนได้เรียนรู้แบบ Active  Learning  นักเรียนได้ฝึกปฎิบัติจริงได้ใช้สื่อและเทคโนโลยีที่ทันสมัย","101","2567","2024-09-25 11:20:29");
INSERT INTO pa_summarize VALUES("226","44","1","92","17","ผู้รับการประเมินได้มีการปฏิบัติงานตามมาตรฐานตำแหน่งโดยมีการปรับประยุกต์ในองค์ประกอบทั้ง 5 ด้านและ 15 ตัวชี้วัดได้ตรงตามมาตรฐานกับระดับตำแหน่งที่คาดหวังในส่วนของข้อตกลงในการพัฒนางานที่เสนอเป็นประเด็นท้าทายในเรื่อง กฎหมายที่เกี่ยวข้องกับตนเองและครอบครัวโดยใช้เทคนิควิธีการสอนแบบโมเดลซิปปาของนักเรียนชั้นประถมศึกษาปที่ 1/1 ผู้รับการประเมินได้ดำเนินการให้บรรลุผลส่งผลให้ผู้เรียนมีผลสัมฤทธิ์ทางการเรียนสูงขึ้น มีขั้นตอนและวิธีการดำเนินงานที่ชัดเจน","96","2567","2024-09-25 11:34:53");
INSERT INTO pa_summarize VALUES("227","44","2","92","17","-","96","2567","2024-09-25 11:34:53");
INSERT INTO pa_summarize VALUES("228","44","3","92","17","ในส่วนของประเด็นท้าทาย ผู้รับการประเมินสามารถนำไปปรับประยุกต์เนื้อหาสาระตามระดับชั้นเรียนเพื่อต่อยอดในการพัฒนาผลสัมฤทธิ์ทางการเรียนในระดับชั้นอื่น ๆ","96","2567","2024-09-25 11:34:53");
INSERT INTO pa_summarize VALUES("229","39","1","75","12","1. ผู้เรียนความสนุกสนานและพึงพอใจในการเรียนรู้ และมีเจตคติที่ดีต่อการเรียนวิชาวิทยาศาสตร์ 2. ผู้เรียนมีทักษะกระบวนการทางวิทยาศาสตร์และ สามารถน าความรู้ที่ได้ไปปรับใช้ในการเรียนวิชา อื่นๆและปรับใช้ในชีวิตประจ าวันได้","101","2567","2024-09-25 12:17:57");
INSERT INTO pa_summarize VALUES("230","39","2","75","12","-","101","2567","2024-09-25 12:17:58");
INSERT INTO pa_summarize VALUES("231","39","3","75","12","ผู้ศึกษาจัดเรียนรู้แบบ Active learning โดยใช้เกมร่วมกับร่วมกับสื่อมัลติมีเดียส่งผลให้นักเรียนมีความรู้ความเข้าใจในการนำความรู้เรื่อง ห่วงโซ่อาหารไปใช้ในชีวิตประจำวันได้ และนักเรียนมีทักษะกระบวนการทางวิทยาศาสตร์มีทักษะการคิดการแก้ปัญหาและสร้างองค์  ความรู้ได้ด้วนตนเอง","101","2567","2024-09-25 12:17:58");
INSERT INTO pa_summarize VALUES("232","59","1","101","14","ผู้รับการประเมินได้มีการปฏิบัติงานตามมาตรฐานตำแหน่งโดยมีการแก้ปัญหาและพัฒนาในองค์ประกอบทั้ง 5 ด้านและ 15 ตัวชี้วัดได้ตรงตามมาตรฐานกับระดับตำแหน่งที่คาดหวังในส่วนของข้อตกลงในการพัฒนางานที่เสนอเป็นประเด็นท้าทายในการพัฒนาผลลัพธ์การเรียนรู้ของผู้เรียนได้มีการแกไขปัญหาในเรื่อง การพัฒนาทักษะการสื่อสารภาษาอังกฤษในชีวิตประจำวัน โดยใช้การจัดกิจกรรมการเรียนรู้เชิงรุก (Active Learning) ของชั้นประถมศึกษปีที่ 6 ส่งผลให้ผู้เรียนได้รับการพัฒนาทักษะการสื่อสารภาษาอังกฤษในชีวิตประจำวัน โดยใช้การจัดกิจกรรมการเรียนรู้เชิงรุก(Active Learning) ได้ตรงตามมาตรฐานการเรียนรู้และตัวชี้วัดของหลักสูตรการศึกษาขั้นพื้นฐาน","96","2567","2024-09-25 12:43:40");
INSERT INTO pa_summarize VALUES("233","59","2","101","14","-","96","2567","2024-09-25 12:43:40");
INSERT INTO pa_summarize VALUES("234","59","3","101","14","ในส่วนของประเด็นท้าทายผู้รับการประเมินได้อธิบายขั้นตอนและกระบวนการดำเนินงานได้อย่างชัดเจนแต่ผลลัพธ์ในการพัฒนาผู้เรียนในเชิงปริมาณ ควรระบุจำนวนนักเรียนเพื่อให้เห็นภาพความสำเร็จให้ชัดเจนยิ่งขึ้นและระดับคุณภาพควรชี้ชัดไปที่ร้อยละของผู้เรียนที่ได้รับการพัฒนา","96","2567","2024-09-25 12:43:40");
INSERT INTO pa_summarize VALUES("235","43","1","78","12","นักเรียน มีความรู้ความเข้าใจเกี่ยวกับการสร้างสรรค์ชิ้นงานด้วย โปรแกรม scratch และนํา ความรู้ที่ได้ไปเชื่อมโยงกับชีวิตประจําวัน เพื่อใช้ในการตัดสินใจในสถานการณ์ต่าง ๆ ที่เกี่ยวข้อง","101","2567","2024-09-25 12:44:08");
INSERT INTO pa_summarize VALUES("236","43","2","78","12","-","101","2567","2024-09-25 12:44:08");
INSERT INTO pa_summarize VALUES("237","43","3","78","12","ผู้ศึกษาได้พัฒนาผลสัมฤทธิ์ทางการเรียน การสร้างสรรค์ ชิ้นงานด้วยโปรแกรม scratch  ส่งผลให้ผู้เรียนมีความรู้ความเข้าใจเกี่ยวกับการสร้างสรรค์ชิ้นงานด้วย โปรแกรม scratch และนํา ความรู้ที่ได้ไปเชื่อมโยงกับชีวิตประจําวัน เพื่อใช้ใน การตัดสินใจในสถานการณ์ต่าง ๆ ที่เกี่ยวข้อง","101","2567","2024-09-25 12:44:08");
INSERT INTO pa_summarize VALUES("238","35","1","81","12","ได้สื่อและนวัตกรรมแบบฝึกทักษะเรื่อง หินและซากดึกดําบรรพ์ที่ใช้เป็นสื่อการ เรียนการสอนเพื่อพัฒนาวิชาวิทยาศาสตร์และเทคโนโลยี สําหรับนักเรียนชั้น ประถมศึกษาปีที่ 6","101","2567","2024-09-25 12:56:11");
INSERT INTO pa_summarize VALUES("239","35","2","81","12","-","101","2567","2024-09-25 12:56:11");
INSERT INTO pa_summarize VALUES("240","35","3","81","12","ผู้ศึกษาจัดการเรียนการสอนโดยใช้สื่อและนวัตกรรมในการจัดการ เรียนรู้แบบ Active Learning โดยเน้นทักษะกระบวนการทางวิทยาศาสตร์ เป็นการพัฒนาและแก้ปัญหาในด้านการ คิด การเชื่อมโยง และการให้เหตุผลของผู้เรียนส่งผลให้ผู้เรียนบรรลุวัตถุประสงค์เป้าหายที่วางไว้","101","2567","2024-09-25 12:56:11");
INSERT INTO pa_summarize VALUES("241","36","1","84","12","นักเรียนได้ใช้สื่อและเทคโนโลยีในการศึกษาและสังเกตการณ์ปรากฏการณ์ทางดาราศาสตร์  ด้วยตนเอง","101","2567","2024-09-25 13:07:44");
INSERT INTO pa_summarize VALUES("242","36","2","84","12","-","101","2567","2024-09-25 13:07:44");
INSERT INTO pa_summarize VALUES("243","36","3","84","12","นักเรียนได้เรียนรู้แบบ Active  Learning  นักเรียนได้ฝึกปฎิบัติจริงได้ใช้สื่อและเทคโนโลยีที่ทันสมัย","101","2567","2024-09-25 13:07:44");
INSERT INTO pa_summarize VALUES("244","60","1","104","14","ผู้รับการประเมินได้มีการปฏิบัติงานตามมาตรฐานตำแหน่งโดยมีการแก้ปัญหาและพัฒนาในองค์ประกอบทั้ง 5 ด้านและ 15 ตัวชี้วัดได้ตรงตามมาตรฐานกับระดับตำแหน่งที่คาดหวัง โดยมีการออกแบบการเรียนรู้ สร้างและพัฒนาหลักสูตร และมีการวัดและประเมินผลผู้รับการประเมินได้มีการนำเอาเทคโนโลยีมาใช้ในการจัดการเรียนรู้ออกแบบสื่อและนวัตกรรมการจัดการเรียนรู้ วัดและประเมินโดยใช้สื่อที่หลากหลายเหมาะสมตรงกับระดับชั้นของผู้เรียนได้ชัดเจนมากจนทำให้เกิด Best Practice ที่สามารถเป็นแบบอย่างที่ดีให้กับคณะครูและโรงเรียนอื่นๆ ได้ และในส่วนของข้อตกลงในการพัฒนางานที่เสนอเป็นประเด็นท้าทายในการพัฒนาผลลัพธ์การเรียนรู้ของผู้เรียนในเรื่อง การจัดการเรียนรู้แบบก Active Learning โดยใช้แบบฝึกการพัฒนาทักษะการสื่อสาร เรื่อง Traveling around the world ระดับชั้นมัธยมศึกษาปีที่ 3 ส่งผลให้ผู้เรียนมีความมั่นใจในการสื่อสารภาษาอังกฤษที่ดีขึ้น จนสามารถนำไปต่อยอดในระดับชั้นที่สูงขึ้นได้","96","2567","2024-09-25 13:16:02");
INSERT INTO pa_summarize VALUES("245","60","2","104","14","-","96","2567","2024-09-25 13:16:02");
INSERT INTO pa_summarize VALUES("246","60","3","104","14","ผลลัพธ์ในการพัฒนาที่คาดหวังในเชิงปริมาณควรระบุจำนวนนักเรียนเพื่อให้เห็นภาพจำนวนนักเรียนที่ได้รับการพัฒนาชัดเจนยิ่งขึ้น","96","2567","2024-09-25 13:16:02");
INSERT INTO pa_summarize VALUES("253","58","1","107","14","ผู้รับการประเมินได้มีการปฏิบัติงานตามมาตรฐานตำแหน่งโดยมีการแก้ปัญหาและพัฒนาในองค์ประกอบทั้ง 5 ด้านและ 15 ตัวชี้วัดได้ตรงตามมาตรฐานกับระดับตำแหน่งที่คาดหวัง โดยมีการออกแบบการเรียนรู้ สร้างและพัฒนาหลักสูตร และมีการวัดแในส่วนของข้อตกลงในการพัฒนางานที่เสนอเป็นประเด็นท้าทายในการพัฒนาผลลัพธ์การเรียนรู้ของผู้เรียนในเรื่อง การแก้ไขปัญหาการอ่านสะกดคำภาษาอังกฤษของนักเรียนชั้นประถมศึกษาปีที่ 5 โดยใช้แบบฝึกทักษะพัฒนาการอ่านออกเสียงสะกดคำภาษาอังกฤษแบบ Phonics มีวิธีการดำเนินงานให้บรรลุผลที่ชัดเจน ส่งผลให้นักเรียนชั้นประถมศึกษาปีที่ 5 ร้อยละ 100 มีผลสัมฤทธิ์ทางการเรียนสูงขึ้นและนักเรียนชั้นประถมศึกษาปีที่ 5 มีแบบฝึกพัฒนาทักษะการอ่านออกเสียงสะกดคำภาษาอังกฤษ แบบ Phonics เป็นสื่อในการเรียนภาษาอังกฤษ","96","2567","2024-09-25 13:53:00");
INSERT INTO pa_summarize VALUES("254","58","2","107","14","-","96","2567","2024-09-25 13:53:00");
INSERT INTO pa_summarize VALUES("255","58","3","107","14","ในส่วนผลลัพธ์ในการพัฒนาที่คาดหวังในเชิงปริมาณควรระบุจำนวนนักเรียนเพื่อให้เห็นภาพจำนวนนักเรียนที่ได้รับการพัฒนาชัดเจนยิ่งขึ้น","96","2567","2024-09-25 13:53:00");
INSERT INTO pa_summarize VALUES("259","59","1","102","15","มีกิจกรรมที่หลากหลาย นักเรียนได้ลงมือปฏิบัติด้วยตนเอง","103","2567","2024-09-25 14:18:05");
INSERT INTO pa_summarize VALUES("260","59","2","102","15","","103","2567","2024-09-25 14:18:05");
INSERT INTO pa_summarize VALUES("261","59","3","102","15","มีการจัดการเรียนรู้ที่สร้างบรรยากาศให้นักเรียนมีการเรียนรู้ร่วมกัน มีการแข่งขันทำให้นักเรียนเกิดความกระตือรือร้นในการเรียน และเปิดโอกาสให้นักเรียนได้ปฏิบัติจริง ก่อให้เกิดการพัฒนาทักษะในการสื่อสาร","103","2567","2024-09-25 14:18:05");
INSERT INTO pa_summarize VALUES("262","62","1","110","14","ผู้รับการประเมินได้มีการปฏิบัติงานตามมาตรฐานตำแหน่งโดยมีการแก้ปัญหาและพัฒนาในองค์ประกอบทั้ง 5 ด้านและ 15 ตัวชี้วัดได้ตรงตามมาตรฐานกับระดับตำแหน่งที่คาดหวัง โดยมีการใช้สื่อนวัตกรรมที่หลากหลายผู้เรียนได้ลงมือปฏิบัติจริงและมีการเผยแพร่สื่อการเรียนรู้ได้ดีในส่วนของข้อตกลงในการพัฒนางานที่เสนอเป็นประเด็นท้าทายในการพัฒนาผลลัพธ์การเรียนรู้ของผู้เรียนในเรื่อง การพัฒฯาทักษะภาษาอังกฤษเพื่อการสื่อสารโดยใช้สื่อและนวัตกรรมในการจัดการเรียนรู้แบบ Active Learning  ชั้นประถมศึกษาปีที่ 2 ส่งผลให้นักเรียนมีผลสัมฤทธิ์ทางการเรียนวิชาภาษาอังกฤษสูงขึ้นและมีเจตคติที่ดีต่อวิชาภาษาอังกฤษ","96","2567","2024-09-25 14:29:35");
INSERT INTO pa_summarize VALUES("263","62","2","110","14","-","96","2567","2024-09-25 14:29:35");
INSERT INTO pa_summarize VALUES("264","62","3","110","14","ภาระงานควรมีการระบุจำนวนชั่วโมงในงานด้านการเรียนการสอน งานส่งเสริม สนับสนุน และงานสนองนโยบาย/จุดเน้นให้ชัดเจน การพัฒนาหลักสูตรควรมีการแยกตัวชี้วัดระหว่างทางและปลายทางในคำอธิบายในชั้นประถมศึกษาปีที่ 2 และในส่วนของประเด็นท้าทายผู้รับการประเมินได้มีการอธิบายขั้นตอนและกระบวนการดำเนินงานแต่ผลลัพธ์ในการพัฒนาผู้เรียนในเชิงปริมาณ ควรระบุจำนวนนักเรียนเพื่อให้เห็นภาพความสำเร็จให้ชัดเจนยิ่งขึ้นและระดับคุณภาพควรชี้ชัดไปที่ร้อยละของผู้เรียนที่ได้รับการพัฒนา","96","2567","2024-09-25 14:29:35");
INSERT INTO pa_summarize VALUES("271","60","1","105","15","ปฏิบัติกิจกรรมการเรียนการสอนโดยนักเรียนได้พัฒนาทักษะการใช้ภาษา ได้คิด สร้างสรรค์ และลงมือปฏิบัติ ตลอดจนสร้างสรรค์ชิ้นงานด้วยตนเอง","103","2567","2024-09-25 14:55:02");
INSERT INTO pa_summarize VALUES("272","60","2","105","15","","103","2567","2024-09-25 14:55:02");
INSERT INTO pa_summarize VALUES("273","60","3","105","15","ครูมีความเป็นกันเอง เข้าใจความสนใจของผู้เรียนทำให้เกิดสัมพันธภาพที่ดีส่งเสริมบรรยากาศในการจัดการเรียนรู้ มีการจัดการเรียนรู้ที่หลากหลายน่าสนใจเหมาะสมกับวัยผู้เรียนผู้เรียนได้มีโอกาสฝึกใช้ภาษาในการสื่อสาร  ครูมีการปรับประยุกต์การใช้เทคโนโลยี มาใช้ในการจัดการเรียนการสอน ทำให้นักเรียนสามารถสร้างสรรค์ชิ้นงานของตน เกิดความทสนุกสนานและเกิดความภาคภูมิใจในการผลงานของตนเอง","103","2567","2024-09-25 14:55:02");
INSERT INTO pa_summarize VALUES("274","67","1","113","14","ผู้รับการประเมินได้มีการปฏิบัติงานตามมาตรฐานตำแหน่งโดยมีการปรับประยุกต์ในองค์ประกอบทั้ง 5 ด้านและ 15 ตัวชี้วัดได้ตรงตามมาตรฐานกับระดับตำแหน่งที่คาดหวัง โดยมีการออกแบบจัดกิจกรรมการเรียนรู้ได้ชัดเจน ผู้เรียนได้ลงมือปฎิบัติจริง จนนำไปสู่ Best Practice สามารถเป็นแบบอย่างให้กับคณะครูในโรงเรียนและที่อื่นได้ดี มีสื่อนวัตกรรมการเรียนรู้ที่หลากหลาย เช่น Flash Cards , สื่อวีดีโอ เป็นต้นและมีการวัดและประเมินผลตามสภาพจริง","96","2567","2024-09-25 15:00:59");
INSERT INTO pa_summarize VALUES("275","67","2","113","14","-","96","2567","2024-09-25 15:00:59");
INSERT INTO pa_summarize VALUES("276","67","3","113","14","ในส่วนของประเด็นท้าทายผู้รับการประเมินได้อธิบายขั้นตอนและกระบวนการดำเนินงานละเอียดและชัดเจนแต่ผลลัพธ์ในการพัฒนาผู้เรียนในเชิงปริมาณ ควรระบุจำนวนนักเรียนเพื่อให้เห็นภาพความสำเร็จให้ชัดเจนยิ่งขึ้นและระดับคุณภาพควรชี้ชัดไปที่ร้อยละของผู้เรียนที่ได้รับการพัฒนา","96","2567","2024-09-25 15:00:59");
INSERT INTO pa_summarize VALUES("277","58","1","108","15","มีกิจกรรมที่หลากหลาย นักเรียนได้ลงมือปฏิบัติด้วยตนเอง","103","2567","2024-09-25 15:05:00");
INSERT INTO pa_summarize VALUES("278","58","2","108","15","","103","2567","2024-09-25 15:05:01");
INSERT INTO pa_summarize VALUES("279","58","3","108","15","มีการจัดการเรียนรู้ที่สร้างบรรยากาศให้นักเรียนมีการเรียนรู้ร่วมกัน ก่อให้เกิดการพัฒนาทักษะในการสื่อสาร","103","2567","2024-09-25 15:05:01");
INSERT INTO pa_summarize VALUES("280","62","1","111","15","ฏิบัติกิจกรรมการเรียนการสอนโดยนักเรียนได้พัฒนาทักษะการใช้ภาษา  ได้ลงมือปฏิบัติ ตลอดจนสร้างสรรค์ชิ้นงานด้วยตนเอง","103","2567","2024-09-25 15:14:53");
INSERT INTO pa_summarize VALUES("281","62","2","111","15","","103","2567","2024-09-25 15:14:53");
INSERT INTO pa_summarize VALUES("282","62","3","111","15","มีการจัดกิจกรรมการเรียนการสอนที่หลากหลาย ผู้เรียนเรียนรู้อย่างมีความสุขตามช่วงวัย","103","2567","2024-09-25 15:14:53");
INSERT INTO pa_summarize VALUES("286","61","1","116","14","ผู้รับการประเมินได้มีการปฏิบัติงานตามมาตรฐานตำแหน่งโดยมีการปรับประยุกต์ในองค์ประกอบทั้ง 5 ด้านและ 15 ตัวชี้วัดได้ตรงตามมาตรฐานกับระดับตำแหน่งที่คาดหวัง โดยมีการออกแบบการเรียนรู้ สร้างและพัฒนาหลักสูตร และมีการวัดและประเมินผลในส่วนของข้อตกลงในการพัฒนางานที่เสนอเป็นประเด็นท้าทายในการพัฒนาผลลัพธ์การเรียนรู้ของผู้เรียนในเรื่อง การพัฒนาความสามารถในการจำคำศัพท์ของเด็กนักเรียนชั้นประถมศึกษาปีที่ 3 โดยใช้เทคนิคการสอนแบบ CBL ส่งผลให้ผู้เรียนชั้นประถมศึกษาปีที่ 3/3 ที่เรียนวิชาภาษาอังกฤษมีผลสัมฤทธิ์ทางการเรียนสูงขึ้นและมีเจตคติที่ดีต่อวิชาภาษาอังกฤษ","96","2567","2024-09-25 15:21:26");
INSERT INTO pa_summarize VALUES("287","61","2","116","14","-","96","2567","2024-09-25 15:21:26");
INSERT INTO pa_summarize VALUES("288","61","3","116","14","ในส่วนของประเด็นท้าทายผู้รับการประเมินได้อธิบายขั้นตอนและกระบวนการดำเนินงานแต่ในหัวข้อการพัฒนาควรมีการระบุระดับชั้นที่เป็นประชากร/กลุ่มตัวอย่างให้ชัดเจนและผลลัพธ์ในการพัฒนาผู้เรียนในเชิงปริมาณ ควรระบุจำนวนนักเรียนเพื่อให้เห็นภาพความสำเร็จให้ชัดเจนยิ่งขึ้นและระดับคุณภาพควรชี้ชัดไปที่ร้อยละของผู้เรียนที่ได้รับการพัฒนา","96","2567","2024-09-25 15:21:26");
INSERT INTO pa_summarize VALUES("289","67","1","114","15","มีกิจกรรมการเรียนรู้ที่หลากหลาย","103","2567","2024-09-25 15:24:45");
INSERT INTO pa_summarize VALUES("290","67","2","114","15","","103","2567","2024-09-25 15:24:45");
INSERT INTO pa_summarize VALUES("291","67","3","114","15","มีการจัดการเรียนรู้ที่สร้างบรรยากาศให้นักเรียนมีการเรียนรู้ร่วมกัน มีการใช้สื่อเทคโนโลยีในการจัดการเรียนการสอนเพื่อกระตุ้นความสนใจแก่นักเรียนได้เป็นอย่างดี","103","2567","2024-09-25 15:24:45");
INSERT INTO pa_summarize VALUES("292","71","1","137","14","ผู้รับการประเมินได้มีการปฏิบัติงานตามมาตรฐานตำแหน่งโดยมีปรับประยุกต์ในองค์ประกอบทั้ง 5 ด้านและ 15 ตัวชี้วัดได้ตรงตามมาตรฐานกับระดับตำแหน่งที่คาดหวัง โดยมีการออกแบบการเรียนรู้ สร้างและพัฒนาหลักสูตร และมีการวัดผลและประเมินผล ในส่วนของข้อตกลงในการพัฒนางานที่เสนอเป็นประเด็นท้าทายในการพัฒนาผลลัพธ์การเรียนรู้ของผู้เรียนในเรื่อง การพัฒนาผลสัมฤทธิ์ทางการเรียนรายวิชาภาษาจีนในการพัฒนาทักษะการอ่านระบบเสียงในภาษาจีนสัทอักษร(พินอิน) ส่งผลให้นักเรียนสามารถนำความรู้ที่ได้ไปเชื่อมโยงกับชีวิตประจำวัน เพื่อใช้ในสถานการณ์ต่าง ๆที่เกี่ยวข้องได้)","96","2567","2024-09-25 15:33:59");
INSERT INTO pa_summarize VALUES("293","71","2","137","14","-","96","2567","2024-09-25 15:33:59");
INSERT INTO pa_summarize VALUES("294","71","3","137","14","ในส่วนของประเด็นท้าทายผู้รับการประเมินได้อธิบายขั้นตอนและกระบวนการดำเนินงานได้อย่างชัดเจนแต่ผลลัพธ์ในการพัฒนาผู้เรียนในเชิงปริมาณ ควรระบุจำนวนนักเรียนเพื่อให้เห็นภาพความสำเร็จให้ชัดเจนยิ่งขึ้นและระดับคุณภาพควรชี้ชัดไปที่ร้อยละของผู้เรียนที่ได้รับการพัฒนา","96","2567","2024-09-25 15:33:59");
INSERT INTO pa_summarize VALUES("295","61","1","117","15","มีกิจกรรมการเรียนรู้ที่หลากหลาย  เหมาะสมกับช่วงวัยนักเรียนได้มีโอกาสสร้างสรรค์ชิ้นงาน ทำให้เรียนรู้ด้วยความสนุกสนาน","103","2567","2024-09-25 15:40:38");
INSERT INTO pa_summarize VALUES("296","61","2","117","15","เพื่อพัฒนาการในครั้งต่อไป ควรมีการใส่หลักฐานประกอบในบางหัวข้อเพื่อความชัดเจนเพิ่มขึ้นจะดีมาก ","103","2567","2024-09-25 15:40:38");
INSERT INTO pa_summarize VALUES("297","61","3","117","15","มีการจัดการเรียนรู้ที่สร้างบรรยากาศให้นักเรียนมีการเรียนรู้ร่วมกัน เด็กมีความภาคภูมิใจในชิ้นงานของตนเอง","103","2567","2024-09-25 15:40:38");
INSERT INTO pa_summarize VALUES("298","68","1","140","14","ผู้รับการประเมินได้มีการปฏิบัติงานตามมาตรฐานตำแหน่งโดยมีการปรับประยุกต์ในองค์ประกอบทั้ง 5 ด้านและ 15 ตัวชี้วัดได้ตรงตามมาตรฐานกับระดับตำแหน่งที่คาดหวัง โดยมีการออกแบบการเรียนรู้ สร้างและพัฒนาหลักสูตร และมีการวัดแในส่วนของข้อตกลงในการพัฒนางานที่เสนอเป็นประเด็นท้าทายในการพัฒนาผลลัพธ์การเรียนรู้ของผู้เรียนในเรื่อง การพัฒนาทักษะในการใช้ภาษาจีนเพื่อการสื่อสารในชีวิตประจำวัน โดยใช้แสตมป์เสริมแรง ส่งผลให้ผู้เรียนร้อยละ 90 มีทักษะการใช้ภาษาจีนเพื่อการสื่อสารในชีวิตประจำวันที่ดีขึ้น","96","2567","2024-09-25 15:40:47");
INSERT INTO pa_summarize VALUES("299","68","2","140","14","-","96","2567","2024-09-25 15:40:47");
INSERT INTO pa_summarize VALUES("300","68","3","140","14","ในส่วนของประเด็นท้าทาย ผู้รับการประเมินได้มีการระบุขั้นตอนของการดำเนินการให้บรรลุได้ชัดเจนและระบุผลลัพธ์การพัฒนาที่คาดหวังในเชิงปริมาณและเชิงคุณภาพชัดเจนดีมาก","96","2567","2024-09-25 15:40:47");
INSERT INTO pa_summarize VALUES("301","71","1","138","15","มีกิจกรรมการเรียนการสอนที่หลากหลาย นักเรียนได้ฝึกทักษะการสื่อสารได้อย่างดี มีความสนุกสนาน","103","2567","2024-09-25 15:48:57");
INSERT INTO pa_summarize VALUES("302","71","2","138","15","","103","2567","2024-09-25 15:48:57");
INSERT INTO pa_summarize VALUES("303","71","3","138","15","มีการจัดการเรียนรู้ที่สร้างบรรยากาศให้นักเรียนมีการเรียนรู้ร่วมกัน มีการใช้สื่อเทคโนโลยีในการจัดการเรียนการสอนเพื่อกระตุ้นความสนใจแก่นักเรียนได้เป็นอย่างดี","103","2567","2024-09-25 15:48:57");
INSERT INTO pa_summarize VALUES("304","68","1","141","15","มีกิจกรรมการเรียนรู้ที่หลากหลาย  มีการใช้สื่อเทคโนโลยีมาใช้ในการจัดการเรียนรู้ มีสื่อการเรียนรู้ที่น่าสนใจ","103","2567","2024-09-25 15:54:25");
INSERT INTO pa_summarize VALUES("305","68","2","141","15","","103","2567","2024-09-25 15:54:25");
INSERT INTO pa_summarize VALUES("306","68","3","141","15","มีการจัดการเรียนรู้ที่สร้างบรรยากาศให้นักเรียนมีการเรียนรู้ร่วมกัน เกิดการเรียนรู้ที่คงทนจากการปฏิบัติจริง เด็กมีความภาคภูมิใจในชิ้นงานของตนเอง  ","103","2567","2024-09-25 15:54:25");
INSERT INTO pa_summarize VALUES("307","16","1","19","4","มีการอบรมและพัฒนาคุณลักษณะที่ดีของผู้เรียนอย่างสม่ำเสมอและประสานความร่วมมือกับผู้ปกครองเพื่อแก้ไขปัญหาผู้เรียนทุกครั้งที่มีปัญหา","17","2567","2024-09-29 10:26:36");
INSERT INTO pa_summarize VALUES("308","16","2","19","4","","17","2567","2024-09-29 10:26:36");
INSERT INTO pa_summarize VALUES("309","16","3","19","4","","17","2567","2024-09-29 10:26:36");
INSERT INTO pa_summarize VALUES("310","18","1","22","4","มีการดูแลเอาใจใส่ช่วยเหลือนักเรียนเป็นอย่างดี","17","2567","2024-09-29 10:38:06");
INSERT INTO pa_summarize VALUES("311","18","2","22","4","","17","2567","2024-09-29 10:38:06");
INSERT INTO pa_summarize VALUES("312","18","3","22","4","","17","2567","2024-09-29 10:38:06");
INSERT INTO pa_summarize VALUES("313","17","1","25","4","มีการจัดกิจกรรมการเรียนรู้ที่เน้นผู้เรียนเป็นสำคัญมีการดูแลช่วยเหลือนักเรียนและเอาใจใส่นักเรียนเป็นอย่างดี","17","2567","2024-09-29 10:44:36");
INSERT INTO pa_summarize VALUES("314","17","2","25","4","","17","2567","2024-09-29 10:44:36");
INSERT INTO pa_summarize VALUES("315","17","3","25","4","","17","2567","2024-09-29 10:44:36");
INSERT INTO pa_summarize VALUES("316","19","1","28","4","เป็นผู้ที่มีความรู้ความสามารถ และนำความรู้ความสามารถและทักษะที่มีมาพัฒนาตนเองและผู้เรียนได้อย่างดีเยี่ยม สมควรเอาเป็นแบบอย่าง","17","2567","2024-09-29 10:54:29");
INSERT INTO pa_summarize VALUES("317","19","2","28","4","","17","2567","2024-09-29 10:54:29");
INSERT INTO pa_summarize VALUES("318","19","3","28","4","","17","2567","2024-09-29 10:54:29");
INSERT INTO pa_summarize VALUES("319","20","1","31","4","มีการดูแลเอาใจใส่ช่วยเหลือนักเรียนเป็นอย่างดี","17","2567","2024-09-29 11:00:42");
INSERT INTO pa_summarize VALUES("320","20","2","31","4","","17","2567","2024-09-29 11:00:42");
INSERT INTO pa_summarize VALUES("321","20","3","31","4","","17","2567","2024-09-29 11:00:42");
INSERT INTO pa_summarize VALUES("322","21","1","34","4","มีความรับผิดชอบต่อภาระงานที่ได้รับมอบหมายและสามารถปฏิบัติงานให้สำเร็จลุล่วงได้อย่างดีเยี่ยม","17","2567","2024-09-29 11:20:02");
INSERT INTO pa_summarize VALUES("323","21","2","34","4","","17","2567","2024-09-29 11:20:02");
INSERT INTO pa_summarize VALUES("324","21","3","34","4","","17","2567","2024-09-29 11:20:02");
INSERT INTO pa_summarize VALUES("325","15","1","37","4","มีการพัฒนาตนเองอย่างสม่ำเสมอและต่อเนื่อง","17","2567","2024-09-29 12:07:20");
INSERT INTO pa_summarize VALUES("326","15","2","37","4","","17","2567","2024-09-29 12:07:20");
INSERT INTO pa_summarize VALUES("327","15","3","37","4","ให้นำความรู้ความสามารถที่ตนเองมีมาช่วยพัฒนาการศึกษาและผู้เรียนอย่างสม่ำเสมอ","17","2567","2024-09-29 12:07:20");
INSERT INTO pa_summarize VALUES("328","84","1","40","4","มีการดูแลเอาใจใส่ช่วยเหลือนักเรียนเป็นอย่างดีมีการใช้สื่อที่หลากหลายในการจัดการเรียนการสอน","17","2567","2024-09-29 12:31:45");
INSERT INTO pa_summarize VALUES("329","84","2","40","4","","17","2567","2024-09-29 12:31:45");
INSERT INTO pa_summarize VALUES("330","84","3","40","4","","17","2567","2024-09-29 12:31:45");
INSERT INTO pa_summarize VALUES("331","59","1","100","13","มีการจัดการเรียนรู้ที่เน้นผู้เรียนเป็นสำคัญ มีการสร้างและหรือพัฒนาสื่อ นวัตกรรม เทคโนโลยีและแหล่งเรียนรู้ และมีการวัดและประเมินผลการเรียนรู้ด้วยวิธีการที่หลากหลาย เหมาะสม และสอดคล้องกับมาตรฐานการเรียนรู้ มีการศึกษา วิเคราะห์ และสังเคราะห์ เพื่อแก้ไขปัญหาหรือพัฒนาการเรียนรู้ อบรมคุณธรรม จริยธรรมและดำเนินการตามข้อตกลงในประเด็นท้าท้ายครบถ้วนสมบูรณ์","58","2567","2024-09-30 05:25:06");
INSERT INTO pa_summarize VALUES("332","59","2","100","13","","58","2567","2024-09-30 05:25:06");
INSERT INTO pa_summarize VALUES("333","59","3","100","13","หมั่นฝึกฝน พัฒนานักเรียนต่อไป","58","2567","2024-09-30 05:25:06");
INSERT INTO pa_summarize VALUES("334","60","1","103","13","มีการจัดการเรียนรู้ที่เน้นผู้เรียนเป็นสำคัญ มีการสร้างและหรือพัฒนาสื่อ นวัตกรรม เทคโนโลยีและแหล่งเรียนรู้ และมีการวัดและประเมินผลการเรียนรู้ด้วยวิธีการที่หลากหลาย เหมาะสม และสอดคล้องกับมาตรฐานการเรียนรู้ มีการศึกษา วิเคราะห์ และสังเคราะห์ เพื่อแก้ไขปัญหาหรือพัฒนาการเรียนรู้ อบรมคุณธรรม จริยธรรมและดำเนินการตามข้อตกลงในประเด็นท้าท้ายครบถ้วนสมบูรณ์","58","2567","2024-09-30 05:38:26");
INSERT INTO pa_summarize VALUES("335","60","2","103","13","","58","2567","2024-09-30 05:38:26");
INSERT INTO pa_summarize VALUES("336","60","3","103","13","หมั่นฝึกฝน พัฒนานักเรียนต่อไป","58","2567","2024-09-30 05:38:26");
INSERT INTO pa_summarize VALUES("337","58","1","106","13","มีการจัดการเรียนรู้ที่เน้นผู้เรียนเป็นสำคัญ มีการสร้างและหรือพัฒนาสื่อ นวัตกรรม เทคโนโลยีและแหล่งเรียนรู้ และมีการวัดและประเมินผลการเรียนรู้ด้วยวิธีการที่หลากหลาย เหมาะสม และสอดคล้องกับมาตรฐานการเรียนรู้ มีการศึกษา วิเคราะห์ และสังเคราะห์ เพื่อแก้ไขปัญหาหรือพัฒนาการเรียนรู้ อบรมคุณธรรม จริยธรรมและดำเนินการตามข้อตกลงในประเด็นท้าท้ายครบถ้วนสมบูรณ์","58","2567","2024-09-30 05:47:10");
INSERT INTO pa_summarize VALUES("338","58","2","106","13","","58","2567","2024-09-30 05:47:10");
INSERT INTO pa_summarize VALUES("339","58","3","106","13","หมั่นฝึกฝนนักเรียนและพัฒนานักเรียนต่อไป","58","2567","2024-09-30 05:47:10");
INSERT INTO pa_summarize VALUES("340","62","1","109","13","มีการจัดการเรียนรู้ที่เน้นผู้เรียนเป็นสำคัญ มีการสร้างและหรือพัฒนาสื่อ นวัตกรรม เทคโนโลยีและแหล่งเรียนรู้ และมีการวัดและประเมินผลการเรียนรู้ด้วยวิธีการที่หลากหลาย เหมาะสม และสอดคล้องกับมาตรฐานการเรียนรู้ มีการศึกษา วิเคราะห์ และสังเคราะห์ เพื่อแก้ไขปัญหาหรือพัฒนาการเรียนรู้ อบรมคุณธรรม จริยธรรมและดำเนินการตามข้อตกลงในประเด็นท้าท้ายครบถ้วนสมบูรณ์","58","2567","2024-09-30 05:47:55");
INSERT INTO pa_summarize VALUES("341","62","2","109","13","","58","2567","2024-09-30 05:47:55");
INSERT INTO pa_summarize VALUES("342","62","3","109","13","หมั่นฝึกฝนนักเรียนและพัฒนานักเรียนต่อไป","58","2567","2024-09-30 05:47:55");
INSERT INTO pa_summarize VALUES("343","67","1","112","13","มีการจัดการเรียนรู้ที่เน้นผู้เรียนเป็นสำคัญ มีการสร้างและหรือพัฒนาสื่อ นวัตกรรม เทคโนโลยีและแหล่งเรียนรู้ และมีการวัดและประเมินผลการเรียนรู้ด้วยวิธีการที่หลากหลาย เหมาะสม และสอดคล้องกับมาตรฐานการเรียนรู้ มีการศึกษา วิเคราะห์ และสังเคราะห์ เพื่อแก้ไขปัญหาหรือพัฒนาการเรียนรู้ อบรมคุณธรรม จริยธรรมและดำเนินการตามข้อตกลงในประเด็นท้าท้ายครบถ้วนสมบูรณ์","58","2567","2024-09-30 05:48:38");
INSERT INTO pa_summarize VALUES("344","67","2","112","13","","58","2567","2024-09-30 05:48:38");
INSERT INTO pa_summarize VALUES("345","67","3","112","13","หมั่นฝึกฝนนักเรียนและพัฒนานักเรียนต่อไป","58","2567","2024-09-30 05:48:38");
INSERT INTO pa_summarize VALUES("346","61","1","115","13","มีการจัดการเรียนรู้ที่เน้นผู้เรียนเป็นสำคัญ มีการสร้างพัฒนาสื่อ นวัตกรรม เทคโนโลยีและมีการวัดประเมินผลการเรียนรู้ด้วยวิธีการที่หลากหลาย เหมาะสม และสอดคล้องกับมาตรฐานการเรียนรู้ มีการศึกษา วิเคราะห์ และสังเคราะห์ เพื่อแก้ไขปัญหาหรือพัฒนาการเรียนรู้ อบรมคุณธรรม จริยธรรมและดำเนินการตามข้อตกลงในประเด็นท้าท้ายครบถ้วนสมบูรณ์","58","2567","2024-09-30 05:50:08");
INSERT INTO pa_summarize VALUES("347","61","2","115","13","","58","2567","2024-09-30 05:50:08");
INSERT INTO pa_summarize VALUES("348","61","3","115","13","หมั่นฝึกฝนนักเรียนและพัฒนานักเรียนต่อไป","58","2567","2024-09-30 05:50:08");
INSERT INTO pa_summarize VALUES("349","71","1","136","13","มีการจัดการเรียนรู้ที่เน้นผู้เรียนเป็นสำคัญ มีการสร้างพัฒนาสื่อ นวัตกรรม เทคโนโลยีและมีการวัดประเมินผลการเรียนรู้ด้วยวิธีการที่หลากหลาย เหมาะสม และสอดคล้องกับมาตรฐานการเรียนรู้ มีการศึกษา วิเคราะห์ และสังเคราะห์ เพื่อแก้ไขปัญหาหรือพัฒนาการเรียนรู้ อบรมคุณธรรม จริยธรรมและดำเนินการตามข้อตกลงในประเด็นท้าท้ายครบถ้วนสมบูรณ์","58","2567","2024-09-30 05:53:11");
INSERT INTO pa_summarize VALUES("350","71","2","136","13","","58","2567","2024-09-30 05:53:11");
INSERT INTO pa_summarize VALUES("351","71","3","136","13","หมั่นฝึกฝนนักเรียนและพัฒนานักเรียนต่อไป","58","2567","2024-09-30 05:53:11");
INSERT INTO pa_summarize VALUES("352","68","1","139","13","มีการจัดการเรียนรู้ที่เน้นผู้เรียนเป็นสำคัญ มีการสร้างพัฒนาสื่อ นวัตกรรม เทคโนโลยีและมีการวัดประเมินผลการเรียนรู้ด้วยวิธีการที่หลากหลาย เหมาะสม และสอดคล้องกับมาตรฐานการเรียนรู้ มีการศึกษา วิเคราะห์ และสังเคราะห์ เพื่อแก้ไขปัญหาหรือพัฒนาการเรียนรู้ อบรมคุณธรรม จริยธรรมและดำเนินการตามข้อตกลงในประเด็นท้าท้ายครบถ้วนสมบูรณ์","58","2567","2024-09-30 05:54:02");
INSERT INTO pa_summarize VALUES("353","68","2","139","13","","58","2567","2024-09-30 05:54:02");
INSERT INTO pa_summarize VALUES("354","68","3","139","13","หมั่นฝึกฝนนักเรียนและพัฒนานักเรียนต่อไป","58","2567","2024-09-30 05:54:02");
INSERT INTO pa_summarize VALUES("355","53","1","127","7","ครูมีความตั้งใจ มุ่งมั่นพัฒนาการเรียน การสอน พร้อมส่งเสริมให้นักเรียนแสวงหาความรู้จากสื่อเทคโนโลยี ด้วยตนเองอย่างต่อเนื่อง พร้อมทั้งนำผลการวิจัยไปพัฒนา และแก้ไขปัญหาการเรียนการสอน","51","2567","2024-10-01 10:23:24");
INSERT INTO pa_summarize VALUES("356","53","2","127","7","ครูส่งเสริมให้ผู้เรียนมีส่วนร่วมในการคิดวิเคราะห์ด้วยตนเอง พร้อมทั้งส่งเสริมสนับสนุนนักเรียนได้เรียนรู้ด้วยกระบวนการวิจัยอย่างเป็นรูปธรรมและต่อเนื่อง","51","2567","2024-10-01 10:23:24");
INSERT INTO pa_summarize VALUES("357","53","3","127","7","ส่งเสริม การจัดกิจกรรม ตามความสามารถด้านต่างๆ ของนักเรียน ตามความถนัด เป็นรายบุคคล","51","2567","2024-10-01 10:23:24");
INSERT INTO pa_summarize VALUES("358","51","1","130","7","ครูมีความตั้งใจ มุ่งมั่นพัฒนาการเรียน การสอน โดยจัดกิจกรรมให้นักเรียนได้เรียนรู้ โดยการคิด การปฏิบัติจริง ด้วยวิธีการ และแหล่งเรียนรู้ ที่หลากหลาย พร้อมทั้งส่งเสริม สนับสนุนให้นักเรียนแสวงหาความรู้จากสื่อเทคโนโลยีด้วยตนเองอย่างต่อเนื่อง และนำผลการวิจัยไปพัฒนา และแก้ปัญหา การเรียนการสอน","51","2567","2024-10-01 10:33:00");
INSERT INTO pa_summarize VALUES("359","51","2","130","7","ครูส่งเสริมให้ผู้เรียนมีส่วนร่วมในการวิเคราะห์ด้วยตนเอง กำหนดเนื้อหาสาระกิจกรรมที่สอดคล้อง กับความสนใจ และความถนัดเป็นรายบุคคล อย่างเป็นรูปธรรมทั้งระบบ","51","2567","2024-10-01 10:33:00");
INSERT INTO pa_summarize VALUES("360","51","3","130","7","ส่งเสริมการจัดกิจกรรม ให้ผู้เรียนเกิด กระบวนการคิด ทักษะชีวิต ความรู้ ความสามารถ ให้มีความมั่นใจ ในการพัฒนาตนเอง เต็มศักยภาพ","51","2567","2024-10-01 10:33:00");
INSERT INTO pa_summarize VALUES("361","54","1","94","19","มีการพัฒนาสื่อประกอบการจัดกิจกรรมการเรียนรู้ที่หลากหลาย เน้นการปฏิบัติทางดนตรีได้เป็นอย่างดี","57","2567","2024-10-01 11:00:27");
INSERT INTO pa_summarize VALUES("362","54","2","94","19","ครูส่งเสริมให้นักเรียนแสวงหาความรู้จากสื่อเทคโนโลยีด้วยตนเองอย่างต่อเนื่อง","57","2567","2024-10-01 11:00:27");
INSERT INTO pa_summarize VALUES("363","54","3","94","19","ควรสร้างเครือข่ายชุมชนการเรียนรู้ทางวิชาชีพ,สร้างวัฒนธรรมการเรียนรู้ในสถานศึกษาแก่ครูและบุคลากรทางการศึกษา","57","2567","2024-10-01 11:00:27");
INSERT INTO pa_summarize VALUES("364","52","1","133","7","ครูมีความตั้งใจ มุ่งมั่นพัฒนาการเรียนการสอน ด้วยวิธีการที่หลากหลาย และเสริมสร้างทักษะชีวิต ของนักเรียนอย่างมีคุณภาพ พร้อมทั้งเปิดโอกาศให้นักเรียนมีส่วนร่วมในการจัดบรรยากาศ สภาพแวดล้อมที่เอื้อต่อการเรียนการสอน","51","2567","2024-10-01 11:03:18");
INSERT INTO pa_summarize VALUES("365","52","2","133","7","ส่งเสริมให้นักเรียนได้เรียนรู้ และร่วมกิจกรรมการเรียนการสอนอย่างเป็นรูปธรรมและต่อเนื่อง","51","2567","2024-10-01 11:03:18");
INSERT INTO pa_summarize VALUES("366","52","3","133","7","ส่งเสริมผู้เรียน ในการจัดกิจกรรม ตามความสามารถด้านทักษะชีวิต ในการพัฒนาตนเอง เต็มศักยภาพ","51","2567","2024-10-01 11:03:18");
INSERT INTO pa_summarize VALUES("367","57","1","118","19","ครูมีความตั้งใจ มุ่งมั่นพัฒนาการเรียนการสอน โดยจัดกิจกรรมให้นักเรียนได้เรียนรู้ โดยการคิดการปฏิบัติจริง ด้วยวิธีการและแหล่งเรียนรู้ที่หลากหลาย ","57","2567","2024-10-01 11:10:36");
INSERT INTO pa_summarize VALUES("368","57","2","118","19","พัฒนากิจกรรมส่งเสริมความสามารถ ด้านวิชาการ,อาชีพเพื่อให้นักเรียนมีผลสัมฤทธิ์ทางการเรียนสูงขึ้น ","57","2567","2024-10-01 11:10:36");
INSERT INTO pa_summarize VALUES("369","57","3","118","19","ควรส่งเสริมการนำภูมิปัญญาท้องถิ่นเข้ามามีส่วนร่วมในการจัดกิจกรรมให้นักเรียน","57","2567","2024-10-01 11:10:36");
INSERT INTO pa_summarize VALUES("370","77","1","124","19"," ครูมีความตั้งใจ มุ่งมั่นพัฒนาการเรียนการสอน โดยจัดกิจกรรมให้นักเรียนได้เรียนรู้ โดยการคิด การแก้ปัญหาเฉพาะหน้า ตลอดกระบวนการต่างๆไปประยุกต์ใช้ในชีวิตประจำวันได้ ","57","2567","2024-10-01 11:33:42");
INSERT INTO pa_summarize VALUES("371","77","2","124","19","ควรส่งเสริมพัฒนาให้ผู้เรียนมีส่วนร่วมในการวิเคราะห์ด้วยตนเอง กำหนดเนื้อหาสาระกิจกรรมที่สอดคล้องกับความสนใจและความถนัดเป็นรายบุคคลอย่างเป็นรูปธรรมทั้งระบบ ","57","2567","2024-10-01 11:33:42");
INSERT INTO pa_summarize VALUES("372","77","3","124","19","ส่งเสริมกิจกรรมแนะแนวเพื่อการศึกษาต่อ (ป.6, ม.3) และอาชีพ ทักษะที่ใช้ในชีวิตประจำวันอย่างต่อเนื่องทุกระดับชั้น","57","2567","2024-10-01 11:33:42");
INSERT INTO pa_summarize VALUES("373","75","1","121","19","ครูมีความตั้งใจ มุ่งมั่นในการพัฒนาการสอน โดยจัดกิจกรรมให้นักเรียนได้เรียนรู้ ที่เน้นทักษะกระบวนการคิด","57","2567","2024-10-01 12:08:03");
INSERT INTO pa_summarize VALUES("374","75","2","121","19","ควรจัดสภาพแวดล้อมในการจัดการเรียนการสอนทุกกลุ่มเป้าหมาย/ทุกชั้นเรียนตามบริบท","57","2567","2024-10-01 12:08:03");
INSERT INTO pa_summarize VALUES("375","75","3","121","19","-","57","2567","2024-10-01 12:08:03");
INSERT INTO pa_summarize VALUES("376","55","1","97","19","ครูมีความมุ่งมั่นพัฒนาการเรียนการสอน โดยจัดกิจกรรมให้นักเรียนได้เรียนรู้ โดยการคิด การปฏิบัติจริง ด้วยวิธีการและแหล่งเรียนรู้ภายในและภายนอกโรงเรียน","57","2567","2024-10-01 12:09:03");
INSERT INTO pa_summarize VALUES("377","55","2","97","19","ควรจัดเนื้อหาและกิจกรรมให้สอดคล้องกับความสามารถ ความสนใจของนักเรียน","57","2567","2024-10-01 12:09:03");
INSERT INTO pa_summarize VALUES("378","55","3","97","19","-","57","2567","2024-10-01 12:09:03");
INSERT INTO pa_summarize VALUES("379","45","1","85","16","","44","2567","2024-10-02 10:18:16");
INSERT INTO pa_summarize VALUES("380","45","2","85","16","","44","2567","2024-10-02 10:18:16");
INSERT INTO pa_summarize VALUES("381","45","3","85","16","","44","2567","2024-10-02 10:18:16");
INSERT INTO pa_summarize VALUES("382","46","1","88","16","","44","2567","2024-10-02 10:22:01");
INSERT INTO pa_summarize VALUES("383","46","2","88","16","","44","2567","2024-10-02 10:22:01");
INSERT INTO pa_summarize VALUES("384","46","3","88","16","","44","2567","2024-10-02 10:22:01");
INSERT INTO pa_summarize VALUES("385","44","1","91","16","","44","2567","2024-10-02 10:22:53");
INSERT INTO pa_summarize VALUES("386","44","2","91","16","","44","2567","2024-10-02 10:22:53");
INSERT INTO pa_summarize VALUES("387","44","3","91","16","","44","2567","2024-10-02 10:22:53");
INSERT INTO pa_summarize VALUES("388","6","1","1","1","","5","2567","2024-10-02 13:11:43");
INSERT INTO pa_summarize VALUES("389","6","2","1","1","","5","2567","2024-10-02 13:11:43");
INSERT INTO pa_summarize VALUES("390","6","3","1","1","","5","2567","2024-10-02 13:11:43");
INSERT INTO pa_summarize VALUES("391","7","1","7","1","","5","2567","2024-10-02 13:14:08");
INSERT INTO pa_summarize VALUES("392","7","2","7","1","","5","2567","2024-10-02 13:14:08");
INSERT INTO pa_summarize VALUES("393","7","3","7","1","","5","2567","2024-10-02 13:14:08");
INSERT INTO pa_summarize VALUES("394","8","1","10","1","","5","2567","2024-10-02 13:18:21");
INSERT INTO pa_summarize VALUES("395","8","2","10","1","","5","2567","2024-10-02 13:18:21");
INSERT INTO pa_summarize VALUES("396","8","3","10","1","","5","2567","2024-10-02 13:18:21");
INSERT INTO pa_summarize VALUES("397","9","1","13","1","","5","2567","2024-10-02 13:19:10");
INSERT INTO pa_summarize VALUES("398","9","2","13","1","","5","2567","2024-10-02 13:19:10");
INSERT INTO pa_summarize VALUES("399","9","3","13","1","","5","2567","2024-10-02 13:19:10");
INSERT INTO pa_summarize VALUES("400","14","1","16","1","","5","2567","2024-10-02 13:20:01");
INSERT INTO pa_summarize VALUES("401","14","2","16","1","","5","2567","2024-10-02 13:20:01");
INSERT INTO pa_summarize VALUES("402","14","3","16","1","","5","2567","2024-10-02 13:20:01");
INSERT INTO pa_summarize VALUES("403","5","1","4","1","","5","2567","2024-10-02 13:30:32");
INSERT INTO pa_summarize VALUES("404","5","2","4","1","","5","2567","2024-10-02 13:30:32");
INSERT INTO pa_summarize VALUES("405","5","3","4","1","","5","2567","2024-10-02 13:30:32");
INSERT INTO pa_summarize VALUES("406","26","1","43","7","","25","2567","2024-10-03 15:41:27");
INSERT INTO pa_summarize VALUES("407","26","2","43","7","","25","2567","2024-10-03 15:41:27");
INSERT INTO pa_summarize VALUES("408","26","3","43","7","","25","2567","2024-10-03 15:41:27");
INSERT INTO pa_summarize VALUES("409","25","1","46","7","","25","2567","2024-10-03 15:42:18");
INSERT INTO pa_summarize VALUES("410","25","2","46","7","","25","2567","2024-10-03 15:42:18");
INSERT INTO pa_summarize VALUES("411","25","3","46","7","","25","2567","2024-10-03 15:42:18");
INSERT INTO pa_summarize VALUES("412","27","1","49","7","","25","2567","2024-10-03 15:43:09");
INSERT INTO pa_summarize VALUES("413","27","2","49","7","","25","2567","2024-10-03 15:43:09");
INSERT INTO pa_summarize VALUES("414","27","3","49","7","","25","2567","2024-10-03 15:43:09");
INSERT INTO pa_summarize VALUES("415","28","1","52","7","","25","2567","2024-10-03 15:43:59");
INSERT INTO pa_summarize VALUES("416","28","2","52","7","","25","2567","2024-10-03 15:43:59");
INSERT INTO pa_summarize VALUES("417","28","3","52","7","","25","2567","2024-10-03 15:43:59");
INSERT INTO pa_summarize VALUES("418","32","1","55","7","","25","2567","2024-10-03 15:45:24");
INSERT INTO pa_summarize VALUES("419","32","2","55","7","","25","2567","2024-10-03 15:45:24");
INSERT INTO pa_summarize VALUES("420","32","3","55","7","","25","2567","2024-10-03 15:45:24");
INSERT INTO pa_summarize VALUES("421","34","1","58","10","มีความสามารถในการพัฒนาหลักสูตรการสอนรายวิชาวิทยาศาสตร์","36","2567","2024-10-03 16:14:29");
INSERT INTO pa_summarize VALUES("422","34","2","58","10","ควรมีการเพิ่มการพัฒนาสื่อ นวัตกรรม เทคโนโลยีและแหล่งเรียนรู้สอดคล้องกับกิจกรรมการเรียนรู้","36","2567","2024-10-03 16:14:29");
INSERT INTO pa_summarize VALUES("423","34","3","58","10","-","36","2567","2024-10-03 16:14:29");
INSERT INTO pa_summarize VALUES("424","42","1","61","10","ร่วมปฏิบัติงานทางวิชาการ และงานอื่นๆ ของสถานศึกษาเพื่อยกระดับคุณภาพการจัดการศึกษาของสถานศึกษาได้อย่า","36","2567","2024-10-03 16:17:41");
INSERT INTO pa_summarize VALUES("425","42","2","61","10","ควรพัฒนาการจัดบรรยากาศในชั้นเรียนที่เหมาะสมกับผู้เรียนและส่งเสริมการเรียนรู้","36","2567","2024-10-03 16:17:41");
INSERT INTO pa_summarize VALUES("426","42","3","61","10","-","36","2567","2024-10-03 16:17:41");
INSERT INTO pa_summarize VALUES("427","33","1","64","10","สามารถออกแบบการจัดการเรียนรู้ โดยเน้นผู้เรียนเป็นสำคัญ และพัฒนาคุณภาพการจัดการเรียนรู้ให้สูงขึ้น ","36","2567","2024-10-03 16:19:22");
INSERT INTO pa_summarize VALUES("428","33","2","64","10","การแลกเปลี่ยนเรียนรู้ทางวิชาชีพเพื่อเป็นการส่งเสริมการจัดการเรียนรู้","36","2567","2024-10-03 16:19:22");
INSERT INTO pa_summarize VALUES("429","33","3","64","10","-","36","2567","2024-10-03 16:19:22");
INSERT INTO pa_summarize VALUES("430","40","1","67","10","มีการจัดบรรยากาศที่เหมาะสมและส่งเสริมการเรียนรู้ของผู้เรียน","36","2567","2024-10-03 16:21:09");
INSERT INTO pa_summarize VALUES("431","40","2","67","10","การพัฒนาตนเอง เพื่อให้มีความรู้ ความสามารถ ทักษะ ในการจัดการเรียนการสอน","36","2567","2024-10-03 16:21:09");
INSERT INTO pa_summarize VALUES("432","40","3","67","10","-","36","2567","2024-10-03 16:21:09");
INSERT INTO pa_summarize VALUES("433","41","1","70","10","ร่วมปฏิบัติงานทางวิชาการ และงานอื่น ๆ ของสถานศึกษา ทำให้ส่งผลต่อคุณภาพการจัดการศึกษาของสถานศึกษา","36","2567","2024-10-03 16:22:10");
INSERT INTO pa_summarize VALUES("434","41","2","70","10","การจัดบรรยากาศที่คอยส่งเสริมและพัฒนาผู้เรียน ให้เหมาสมกับวัยของผู้เรียน","36","2567","2024-10-03 16:22:10");
INSERT INTO pa_summarize VALUES("435","41","3","70","10","-","36","2567","2024-10-03 16:22:10");
INSERT INTO pa_summarize VALUES("436","39","1","73","10","การจัดการเรียนรู้ และส่งเสริมผู้เรียนได้พัฒนาเต็มตามศักยภาพ เรียนรู้และทำงานร่วมกัน อย่างเป็นระบบ","36","2567","2024-10-03 16:23:54");
INSERT INTO pa_summarize VALUES("437","39","2","73","10","การพัฒนาตนเองเพื่อให้มีความรู้ความสามารถ ทักษะ เพื่อใช้ในการจัดการเรียนรู้","36","2567","2024-10-03 16:23:54");
INSERT INTO pa_summarize VALUES("438","39","3","73","10","-","36","2567","2024-10-03 16:23:55");
INSERT INTO pa_summarize VALUES("439","43","1","76","10","มีการสร้างและหรือพัฒนาสื่อ นวัตกรรม เทคโนโลยีและแหล่งเรียนรู้สอดคล้องกับกิจกรรมการเรียนรู้","36","2567","2024-10-03 17:00:09");
INSERT INTO pa_summarize VALUES("440","43","2","76","10","การจัดบรรยากาศที่ส่งเสริมและพัฒนาผู้เรียน ให้เกิดกระบวนการคิด","36","2567","2024-10-03 17:00:09");
INSERT INTO pa_summarize VALUES("441","43","3","76","10","-","36","2567","2024-10-03 17:00:09");
INSERT INTO pa_summarize VALUES("442","35","1","79","10","พัฒนาตนเองอย่างต่อเนื่อง เพื่อให้มีความรู้ความสามารถ ทักษะในการจัดการเรียนรู้","36","2567","2024-10-03 17:02:00");
INSERT INTO pa_summarize VALUES("443","35","2","79","10","การสร้างและหรือพัฒนาสื่อ นวัตกรรม เทคโนโลยีและแหล่งเรียนรู้สอดคล้องกับกิจกรรมการเรียนรู้ ","36","2567","2024-10-03 17:02:00");
INSERT INTO pa_summarize VALUES("444","35","3","79","10","-","36","2567","2024-10-03 17:02:00");
INSERT INTO pa_summarize VALUES("445","36","1","82","10","พัฒนาตนเองอย่างเป็นระบบและต่อเนื่อง นำความรู้ ความสามารถ ทักษะที่ได้จากการพัฒนาตนเองและวิชาชีพมาใช้ในการพัฒนาการจัดการเรียนรู้","36","2567","2024-10-03 17:08:57");
INSERT INTO pa_summarize VALUES("446","36","2","82","10"," สร้างและหรือพัฒนาสื่อ นวัตกรรม เทคโนโลยีและแหล่งเรียนรู้ ให้เหมาสมกับการเรียนรู้ของผู้เรียน","36","2567","2024-10-03 17:08:57");
INSERT INTO pa_summarize VALUES("447","36","3","82","10","-","36","2567","2024-10-03 17:08:57");



DROP TABLE pa_user_data;

CREATE TABLE `pa_user_data` (
  `id_us` int(9) NOT NULL AUTO_INCREMENT,
  `id_sele3` int(3) DEFAULT NULL,
  `pcode` int(9) DEFAULT NULL,
  `na_us` text CHARACTER SET utf8,
  `pa_year` int(4) DEFAULT NULL,
  PRIMARY KEY (`id_us`)
) ENGINE=InnoDB AUTO_INCREMENT=871 DEFAULT CHARSET=latin1;

INSERT INTO pa_user_data VALUES("1","19","34","https://drive.google.com/drive/folders/1E9sHKG26CYmIts2g5ITs8uq9YDxjDq_4?usp=sharing","2567");
INSERT INTO pa_user_data VALUES("2","1","34","https://drive.google.com/drive/folders/10JXPGH7jgtKJ1eTgVzcphu2KOtxRATnk?usp=sharing","2567");
INSERT INTO pa_user_data VALUES("3","2","34","https://drive.google.com/drive/folders/1V3DjOavfI9MY9JbOil4jdP9toWJA4LYa?usp=sharing","2567");
INSERT INTO pa_user_data VALUES("4","3","34","https://drive.google.com/drive/folders/1Fh_YsohZeCOPHC0pfX7DJG_kr7o28lML?usp=sharing","2567");
INSERT INTO pa_user_data VALUES("5","1","58","https://drive.google.com/drive/folders/1mu_zHNYdpTOIJIHgDQmy4hUT9FVVCwxA?usp=sharing","2567");
INSERT INTO pa_user_data VALUES("6","2","58","https://drive.google.com/drive/folders/1hC_IfItyYitr6Pk7vinvqSHfoKMWxnRE?usp=sharing","2567");
INSERT INTO pa_user_data VALUES("7","3","58","https://drive.google.com/drive/folders/1-Ogap7ICEZlM7mq-iHMdxQ6S62pTzMdv?usp=sharing","2567");
INSERT INTO pa_user_data VALUES("8","4","58","https://drive.google.com/drive/folders/1908gCOEgH_RvxgIZyE_Ohkm8lLYq7_fX?usp=sharing","2567");
INSERT INTO pa_user_data VALUES("9","5","58","https://drive.google.com/drive/folders/1fLX8AxxMoKrMU99lEfzqiog1-yXg29F7?usp=sharing","2567");
INSERT INTO pa_user_data VALUES("10","6","58","https://drive.google.com/drive/folders/1lCZfKeQd10B6OH1cTOlcm9WsZg8aCT00?usp=sharing","2567");
INSERT INTO pa_user_data VALUES("11","7","58","https://drive.google.com/drive/folders/1frrTciBRV665xiVbcWCT_iUjX9Mukxbf?usp=sharing","2567");
INSERT INTO pa_user_data VALUES("12","8","58","https://drive.google.com/drive/folders/1S2B6gTx0pMPc0LFR_341FkGb7XEl-4Xp?usp=sharing","2567");
INSERT INTO pa_user_data VALUES("13","9","58","https://drive.google.com/drive/folders/1O5OxKpZTzNJF0tfK7ghvX-DPNJDqZ4GA?usp=sharing","2567");
INSERT INTO pa_user_data VALUES("14","10","58","https://drive.google.com/drive/folders/1Sc7hTHZeS2eKHy8gjzsXQmtE3SKPq5KP?usp=sharing","2567");
INSERT INTO pa_user_data VALUES("15","11","58","https://drive.google.com/drive/folders/1fuiSbzfiUjxQTUgeMCKCgMIRj1zTX3Xe?usp=sharing","2567");
INSERT INTO pa_user_data VALUES("16","12","58","https://drive.google.com/drive/folders/1ngN0gwWsvVITkEviwxA6RW08wUQxsdfN?usp=sharing","2567");
INSERT INTO pa_user_data VALUES("17","13","58","https://drive.google.com/drive/folders/1e_3tCUbGarnlDJhHsLucWUqVs5CpYJR0?usp=sharing","2567");
INSERT INTO pa_user_data VALUES("18","14","58","https://drive.google.com/drive/folders/1nBwh1czJU8BRZM9I0ybtgTMudr1Kf_s2?usp=sharing","2567");
INSERT INTO pa_user_data VALUES("19","15","58","https://drive.google.com/drive/folders/1P_lH4wKPA37oey3r4YW1eosumJiINClR?usp=sharing","2567");
INSERT INTO pa_user_data VALUES("20","19","58","https://drive.google.com/drive/folders/1RAICqLsl0k9ArImoewRHfyotHE-0EHp9?usp=sharing","2567");
INSERT INTO pa_user_data VALUES("21","16","58","https://drive.google.com/drive/folders/19e154lysR68Q1BRSnUT1ph_3_bWsiIJW?usp=sharing","2567");
INSERT INTO pa_user_data VALUES("22","19","51","https://drive.google.com/drive/folders/1930jcQdByZOEMwCdehJGe2ZBiKQQ5nLN?usp=drive_link","2567");
INSERT INTO pa_user_data VALUES("23","19","59","https://drive.google.com/drive/folders/1wY8BKHiYjvJi42bJTbXTbF8-P-7sdd6B?usp=sharing","2567");
INSERT INTO pa_user_data VALUES("24","1","46","https://drive.google.com/drive/folders/1NyT4I5wMmU7zlg3Wy0P5ejUgIfov1QtA?usp=share_link","2567");
INSERT INTO pa_user_data VALUES("25","2","46","https://drive.google.com/drive/folders/1w5ssYChRtX7uzfnuIKdfxa5yiL72V3Yg?usp=share_link","2567");
INSERT INTO pa_user_data VALUES("26","3","46","https://drive.google.com/drive/folders/18GeZv2ym7RydsnIRCm1W_G88XCOJw2_X?usp=sharing","2567");
INSERT INTO pa_user_data VALUES("27","4","46","https://drive.google.com/drive/folders/1KkBvqt0DGREPEMbrdSaF3LFzERT7ScBF?usp=sharing","2567");
INSERT INTO pa_user_data VALUES("28","5","46","https://drive.google.com/drive/folders/1GQ86FFbGXNPtgC7iCL7be1cuEjvEKv26?usp=sharing","2567");
INSERT INTO pa_user_data VALUES("29","6","46","https://drive.google.com/drive/folders/1KsfoMR1LiSqn59KOyhdWwgTPnECaZXgg?usp=sharing","2567");
INSERT INTO pa_user_data VALUES("30","7","46","https://drive.google.com/drive/folders/1DVcvRbBixIGFxd-RcrSOAo8ym8xVmMh4?usp=share_link","2567");
INSERT INTO pa_user_data VALUES("31","8","46","https://drive.google.com/drive/folders/1zjyCy6RsSIzOkmmScHuqaLgR9d-Mi-jP?usp=sharing","2567");
INSERT INTO pa_user_data VALUES("32","9","46","https://drive.google.com/drive/folders/1OvbvyHNUv6u-k1PDGJPugwrNpa6AZhB7?usp=sharing","2567");
INSERT INTO pa_user_data VALUES("33","10","46","https://drive.google.com/drive/folders/1TLb0vXw0gYuROzFWtz5ruyuccj4mukzP?usp=sharing","2567");
INSERT INTO pa_user_data VALUES("34","11","46","https://drive.google.com/drive/folders/1Kay90yPW3aVKN2oNrrxIJR6pnffgWnkl?usp=sharing","2567");
INSERT INTO pa_user_data VALUES("35","12","46","https://drive.google.com/drive/folders/11Z_6ugjxYmtjM5zEoodCq1eRxP3Cax99?usp=sharing","2567");
INSERT INTO pa_user_data VALUES("36","19","9","https://drive.google.com/drive/folders/12PTa4GG7IYFe-vvvGRHkXoNn6hxBeMVr","2567");
INSERT INTO pa_user_data VALUES("37","13","46","https://drive.google.com/drive/folders/1-_uiblQ6fV9-hp00EFORCoL00AnCyN9m?usp=sharing","2567");
INSERT INTO pa_user_data VALUES("38","1","39","https://drive.google.com/drive/folders/1I9M5oxg8mlctCbcf7hChiNes7KavUjLO?usp=sharing","2567");
INSERT INTO pa_user_data VALUES("39","14","46","https://drive.google.com/drive/folders/1AFR4AmCif0_JEK14s89Fb3tixToZ6lfg?usp=sharing","2567");
INSERT INTO pa_user_data VALUES("40","15","46","https://drive.google.com/drive/folders/1SbuJPm1BiWpfLBfKJ0819-NDQWVcRXYr?usp=sharing","2567");
INSERT INTO pa_user_data VALUES("41","19","6","https://drive.google.com/drive/folders/1irtlKa7fyKty7rPrBK1IVeceCqJ_yVaI?usp=sharing","2567");
INSERT INTO pa_user_data VALUES("42","19","46","https://drive.google.com/drive/folders/1rYttXbxLcDxGBNIjzZ8WXqScJMh07_bz?usp=sharing","2567");
INSERT INTO pa_user_data VALUES("43","19","39","https://drive.google.com/drive/folders/1B1HzM5FW4TxsGGBU9MkiZIBWvyxTiGET?usp=drive_link","2567");
INSERT INTO pa_user_data VALUES("44","19","52","https://drive.google.com/drive/folders/1aN5ZPRZlYFeMRnjcmO8KvbPmKYrDBuQ6?usp=drive_link","2567");
INSERT INTO pa_user_data VALUES("45","2","39","https://drive.google.com/drive/folders/1zG_yOabP1Zltx9GIToGRQ2grA41z5TfZ?usp=drive_link","2567");
INSERT INTO pa_user_data VALUES("46","3","39","https://drive.google.com/drive/folders/1AuGjEf8rQCwUxRIEoWSsvUpBb1gdhwb7?usp=drive_link","2567");
INSERT INTO pa_user_data VALUES("47","4","39","https://drive.google.com/drive/folders/1nqL45GUIsoEzxY6ZlOi6lR_jE0urdvwr?usp=drive_link","2567");
INSERT INTO pa_user_data VALUES("48","5","39","https://drive.google.com/drive/folders/1AX2U2gecuSnwytPxxImEyJ-KlW_EozAy?usp=drive_link","2567");
INSERT INTO pa_user_data VALUES("49","1","42","https://sites.google.com/view/chalitta-khammun/%E0%B8%AD%E0%B8%87%E0%B8%84%E0%B8%9B%E0%B8%A3%E0%B8%B0%E0%B8%81%E0%B8%AD%E0%B8%9A%E0%B8%97-1/1-1-%E0%B8%AA%E0%B8%A3%E0%B8%B2%E0%B8%87%E0%B9%81%E0%B8%A5%E0%B8%B0%E0%B8%AB%E0%B8%A3%E0%B8%AD%E0%B8%9E%E0%B8%92%E0%B8%99%E0%B8%B2%E0%B8%AB%E0%B8%A5%E0%B8%81%E0%B8%AA%E0%B8%95%E0%B8%A3?authuser=0","2567");
INSERT INTO pa_user_data VALUES("50","1","71","https://drive.google.com/drive/folders/1lJAUvkySIkCIjmXStphIdV2WhL0LWWbs?usp=sharing","2567");
INSERT INTO pa_user_data VALUES("51","1","84","https://drive.google.com/drive/folders/1u1mE3aX3dbg6Z7hSQLkHKJjTbMht042v?usp=sharing","2567");
INSERT INTO pa_user_data VALUES("52","19","40","https://drive.google.com/drive/folders/1yrKX9ZV0PMjnFm7-UR3dHYLEmRAvK8AP?usp=drive_link","2567");
INSERT INTO pa_user_data VALUES("53","1","55","https://drive.google.com/drive/folders/1OVBAx7Glm9mT_HXLO8UI7qbIfnniKfIB?usp=sharing","2567");
INSERT INTO pa_user_data VALUES("54","19","75","https://drive.google.com/drive/folders/11iH_6p8suaTMtgwTIJnouxYABS5IbSyz?usp=sharing","2567");
INSERT INTO pa_user_data VALUES("55","1","77","https://drive.google.com/drive/folders/1-0Omm9p1rIiuKlmqnpcb_1izQC0d-Cg8","2567");
INSERT INTO pa_user_data VALUES("56","6","39","https://drive.google.com/drive/folders/1qw4N_wnRFdbI0-ToCPao6j6svUglKDXR?usp=drive_link","2567");
INSERT INTO pa_user_data VALUES("57","1","53","https://drive.google.com/drive/folders/1nBK7r0hzvbKAtf2ciTPYvgt29Vm0xo_k?usp=sharing","2567");
INSERT INTO pa_user_data VALUES("58","1","41","https://drive.google.com/drive/folders/13UGzGz5H6N3SqhYC-014JO-81mD0D82n?usp=sharing","2567");
INSERT INTO pa_user_data VALUES("59","1","67","https://drive.google.com/drive/folders/1jMdMvFE-wxSasTPum0Wpc81zQ-gUZEV-?usp=sharing","2567");
INSERT INTO pa_user_data VALUES("60","19","17","https://drive.google.com/drive/folders/1keDrqjYFzGyPnkfrGpamloT3yRVoqPRd?usp=sharing","2567");
INSERT INTO pa_user_data VALUES("61","1","19","https://drive.google.com/drive/folders/1BwlEighyTMHDPvP7Z25y1Ufz2grM7wZ8?usp=sharing","2567");
INSERT INTO pa_user_data VALUES("62","1","33","https://drive.google.com/drive/folders/1UyRAcqpJTcvYm9dWcsy-bWnl7J748UWa?usp=sharing","2567");
INSERT INTO pa_user_data VALUES("63","2","42","https://sites.google.com/view/chalitta-khammun/%E0%B8%AD%E0%B8%87%E0%B8%84%E0%B8%9B%E0%B8%A3%E0%B8%B0%E0%B8%81%E0%B8%AD%E0%B8%9A%E0%B8%97-1/1-2-%E0%B8%81%E0%B8%B2%E0%B8%A3%E0%B8%AD%E0%B8%AD%E0%B8%81%E0%B9%81%E0%B8%9A%E0%B8%9A%E0%B8%81%E0%B8%B2%E0%B8%A3%E0%B8%88%E0%B8%94%E0%B8%81%E0%B8%B2%E0%B8%A3%E0%B9%80%E0%B8%A3%E0%B8%A2%E0%B8%99%E0%B8%A3?authuser=0","2567");
INSERT INTO pa_user_data VALUES("64","1","45","https://drive.google.com/drive/folders/16k_URVASXeye6T8OKvWny8z82qIVIrW-?usp=sharing","2567");
INSERT INTO pa_user_data VALUES("65","1","57","https://drive.google.com/drive/folders/1zYxIVHmpSp3PvdsadCPJW20zcWWFFHn9?usp=sharing","2567");
INSERT INTO pa_user_data VALUES("66","7","39","https://drive.google.com/drive/folders/1W1ea3jsGr5tMAiBKTtlKguJO6y3HrKHT?usp=drive_link","2567");
INSERT INTO pa_user_data VALUES("67","1","43","https://drive.google.com/file/d/11MlmW6fwiTTqvuGR6j9eG1yx3esfYUsP/view?usp=sharing","2567");
INSERT INTO pa_user_data VALUES("68","8","39","https://drive.google.com/drive/folders/1tjJEIfk5tHw2ntbKGfXhB79fRg8cYwGW?usp=drive_link","2567");
INSERT INTO pa_user_data VALUES("69","9","39","https://drive.google.com/drive/folders/17xHJQxeAmC8YCyF8p57njpAOdyPNUcF1?usp=drive_link","2567");
INSERT INTO pa_user_data VALUES("70","3","42","https://sites.google.com/view/chalitta-khammun/%E0%B8%AD%E0%B8%87%E0%B8%84%E0%B8%9B%E0%B8%A3%E0%B8%B0%E0%B8%81%E0%B8%AD%E0%B8%9A%E0%B8%97-1/1-3-%E0%B8%81%E0%B8%B2%E0%B8%A3%E0%B8%88%E0%B8%94%E0%B8%81%E0%B8%88%E0%B8%81%E0%B8%A3%E0%B8%A3%E0%B8%A1%E0%B8%81%E0%B8%B2%E0%B8%A3%E0%B9%80%E0%B8%A3%E0%B8%A2%E0%B8%99%E0%B8%A3?authuser=0","2567");
INSERT INTO pa_user_data VALUES("71","19","28","https://drive.google.com/drive/folders/1BR36NDu32PxgPGe5Lw-kwPXso4UolfQk?usp=sharing","2567");
INSERT INTO pa_user_data VALUES("72","10","39","https://drive.google.com/drive/folders/147IU4p33Q5D7PUwtCPpmoG0RlqdYB8Zx?usp=drive_link","2567");
INSERT INTO pa_user_data VALUES("73","4","42","https://sites.google.com/view/chalitta-khammun/%E0%B8%AD%E0%B8%87%E0%B8%84%E0%B8%9B%E0%B8%A3%E0%B8%B0%E0%B8%81%E0%B8%AD%E0%B8%9A%E0%B8%97-1/1-4-%E0%B8%AA%E0%B8%A3%E0%B8%B2%E0%B8%87%E0%B9%81%E0%B8%A5%E0%B8%B0%E0%B8%AB%E0%B8%A3%E0%B8%AD%E0%B8%9E%E0%B8%92%E0%B8%99%E0%B8%B2%E0%B8%AA%E0%B8%AD-%E0%B8%99%E0%B8%A7%E0%B8%95%E0%B8%81%E0%B8%A3%E0%B8%A3%E0%B8%A1-%E0%B9%80%E0%B8%97%E0%B8%84%E0%B9%82%E0%B8%99%E0%B9%82%E0%B8%A5%E0%B8%A2-%E0%B9%81%E0%B8%A5%E0%B8%B0%E0%B9%81%E0%B8%AB%E0%B8%A5%E0%B8%87%E0%B9%80%E0%B8%A3%E0%B8%A2%E0%B8%99%E0%B8%A3?authuser=0","2567");
INSERT INTO pa_user_data VALUES("74","1","28","https://drive.google.com/drive/folders/19-b-qS9jY5LM5X9N-VhRudjMofrrR7Sv?usp=sharing","2567");
INSERT INTO pa_user_data VALUES("75","11","39","https://drive.google.com/drive/folders/14VfzQc91RtYakrrLR3zz-BOZHQU34a5_?usp=drive_link","2567");
INSERT INTO pa_user_data VALUES("76","2","67","https://drive.google.com/drive/folders/1LtIapTNzbyXwjGDq8ltINvyiD4xXjh9N?usp=sharing","2567");
INSERT INTO pa_user_data VALUES("77","12","39","https://drive.google.com/drive/folders/1vTsFRXRL_LrcdtRtoMrd_zR64Nr4Hk-A?usp=drive_link","2567");
INSERT INTO pa_user_data VALUES("78","1","35","https://drive.google.com/drive/folders/1--qhgqO0WqsK21ykLD0KmgfePBsDm7YY","2567");
INSERT INTO pa_user_data VALUES("79","13","39","https://drive.google.com/drive/folders/18r_M-XCuxrwxIVhiwLij20Qg-yFzGpm3?usp=drive_link","2567");
INSERT INTO pa_user_data VALUES("80","5","42","https://sites.google.com/view/chalitta-khammun/%E0%B8%AD%E0%B8%87%E0%B8%84%E0%B8%9B%E0%B8%A3%E0%B8%B0%E0%B8%81%E0%B8%AD%E0%B8%9A%E0%B8%97-1/1-5-%E0%B8%81%E0%B8%B2%E0%B8%A3%E0%B8%A7%E0%B8%94%E0%B9%81%E0%B8%A5%E0%B8%B0%E0%B8%9B%E0%B8%A3%E0%B8%B0%E0%B9%80%E0%B8%A1%E0%B8%99%E0%B8%9C%E0%B8%A5%E0%B8%81%E0%B8%B2%E0%B8%A3%E0%B9%80%E0%B8%A3%E0%B8%A2%E0%B8%99%E0%B8%A3?authuser=0","2567");
INSERT INTO pa_user_data VALUES("81","2","28","https://drive.google.com/drive/folders/1F-OQ76kDdRLIiHrOFgOpfaryqaBdoqnY?usp=sharing","2567");
INSERT INTO pa_user_data VALUES("82","14","39","https://drive.google.com/drive/folders/1cMiy6Df2Pm8QhHs_SXZ82btWCCJeJ--I?usp=drive_link","2567");
INSERT INTO pa_user_data VALUES("83","3","67","https://drive.google.com/drive/folders/1lSBa99BCsY6T2l98czUmxBkIePkh9GFc?usp=sharing","2567");
INSERT INTO pa_user_data VALUES("84","15","39","https://drive.google.com/drive/folders/16Nvkcymc4UtsH_7jT6tcQUQhaLkakeVB?usp=drive_link","2567");
INSERT INTO pa_user_data VALUES("85","16","46","https://drive.google.com/drive/folders/1TfAmUfjnR2DVPupIrYjb06Xjiq9K-MiL?usp=share_link","2567");
INSERT INTO pa_user_data VALUES("86","2","35","https://drive.google.com/drive/folders/1-5KDcTTmR2CnVqxgxFBPMEMSwmqSBY4z","2567");
INSERT INTO pa_user_data VALUES("87","3","28","https://drive.google.com/drive/folders/1aSoPyeZKQCxnaUJOosCUVAHMsliTg1jc?usp=sharing","2567");
INSERT INTO pa_user_data VALUES("88","6","42","https://sites.google.com/view/chalitta-khammun/%E0%B8%AD%E0%B8%87%E0%B8%84%E0%B8%9B%E0%B8%A3%E0%B8%B0%E0%B8%81%E0%B8%AD%E0%B8%9A%E0%B8%97-1/1-6-%E0%B8%81%E0%B8%B2%E0%B8%A3%E0%B8%A8%E0%B8%81%E0%B8%A9%E0%B8%B2-%E0%B8%A7%E0%B9%80%E0%B8%84%E0%B8%A3%E0%B8%B2%E0%B8%B0%E0%B8%AB-%E0%B9%81%E0%B8%A5%E0%B8%B0%E0%B8%AA%E0%B8%87%E0%B9%80%E0%B8%84%E0%B8%A3%E0%B8%B2%E0%B8%B0%E0%B8%AB-%E0%B9%80%E0%B8%9E%E0%B8%AD%E0%B9%81%E0%B8%81%E0%B8%9B%E0%B8%8D%E0%B8%AB%E0%B8%B2%E0%B8%AB%E0%B8%A3%E0%B8%AD%E0%B8%9E%E0%B8%92%E0%B8%99%E0%B8%B2%E0%B8%81%E0%B8%B2%E0%B8%A3%E0%B9%80%E0%B8%A3%E0%B8%A2%E0%B8%99%E0%B8%A3?authuser=0","2567");
INSERT INTO pa_user_data VALUES("89","4","67","https://drive.google.com/drive/folders/1l7G6jpvDlp4edJch8e2a6rKSYWxnHblq?usp=sharing","2567");
INSERT INTO pa_user_data VALUES("90","7","42","https://sites.google.com/view/chalitta-khammun/%E0%B8%AD%E0%B8%87%E0%B8%84%E0%B8%9B%E0%B8%A3%E0%B8%B0%E0%B8%81%E0%B8%AD%E0%B8%9A%E0%B8%97-1/1-7-%E0%B8%81%E0%B8%B2%E0%B8%A3%E0%B8%AD%E0%B8%9A%E0%B8%A3%E0%B8%A1%E0%B9%81%E0%B8%A5%E0%B8%B0%E0%B8%9E%E0%B8%92%E0%B8%99%E0%B8%B2%E0%B8%84%E0%B8%93%E0%B8%A5%E0%B8%81%E0%B8%A9%E0%B8%93%E0%B8%B0%E0%B8%97%E0%B8%94%E0%B8%82%E0%B8%AD%E0%B8%87%E0%B8%9C%E0%B9%80%E0%B8%A3%E0%B8%A2%E0%B8%99?authuser=0","2567");
INSERT INTO pa_user_data VALUES("91","1","26","https://drive.google.com/drive/folders/1X4XnG3n_u_OvM9_b-38WLN7zt6uM6FJ5?usp=sharing","2567");
INSERT INTO pa_user_data VALUES("92","3","35","https://drive.google.com/drive/folders/1-5bQvoVOgHPoGD_maD__dRovGpydUN8k","2567");
INSERT INTO pa_user_data VALUES("93","1","17","https://drive.google.com/drive/folders/1G8IQ20iHcUMEDxBSHPMm3SeTsx_kiSBI?usp=sharing","2567");
INSERT INTO pa_user_data VALUES("94","4","28","https://drive.google.com/drive/folders/1aOnLXdB-JVmNS8h_I0ML1qHDPebHrG4l?usp=sharing","2567");
INSERT INTO pa_user_data VALUES("95","5","67","https://drive.google.com/drive/folders/1jwO4wN4fF5CsB-MlOD1oGrH1iNQy9MD9?usp=sharing","2567");
INSERT INTO pa_user_data VALUES("96","8","42","https://sites.google.com/view/chalitta-khammun/%E0%B8%AD%E0%B8%87%E0%B8%84%E0%B8%9B%E0%B8%A3%E0%B8%B0%E0%B8%81%E0%B8%AD%E0%B8%9A%E0%B8%97-1/1-8-%E0%B8%AD%E0%B8%9A%E0%B8%A3%E0%B8%A1%E0%B9%81%E0%B8%A5%E0%B8%B0%E0%B8%9E%E0%B8%92%E0%B8%99%E0%B8%B2%E0%B8%84%E0%B8%93%E0%B8%A5%E0%B8%81%E0%B8%A9%E0%B8%93%E0%B8%B0%E0%B8%97%E0%B8%94%E0%B8%82%E0%B8%AD%E0%B8%87%E0%B8%9C%E0%B9%80%E0%B8%A3%E0%B8%A2%E0%B8%99?authuser=0","2567");
INSERT INTO pa_user_data VALUES("97","5","28","https://drive.google.com/drive/folders/1f4M9aENaK_SMzp77sRM8Oj5j73FUgikW?usp=sharing","2567");
INSERT INTO pa_user_data VALUES("98","6","67","https://drive.google.com/drive/folders/1zvDL6HKg1tu6babv9Dr77GPR7Ob6_twl?usp=sharing","2567");
INSERT INTO pa_user_data VALUES("99","4","35","https://drive.google.com/drive/folders/1-842r7w3NPZIHgpcSx1DF2kgZNHanI4e","2567");
INSERT INTO pa_user_data VALUES("100","9","42","https://sites.google.com/view/chalitta-khammun/%E0%B8%AD%E0%B8%87%E0%B8%84%E0%B8%9B%E0%B8%A3%E0%B8%B0%E0%B8%81%E0%B8%AD%E0%B8%9A%E0%B8%97-2/2-1-%E0%B8%88%E0%B8%94%E0%B8%97%E0%B8%B3%E0%B8%82%E0%B8%AD%E0%B8%A1%E0%B8%A5%E0%B8%AA%E0%B8%B2%E0%B8%A3%E0%B8%AA%E0%B8%99%E0%B9%80%E0%B8%97%E0%B8%A8%E0%B8%82%E0%B8%AD%E0%B8%87%E0%B8%9C%E0%B9%80%E0%B8%A3%E0%B8%A2%E0%B8%99%E0%B9%81%E0%B8%A5%E0%B8%B0%E0%B8%A3%E0%B8%B2%E0%B8%A2%E0%B8%A7%E0%B8%8A%E0%B8%B2?authuser=0","2567");
INSERT INTO pa_user_data VALUES("101","2","19","https://drive.google.com/drive/folders/1O2HfD-F8zlRiF0I8dyEtTejgaahfs0pl?usp=sharing","2567");
INSERT INTO pa_user_data VALUES("102","16","39","https://drive.google.com/drive/folders/1nbrVlap0TZyicO8db0XVWSaPn3ZiJ4wM?usp=drive_link","2567");
INSERT INTO pa_user_data VALUES("103","17","46","https://drive.google.com/drive/folders/1TfAmUfjnR2DVPupIrYjb06Xjiq9K-MiL?usp=share_link","2567");
INSERT INTO pa_user_data VALUES("104","18","46","https://drive.google.com/drive/folders/1TfAmUfjnR2DVPupIrYjb06Xjiq9K-MiL?usp=share_link","2567");
INSERT INTO pa_user_data VALUES("105","17","39","https://drive.google.com/drive/folders/1nbrVlap0TZyicO8db0XVWSaPn3ZiJ4wM?usp=drive_link","2567");
INSERT INTO pa_user_data VALUES("106","7","67","https://drive.google.com/drive/folders/1qP4304suhGcm32uFWJKYHNrTSTr6EF-w?usp=sharing","2567");
INSERT INTO pa_user_data VALUES("107","18","39","https://drive.google.com/drive/folders/1nbrVlap0TZyicO8db0XVWSaPn3ZiJ4wM?usp=drive_link","2567");
INSERT INTO pa_user_data VALUES("108","5","35","https://drive.google.com/drive/folders/1-CKWPZeOcFqlFzI_KpSAawJzbFq59VNF","2567");
INSERT INTO pa_user_data VALUES("109","10","42","https://sites.google.com/view/chalitta-khammun/%E0%B8%AD%E0%B8%87%E0%B8%84%E0%B8%9B%E0%B8%A3%E0%B8%B0%E0%B8%81%E0%B8%AD%E0%B8%9A%E0%B8%97-2/2-2-%E0%B8%94%E0%B8%B3%E0%B9%80%E0%B8%99%E0%B8%99%E0%B8%81%E0%B8%B2%E0%B8%A3%E0%B8%95%E0%B8%B2%E0%B8%A1%E0%B8%A3%E0%B8%B0%E0%B8%9A%E0%B8%9A%E0%B8%94%E0%B9%81%E0%B8%A5%E0%B8%8A%E0%B8%A7%E0%B8%A2%E0%B9%80%E0%B8%AB%E0%B8%A5%E0%B8%AD%E0%B8%9C%E0%B9%80%E0%B8%A3%E0%B8%A2%E0%B8%99?authuser=0","2567");
INSERT INTO pa_user_data VALUES("110","2","26","https://drive.google.com/drive/folders/1W_wfkKyiaPzLz0N2_eKWgC5xftshk6WM?usp=sharing","2567");
INSERT INTO pa_user_data VALUES("111","8","67","https://drive.google.com/drive/folders/1f5oz96msrIRpXAbQaBWaXR8WJJYOhIh_?usp=sharing","2567");
INSERT INTO pa_user_data VALUES("112","2","17","https://drive.google.com/drive/folders/1ehgunY3J10Z9gLjfOJSdbE9cS6ULzlEX?usp=sharing","2567");
INSERT INTO pa_user_data VALUES("113","11","42","https://sites.google.com/view/chalitta-khammun/%E0%B8%AD%E0%B8%87%E0%B8%84%E0%B8%9B%E0%B8%A3%E0%B8%B0%E0%B8%81%E0%B8%AD%E0%B8%9A%E0%B8%97-2/2-3-%E0%B8%9B%E0%B8%8F%E0%B8%9A%E0%B8%95%E0%B8%87%E0%B8%B2%E0%B8%99%E0%B8%A7%E0%B8%8A%E0%B8%B2%E0%B8%81%E0%B8%B2%E0%B8%A3%E0%B9%81%E0%B8%A5%E0%B8%B0%E0%B8%87%E0%B8%B2%E0%B8%99%E0%B8%AD%E0%B8%99%E0%B9%86-%E0%B8%82%E0%B8%AD%E0%B8%87%E0%B8%AA%E0%B8%96%E0%B8%B2%E0%B8%99%E0%B8%A8%E0%B8%81%E0%B8%A9%E0%B8%B2?authuser=0","2567");
INSERT INTO pa_user_data VALUES("114","6","35","https://drive.google.com/drive/folders/1-F6PvPE2WBJ-d8xoV51lAk1B6wOm6Omh","2567");
INSERT INTO pa_user_data VALUES("115","6","28","https://drive.google.com/drive/folders/1omfHDwsKGlivUXRp9_LOsu2qKZ6AskRy?usp=sharing","2567");
INSERT INTO pa_user_data VALUES("116","9","67","https://drive.google.com/drive/folders/1aNurt08LqVCYwi-gN-EP22NjMe11-hT_?usp=sharing","2567");
INSERT INTO pa_user_data VALUES("117","1","51","https://drive.google.com/drive/folders/1RNq-TrrYZ_QoxMcdlXVccb7g_LYaFOP3?usp=drive_link","2567");
INSERT INTO pa_user_data VALUES("118","12","42","https://sites.google.com/view/chalitta-khammun/%E0%B8%AD%E0%B8%87%E0%B8%84%E0%B8%9B%E0%B8%A3%E0%B8%B0%E0%B8%81%E0%B8%AD%E0%B8%9A%E0%B8%97-2/2-4-%E0%B8%9B%E0%B8%A3%E0%B8%B0%E0%B8%AA%E0%B8%B2%E0%B8%99%E0%B8%84%E0%B8%A7%E0%B8%B2%E0%B8%A1%E0%B8%A3%E0%B8%A7%E0%B8%A1%E0%B8%A1%E0%B8%AD%E0%B8%81%E0%B8%9A%E0%B8%9C%E0%B8%9B%E0%B8%81%E0%B8%84%E0%B8%A3%E0%B8%AD%E0%B8%87-%E0%B8%A0%E0%B8%B2%E0%B8%84%E0%B9%80%E0%B8%84%E0%B8%A3%E0%B8%AD%E0%B8%82%E0%B8%B2%E0%B8%A2%E0%B9%81%E0%B8%A5%E0%B8%B0%E0%B8%AB%E0%B8%A3%E0%B8%AD%E0%B8%AA%E0%B8%96%E0%B8%B2%E0%B8%99%E0%B8%9B%E0%B8%A3%E0%B8%B0%E0%B8%81%E0%B8%AD%E0%B8%9A%E0%B8%81%E0%B8%B2%E0%B8%A3?authuser=0","2567");
INSERT INTO pa_user_data VALUES("119","7","28","https://drive.google.com/drive/folders/11fz-KlBcVXCWHzzybAsPwji7vw9dMXpe?usp=sharing","2567");
INSERT INTO pa_user_data VALUES("120","10","67","https://drive.google.com/drive/folders/1kBIRf6e7EMp6hYh9kOUw8byE0Wc2MA2p?usp=sharing","2567");
INSERT INTO pa_user_data VALUES("121","7","35","https://drive.google.com/drive/folders/1-RGGs5DsxTY95wh-iz2Ef6vVImlkHG1u","2567");
INSERT INTO pa_user_data VALUES("122","3","19","https://drive.google.com/drive/folders/1-gVINc2R4JV5wloWfUl89o4THZuvtB5T?usp=sharing","2567");
INSERT INTO pa_user_data VALUES("123","3","17","https://drive.google.com/drive/folders/1sTzuzL-ePFPT1UjJsY60ck6zM5qEq5nQ?usp=sharing","2567");
INSERT INTO pa_user_data VALUES("124","13","42","https://sites.google.com/view/chalitta-khammun/%E0%B8%AD%E0%B8%87%E0%B8%84%E0%B8%9B%E0%B8%A3%E0%B8%B0%E0%B8%81%E0%B8%AD%E0%B8%9A%E0%B8%97-3/3-1-%E0%B8%9E%E0%B8%92%E0%B8%99%E0%B8%B2%E0%B8%95%E0%B8%99%E0%B9%80%E0%B8%AD%E0%B8%87%E0%B8%AD%E0%B8%A2%E0%B8%B2%E0%B8%87%E0%B9%80%E0%B8%9B%E0%B8%99%E0%B8%A3%E0%B8%B0%E0%B8%9A%E0%B8%9A%E0%B9%81%E0%B8%A5%E0%B8%B0%E0%B8%95%E0%B8%AD%E0%B9%80%E0%B8%99%E0%B8%AD%E0%B8%87?authuser=0","2567");
INSERT INTO pa_user_data VALUES("125","11","67","https://drive.google.com/drive/folders/12QShv0SQQvqe5-2V7HS8YCl0g6In7bjk?usp=sharing","2567");
INSERT INTO pa_user_data VALUES("126","1","20","https://drive.google.com/drive/folders/1qrTftAYFNCHpfH6QEamTaBCeadeN01TW?usp=sharing","2567");
INSERT INTO pa_user_data VALUES("127","8","35","https://drive.google.com/drive/folders/1-T0XboNqsQBNZoQX-mwX5KTrcXfxtCkG","2567");
INSERT INTO pa_user_data VALUES("128","2","57","https://drive.google.com/drive/folders/1wadZTY0ot6ZzG3hxlipkNQwi1Nh1fEsl?usp=sharing","2567");
INSERT INTO pa_user_data VALUES("129","14","42","https://sites.google.com/view/chalitta-khammun/%E0%B8%AD%E0%B8%87%E0%B8%84%E0%B8%9B%E0%B8%A3%E0%B8%B0%E0%B8%81%E0%B8%AD%E0%B8%9A%E0%B8%97-3/3-2-%E0%B8%A1%E0%B8%AA%E0%B8%A7%E0%B8%99%E0%B8%A3%E0%B8%A7%E0%B8%A1%E0%B9%83%E0%B8%99%E0%B8%81%E0%B8%B2%E0%B8%A3%E0%B9%81%E0%B8%A5%E0%B8%81%E0%B9%80%E0%B8%9B%E0%B8%A5%E0%B8%A2%E0%B8%99%E0%B9%80%E0%B8%A3%E0%B8%A2%E0%B8%99%E0%B8%A3%E0%B8%97%E0%B8%B2%E0%B8%87%E0%B8%A7%E0%B8%8A%E0%B8%B2%E0%B8%8A%E0%B8%9E%E0%B9%80%E0%B8%9E%E0%B8%AD%E0%B8%9E%E0%B8%92%E0%B8%99%E0%B8%B2%E0%B8%81%E0%B8%B2%E0%B8%A3%E0%B8%88%E0%B8%94%E0%B8%81%E0%B8%B2%E0%B8%A3%E0%B9%80%E0%B8%A3%E0%B8%A2%E0%B8%99%E0%B8%A3?authuser=0","2567");
INSERT INTO pa_user_data VALUES("130","2","51","https://drive.google.com/drive/folders/1zI53xUZeHGHGJeEzv9vjJwzbxP_uDfx2?usp=sharing","2567");
INSERT INTO pa_user_data VALUES("131","3","26","https://drive.google.com/drive/folders/1_nSKtebu_MAsHp5eSgpOabXEx_b0GLfB?usp=sharing","2567");
INSERT INTO pa_user_data VALUES("132","12","67","https://drive.google.com/drive/folders/1yIx-jL2sefQFz0aDnN-Ly0RPEyWNf336?usp=sharing","2567");
INSERT INTO pa_user_data VALUES("133","15","42","https://sites.google.com/view/chalitta-khammun/%E0%B8%AD%E0%B8%87%E0%B8%84%E0%B8%9B%E0%B8%A3%E0%B8%B0%E0%B8%81%E0%B8%AD%E0%B8%9A%E0%B8%97-3/3-3-%E0%B8%99%E0%B8%B3%E0%B8%84%E0%B8%A7%E0%B8%B2%E0%B8%A1%E0%B8%A3%E0%B8%84%E0%B8%A7%E0%B8%B2%E0%B8%A1%E0%B8%AA%E0%B8%B2%E0%B8%A1%E0%B8%B2%E0%B8%A3%E0%B8%96-%E0%B8%97%E0%B8%81%E0%B8%A9%E0%B8%B0-%E0%B8%97%E0%B9%84%E0%B8%94%E0%B8%88%E0%B8%B2%E0%B8%81%E0%B8%81%E0%B8%B2%E0%B8%A3%E0%B8%9E%E0%B8%92%E0%B8%99%E0%B8%B2%E0%B8%95%E0%B8%99%E0%B9%80%E0%B8%AD%E0%B8%87%E0%B9%81%E0%B8%A5%E0%B8%B0%E0%B8%A7%E0%B8%8A%E0%B8%B2%E0%B8%8A%E0%B8%9E%E0%B8%A1%E0%B8%B2%E0%B9%83%E0%B8%8A?authuser=0","2567");
INSERT INTO pa_user_data VALUES("134","2","20","https://drive.google.com/drive/folders/1XSTMFwO5moral17pIxaRAwtNHxM32cZj?usp=sharing","2567");
INSERT INTO pa_user_data VALUES("135","9","35","https://drive.google.com/drive/folders/1-UGojWqizFxpryB1DKpufs7pzzR_ZdGl","2567");
INSERT INTO pa_user_data VALUES("136","3","57","https://drive.google.com/drive/folders/1_wsoDQo2KdV4Z1WJj8jtZmSjI6baNDmY?usp=sharing","2567");
INSERT INTO pa_user_data VALUES("137","13","67","https://drive.google.com/drive/folders/1nvtvRVPSmT29NBPnwjPojNEIx0-zRXsO?usp=sharing","2567");
INSERT INTO pa_user_data VALUES("138","1","36","https://drive.google.com/drive/folders/1BQoGZyZN_EL_1zRrybA01VvGSZZjoqC0?usp=sharing","2567");
INSERT INTO pa_user_data VALUES("139","2","41","https://drive.google.com/drive/folders/1vD0hhnXWCsomUoRAx5A-XhRlkzV0vjW5?usp=sharing","2567");
INSERT INTO pa_user_data VALUES("140","4","17","https://drive.google.com/drive/folders/1RqmM0LuP_k638jvj4agqqlQ8j5Cz40AX?usp=sharing","2567");
INSERT INTO pa_user_data VALUES("141","3","51","https://drive.google.com/drive/folders/1scsZldPVo1OzRsbXJqi6gsOY93CX2pRM?usp=drive_link","2567");
INSERT INTO pa_user_data VALUES("142","14","67","https://drive.google.com/drive/folders/1hI1TkImJoSLm3MCh6ZpyBiL_qPZWL9qv?usp=sharing","2567");
INSERT INTO pa_user_data VALUES("143","3","20","https://drive.google.com/drive/folders/1CtKIRhHmeuC9GQdVyc6ynl9wSOHdiags?usp=sharing","2567");
INSERT INTO pa_user_data VALUES("144","4","57","https://drive.google.com/drive/folders/1vYPqG_aFx8KJ8PAeNGDmsvOtTf7yPPjV?usp=sharing","2567");
INSERT INTO pa_user_data VALUES("145","10","35","https://drive.google.com/drive/folders/1-Ywvb6icUxPlcslXJZ2f-SWhDDJjhtk4","2567");
INSERT INTO pa_user_data VALUES("146","2","36","https://drive.google.com/drive/folders/1VEHbINO-Qb4KsC8gb2iQCkD1RACcNEuU?usp=sharing","2567");
INSERT INTO pa_user_data VALUES("147","15","67","https://drive.google.com/drive/folders/144OA27dMTHB59SVPvyJR7d5281gxrr7e?usp=sharing","2567");
INSERT INTO pa_user_data VALUES("148","19","42","https://sites.google.com/view/chalitta-khammun/%E0%B8%AB%E0%B8%99%E0%B8%B2%E0%B9%81%E0%B8%A3%E0%B8%81","2567");
INSERT INTO pa_user_data VALUES("149","5","57","https://drive.google.com/drive/folders/1GJ9QPiqRpG81vQ1MvrUokMr7XFo2hFHt?usp=sharing","2567");
INSERT INTO pa_user_data VALUES("150","11","35","https://drive.google.com/drive/folders/1-e1Lk3VXh8_nem_T_4Q3JiFmnhdqXDl2","2567");
INSERT INTO pa_user_data VALUES("151","19","36","https://drive.google.com/drive/folders/1Fct3kel8_3KVOKhNCjGcDonWa8eJE7cx?usp=sharing","2567");
INSERT INTO pa_user_data VALUES("152","4","51","https://drive.google.com/drive/folders/11S3lP7RhrdjaucPWL4-xhjqPwQM3fSa7?usp=sharing","2567");
INSERT INTO pa_user_data VALUES("153","6","57","https://drive.google.com/drive/folders/1b-Nfm3xjBRMLR4oTbAaUk144J5KPXK0R?usp=sharing","2567");
INSERT INTO pa_user_data VALUES("154","12","35","https://drive.google.com/drive/folders/1-ii_fj2LfyJZacXbq4fGpdgo3usv0rzr","2567");
INSERT INTO pa_user_data VALUES("155","1","16","https://drive.google.com/drive/folders/1ToDInySBTwHPxpTbwdrpg_fC-B77-Uin?usp=sharing","2567");
INSERT INTO pa_user_data VALUES("156","3","36","https://drive.google.com/drive/folders/1QZlVcotrQvPs_4TNsFljUL7mcMorMP6m?usp=sharing","2567");
INSERT INTO pa_user_data VALUES("157","5","17","https://drive.google.com/drive/folders/1GLNOSt2PJzxwR0aqu6HMIooL44YxdvrR?usp=sharing","2567");
INSERT INTO pa_user_data VALUES("158","7","57","https://drive.google.com/drive/folders/1GQaZe8NOuvdytf0UiIRyIcT6ij9lF5qE?usp=sharing","2567");
INSERT INTO pa_user_data VALUES("159","4","36","https://drive.google.com/drive/folders/13rxfmm6-TqeWIOalm4QOv6fxK2FGnnBS?usp=sharing","2567");
INSERT INTO pa_user_data VALUES("160","13","35","https://drive.google.com/drive/folders/1-jjEL_01urRhuxsHzEgsuPXagfYSPX5B","2567");
INSERT INTO pa_user_data VALUES("161","5","36","https://drive.google.com/drive/folders/1c_MM_WnU_0JvkYRQB0n4tpGGtGeJNdT2?usp=sharing","2567");
INSERT INTO pa_user_data VALUES("162","8","57","https://drive.google.com/drive/folders/12NbkF1LsbFJ7HWflDCTEtIUS3qDqiM3Q?usp=sharing","2567");
INSERT INTO pa_user_data VALUES("163","19","5","https://drive.google.com/drive/folders/1YxuEsY3DPs6hdsq-2KvpIeGNMQfzWpCI?usp=sharing","2567");
INSERT INTO pa_user_data VALUES("164","19","67","https://drive.google.com/drive/folders/1lMao_rX11n8iQsfLLcantqiAgnARiYFR?usp=sharing","2567");
INSERT INTO pa_user_data VALUES("165","6","36","https://drive.google.com/drive/folders/1FzNYv3BmNLmefFEQN2e9fJewipQrB6_K?usp=sharing","2567");
INSERT INTO pa_user_data VALUES("166","9","57","https://drive.google.com/drive/folders/1YZhpaigBz8cg2iYFF6Z07DwW6I9fIn9U?usp=sharing","2567");
INSERT INTO pa_user_data VALUES("167","14","35","https://drive.google.com/drive/folders/1-rfSqp9en7Usm7_cs2fAJqDR2MLZFe9t","2567");
INSERT INTO pa_user_data VALUES("168","7","36","https://drive.google.com/drive/folders/1w_ZerECcqsKQ8eEBParr0nXp2NP_T-WB?usp=sharing","2567");
INSERT INTO pa_user_data VALUES("169","6","17","https://drive.google.com/drive/folders/129f_3FFWIuUj5ygpE5adp2ACsCaRsiv7?usp=sharing","2567");
INSERT INTO pa_user_data VALUES("170","15","35","https://drive.google.com/drive/folders/105Of4-tWX0PKka5R8mB_o0kXVpy0uDmS","2567");
INSERT INTO pa_user_data VALUES("171","10","57","https://drive.google.com/drive/folders/1j8rSJSvmqs-r4731oiR35FdHwHvA23ZL?usp=sharing","2567");
INSERT INTO pa_user_data VALUES("172","8","36","https://drive.google.com/drive/folders/1G5sguCR9caXzqfgVXfyW-Ih3SuufHMow?usp=sharing","2567");
INSERT INTO pa_user_data VALUES("173","1","59","https://drive.google.com/drive/folders/1lC87_cvbnIrDZEKYk2rdhzJgC7Y9r59m?usp=drive_link","2567");
INSERT INTO pa_user_data VALUES("174","9","36","https://drive.google.com/drive/folders/1kv5LoDgMbrH2zhvpTqekiqWIEqBWT6FS?usp=sharing","2567");
INSERT INTO pa_user_data VALUES("175","4","26","https://drive.google.com/drive/folders/1-uDvyhmMcSdr5oKyotiRsoISvmFRlXyl?usp=sharing","2567");
INSERT INTO pa_user_data VALUES("176","11","57","https://drive.google.com/drive/folders/1nMubIPGULd2bIpjl4DgOAZChszTxt3WA?usp=sharing","2567");
INSERT INTO pa_user_data VALUES("177","19","14","https://drive.google.com/drive/folders/1koPcXmDAGq2-yylqDFrteC1x5scDlFlz?usp=drive_link","2567");
INSERT INTO pa_user_data VALUES("178","2","59","https://drive.google.com/drive/folders/1jdzGSwD5e6KBbhY3lAVyQnV3G59XQhfL?usp=drive_link","2567");
INSERT INTO pa_user_data VALUES("179","12","57","https://drive.google.com/drive/folders/1fJB9a5R8DZIIyDPvxX4OxPvEOQuvOitd?usp=sharing","2567");
INSERT INTO pa_user_data VALUES("180","1","44","https://drive.google.com/drive/folders/1OmY6u-GUrLx9V7IvikSfb1ZiYZwSmfes?usp=sharing","2567");
INSERT INTO pa_user_data VALUES("181","19","35","https://drive.google.com/drive/folders/10CCkcJ6-CmYtDaOnLVpUi6NwVK-sJs87","2567");
INSERT INTO pa_user_data VALUES("182","10","36","https://drive.google.com/drive/folders/1pq1usnI956npX_1DrYrX4pogzXxBHp7v?usp=sharing","2567");
INSERT INTO pa_user_data VALUES("183","3","59","https://drive.google.com/drive/folders/1ZFE3du1w-j5Lt-Brb_ayihiAWxtYSKqV?usp=drive_link","2567");
INSERT INTO pa_user_data VALUES("184","13","57","https://drive.google.com/drive/folders/1VJEUkBHzDgT17DHRrUDvCU-PeuwXkd34?usp=sharing","2567");
INSERT INTO pa_user_data VALUES("185","11","36","https://drive.google.com/drive/folders/1cGJueRiGhBq5wTUf1h3YIBmFjgg-6It3?usp=sharing","2567");
INSERT INTO pa_user_data VALUES("186","14","57","https://drive.google.com/drive/folders/1xgx7EiDC5QNzhKaCXShW7hm9RLviwsfz?usp=sharing","2567");
INSERT INTO pa_user_data VALUES("187","12","36","https://drive.google.com/drive/folders/1FCsz4Q7J4aJmvp0OdZl3tGzcfQsREGLF?usp=sharing","2567");
INSERT INTO pa_user_data VALUES("188","15","57","https://drive.google.com/drive/folders/12aQIZGMGtw0_9NAn_VHpMK1iWiJxomSQ?usp=sharing","2567");
INSERT INTO pa_user_data VALUES("189","13","36","https://drive.google.com/drive/folders/1rc7x0y2ccIsqCpLb9SWKGKD7MK22ueAV?usp=sharing","2567");
INSERT INTO pa_user_data VALUES("190","19","57","https://drive.google.com/drive/folders/1xP0d3tGBJPyALWcSadFq1-nuPUnc4PtG?usp=sharing","2567");
INSERT INTO pa_user_data VALUES("191","14","36","https://drive.google.com/drive/folders/1kH6RE_Ya4ksVOyljfGQQ63QjKV17nhkO?usp=sharing","2567");
INSERT INTO pa_user_data VALUES("192","4","59","https://drive.google.com/drive/folders/1Tby4-E__LBAysD0lcQZu7tnW0TxVh651?usp=drive_link","2567");
INSERT INTO pa_user_data VALUES("193","15","36","https://drive.google.com/drive/folders/1zukYill9pNAzsjTWgbsiSvo8Bc7-e7GR?usp=sharing","2567");
INSERT INTO pa_user_data VALUES("194","5","59","https://drive.google.com/drive/folders/1kpIle_EePPjXpIUuD90dOJt5Ifman_8i?usp=drive_link","2567");
INSERT INTO pa_user_data VALUES("195","16","36","https://drive.google.com/drive/folders/1bNdWMwerO9rC_Cg39nA3zHm40MdUIl3o?usp=sharing","2567");
INSERT INTO pa_user_data VALUES("196","6","59","https://drive.google.com/drive/folders/19_p8o0WLM_uVf7gb_jAFtcOAmxCETKxp?usp=drive_link","2567");
INSERT INTO pa_user_data VALUES("197","7","59","https://drive.google.com/drive/folders/1LwoYzVexLkJMxHL5pDDVNGc89fQBX6_q?usp=drive_link","2567");
INSERT INTO pa_user_data VALUES("198","17","36","https://drive.google.com/drive/folders/1u7zioBAKLZnUm5Kcg5Rbj7rnTfxPNj4F?usp=sharing","2567");
INSERT INTO pa_user_data VALUES("199","18","36","https://drive.google.com/drive/folders/1u7zioBAKLZnUm5Kcg5Rbj7rnTfxPNj4F?usp=sharing","2567");
INSERT INTO pa_user_data VALUES("200","8","59","https://drive.google.com/drive/folders/1rFGtveBTy0Ej6iKvcfUAdYvowJst3YCE?usp=drive_link","2567");
INSERT INTO pa_user_data VALUES("201","9","59","https://drive.google.com/open?id=1g5mLG7TRx-PGp-ocwmXM2ceGfxCrM4p7&usp=drive_copy","2567");
INSERT INTO pa_user_data VALUES("202","8","17","https://drive.google.com/drive/folders/1BBMYsP9G3wA8RIL0HoPCvcW_S-2fefdI?usp=sharing","2567");
INSERT INTO pa_user_data VALUES("203","10","59","https://drive.google.com/drive/folders/1eMdOjpWFGJbGRmX4EY_49xf86cU428yZ?usp=drive_link","2567");
INSERT INTO pa_user_data VALUES("204","11","59","https://drive.google.com/drive/folders/182_ZsBeKd-apAjEkYFGYpsedwkGWZ54x?usp=drive_link","2567");
INSERT INTO pa_user_data VALUES("205","12","59","https://drive.google.com/drive/folders/1CroaZFyrjDyPy5JOhN-GfKbtV884XFe7?usp=drive_link","2567");
INSERT INTO pa_user_data VALUES("206","13","59","https://drive.google.com/drive/folders/1jYG-0G3KfewstYy60NVgcEf7db0oA6UC?usp=drive_link","2567");
INSERT INTO pa_user_data VALUES("207","5","51","https://drive.google.com/drive/folders/1sWTh0w1bil1X0SREwBLDq2_pB-LvpZMs?usp=drive_link","2567");
INSERT INTO pa_user_data VALUES("208","14","59","https://drive.google.com/drive/folders/1JKMgozBQhTp-aD4OtCE_GFo-7J-hQueg?usp=drive_link","2567");
INSERT INTO pa_user_data VALUES("209","6","51","https://drive.google.com/drive/folders/1B4ywD2P6T4TNLhaMBBh4U_GqrkblyEYF?usp=drive_link","2567");
INSERT INTO pa_user_data VALUES("210","15","59","https://drive.google.com/drive/folders/1ZleK1vi0JoSl2sQyMITN76fp4jpezdMa?usp=drive_link","2567");
INSERT INTO pa_user_data VALUES("211","7","51","https://drive.google.com/drive/folders/1lwmmSOlNXdu3Q3C3y4UVqRrRj1o-G2as?usp=drive_link","2567");
INSERT INTO pa_user_data VALUES("212","8","51","https://drive.google.com/drive/folders/1VlOwQ78HJZLIza7wtXpzLIFYG4z9MHIQ?usp=drive_link","2567");
INSERT INTO pa_user_data VALUES("213","9","51","https://drive.google.com/drive/folders/1uXtt0_Y4C2Gd8WYqeF0bDpxokA9xlmdY?usp=drive_link","2567");
INSERT INTO pa_user_data VALUES("214","10","51","https://drive.google.com/drive/folders/1wQ9iilZljlinmOq-TufWZQqIapU6Q6Xs?usp=drive_link","2567");
INSERT INTO pa_user_data VALUES("215","19","8","https://drive.google.com/drive/folders/1jPB6-CDwzt9pHKXjrssQbgTTWdw8LvtY?usp=sharing","2567");
INSERT INTO pa_user_data VALUES("216","11","51","https://drive.google.com/drive/folders/1HIrhS6ZOevabGdKoXPNx1ReAa_E0uPuT?usp=drive_link","2567");
INSERT INTO pa_user_data VALUES("217","12","51","https://drive.google.com/drive/folders/183eyn5VJ3l6diRW8Do0omEO_8yVRkbvn?usp=drive_link","2567");
INSERT INTO pa_user_data VALUES("218","19","60","https://drive.google.com/drive/folders/1ull8JiUS8hg07RVQtKk0DuigqcLG5R77?usp=sharing","2567");
INSERT INTO pa_user_data VALUES("219","13","51","https://drive.google.com/drive/folders/19UzmqfTLgaiwVeAArdE4ywrpoVma6ODd?usp=drive_link","2567");
INSERT INTO pa_user_data VALUES("220","14","51","https://drive.google.com/drive/folders/1NBju2QlolmsWi0sXdQHbczmk6805z0UG?usp=drive_link","2567");
INSERT INTO pa_user_data VALUES("221","15","51","https://drive.google.com/drive/folders/1MvQr7f0E33WSSXY1Cl_sfd4hnj2ivbYo?usp=drive_link","2567");
INSERT INTO pa_user_data VALUES("222","5","16","https://drive.google.com/drive/folders/1rSloUG4ZaDRfZ7hF7_QPtVXJuMCQ3SgD?usp=sharing","2567");
INSERT INTO pa_user_data VALUES("223","16","51","https://drive.google.com/drive/folders/1cgFeTViWd8SES0EgUwoCD_bAnlENqaq7?usp=drive_link","2567");
INSERT INTO pa_user_data VALUES("224","17","51","https://drive.google.com/drive/folders/1cgFeTViWd8SES0EgUwoCD_bAnlENqaq7?usp=drive_link","2567");
INSERT INTO pa_user_data VALUES("225","18","51","https://drive.google.com/drive/folders/1cgFeTViWd8SES0EgUwoCD_bAnlENqaq7?usp=drive_link","2567");
INSERT INTO pa_user_data VALUES("226","16","57","https://drive.google.com/drive/folders/1U149oP_-DnhBBi7eHAAz0Gu78IUfF4ht?usp=sharing","2567");
INSERT INTO pa_user_data VALUES("227","17","57","https://drive.google.com/drive/folders/1U149oP_-DnhBBi7eHAAz0Gu78IUfF4ht?usp=sharing","2567");
INSERT INTO pa_user_data VALUES("228","18","57","https://drive.google.com/drive/folders/1U149oP_-DnhBBi7eHAAz0Gu78IUfF4ht?usp=sharing","2567");
INSERT INTO pa_user_data VALUES("229","19","54","https://drive.google.com/drive/folders/1_LoRTHLR6pWVMC1rye7QbDeCgElCmnFL?usp=sharing","2567");
INSERT INTO pa_user_data VALUES("230","1","54","https://drive.google.com/drive/folders/1BB6RTOTfAxAZA05ro016Mny5xsOvmJQm?usp=sharing","2567");
INSERT INTO pa_user_data VALUES("231","2","54","https://drive.google.com/drive/folders/1yuvc1kZMF6v9UlSxFjIyyEESQLThE3Ci?usp=sharing","2567");
INSERT INTO pa_user_data VALUES("232","3","54","https://drive.google.com/drive/folders/1hpjllRxRfHpRZK-XILgxgsDR4W3NJkR0?usp=sharing","2567");
INSERT INTO pa_user_data VALUES("233","4","54","https://drive.google.com/drive/folders/1CVFcK8WNjQzVeoW-lsggQU70pYu9geFe?usp=sharing","2567");
INSERT INTO pa_user_data VALUES("234","5","54","https://drive.google.com/drive/folders/1b-v2C_N-sVuzZHnzXZpBKcZAZQz3KnaN?usp=sharing","2567");
INSERT INTO pa_user_data VALUES("235","6","54","https://drive.google.com/drive/folders/1TJPKLLME03mCWNPCMD-KjHkDtY_aMHh0?usp=sharing","2567");
INSERT INTO pa_user_data VALUES("236","7","54","https://drive.google.com/drive/folders/10KA_cH4ln1jX3yV0FMcvStZGA7kJqJhB?usp=sharing","2567");
INSERT INTO pa_user_data VALUES("237","8","54","https://drive.google.com/drive/folders/1GxYd_UUx1w2jbd_QHvBG4Lhx2GiER_aB?usp=sharing","2567");
INSERT INTO pa_user_data VALUES("238","9","54","https://drive.google.com/drive/folders/1y50bry6z83VpybRmZ59Q7f9aY5KjOhid?usp=sharing","2567");
INSERT INTO pa_user_data VALUES("239","10","54","https://drive.google.com/drive/folders/1-tDo6CaV9ZV7jBN3uFdEH7gzZGwTyzw9?usp=sharing","2567");
INSERT INTO pa_user_data VALUES("240","11","54","https://drive.google.com/drive/folders/1M7nDN7CFa0HmwKqDbbRRCrm6sd-yZzKs?usp=sharing","2567");
INSERT INTO pa_user_data VALUES("241","12","54","https://drive.google.com/drive/folders/16_057f09ja_a4vxPfP6ipSKvBkRwzlL0?usp=sharing","2567");
INSERT INTO pa_user_data VALUES("242","13","54","https://drive.google.com/drive/folders/1ReQDq15ZsR6QLUGs5DUqDVeIeC9C8IhE?usp=sharing","2567");
INSERT INTO pa_user_data VALUES("243","14","54","https://drive.google.com/drive/folders/1pmYJUVDfxAKy4uu2pVTCCdmn_lctMRNm?usp=sharing","2567");
INSERT INTO pa_user_data VALUES("244","15","54","https://drive.google.com/drive/folders/1TcQ3omlTAGbU7KVLIeNlmfd0HY34Z_hg?usp=sharing","2567");
INSERT INTO pa_user_data VALUES("245","16","54","https://drive.google.com/drive/folders/17RsXk7SoYQDy0Dzahiee_FdHc4Ohqyky?usp=sharing","2567");
INSERT INTO pa_user_data VALUES("246","17","54","https://drive.google.com/drive/folders/1FSdVqhatDHtv2yFJYyBBZImdcjQAD4Ft?usp=sharing","2567");
INSERT INTO pa_user_data VALUES("247","18","54","https://drive.google.com/drive/folders/1WTsKh41vD_USCBJA9Df5OMf_0vPaMcu1?usp=sharing","2567");
INSERT INTO pa_user_data VALUES("248","19","68","https://drive.google.com/drive/folders/1XOocbB806aNsSmu3nY8UV7SBkyebUQwg?usp=sharing","2567");
INSERT INTO pa_user_data VALUES("249","1","68","https://drive.google.com/drive/folders/1s7dn_172OtsFTmGSyA4Tfsnl4DRphdI3?usp=sharing","2567");
INSERT INTO pa_user_data VALUES("250","2","68","https://drive.google.com/drive/folders/1Ib9lvHmiQBQzpLht8Fbyssnj8cym5RXS?usp=sharing","2567");
INSERT INTO pa_user_data VALUES("251","3","68","https://drive.google.com/drive/folders/1VWXbiVNsu_y6OoTS_tT7Bq-3Otb6omSC?usp=sharing","2567");
INSERT INTO pa_user_data VALUES("252","4","68","https://drive.google.com/drive/folders/16Ch_PiNkXdQJd_6hz19OKhqGbtamzW6d?usp=sharing","2567");
INSERT INTO pa_user_data VALUES("253","5","68","https://drive.google.com/drive/folders/1wdpYOSxlj6lghHj3txhfxNLFwP-h2akI?usp=sharing","2567");
INSERT INTO pa_user_data VALUES("254","6","68","https://drive.google.com/drive/folders/1objdcMpIbsLk1xzNCASZyOh8cGg_4eMz?usp=sharing","2567");
INSERT INTO pa_user_data VALUES("255","7","68","https://drive.google.com/drive/folders/1Z5xRPvavEsMfGWu9j8cCuwYjD9qfcd8v?usp=sharing","2567");
INSERT INTO pa_user_data VALUES("256","8","68","https://drive.google.com/drive/folders/1uHSO9bYnHHoKXZrWen1dgbvS4xaG3Uaa?usp=sharing","2567");
INSERT INTO pa_user_data VALUES("257","9","68","https://drive.google.com/drive/folders/1s1A4Pj-tsnRpnjuniMy-r1jrz6DLt2sy?usp=sharing","2567");
INSERT INTO pa_user_data VALUES("258","10","68","https://drive.google.com/drive/folders/1f3aLIA4AO26bUWzoaTslhePkXTKGUBo5?usp=sharing","2567");
INSERT INTO pa_user_data VALUES("259","11","68","https://drive.google.com/drive/folders/1Plk6VcJs-jstWWMSl8_Rhr9BiovB2vuI?usp=sharing","2567");
INSERT INTO pa_user_data VALUES("260","12","68","https://drive.google.com/drive/folders/1zFLOKhhf4fyVR-fFGFw5_FyTjP8GgBFn?usp=sharing","2567");
INSERT INTO pa_user_data VALUES("261","13","68","https://drive.google.com/drive/folders/1RVRAx4kH3jXERzuZmeqcGba01tpDaky3?usp=sharing","2567");
INSERT INTO pa_user_data VALUES("262","14","68","https://drive.google.com/drive/folders/1D0B7eaiMjCvSPLkXj2Cw0TLzj41pPMHQ?usp=sharing","2567");
INSERT INTO pa_user_data VALUES("263","15","68","https://drive.google.com/drive/folders/1loAUl_qnb3wFbtL2QL3TGJdkFsSzs7DR?usp=sharing","2567");
INSERT INTO pa_user_data VALUES("264","16","68","https://drive.google.com/file/d/1sBsyEeAeuNy6Tov24QHLSR8Lg1Fd5mYJ/view?usp=drive_link","2567");
INSERT INTO pa_user_data VALUES("265","17","68","https://drive.google.com/file/d/139VC0td2DzwyhrtNUkGwc_pfWlDaWsiO/view?usp=sharing","2567");
INSERT INTO pa_user_data VALUES("266","18","68","https://drive.google.com/file/d/139VC0td2DzwyhrtNUkGwc_pfWlDaWsiO/view?usp=sharing","2567");
INSERT INTO pa_user_data VALUES("267","19","33","https://drive.google.com/drive/folders/1X9Wx4ZKNTMqrUTtyWTtSKHE8OWckwOVj?usp=sharing","2567");
INSERT INTO pa_user_data VALUES("268","2","33","https://drive.google.com/drive/folders/1M5bLA3erFwNaSRRvLdbgqukqxHHM-XZ5?usp=sharing","2567");
INSERT INTO pa_user_data VALUES("269","3","33","https://drive.google.com/drive/folders/1YFDj6ro-v5FuL-PIKdxq7mQPJpzqKoRj?usp=drive_link","2567");
INSERT INTO pa_user_data VALUES("270","4","33","https://drive.google.com/drive/folders/12Rcljh5K_1P_zjcI6cSe-wrBJ6A2Z1Qs?usp=sharing","2567");
INSERT INTO pa_user_data VALUES("271","5","33","https://drive.google.com/drive/folders/1X7R8UYHUY0CQDxSHpp2Y1Z8EM_34qUw8?usp=sharing","2567");
INSERT INTO pa_user_data VALUES("272","6","33","https://drive.google.com/drive/folders/1QNrMy_hrB0EewFO4BrAnx3YDGI-lK_3A?usp=drive_link","2567");
INSERT INTO pa_user_data VALUES("273","7","33","https://drive.google.com/drive/folders/1UC9M4NUDHwosCideEt-smSdeiwpN4FiX?usp=sharing","2567");
INSERT INTO pa_user_data VALUES("274","8","33","https://drive.google.com/drive/folders/1xb2QnZtmN2npcf4aIyYr8FkgGeXJo46D?usp=sharing","2567");
INSERT INTO pa_user_data VALUES("275","9","33","https://drive.google.com/drive/folders/1yz5PFDF9ttQs-IZGdr22HpFdFoknJ1K-?usp=sharing","2567");
INSERT INTO pa_user_data VALUES("276","10","33","https://drive.google.com/drive/folders/1KHLUwUB-b0eH3whUly4FXBTtgfHFN6-u?usp=drive_link","2567");
INSERT INTO pa_user_data VALUES("277","11","33","https://drive.google.com/drive/folders/1IosrpHfj-VtvMxrSNfiRbHcRPp_mqGiT?usp=drive_link","2567");
INSERT INTO pa_user_data VALUES("278","12","33","https://drive.google.com/drive/folders/1HLXZNgbC2uvyO8CfDhNPpDYkM20ts8aL?usp=drive_link","2567");
INSERT INTO pa_user_data VALUES("279","13","33","https://drive.google.com/drive/folders/1Hf--WjoCWaO2K1s4z0O3cIleQO4zGEHw?usp=drive_link","2567");
INSERT INTO pa_user_data VALUES("280","14","33","https://drive.google.com/drive/folders/1XoswZJYmjPvczgREwTB8HVXTzxV7Ew8M?usp=drive_link","2567");
INSERT INTO pa_user_data VALUES("281","15","33","https://drive.google.com/drive/folders/1JHcjAVt7Q5sN5DWp60-9z8wS7EoH34tg?usp=drive_link","2567");
INSERT INTO pa_user_data VALUES("282","16","33","https://drive.google.com/drive/folders/13kTxYXVjimZBjnugELDFSJWFeoSZtB1Q?usp=sharing","2567");
INSERT INTO pa_user_data VALUES("283","17","33","https://drive.google.com/drive/folders/1IzsTNFyTkZ7SQBfXlOZE3dksnSfm3qV_?usp=sharing","2567");
INSERT INTO pa_user_data VALUES("284","18","33","https://drive.google.com/drive/folders/1pdHMNaikUn12RXbLP91rVB8Q0KD88B3W?usp=sharing","2567");
INSERT INTO pa_user_data VALUES("285","19","45","https://drive.google.com/drive/folders/1aXLfZZETLM2doMrmpsMqC6v4MI6oUK3N?usp=sharing","2567");
INSERT INTO pa_user_data VALUES("286","16","45","https://drive.google.com/drive/folders/1hCR6CK019xUV466DpSP76NA_jG4_1WBh?usp=sharing","2567");
INSERT INTO pa_user_data VALUES("287","17","45","https://drive.google.com/drive/folders/1hCR6CK019xUV466DpSP76NA_jG4_1WBh?usp=sharing","2567");
INSERT INTO pa_user_data VALUES("288","18","45","https://drive.google.com/drive/folders/1hCR6CK019xUV466DpSP76NA_jG4_1WBh?usp=sharing","2567");
INSERT INTO pa_user_data VALUES("289","2","45","https://drive.google.com/drive/folders/14V--cheQRnRvojb8e6E03sU26EQXAV5U?usp=sharing","2567");
INSERT INTO pa_user_data VALUES("290","3","45","https://drive.google.com/drive/folders/10KihxyjQKMHw2wfw_OjkJOtxcybbTdkJ?usp=sharing","2567");
INSERT INTO pa_user_data VALUES("291","4","45","https://drive.google.com/drive/folders/1jDjBGVWdA75FXb9tF82bHRWPnHUFGexD?usp=sharing","2567");
INSERT INTO pa_user_data VALUES("292","5","45","https://drive.google.com/drive/folders/1HcVcLPylwnDHNr3kX8cm2bCWRHbtquxN?usp=sharing","2567");
INSERT INTO pa_user_data VALUES("293","6","45","https://drive.google.com/drive/folders/1zx6ABjeA6efBbnwP1OMCsoQaSmLrzOgx?usp=sharing","2567");
INSERT INTO pa_user_data VALUES("294","7","45","https://drive.google.com/drive/folders/1YXcy2rzKk2zz7HvuGvRlkvAOIQeo5RI7?usp=sharing","2567");
INSERT INTO pa_user_data VALUES("295","8","45","https://drive.google.com/drive/folders/1Y73bkj4v8aMeKlmoCHFiWREI_RNOvNkf?usp=sharing","2567");
INSERT INTO pa_user_data VALUES("296","9","45","https://drive.google.com/drive/folders/15j7uVGJU9y5ch3s9TG-dm_zV7EFODnq5?usp=sharing","2567");
INSERT INTO pa_user_data VALUES("297","10","45","https://drive.google.com/drive/folders/1j40HWI6uO_LoFM_B27ZvaNZVvjau8NLn?usp=sharing","2567");
INSERT INTO pa_user_data VALUES("298","11","45","https://drive.google.com/drive/folders/10fOrsmpr0RjTcoM6LES2IX3h4I1dlbKA?usp=sharing","2567");
INSERT INTO pa_user_data VALUES("299","12","45","https://drive.google.com/drive/folders/1l-ko1goswI_jS1hJiTd8k0tVW4f6FdST?usp=sharing","2567");
INSERT INTO pa_user_data VALUES("300","13","45","https://drive.google.com/drive/folders/1eYwP2hH7vbWedIcmo6HPvUafo32UB30G?usp=sharing","2567");
INSERT INTO pa_user_data VALUES("301","14","45","https://drive.google.com/drive/folders/1UGM8ZVAc-x-4uvICFLDdV6qNJZGMNcdK?usp=sharing","2567");
INSERT INTO pa_user_data VALUES("302","15","45","https://drive.google.com/drive/folders/1_2p_KdTUOQ0irQctb2xKMXV0QrhKsJd8?usp=sharing","2567");
INSERT INTO pa_user_data VALUES("303","7","17","https://drive.google.com/drive/folders/1fwG2fD72E2DryxCC6OXWAsiStcnTom1V?usp=sharing","2567");
INSERT INTO pa_user_data VALUES("304","9","17","https://drive.google.com/drive/folders/1RrEaipmlnOYUmIIzO0evMMQ3-V7CV4qo?usp=sharing","2567");
INSERT INTO pa_user_data VALUES("305","10","17","https://drive.google.com/drive/folders/1oG-MHeWqypNrTihKnLb4OXcd06_g0324?usp=sharing","2567");
INSERT INTO pa_user_data VALUES("306","11","17","https://drive.google.com/drive/folders/1ayfWi8hNd-iZsM_1exW5QIrmCOMSAB4b?usp=sharing","2567");
INSERT INTO pa_user_data VALUES("307","12","17","https://drive.google.com/drive/folders/1cOmFHXo9mg2mRA3Vnji4yQU7EL1l1qKx?usp=sharing","2567");
INSERT INTO pa_user_data VALUES("308","13","17","https://drive.google.com/drive/folders/1DYbIgJUZFA_RAw9MHCUM-0ea4JPFu1JA?usp=sharing","2567");
INSERT INTO pa_user_data VALUES("309","14","17","https://drive.google.com/drive/folders/1jDe6VKh658NHKSYx_VChNVVJr-EiNAVo?usp=sharing","2567");
INSERT INTO pa_user_data VALUES("310","15","17","https://drive.google.com/drive/folders/1yXc8gPd-1DHOfmYtuHCDAmR6bNtqxLls?usp=sharing","2567");
INSERT INTO pa_user_data VALUES("311","16","17","https://drive.google.com/drive/folders/1HzoZzlnelZMX0HGoHF_9UjHbuj2V7th5?usp=sharing","2567");
INSERT INTO pa_user_data VALUES("312","17","17","https://drive.google.com/drive/folders/1Fy9RWlNXo58xNIIZGCv2qOodkb7UzA3N?usp=sharing","2567");
INSERT INTO pa_user_data VALUES("313","18","17","https://drive.google.com/drive/folders/1_HOufgGH7FADJVl9WYUDSGuAPMe3JqSi?usp=sharing","2567");
INSERT INTO pa_user_data VALUES("314","4","34","https://drive.google.com/drive/folders/1IjDmG1OoUXq12b-HNArHt-IrJxVMvX_a?usp=sharing","2567");
INSERT INTO pa_user_data VALUES("315","19","43","https://drive.google.com/file/d/1xhSqSykPb04mlbWnHCxNx7HF5Tfym-cN/view?usp=sharing","2567");
INSERT INTO pa_user_data VALUES("316","2","43","https://drive.google.com/file/d/13nEBbJZpHnbRd6DLVlMHYGLwT5RbwOor/view?usp=sharing","2567");
INSERT INTO pa_user_data VALUES("317","4","43","https://drive.google.com/file/d/1ZxqYdl05tsLEkuRj5fOvk0oytVoQyonn/view?usp=sharing","2567");
INSERT INTO pa_user_data VALUES("318","3","43","https://drive.google.com/drive/folders/1-QIAqfj44DnyZbfKKc66Y4Xo8UGp4z0O?usp=sharing","2567");
INSERT INTO pa_user_data VALUES("319","5","26","https://drive.google.com/drive/folders/1YgSvoxJ7V-UOpgyEgh1dcBXPF4tMEjpd?usp=sharing","2567");
INSERT INTO pa_user_data VALUES("320","6","26","https://drive.google.com/drive/folders/183NbrFlkr9EvByr3N_njepa7RdRRKMQS?usp=sharing","2567");
INSERT INTO pa_user_data VALUES("321","7","26","https://drive.google.com/drive/folders/1ETYRcjscV4DbyADWBpleXoc65-jESBG0?usp=sharing","2567");
INSERT INTO pa_user_data VALUES("322","8","26","https://drive.google.com/drive/folders/1g8GUYUj6UjbBAWGzftFLe6Rseb2Fnfu1?usp=sharing","2567");
INSERT INTO pa_user_data VALUES("323","9","26","https://drive.google.com/drive/folders/1sGkRSiDgpWfy5pH4GTplvlj-am5x1Hql?usp=sharing","2567");
INSERT INTO pa_user_data VALUES("324","10","26","https://drive.google.com/drive/folders/1JLQFhFVKBbtwQakMydE2fqmkpP-kyXmk?usp=sharing","2567");
INSERT INTO pa_user_data VALUES("325","11","26","https://drive.google.com/drive/folders/1QaWjg-ZWqYI7ADvC1xzR2ZN2NXMV28rh?usp=sharing","2567");
INSERT INTO pa_user_data VALUES("326","12","26","https://drive.google.com/drive/folders/1KSLWfU9xyl8Z5KabtAdoD5yYyE89eNYF?usp=sharing","2567");
INSERT INTO pa_user_data VALUES("327","13","26","https://drive.google.com/drive/folders/1YV7TN-9_DlfX6x1ZorlVe8laUyCqkDNl?usp=sharing","2567");
INSERT INTO pa_user_data VALUES("328","14","26","https://drive.google.com/drive/folders/18501oPqAdvO7fY70TCJ3lDbYXWSat-m_?usp=sharing","2567");
INSERT INTO pa_user_data VALUES("329","15","26","https://drive.google.com/drive/folders/1YanWNtlDLP75GzEFqnITnimLX2y2kR_D?usp=sharing","2567");
INSERT INTO pa_user_data VALUES("330","16","26","https://drive.google.com/drive/folders/1P4eJ73DrLzWB6wJYLS74ApJs6JFlc7UJ?usp=sharing","2567");
INSERT INTO pa_user_data VALUES("331","17","26","https://drive.google.com/drive/folders/1g-heBiSO2Mfmt833j4dyN35l3xgIpK4J?usp=sharing","2567");
INSERT INTO pa_user_data VALUES("332","18","26","https://drive.google.com/drive/folders/1dvoE95He8LOqpnuZccCkgJKme6EhQqQ5?usp=sharing","2567");
INSERT INTO pa_user_data VALUES("333","19","26","https://drive.google.com/drive/folders/10_G9QULne8Wi-Zn9-McUiFd6JF1QokQO?usp=sharing","2567");
INSERT INTO pa_user_data VALUES("334","19","15","https://drive.google.com/drive/folders/1r_ncXqx_Fa8pYSDxnQjxKNe0kyDCX9rF?usp=sharing","2567");
INSERT INTO pa_user_data VALUES("335","1","15","https://drive.google.com/drive/folders/1k97jzy5xE0_Mah8pd7-KCTF0QIsb-NXa?usp=sharing","2567");
INSERT INTO pa_user_data VALUES("336","2","15","https://drive.google.com/drive/folders/1gzJlq5Ln_NJt9v06luWCuHEwxgtFWYsl?usp=sharing","2567");
INSERT INTO pa_user_data VALUES("337","3","15","https://drive.google.com/drive/folders/1Zd31datxn_EW6LOX11W4i8stvQfvP9wG?usp=sharing","2567");
INSERT INTO pa_user_data VALUES("338","4","15","https://drive.google.com/drive/folders/1SIG62QuwZUf-YyH3iKsFX0tTmezC6FXp?usp=sharing","2567");
INSERT INTO pa_user_data VALUES("339","5","15","https://drive.google.com/drive/folders/1Do_B7ekWKF7xMmhakPKbVCymWG5EM5vy?usp=sharing","2567");
INSERT INTO pa_user_data VALUES("340","6","15","https://drive.google.com/drive/folders/1gD8K-AjDlZA7q7MyxEoX25tFIcwyGXNj?usp=sharing","2567");
INSERT INTO pa_user_data VALUES("341","7","15","https://drive.google.com/drive/folders/1IHKipUKlrnNO95ezKqVF5dIEb6D1Esbz?usp=sharing","2567");
INSERT INTO pa_user_data VALUES("342","8","15","https://drive.google.com/drive/folders/1yuO0x21WS5lQ_sSZzOkZW-7gqSHp2Kxj?usp=sharing","2567");
INSERT INTO pa_user_data VALUES("343","9","15","https://drive.google.com/drive/folders/101hLCp79m37cQ0rsI00ToxFDj6uhlVND?usp=sharing","2567");
INSERT INTO pa_user_data VALUES("344","10","15","https://drive.google.com/drive/folders/1HzB2KvjcB8nsK-ZeSAwCDS3P8naR7gU6?usp=sharing","2567");
INSERT INTO pa_user_data VALUES("345","11","15","https://drive.google.com/drive/folders/1Z4APLA1tqiixM2umKZwly3E-BONnJ1_5?usp=sharing","2567");
INSERT INTO pa_user_data VALUES("346","12","15","https://drive.google.com/drive/folders/1OLj-XmP2CWeC5ZXlVuiEFaPivj2km7WM?usp=sharing","2567");
INSERT INTO pa_user_data VALUES("347","13","15","https://drive.google.com/drive/folders/11rS4F-NEs9ydP8GWsOqw6Lxue8h3ymSl?usp=sharing","2567");
INSERT INTO pa_user_data VALUES("348","14","15","https://drive.google.com/drive/folders/1YOeIbxKL-MbuwqBT3AVmXAZtz8F8s8Ca?usp=sharing","2567");
INSERT INTO pa_user_data VALUES("349","15","15","https://drive.google.com/drive/folders/1h-XyJpth-OtK2qcuk_J9IayP51zdIWmB?usp=sharing","2567");
INSERT INTO pa_user_data VALUES("350","17","15","https://drive.google.com/drive/folders/1NCJQbKpf-31Hd6I2GUgOOrbvsz9KHlK1?usp=sharing","2567");
INSERT INTO pa_user_data VALUES("351","18","15","https://drive.google.com/drive/folders/1NCJQbKpf-31Hd6I2GUgOOrbvsz9KHlK1?usp=sharing","2567");
INSERT INTO pa_user_data VALUES("352","16","15","https://drive.google.com/drive/folders/1r_ncXqx_Fa8pYSDxnQjxKNe0kyDCX9rF?usp=sharing","2567");
INSERT INTO pa_user_data VALUES("353","5","43","https://drive.google.com/file/d/1tzALHT7h628yu6wgHhn8yIxUQJrtT9og/view?usp=sharing","2567");
INSERT INTO pa_user_data VALUES("354","7","43","https://drive.google.com/file/d/1EgbMRJsAZEzMtmfGMfhSs7D_dpGwcerm/view?usp=sharing","2567");
INSERT INTO pa_user_data VALUES("355","5","34","https://drive.google.com/drive/folders/1MwmBPCdcwC9yAk-vLdEsqNiSA_CouIow?usp=sharing","2567");
INSERT INTO pa_user_data VALUES("356","6","34","https://drive.google.com/drive/folders/1-ZxMZPmaKiJo_YHWUwLJ8HOQ8CcVnmxQ?usp=sharing","2567");
INSERT INTO pa_user_data VALUES("357","7","34","https://drive.google.com/drive/folders/14QYsQ9G15p4jsrzOhGxdF7-irQuVkef_?usp=sharing","2567");
INSERT INTO pa_user_data VALUES("358","8","34","https://drive.google.com/drive/folders/1h8QIEfzCXwGftQo1CNBYpEdKMMQl2Lv4?usp=sharing","2567");
INSERT INTO pa_user_data VALUES("359","9","34","https://drive.google.com/drive/folders/1erXZwRh7zUVCEYAa1kLPUl5mBMnVnXkv?usp=sharing","2567");
INSERT INTO pa_user_data VALUES("360","10","34","https://drive.google.com/drive/folders/1k2BWuV10aQB1PwgRA9X4MGyUeqwe8Vei?usp=sharing","2567");
INSERT INTO pa_user_data VALUES("361","11","34","https://drive.google.com/drive/folders/1xdVzJV9pPVx2v00GIueFB_m-AI2CuPU5?usp=sharing","2567");
INSERT INTO pa_user_data VALUES("362","12","34","https://drive.google.com/drive/folders/1eSgaQUxgv4mvCyV9uDzcQDASnYUsU8qV?usp=sharing","2567");
INSERT INTO pa_user_data VALUES("363","13","34","https://drive.google.com/drive/folders/1lssOyhcJfHrcH6RikQ2HbmwzWI_DDQ_T?usp=sharing","2567");
INSERT INTO pa_user_data VALUES("364","14","34","https://drive.google.com/drive/folders/1lssOyhcJfHrcH6RikQ2HbmwzWI_DDQ_T?usp=sharing","2567");
INSERT INTO pa_user_data VALUES("365","15","34","https://drive.google.com/drive/folders/1lssOyhcJfHrcH6RikQ2HbmwzWI_DDQ_T?usp=sharing","2567");
INSERT INTO pa_user_data VALUES("366","16","34","https://drive.google.com/drive/folders/14ysSx4bc6-L0RUc9NfaUeyMvoVmHWL0w?usp=sharing","2567");
INSERT INTO pa_user_data VALUES("367","17","34","https://drive.google.com/drive/folders/1nJWqY9mt9ZJGxTxQhM74mcnIPTU3TLWB?usp=sharing","2567");
INSERT INTO pa_user_data VALUES("368","18","34","https://drive.google.com/drive/folders/1DtcqTHU7y6SbzWWeFDJiRz1G9jQl1Aiy?usp=sharing","2567");
INSERT INTO pa_user_data VALUES("369","2","44","https://drive.google.com/drive/folders/1a3ChfDa0iDo5dw6JtN59tDRNcePcwcvx?usp=drive_link","2567");
INSERT INTO pa_user_data VALUES("370","3","44","https://drive.google.com/drive/folders/1u0mPpt-LZ5MKZpcv-z_BLdCGNvicF_zc?usp=drive_link","2567");
INSERT INTO pa_user_data VALUES("371","4","44","https://drive.google.com/drive/folders/1DPK2f0R2UokLjWRAJaLvKhh78VfKzfE8?usp=drive_link","2567");
INSERT INTO pa_user_data VALUES("372","5","44","https://drive.google.com/drive/folders/11cmgb3UHoOM0IzzqG5t_1VcHsglBkXtx?usp=drive_link","2567");
INSERT INTO pa_user_data VALUES("373","6","44","https://drive.google.com/drive/folders/1-Aq0OTVGChUhShVWSLDrty5ScJJT_KdJ?usp=drive_link","2567");
INSERT INTO pa_user_data VALUES("374","7","44","https://drive.google.com/drive/folders/1M8hHLwbTx7u0ou34wPRC38JF8E_cMDRM?usp=drive_link","2567");
INSERT INTO pa_user_data VALUES("375","8","44","https://drive.google.com/drive/folders/1Fb8zDPejaeBK-JUtM1FA98yNXsN8JUSL?usp=drive_link","2567");
INSERT INTO pa_user_data VALUES("376","9","44","https://drive.google.com/drive/folders/1aIZX-Gl5YBSG7hvmYZKssYND_gLK-i2Z?usp=drive_link","2567");
INSERT INTO pa_user_data VALUES("377","10","44","https://drive.google.com/drive/folders/1bfGJN_m7dzLxZwGQzy4EilIw7lad46vK?usp=drive_link","2567");
INSERT INTO pa_user_data VALUES("378","11","44","https://drive.google.com/drive/folders/1sFoxyGNY2q8ZevBfLN-mJ9djcQQ0FxNO?usp=drive_link","2567");
INSERT INTO pa_user_data VALUES("379","12","44","https://drive.google.com/drive/folders/1EUrdCwnbwMfrhzx3DF0joohjJWyuhKV7?usp=drive_link","2567");
INSERT INTO pa_user_data VALUES("380","13","44","https://drive.google.com/drive/folders/1kemJ6zsIEAa-dxGIzZywpGLrN5fhIgom?usp=drive_link","2567");
INSERT INTO pa_user_data VALUES("381","14","44","https://drive.google.com/drive/folders/14NjGtixUi2wKLDyJGaaI0tNaZ9ZgM1CZ?usp=drive_link","2567");
INSERT INTO pa_user_data VALUES("382","15","44","https://drive.google.com/drive/folders/1Xq8Qp3_hspX305Ck4Dye5GehMdjBExO2?usp=drive_link","2567");
INSERT INTO pa_user_data VALUES("383","16","67","https://drive.google.com/drive/folders/1AIOjUWBLsaQfVy3_iDgKrciY0NOXCA1W?usp=sharing","2567");
INSERT INTO pa_user_data VALUES("384","17","67","https://drive.google.com/drive/folders/1AIOjUWBLsaQfVy3_iDgKrciY0NOXCA1W?usp=sharing","2567");
INSERT INTO pa_user_data VALUES("385","18","67","https://drive.google.com/drive/folders/1AIOjUWBLsaQfVy3_iDgKrciY0NOXCA1W?usp=sharing","2567");
INSERT INTO pa_user_data VALUES("386","8","16","https://drive.google.com/drive/folders/1woxq80DWczY_rDHjte-jkKjMOK62jhmN?usp=sharing","2567");
INSERT INTO pa_user_data VALUES("387","8","43","https://drive.google.com/file/d/15OIK2FG7tN3kGe8cRUHvD9ROqTJJHesd/view?usp=sharing","2567");
INSERT INTO pa_user_data VALUES("388","1","62","https://drive.google.com/file/d/1T8OHV6BLtZxQf2tOsEEBlCbJc6CdVgkS/view?usp=sharing","2567");
INSERT INTO pa_user_data VALUES("389","2","62","https://drive.google.com/drive/folders/1cHS-0PBfuE9B6OucWeBPEAgU9v0-heJ8?usp=sharing","2567");
INSERT INTO pa_user_data VALUES("390","3","62","https://drive.google.com/drive/folders/1fb2qqOXqGLIC17kME3nC8Gz2POwyHIQX?usp=sharing","2567");
INSERT INTO pa_user_data VALUES("391","4","62","https://drive.google.com/drive/folders/1KRD2iX4evGIS2TY0x3w35EQTOTc9Xav8?usp=sharing","2567");
INSERT INTO pa_user_data VALUES("392","8","62","https://drive.google.com/drive/folders/1u7l7sNFOxvZLP-r4poeImCFMBcGWPQMA?usp=sharing","2567");
INSERT INTO pa_user_data VALUES("393","4","19","https://drive.google.com/drive/folders/1JtxK89zoKI5blZ7CGGziHxAIqbV0HOJQ?usp=sharing","2567");
INSERT INTO pa_user_data VALUES("394","5","19","https://drive.google.com/drive/folders/1qolOTiEUsqrmXXiA5MV7PqaBTxzCIZBE?usp=sharing","2567");
INSERT INTO pa_user_data VALUES("395","6","19","https://drive.google.com/drive/folders/1mPaqVMVcAHoJT1SkT1ToIXqO6M9G73ug?usp=sharing","2567");
INSERT INTO pa_user_data VALUES("396","7","19","https://drive.google.com/drive/folders/11QaEKgbw70q5f7tHfW4LxB4f-7flgdI7?usp=sharing","2567");
INSERT INTO pa_user_data VALUES("397","8","19","https://drive.google.com/drive/folders/1Cyg_4tBVzR4cuZ3if_b0L-qaSL89YRt3?usp=sharing","2567");
INSERT INTO pa_user_data VALUES("398","9","19","https://drive.google.com/drive/folders/1_KKZcG69hpy8Kp8-GxMaS_tKsfKwklwo?usp=sharing","2567");
INSERT INTO pa_user_data VALUES("399","10","19","https://drive.google.com/drive/folders/18AhTVIES3ijmeyd9RtRmUNmk3oZORQ1M?usp=sharing","2567");
INSERT INTO pa_user_data VALUES("400","11","19","https://drive.google.com/drive/folders/1UFL_9DXzErX-tVWyv8FxyOJYwtylZHv0?usp=sharing","2567");
INSERT INTO pa_user_data VALUES("401","12","19","https://drive.google.com/drive/folders/169LRr6livZ7GIOXtstHYDqoEGG6xlGqg?usp=sharing","2567");
INSERT INTO pa_user_data VALUES("402","13","19","https://drive.google.com/drive/folders/15a2jF9ZhImesoDAxH_OT81Jzyi-t30PN?usp=sharing","2567");
INSERT INTO pa_user_data VALUES("403","14","19","https://drive.google.com/drive/folders/1MWI3CcV0ubW3cEJAXyYfykdmfI_9QlHk?usp=sharing","2567");
INSERT INTO pa_user_data VALUES("404","15","19","https://drive.google.com/drive/folders/1aOzaH1GT1c2dH6Imi_iE0BHgNH-KzFmg?usp=sharing","2567");
INSERT INTO pa_user_data VALUES("405","16","19","https://drive.google.com/drive/folders/1MQE8JgdH0IPRPbetDaTb8oLgqBPxX0fE?usp=sharing","2567");
INSERT INTO pa_user_data VALUES("406","17","19","https://drive.google.com/drive/folders/1Q2GZj353epJE_DKs0N3BbkeSuXaYb66R?usp=sharing","2567");
INSERT INTO pa_user_data VALUES("407","18","19","https://drive.google.com/drive/folders/1iCbtZgL1yebJGGyN4h6QMU87AjBN24OD?usp=sharing","2567");
INSERT INTO pa_user_data VALUES("408","19","79","๑.มีภาระงานด้านการบริหารวิชาการและความเป็นผู้นำทางวิชาการ 
ด้านการบริหารจัดการสถานศึกษา
ด้านการบริหารการเปลี่ยนแปลงเชิงกลยุทธ์นวัตกรรม
ด้านการบริหารงานชุมชนและเครือข่ายเต็มเวลา
มีการพัฒนาตนเองและวิชาชีพ

๒.มีการปฏิบัติการสอนซึ่งเป็นส่วนหนึ่งของการบริหารงานด้านวิชาการและความเป็นผู้นำทางวิชาการ ๑๐ ชั่วโมง/สัปดาห์ โดยสังเกตการสอนและสะท้อนผลการสอนร่วมกัยครูในกิจกรรมเปิดชั้นเรียน Open class และเป็นผู้นำกิจกรรมแลกเปลี่ยนเรียนรู้ในชุมชนการเรียนรู้ทางวิชาชีพ plc ของสถานศึกษา และจัดกิจกรรมเสริมการเรียนรู้และอบรมบ่มนิสัยผู้เรียน","2567");
INSERT INTO pa_user_data VALUES("409","9","43","https://drive.google.com/file/d/1C168sJwlxsrHc10LfbneWBThlz3ec16d/view?usp=sharing","2567");
INSERT INTO pa_user_data VALUES("410","4","20","https://drive.google.com/drive/folders/1TQt4Z27hDMWKpy9od0zxJyosltLzbAUj?usp=sharing","2567");
INSERT INTO pa_user_data VALUES("411","5","20","https://drive.google.com/drive/folders/18uPjQqHj_VQRYXJvY-OC5tMT4Ts_yr2A?usp=sharing","2567");
INSERT INTO pa_user_data VALUES("412","6","20","https://drive.google.com/drive/folders/1rceVREiouhlstK_yF1abPJ80NH5tHgww?usp=sharing","2567");
INSERT INTO pa_user_data VALUES("413","19","62","https://drive.google.com/drive/folders/17yAzRdF784TwquNlvZ37SONcoS-7nk2K?usp=sharing","2567");
INSERT INTO pa_user_data VALUES("414","5","62","https://drive.google.com/drive/folders/1ZJ_J3GEQvnOkxcgpyeYae5xhnuZMFCpg?usp=sharing","2567");
INSERT INTO pa_user_data VALUES("415","6","62","https://drive.google.com/file/d/1he8eMjbWpvYOmviPTfVwNXmfPzn4e7zJ/view?usp=sharing","2567");
INSERT INTO pa_user_data VALUES("416","7","20","https://drive.google.com/drive/folders/16CX9x-ORbg-BsvyNsLK3iQIWw9r-3dZq?usp=sharing","2567");
INSERT INTO pa_user_data VALUES("417","8","20","https://drive.google.com/drive/folders/1cKVaxvPjcvMYtU9A8yF83QE2NGtHgBh6?usp=sharing","2567");
INSERT INTO pa_user_data VALUES("418","9","20","https://drive.google.com/drive/folders/1TKqZe36Bm2hlZHxvNLi7z-V8NLdsUa2I?usp=sharing","2567");
INSERT INTO pa_user_data VALUES("419","10","20","https://drive.google.com/drive/folders/10yHibDVfMDk0IDzfgzya6kHPV2fyutv3?usp=sharing","2567");
INSERT INTO pa_user_data VALUES("420","11","20","https://drive.google.com/drive/folders/1AKjqtmf-p2vDHMsfWYpjdmjcfSL1p4Ez?usp=sharing","2567");
INSERT INTO pa_user_data VALUES("421","12","20","https://drive.google.com/drive/folders/1iCsbyyClTaTuvt5PnxHBVc010g_cNaTU?usp=sharing","2567");
INSERT INTO pa_user_data VALUES("422","13","20","https://drive.google.com/drive/folders/1LDSYhnSGOQtndfIpJxLD2mV9JqgrGPvb?usp=sharing","2567");
INSERT INTO pa_user_data VALUES("423","14","20","https://drive.google.com/drive/folders/1aUM4m_0P6FZLg3ud4NgrrGd9pzu2CfkR?usp=sharing","2567");
INSERT INTO pa_user_data VALUES("424","15","20","https://drive.google.com/drive/folders/1_dy_Iqwui6tRDLVIv5DlCBNTTumraIq_?usp=sharing","2567");
INSERT INTO pa_user_data VALUES("425","16","20","https://drive.google.com/drive/folders/147O78X_yNncHUsZ1wZtQ7u4TGaT1xsjJ?usp=sharing","2567");
INSERT INTO pa_user_data VALUES("426","17","20","https://drive.google.com/drive/folders/19fK79pRzvmCOcBtSCTCpjQNHkd3UCkOQ?usp=sharing","2567");
INSERT INTO pa_user_data VALUES("427","18","20","https://drive.google.com/drive/folders/1LOxt5f_4Cwdw-bUfNmZ-09jyK-wU6uvw?usp=sharing","2567");
INSERT INTO pa_user_data VALUES("428","19","20","https://drive.google.com/drive/folders/19S-QJnDvtZi78bAup_J2hkVEbpTRsXEL?usp=sharing","2567");
INSERT INTO pa_user_data VALUES("429","19","16","https://drive.google.com/drive/folders/1-GpMUETixJ3ARQDNrZFMkQDJIgYeiDE2?usp=sharing","2567");
INSERT INTO pa_user_data VALUES("430","2","16","https://drive.google.com/drive/folders/1gozgD-bnpkxqeP_9XL196Fy9NFBPFcru?usp=sharing","2567");
INSERT INTO pa_user_data VALUES("431","3","16","https://drive.google.com/drive/folders/1phYMypXVzQ-GpE4aEFiGJbip5LRST5_c?usp=sharing","2567");
INSERT INTO pa_user_data VALUES("432","4","16","https://drive.google.com/drive/folders/1CL6GVGxiDAGpaNIkRGF0wP4PK2CiDjOM?usp=sharing","2567");
INSERT INTO pa_user_data VALUES("433","6","16","https://drive.google.com/drive/folders/1ETqarJ9NVGg5a1v2s3RSfzWzKMoqIftE?usp=sharing","2567");
INSERT INTO pa_user_data VALUES("434","7","16","https://drive.google.com/drive/folders/1ebmPFIXlYLCCXdOJ9GU5e5XPkANO-FlK?usp=sharing","2567");
INSERT INTO pa_user_data VALUES("435","9","16","https://drive.google.com/drive/folders/1SrJ9xwef9X4c4lFLTHMt_lca5U0NwA2l?usp=sharing","2567");
INSERT INTO pa_user_data VALUES("436","10","16","https://drive.google.com/drive/folders/11zOXUS0ZuzQAydF6Pd06FxEJASEmaCFz?usp=sharing","2567");
INSERT INTO pa_user_data VALUES("437","11","16","https://drive.google.com/drive/folders/1EMnxRUzQn2655HS_3DCCMU23pr1mKTv9?usp=sharing","2567");
INSERT INTO pa_user_data VALUES("438","12","16","https://drive.google.com/drive/folders/1_3orDGw8mP0VUWcdPs_FiCsClzH9rfU1?usp=sharing","2567");
INSERT INTO pa_user_data VALUES("439","13","16","https://drive.google.com/drive/folders/1mxpz77zjfHoYejUVWUnZJV7suhrhUOr4?usp=sharing","2567");
INSERT INTO pa_user_data VALUES("440","14","16","https://drive.google.com/drive/folders/1bnKMKguJP4a3K8SldO2Da1Iwcqxef7pQ?usp=sharing","2567");
INSERT INTO pa_user_data VALUES("441","15","16","https://drive.google.com/drive/folders/1p-5D08yIAkkUh_cwkcH8tNBUbP5HDOvE?usp=sharing","2567");
INSERT INTO pa_user_data VALUES("442","16","16","https://drive.google.com/drive/folders/1t6jH3nV_-jYuYuZTWGLpgvgpKQUUiJsn?usp=sharing","2567");
INSERT INTO pa_user_data VALUES("443","17","16","https://drive.google.com/drive/folders/11drU-JyCZf-lmfSm6jPfde1yzkgrFi3a?usp=sharing","2567");
INSERT INTO pa_user_data VALUES("444","18","16","https://drive.google.com/drive/folders/1zTKEI2JPIyYk9L0onz3-osDol_CEiU_q?usp=sharing","2567");
INSERT INTO pa_user_data VALUES("445","2","60","https://drive.google.com/drive/folders/1-x9EMmbfvOrlC04knkUkJBG-uJAIvtks?usp=sharing","2567");
INSERT INTO pa_user_data VALUES("446","1","60","https://drive.google.com/drive/folders/1lHhxV5MdKbiyUGuKct95XYid0_SxP2h0?usp=sharing","2567");
INSERT INTO pa_user_data VALUES("447","15","62","https://drive.google.com/drive/folders/1WEyd5fwbMDi7FszMXcEdEUTBf8LMm_s3?usp=sharing","2567");
INSERT INTO pa_user_data VALUES("448","14","62","https://drive.google.com/drive/folders/1bq83yE2PctU68fVETcRPEQzli6yLdN-m?usp=sharing","2567");
INSERT INTO pa_user_data VALUES("449","13","62","https://drive.google.com/drive/folders/1Z9F3l8LHdAfy4c9cR04Ta737nFVA7P0d?usp=sharing","2567");
INSERT INTO pa_user_data VALUES("450","12","62","https://drive.google.com/drive/folders/1D_46tk-c3fHTOyPwOssUGAn5vl3Qmmdy?usp=sharing","2567");
INSERT INTO pa_user_data VALUES("451","11","62","https://drive.google.com/drive/folders/1ULcyvqDAAkHx-0HrSnHQLtEX-WXlQq7x?usp=sharing","2567");
INSERT INTO pa_user_data VALUES("452","16","35","https://drive.google.com/drive/folders/1mH1wHsMQns46U49i0PIRvMYr9Ix7egU3?usp=sharing","2567");
INSERT INTO pa_user_data VALUES("453","17","35","https://drive.google.com/drive/folders/1mH1wHsMQns46U49i0PIRvMYr9Ix7egU3?usp=sharing","2567");
INSERT INTO pa_user_data VALUES("454","18","35","https://drive.google.com/drive/folders/1mH1wHsMQns46U49i0PIRvMYr9Ix7egU3?usp=sharing","2567");
INSERT INTO pa_user_data VALUES("455","19","71","https://drive.google.com/drive/folders/1gfaOKzpcDigAuaSBCFOr5JdPHYZOSaMK?usp=sharing","2567");
INSERT INTO pa_user_data VALUES("456","2","71","https://drive.google.com/drive/folders/15WmFZ4NvVnUXOQ6aJcEuof6-2oB484OY?usp=sharing","2567");
INSERT INTO pa_user_data VALUES("457","3","71","https://drive.google.com/drive/folders/1W-HzwZO4Tfr-XsvwO_34k3Tq4gDuTzAg?usp=sharing","2567");
INSERT INTO pa_user_data VALUES("458","4","71","https://drive.google.com/drive/folders/1NgnSg7_7K_q5tWr5YTY8QXNM6St1WpEX?usp=sharing","2567");
INSERT INTO pa_user_data VALUES("459","5","71","https://drive.google.com/drive/folders/19eVYcu1rxTtGWm9B9i6RKiJzkdwg7mc3?usp=sharing","2567");
INSERT INTO pa_user_data VALUES("460","6","71","https://drive.google.com/drive/folders/13fxJplmPfBaTDBFo-YGgvKWvmsvipilk?usp=sharing","2567");
INSERT INTO pa_user_data VALUES("461","7","71","https://drive.google.com/drive/folders/1p5ydSGXSWbDCv3YVcR8YXr375017d7mh?usp=sharing","2567");
INSERT INTO pa_user_data VALUES("462","8","71","https://drive.google.com/drive/folders/17vSlP3RQIis8VdgrBIBV7CghSftVChGD?usp=sharing","2567");
INSERT INTO pa_user_data VALUES("463","9","71","https://drive.google.com/drive/folders/1MMsOdK2aKW9Q4aqd0NX_JFdDG4d_PdOR?usp=sharing","2567");
INSERT INTO pa_user_data VALUES("464","10","71","https://drive.google.com/drive/folders/109ZlY_qYC1d3ruz1NzV_QTJ1yfztpTpk?usp=sharing","2567");
INSERT INTO pa_user_data VALUES("465","11","71","https://drive.google.com/drive/folders/1DJ6gtryX0U5aNZbHIMzAykIRtjjI2nX1?usp=sharing","2567");
INSERT INTO pa_user_data VALUES("466","12","71","https://drive.google.com/drive/folders/1OSmd0oGz4Y3gEXdcdDGLH2ntSK7LLr8V?usp=sharing","2567");
INSERT INTO pa_user_data VALUES("467","13","71","https://drive.google.com/drive/folders/16TpW1HwlOWfX-_qUPkUcwTLi2DZTwzd9?usp=sharing","2567");
INSERT INTO pa_user_data VALUES("468","14","71","https://drive.google.com/drive/folders/11ztFD8OvTazRP6EA1j53-aAqZGeFwY3R?usp=sharing","2567");
INSERT INTO pa_user_data VALUES("469","15","71","https://drive.google.com/drive/folders/1r8rhZpO2l3DJ9xPPi41666kqfjCEWLDp?usp=sharing","2567");
INSERT INTO pa_user_data VALUES("470","16","71","https://drive.google.com/drive/folders/15iQ94Epql7_vTKYMDA14ZVdPUM4LOHhj?usp=sharing","2567");
INSERT INTO pa_user_data VALUES("471","17","71","https://drive.google.com/drive/folders/15iQ94Epql7_vTKYMDA14ZVdPUM4LOHhj?usp=sharing","2567");
INSERT INTO pa_user_data VALUES("472","18","71","https://drive.google.com/drive/folders/15iQ94Epql7_vTKYMDA14ZVdPUM4LOHhj?usp=sharing","2567");
INSERT INTO pa_user_data VALUES("473","19","61","https://drive.google.com/drive/folders/1eT3PIEN0N7BktyNH3ovL6JDvan3RRdFm?usp=sharing","2567");
INSERT INTO pa_user_data VALUES("474","2","53","https://drive.google.com/drive/folders/1FkLopK_dAizJWQ0M-wpz1LljHos00Jej?usp=sharing","2567");
INSERT INTO pa_user_data VALUES("475","3","53","https://drive.google.com/drive/folders/1NM4tBOjgnaVUeWec0d3JcF89_tGUZUiv?usp=sharing","2567");
INSERT INTO pa_user_data VALUES("476","4","53","https://drive.google.com/drive/folders/1tgofALVUvFmlr1ta2E-A4RUL8zlPwziZ?usp=sharing","2567");
INSERT INTO pa_user_data VALUES("477","7","62","https://drive.google.com/drive/folders/1oRg5osNTZG9jSthhFboL9JPo25t1s2Uo?usp=sharing","2567");
INSERT INTO pa_user_data VALUES("478","5","53","https://drive.google.com/drive/folders/1k7hnM5Uim4l36ykxN35utMttQYWSaZBY?usp=sharing","2567");
INSERT INTO pa_user_data VALUES("479","10","62","https://drive.google.com/drive/folders/1iLzLZTOH-0iQeut0KyDS4Gen0pu1wq0Q?usp=sharing","2567");
INSERT INTO pa_user_data VALUES("480","6","53","https://drive.google.com/drive/folders/1R3oNT7Jz_cn1ok33foKkbS-22In0o98r?usp=sharing","2567");
INSERT INTO pa_user_data VALUES("481","7","53","https://drive.google.com/drive/folders/1b_b3uNdw_LqAWCjv5y3nCUDLpk0cywBo?usp=sharing","2567");
INSERT INTO pa_user_data VALUES("482","8","53","https://drive.google.com/drive/folders/1KxpBthd0QCcwOSrBjcDtBNcjgkeDPPsQ?usp=sharing","2567");
INSERT INTO pa_user_data VALUES("483","9","53","https://drive.google.com/drive/folders/18D2zKjmdQcmviubFhWD3TxNy5GkGC3Dw?usp=sharing","2567");
INSERT INTO pa_user_data VALUES("484","16","62","https://drive.google.com/drive/folders/1DMSnxMllEuh3f0Wi2hCKDZ-W-FP7dJXI?usp=sharing","2567");
INSERT INTO pa_user_data VALUES("485","17","62","https://drive.google.com/drive/folders/1D_Dm4DeGXHzqGbBLQGMJRbj5YmY6gDtk?usp=sharing","2567");
INSERT INTO pa_user_data VALUES("486","18","62","https://drive.google.com/drive/folders/1yKuJCSHv_-hij-URUhrJt6283eGDhGBm?usp=sharing","2567");
INSERT INTO pa_user_data VALUES("487","16","59","https://drive.google.com/drive/u/0/folders/1SzTqxVsdBfObNVap1NUN42RJ0tqxzp1P","2567");
INSERT INTO pa_user_data VALUES("488","17","59","https://drive.google.com/drive/u/0/folders/1SzTqxVsdBfObNVap1NUN42RJ0tqxzp1P","2567");
INSERT INTO pa_user_data VALUES("489","18","59","https://drive.google.com/drive/u/0/folders/1SzTqxVsdBfObNVap1NUN42RJ0tqxzp1P","2567");
INSERT INTO pa_user_data VALUES("490","2","61","https://drive.google.com/drive/folders/19kJpnJQ0uUXYO9zSycEMTYct3Q3zp0Xg?usp=sharing","2567");
INSERT INTO pa_user_data VALUES("491","10","53","https://drive.google.com/drive/folders/19cL_rt9rGiac7z9khAFDiPMtY1-q8Vxw?usp=sharing","2567");
INSERT INTO pa_user_data VALUES("492","11","53","https://drive.google.com/drive/folders/1i_enk8aEPFf6a7YdOHTJvA3ZdA8BR3MJ?usp=sharing","2567");
INSERT INTO pa_user_data VALUES("493","12","53","https://drive.google.com/drive/folders/1o5z0tB_9-FgpqiRYWOqvYLNz_Be1hnL2?usp=sharing","2567");
INSERT INTO pa_user_data VALUES("494","3","61","https://drive.google.com/drive/folders/13JRwkSJ_f6fhGLdUHMivjyhKyzKInQ_1?usp=sharing","2567");
INSERT INTO pa_user_data VALUES("495","13","53","https://drive.google.com/drive/folders/1De02ZjmSK3Yylr5iY4sR2xzHacR1fqqL?usp=sharing","2567");
INSERT INTO pa_user_data VALUES("496","14","53","https://drive.google.com/drive/folders/1-xhvawZmzLss7PXkVDE5bVVGANR4hsp5?usp=sharing","2567");
INSERT INTO pa_user_data VALUES("497","15","53","https://drive.google.com/drive/folders/1mAo1eqm5ATOk63mBjXOcdNWLVEg6tOMc?usp=sharing","2567");
INSERT INTO pa_user_data VALUES("498","1","9","https://drive.google.com/drive/folders/1N7neDpM8wtZUuHP4jL5kQcZaXLQMUPmG?usp=drive_link","2567");
INSERT INTO pa_user_data VALUES("499","2","9","https://drive.google.com/drive/folders/1qOGh9isrY9QhkZXXpA4gI62d8F9yTBoH?usp=drive_link","2567");
INSERT INTO pa_user_data VALUES("500","3","9","https://drive.google.com/drive/folders/1Yf4P-0l-hQpUgFhOOvXi46Ju2oGBhegC?usp=drive_link","2567");
INSERT INTO pa_user_data VALUES("501","4","9","https://drive.google.com/drive/folders/1DQ1k6tlOmozULIfDCvlZgbYFw1BlNsQW?usp=drive_link","2567");
INSERT INTO pa_user_data VALUES("502","5","9","https://drive.google.com/drive/folders/1sjJ5PIqaHECAi3TaTJva77sAkmhySy-j?usp=drive_link","2567");
INSERT INTO pa_user_data VALUES("503","6","9","https://drive.google.com/drive/folders/1gE_UQaBDYQBVMgQiHJPj4ywg3JpAQ_ar?usp=drive_link","2567");
INSERT INTO pa_user_data VALUES("504","7","9","https://drive.google.com/drive/folders/1v9HX8ApuattIvSHKqGNNJdPv2WgTlXBd?usp=drive_link","2567");
INSERT INTO pa_user_data VALUES("505","8","9","https://drive.google.com/drive/folders/1gh7n2DetTvUfY9lM-ri7KTIgAzqbVQR9?usp=drive_link","2567");
INSERT INTO pa_user_data VALUES("506","9","9","https://drive.google.com/drive/folders/1wfljiGlOXRkCcv2i4Jat9dmqAORj9O4P?usp=drive_link","2567");
INSERT INTO pa_user_data VALUES("507","10","9","https://drive.google.com/drive/folders/1ax1qJePtvF16Q9YWA4ZkbynDZJ3ilKBc?usp=drive_link","2567");
INSERT INTO pa_user_data VALUES("508","11","9","https://drive.google.com/drive/folders/1F0s-7lKbkNq7384nhomq7E2g2YCUjkQe?usp=drive_link","2567");
INSERT INTO pa_user_data VALUES("509","12","9","https://drive.google.com/drive/folders/1d6vcS0t-EoAAHhptH3vN3P2xLZrGAnm9?usp=drive_link","2567");
INSERT INTO pa_user_data VALUES("510","13","9","https://drive.google.com/drive/folders/1ypBk4Hkl9VniGo_zSMyWxFkH0PVOVsVr?usp=drive_link","2567");
INSERT INTO pa_user_data VALUES("511","14","9","https://drive.google.com/drive/folders/1mQJ5IQ43iD-d50xmqVP4WI0N7tOgTXjf?usp=drive_link","2567");
INSERT INTO pa_user_data VALUES("512","15","9","https://drive.google.com/drive/folders/1vVwU_GRnhdqHHjCP9Xn3D4nihgRdVKRK?usp=drive_link","2567");
INSERT INTO pa_user_data VALUES("513","1","14","https://drive.google.com/drive/folders/1l1Oi6i2oLHWxDf4WdWBhxq8yXzelMtW2?usp=drive_link","2567");
INSERT INTO pa_user_data VALUES("514","2","14","https://drive.google.com/drive/folders/1YCMxP225Qw9wgEaTgjD5lBIWlkl1QgGM?usp=drive_link","2567");
INSERT INTO pa_user_data VALUES("515","3","14","https://drive.google.com/drive/folders/1wXl8BgF6p1JVsTHFEYs5Vf7SOOjFb6aD?usp=drive_link","2567");
INSERT INTO pa_user_data VALUES("516","4","14","https://drive.google.com/drive/folders/1b_Nse_EoduPFm33vWlM8_sfaYsHtAy6X?usp=drive_link","2567");
INSERT INTO pa_user_data VALUES("517","5","14","https://drive.google.com/drive/folders/17GIYJc9iUbyFPvtBklUPEo1VzLlgWzSo?usp=drive_link","2567");
INSERT INTO pa_user_data VALUES("518","6","14","https://drive.google.com/drive/folders/1L8NkWSeW-GAwNbEmFh0by5r2ULETH0t_?usp=drive_link","2567");
INSERT INTO pa_user_data VALUES("519","7","14","https://drive.google.com/drive/folders/15wLJv17BoSujwGzBcvOHejAOLIIOIXD2?usp=drive_link","2567");
INSERT INTO pa_user_data VALUES("520","8","14","https://drive.google.com/drive/folders/1zmg_hHqhXVpaL9Ik-0RIJYmMoY0ZzPXX?usp=drive_link","2567");
INSERT INTO pa_user_data VALUES("521","9","14","https://drive.google.com/drive/folders/1mHzOhrztgZg-qi_ujYlmF-O9FizALzq8?usp=drive_link","2567");
INSERT INTO pa_user_data VALUES("522","10","14","https://drive.google.com/drive/folders/1xYM2W9j2xWyZRerVBXz445SGvruScwbk?usp=drive_link","2567");
INSERT INTO pa_user_data VALUES("523","11","14","https://drive.google.com/drive/folders/1xYM2W9j2xWyZRerVBXz445SGvruScwbk?usp=drive_link","2567");
INSERT INTO pa_user_data VALUES("524","12","14","https://drive.google.com/drive/folders/16znBXFbLWxpwN05l_Q6rMg5w3Wmh95AI?usp=drive_link","2567");
INSERT INTO pa_user_data VALUES("525","13","14","https://drive.google.com/drive/folders/1rLkXiOUy7nsvSoTiv5uBMrkD1q9SjqqB?usp=drive_link","2567");
INSERT INTO pa_user_data VALUES("526","14","14","https://drive.google.com/drive/folders/1CvtLvXO8SUImXc_wBFsQ1qrC0FAkgpxh?usp=drive_link","2567");
INSERT INTO pa_user_data VALUES("527","15","14","https://drive.google.com/drive/folders/1diX2bcD8kHeRUktAgyFb5b2ZrKgNDzDS?usp=drive_link","2567");
INSERT INTO pa_user_data VALUES("528","9","62","https://drive.google.com/drive/folders/1DziIY2qbQJakZTpo_EJRMZaQ-QyYgMei?usp=sharing","2567");
INSERT INTO pa_user_data VALUES("529","7","61","https://drive.google.com/drive/folders/1MX2xHziIqkQqWb4mq6zlAytXOk-LtyaM?usp=sharing","2567");
INSERT INTO pa_user_data VALUES("530","8","61","https://drive.google.com/drive/folders/1d3MvTlM9OrditbBrngxuM5K2IH_v09Af?usp=sharing","2567");
INSERT INTO pa_user_data VALUES("531","19","84","https://drive.google.com/drive/folders/1zQdlW_5WU0Ls3bwB-hlLgFXKSmGNtUDQ?usp=sharing","2567");
INSERT INTO pa_user_data VALUES("532","10","61","https://drive.google.com/drive/folders/18EY3iZ0iZxgB7vCiLkVSr6JrI2t6YcCV?usp=sharing","2567");
INSERT INTO pa_user_data VALUES("533","2","84","https://drive.google.com/drive/folders/16pEFlimPI0Bhx4-9IVlbSc4f_2XgGcqo?usp=sharing","2567");
INSERT INTO pa_user_data VALUES("534","11","61","https://drive.google.com/drive/folders/1kkDaLUzxwaZ0eRw8u6bsmkVvhKgsxHX3?usp=sharing","2567");
INSERT INTO pa_user_data VALUES("535","3","84","https://drive.google.com/drive/folders/1rYJl4qJL6QWwck0vVnTZoFf-f5qHzMW2?usp=sharing","2567");
INSERT INTO pa_user_data VALUES("536","4","84","https://drive.google.com/drive/folders/1-t0vLC8oUBY_IzW3FjbbthrnvhK-5gBn?usp=sharing","2567");
INSERT INTO pa_user_data VALUES("537","12","61","https://drive.google.com/drive/folders/1IfuoyN5lb7X5lgPUf0AdcvEfBu5-phnD?usp=sharing","2567");
INSERT INTO pa_user_data VALUES("538","5","84","https://drive.google.com/drive/folders/16CMYvAknw7U3QFHrEoPZ99ThhZ6e4W_T?usp=sharing","2567");
INSERT INTO pa_user_data VALUES("539","6","84","https://drive.google.com/drive/folders/19prMw9411fbPYW7Ryhp29YihiIT6Kpqd?usp=sharing","2567");
INSERT INTO pa_user_data VALUES("540","7","84","https://drive.google.com/drive/folders/1H-4xlistFdPTZmhdCvVjXGKF1lRBn_3l?usp=sharing","2567");
INSERT INTO pa_user_data VALUES("541","8","84","https://drive.google.com/drive/folders/1Y4euBEh3SMyNtFZVfjxWCQ-jra6RjxuR?usp=sharing","2567");
INSERT INTO pa_user_data VALUES("542","9","84","https://drive.google.com/drive/folders/1vzzsNgCgitAwOPgAPxrP1Wa3K2gJOw_O?usp=sharing","2567");
INSERT INTO pa_user_data VALUES("543","13","61","https://drive.google.com/drive/folders/1SFUZww3F7e5wI4HQdwh9u2B6iqh9vmMs?usp=sharing","2567");
INSERT INTO pa_user_data VALUES("544","10","84","https://drive.google.com/drive/folders/1RHz_FMsAcajgXsnY1v4om_TYr_QvEimP?usp=sharing","2567");
INSERT INTO pa_user_data VALUES("545","11","84","https://drive.google.com/drive/folders/1E-ieoJWdWDD0cUm22YVMuSZgnT4mryBk?usp=sharing","2567");
INSERT INTO pa_user_data VALUES("546","14","61","https://drive.google.com/drive/folders/1f5TBknMRHDC8S-qCBTSTaBB36qhn5caY?usp=sharing","2567");
INSERT INTO pa_user_data VALUES("547","12","84","https://drive.google.com/drive/folders/1gbxo1JOWhuqVvoPXxvZ_2kfzNtid4w8I?usp=sharing","2567");
INSERT INTO pa_user_data VALUES("548","15","61","https://drive.google.com/drive/folders/12PQHYpm9hI4nn5INB6Jh5MSKC0MuTtyh?usp=sharing","2567");
INSERT INTO pa_user_data VALUES("549","13","84","https://drive.google.com/drive/folders/1quNa3IPyrR-X6azYWcMsMuP8cOmBYd9w?usp=sharing","2567");
INSERT INTO pa_user_data VALUES("550","14","84","https://drive.google.com/drive/folders/1wMkD6N3yBqQ8AOYOIyyNFJnVYvVO1KmT?usp=sharing","2567");
INSERT INTO pa_user_data VALUES("551","15","84","https://drive.google.com/drive/folders/1NWZ1_u32nmmkm3lnItMixvup22CJiGdi?usp=sharing","2567");
INSERT INTO pa_user_data VALUES("552","16","84","https://drive.google.com/drive/folders/16eVafEzuvGTARlFnbzAfPezAJyUedqRD?usp=sharing","2567");
INSERT INTO pa_user_data VALUES("553","17","84","https://drive.google.com/drive/folders/16eVafEzuvGTARlFnbzAfPezAJyUedqRD?usp=sharing","2567");
INSERT INTO pa_user_data VALUES("554","18","84","https://drive.google.com/drive/folders/16eVafEzuvGTARlFnbzAfPezAJyUedqRD?usp=sharing","2567");
INSERT INTO pa_user_data VALUES("555","16","53","https://drive.google.com/drive/folders/1DY1bE7Pkms-VGeuPVWiYXepW6YoP5F6I?usp=sharing","2567");
INSERT INTO pa_user_data VALUES("556","17","53","https://drive.google.com/drive/folders/1DY1bE7Pkms-VGeuPVWiYXepW6YoP5F6I?usp=sharing","2567");
INSERT INTO pa_user_data VALUES("557","18","53","https://drive.google.com/drive/folders/1DY1bE7Pkms-VGeuPVWiYXepW6YoP5F6I?usp=sharing","2567");
INSERT INTO pa_user_data VALUES("558","4","61","https://drive.google.com/drive/folders/11EOilUl73mfL4A6MjWJKjxHn_8UaPWiy?usp=sharing","2567");
INSERT INTO pa_user_data VALUES("559","5","61","https://drive.google.com/drive/folders/14AkgbmZ2Ln4UQ7hU_GKssau5l-G4jyTX?usp=sharing","2567");
INSERT INTO pa_user_data VALUES("560","1","6","https://drive.google.com/drive/folders/1eQsHBJCmSqlC477GtzZxmfwkVMfIV0rm?usp=drive_link","2567");
INSERT INTO pa_user_data VALUES("561","9","61","https://drive.google.com/drive/folders/1JDKjWxR_9ST6dfR_3uVCz0ko23EVuoZT?usp=sharing","2567");
INSERT INTO pa_user_data VALUES("562","1","40","https://drive.google.com/drive/folders/1siqH9-FUKxdBAPnx5rA1N1zHt6P5m4OJ?usp=drive_link","2567");
INSERT INTO pa_user_data VALUES("563","2","40","https://drive.google.com/drive/folders/1Ftia9Hk4kgKtml2lpsIVzzS0_YpV0m4n?usp=drive_link","2567");
INSERT INTO pa_user_data VALUES("564","3","40","https://drive.google.com/drive/folders/1MwBV5jdAo-Kjf7apwb06HxaOifIt-tCr?usp=drive_link","2567");
INSERT INTO pa_user_data VALUES("565","2","6","https://drive.google.com/drive/folders/1nexSRpyc2pAf9hQbuuI33bIvvpPY0qKx?usp=drive_link","2567");
INSERT INTO pa_user_data VALUES("566","3","6","https://drive.google.com/drive/folders/1bqC81JYAtSbdWqafUcb-lA8_8llVkWXr?usp=drive_link","2567");
INSERT INTO pa_user_data VALUES("567","4","6","https://drive.google.com/drive/folders/1c3FzsLB2MxE10IBU8v47GNJB9p5zwn5f?usp=drive_link","2567");
INSERT INTO pa_user_data VALUES("568","5","6","https://drive.google.com/drive/folders/1p59VQ3WM0bG1GoUXVNa_EmptZNRcNZ3l?usp=drive_link","2567");
INSERT INTO pa_user_data VALUES("569","6","6","https://drive.google.com/drive/folders/1N61AT-60DNCz7_h-mnIIA0TyO5kOZ2D4?usp=drive_link","2567");
INSERT INTO pa_user_data VALUES("570","7","6","https://drive.google.com/drive/folders/125gySr6XaSwffcVc6xUG5tZXg8uq7L9o?usp=drive_link","2567");
INSERT INTO pa_user_data VALUES("571","8","6","https://drive.google.com/drive/folders/1fc5E0CEde988UJOaqcqCTZxdz1z7BSmW?usp=drive_link","2567");
INSERT INTO pa_user_data VALUES("572","9","6","https://drive.google.com/drive/folders/14fAMEpESGiX5GzrM9nLtV-CTciUxoFpX?usp=drive_link","2567");
INSERT INTO pa_user_data VALUES("573","10","6","https://drive.google.com/drive/folders/1xF71RjNHkW3o-wEtTHDlgwPeko3klL5F?usp=drive_link","2567");
INSERT INTO pa_user_data VALUES("574","11","6","https://drive.google.com/drive/folders/1c_ZEOGHO9rZqd9z7BfvKUrjT3ioOnKLm?usp=drive_link","2567");
INSERT INTO pa_user_data VALUES("575","12","6","https://drive.google.com/drive/folders/1HSxF5H61cvmyf8JrSQJuGblsxqj-1OWF?usp=drive_link","2567");
INSERT INTO pa_user_data VALUES("576","13","6","https://drive.google.com/drive/folders/1Su9WnzCTANXYvDRt0OgDTfAMJMeKvhqn?usp=drive_link","2567");
INSERT INTO pa_user_data VALUES("577","14","6","https://drive.google.com/drive/folders/19VQ8hEm-lMnxT3GJJjPjfVN9guEeT9MK?usp=drive_link","2567");
INSERT INTO pa_user_data VALUES("578","15","6","https://drive.google.com/drive/folders/1i559LdYDiRknP_s52nGrNCstHY5b2hzm?usp=drive_link","2567");
INSERT INTO pa_user_data VALUES("579","16","6","https://drive.google.com/drive/folders/1Heqk7WgX15CevvgR-TiTsCRRIHKAhKjV?usp=drive_link","2567");
INSERT INTO pa_user_data VALUES("580","17","6","https://drive.google.com/drive/folders/1Heqk7WgX15CevvgR-TiTsCRRIHKAhKjV?usp=drive_link","2567");
INSERT INTO pa_user_data VALUES("581","18","6","https://drive.google.com/drive/folders/1Heqk7WgX15CevvgR-TiTsCRRIHKAhKjV?usp=drive_link","2567");
INSERT INTO pa_user_data VALUES("582","1","4","https://drive.google.com/drive/folders/1x2Effv7bSo5NSaHHXMwUu-EXdYWrBvfw?usp=sharing","2567");
INSERT INTO pa_user_data VALUES("583","2","4","https://drive.google.com/drive/folders/1YNRPtgJ5KSBets1dgT-Vn1z5myMefUSg?usp=sharing","2567");
INSERT INTO pa_user_data VALUES("584","2","55","https://drive.google.com/drive/folders/1N-6gmUDrJ2VSbYmdcESvJHon-DWjuLar?usp=sharing","2567");
INSERT INTO pa_user_data VALUES("585","3","55","https://drive.google.com/drive/folders/15N-xD5VC6HYvOfzjs5cF_ee_tkBYvX_D?usp=sharing","2567");
INSERT INTO pa_user_data VALUES("586","4","40","https://drive.google.com/drive/folders/17reAwmWHLQ2AgGWfgfUp-QQMhTtIL0x9?usp=drive_link","2567");
INSERT INTO pa_user_data VALUES("587","4","55","https://drive.google.com/drive/folders/1f-33hO2eLQCgDFwTS3RhTZtwyIf_ijh5?usp=sharing","2567");
INSERT INTO pa_user_data VALUES("588","5","40","https://drive.google.com/drive/folders/1FQqZoR12IzenNroUk8Zvmyc1_UqzszAn?usp=drive_link","2567");
INSERT INTO pa_user_data VALUES("589","6","40","https://drive.google.com/drive/folders/11srHiHffLd4Aeo87IOuy7Y9v10Ol2VSu?usp=drive_link","2567");
INSERT INTO pa_user_data VALUES("590","5","55","https://drive.google.com/drive/folders/1etT4QswogNGBxAEO3UIon4WlBEcpiqJ1?usp=sharing","2567");
INSERT INTO pa_user_data VALUES("591","7","40","https://drive.google.com/drive/folders/1kI3F81ditOTdd68TBFLio4CVHoCi_3Ab?usp=drive_link","2567");
INSERT INTO pa_user_data VALUES("592","8","40","https://drive.google.com/drive/folders/1oIxbdQikSShbwA_cY10Ke01mZvpOzVYC?usp=drive_link","2567");
INSERT INTO pa_user_data VALUES("593","19","55","https://drive.google.com/drive/folders/1jwUXyWRyD8eAXWwGOixilDWEk010XSIv?usp=sharing","2567");
INSERT INTO pa_user_data VALUES("594","9","40","https://drive.google.com/drive/folders/1WD6B_l2GyPQ22rxRY97iW-FtIs53oUMI?usp=drive_link","2567");
INSERT INTO pa_user_data VALUES("595","10","40","https://drive.google.com/drive/folders/11Lugn86YR68Tgi4UYxnr_oMY4fXJM-se?usp=drive_link","2567");
INSERT INTO pa_user_data VALUES("596","11","40","https://drive.google.com/drive/folders/1HUEWDLimhbv-FEUIEh-beRkQ_ZCsjPZc?usp=drive_link","2567");
INSERT INTO pa_user_data VALUES("597","12","40","https://drive.google.com/drive/folders/1eweceyHcteo9mvzYeFsIZz0jm3CC5v5q?usp=drive_link","2567");
INSERT INTO pa_user_data VALUES("598","13","40","https://drive.google.com/drive/folders/1D_eU5gqhL-mMvxwCD05v_o8YumsNJX1V?usp=drive_link","2567");
INSERT INTO pa_user_data VALUES("599","14","40","https://drive.google.com/drive/folders/1yQCCkwZtuBoAWT7lbeY3tJgtzJU2YErh?usp=drive_link","2567");
INSERT INTO pa_user_data VALUES("600","15","40","https://drive.google.com/drive/folders/1WkzxqzhACI6XV90m5lYTRCp3FsbupCd4?usp=drive_link","2567");
INSERT INTO pa_user_data VALUES("601","6","55","https://drive.google.com/drive/folders/1UcFcokZjii7Ff-4zhAJmCXtSsKh2v_L2?usp=sharing","2567");
INSERT INTO pa_user_data VALUES("602","7","55","https://drive.google.com/drive/folders/18l8yFwkP8V-Nyoa8qVLwAsOk-03yym_O?usp=sharing","2567");
INSERT INTO pa_user_data VALUES("603","8","55","https://drive.google.com/drive/folders/1faM4_ugVTowqEQv02aAxW1gEBBCCMxw9?usp=sharing","2567");
INSERT INTO pa_user_data VALUES("604","16","40","https://drive.google.com/drive/folders/1uxDE9OMahrjEwUKTtt1F9eTAs_M0k91V?usp=drive_link","2567");
INSERT INTO pa_user_data VALUES("605","17","40","https://drive.google.com/drive/folders/1uxDE9OMahrjEwUKTtt1F9eTAs_M0k91V?usp=drive_link","2567");
INSERT INTO pa_user_data VALUES("606","18","40","https://drive.google.com/drive/folders/1uxDE9OMahrjEwUKTtt1F9eTAs_M0k91V?usp=drive_link","2567");
INSERT INTO pa_user_data VALUES("607","1","61","https://drive.google.com/drive/folders/1u9jxtlO-4Dl4yX_Oz2mA7VG-svG1QE1M?usp=sharing","2567");
INSERT INTO pa_user_data VALUES("608","6","61","https://drive.google.com/drive/folders/1iGB60HXG1AM1OhYsIJCNzI1B3IoEPOOB?usp=sharing","2567");
INSERT INTO pa_user_data VALUES("609","10","43","https://drive.google.com/file/d/1F055QhTYX-bCuTLGG6A6FJ6jTYz9Z7ru/view?usp=sharing","2567");
INSERT INTO pa_user_data VALUES("610","11","43","https://drive.google.com/file/d/1Kh0PsTbYSxTHZ3Q14no_MfnTAMFPmNXQ/view?usp=sharing","2567");
INSERT INTO pa_user_data VALUES("611","12","43","https://drive.google.com/file/d/1NuldiPfxPbdCETHTLJlwGkbj6aAA4trn/view?usp=sharing","2567");
INSERT INTO pa_user_data VALUES("612","13","43","https://drive.google.com/file/d/1ju6YpGWOMPI0ryJyhHPslKXftLde_gMM/view?usp=sharing","2567");
INSERT INTO pa_user_data VALUES("613","14","43","https://drive.google.com/file/d/19X7GjX4ZRSwfECuxnVQXIGZBLtGqrCw6/view?usp=sharing","2567");
INSERT INTO pa_user_data VALUES("614","19","41","https://drive.google.com/drive/folders/1d_oFcB6OFLDlVmSl6POnZCyaZ0lmU3gA?usp=sharing","2567");
INSERT INTO pa_user_data VALUES("615","16","42","https://sites.google.com/view/chalitta-khammun/%E0%B8%AA%E0%B8%A7%E0%B8%99%E0%B8%97-2-%E0%B8%82%E0%B8%AD%E0%B8%95%E0%B8%81%E0%B8%A5%E0%B8%87%E0%B9%83%E0%B8%99%E0%B8%81%E0%B8%B2%E0%B8%A3%E0%B8%9E%E0%B8%92%E0%B8%99%E0%B8%B2%E0%B8%87%E0%B8%B2%E0%B8%99/1-%E0%B8%AA%E0%B8%A0%E0%B8%B2%E0%B8%9E%E0%B8%9B%E0%B8%8D%E0%B8%AB%E0%B8%B2%E0%B8%82%E0%B8%AD%E0%B8%87%E0%B8%9C%E0%B9%80%E0%B8%A3%E0%B8%A2%E0%B8%99%E0%B9%81%E0%B8%A5%E0%B8%B0%E0%B8%81%E0%B8%B2%E0%B8%A3%E0%B8%88%E0%B8%94%E0%B8%81%E0%B8%B2%E0%B8%A3%E0%B9%80%E0%B8%A3%E0%B8%A2%E0%B8%99%E0%B8%A3?authuser=0","2567");
INSERT INTO pa_user_data VALUES("616","17","42","https://sites.google.com/view/chalitta-khammun/%E0%B8%AA%E0%B8%A7%E0%B8%99%E0%B8%97-2-%E0%B8%82%E0%B8%AD%E0%B8%95%E0%B8%81%E0%B8%A5%E0%B8%87%E0%B9%83%E0%B8%99%E0%B8%81%E0%B8%B2%E0%B8%A3%E0%B8%9E%E0%B8%92%E0%B8%99%E0%B8%B2%E0%B8%87%E0%B8%B2%E0%B8%99/2-%E0%B8%A7%E0%B8%98%E0%B8%81%E0%B8%B2%E0%B8%A3%E0%B8%94%E0%B8%B3%E0%B9%80%E0%B8%99%E0%B8%99%E0%B8%81%E0%B8%B2%E0%B8%A3-%E0%B9%83%E0%B8%AB%E0%B8%9A%E0%B8%A3%E0%B8%A3%E0%B8%A5%E0%B8%9C%E0%B8%A5?authuser=0","2567");
INSERT INTO pa_user_data VALUES("617","18","42","https://drive.google.com/drive/folders/1pJru0SFwjE-N6321-RGFjafyZj0w17fz?usp=sharing","2567");
INSERT INTO pa_user_data VALUES("618","16","61","https://drive.google.com/drive/folders/1_YOe36-NYD88Wit1_G7IxJARvZrl8IM-?usp=sharing","2567");
INSERT INTO pa_user_data VALUES("619","17","61","https://drive.google.com/drive/folders/16kfWOqagjQmhg758eD60A04ezN1PqCSY?usp=sharing","2567");
INSERT INTO pa_user_data VALUES("620","18","61","https://drive.google.com/drive/folders/1QMVHRGEZUzv0jOIgYa_AZItOyTBOP4dO?usp=sharing","2567");
INSERT INTO pa_user_data VALUES("621","1","27","https://drive.google.com/drive/folders/1sRMToh9sLmSMWoX-ialPy-yDYIQOdKzp?usp=sharing","2567");
INSERT INTO pa_user_data VALUES("622","2","27","https://drive.google.com/drive/folders/1he6J46SJmDKYhW7YlZVHZ1Uu2IBB2gCj?usp=drive_link","2567");
INSERT INTO pa_user_data VALUES("623","3","27","https://drive.google.com/drive/folders/1s_m6WvBZ1bylGvFF-CZrpfkaL6ynrNX6?usp=drive_link","2567");
INSERT INTO pa_user_data VALUES("624","4","27","https://drive.google.com/drive/folders/1-m7cSyu0N0NtYBC46_glw_usigWPrCru?usp=drive_link","2567");
INSERT INTO pa_user_data VALUES("625","5","27","https://drive.google.com/drive/folders/1up3DEfZuxBeThZRX5yOKjSn4KLEyhqRn?usp=drive_link","2567");
INSERT INTO pa_user_data VALUES("626","6","27","https://drive.google.com/drive/folders/1fkDQriJuYOObRKovHO5SfQFygHT0A842?usp=drive_link","2567");
INSERT INTO pa_user_data VALUES("627","7","27","https://drive.google.com/drive/folders/1NRoMbWIlU5VS5J22aj1-101m8NO3ffsM?usp=drive_link","2567");
INSERT INTO pa_user_data VALUES("628","8","27","https://drive.google.com/drive/folders/1YHtl-zpQZiLnvBEz76LFNIA6k5SRb7Dt?usp=drive_link","2567");
INSERT INTO pa_user_data VALUES("629","9","27","https://drive.google.com/drive/folders/1Xl8Kaz5a8bnCg3J3ocfKzN5W1s0AYk80?usp=drive_link","2567");
INSERT INTO pa_user_data VALUES("630","10","27","https://drive.google.com/drive/folders/1sjEnn-F9p4y0n3krIXKk7je2e3UORHw6?usp=drive_link","2567");
INSERT INTO pa_user_data VALUES("631","11","27","https://drive.google.com/drive/folders/1K0Dbp-JfLX-cIHT5C8A952EZsI5zRBXd?usp=drive_link","2567");
INSERT INTO pa_user_data VALUES("632","12","27","https://drive.google.com/drive/folders/1WIDTGf9wGsRGCnVkhMqn67zLkshvg4eD?usp=drive_link","2567");
INSERT INTO pa_user_data VALUES("633","13","27","https://drive.google.com/drive/folders/1hBkmRRQ5K5O94NCglyTSO6pd6wEQx9hx?usp=drive_link","2567");
INSERT INTO pa_user_data VALUES("634","14","27","https://drive.google.com/drive/folders/1fo4Awp3YCqxhqOdih1-hGsyYmNZaNLj4?usp=drive_link","2567");
INSERT INTO pa_user_data VALUES("635","15","27","https://drive.google.com/drive/folders/1FbAm-votCMaK_Hc9IyG80kxyp_1H2vOk?usp=drive_link","2567");
INSERT INTO pa_user_data VALUES("636","3","60","https://drive.google.com/drive/folders/1BzuZI903POYFW6dnhH1QTMsimSDGwYYa?usp=sharing","2567");
INSERT INTO pa_user_data VALUES("637","4","60","https://drive.google.com/drive/folders/1Riaj_H2xQrOcPiFm1aMqDEagGhtE9kdP?usp=sharing","2567");
INSERT INTO pa_user_data VALUES("638","5","60","https://drive.google.com/drive/folders/1ZlSUExYTWMXYO0abjiDzxUrYPWJPpXoP?usp=sharing","2567");
INSERT INTO pa_user_data VALUES("639","6","60","https://drive.google.com/drive/folders/16Az82NKKqI0HfFqg9U_ua7kRtGWcDX50?usp=sharing","2567");
INSERT INTO pa_user_data VALUES("640","7","60","https://drive.google.com/drive/folders/1oACV_WUHFa4v3a2Mp26rPGWB9fZywiwh?usp=sharing","2567");
INSERT INTO pa_user_data VALUES("641","8","60","https://drive.google.com/drive/folders/1Eek724jEGwLUHpsYlUUu2vpKMyk7GNeh?usp=sharing","2567");
INSERT INTO pa_user_data VALUES("642","9","60","https://drive.google.com/drive/folders/1dkkmuW_OQEZzQ9NwawrO5oQUJAdlvC-O?usp=sharing","2567");
INSERT INTO pa_user_data VALUES("643","10","60","https://drive.google.com/drive/folders/1QesiFOSBGTZ58m2Zlx5-Lo8geIDrnxuM?usp=sharing","2567");
INSERT INTO pa_user_data VALUES("644","11","60","https://drive.google.com/drive/folders/1HqqXVGhPyWS0muh73HSoPGGN3Z2vEGW-?usp=sharing","2567");
INSERT INTO pa_user_data VALUES("645","12","60","https://drive.google.com/drive/folders/1WP72J7-YTJzFqVuwtASTzAXatfH28Hf0?usp=sharing","2567");
INSERT INTO pa_user_data VALUES("646","13","60","https://drive.google.com/drive/folders/134fSzWCkL7jYgNiHnVE-7TOCrbYrMq-X?usp=sharing","2567");
INSERT INTO pa_user_data VALUES("647","14","60","https://drive.google.com/drive/folders/1Dd1Bfi7Pq8vOI9FsS-Yx2Wx9siMt1vr1?usp=sharing","2567");
INSERT INTO pa_user_data VALUES("648","15","60","https://drive.google.com/drive/folders/1EZ38wnco159B4kNCP43bFK8QTFSP06IF?usp=sharing","2567");
INSERT INTO pa_user_data VALUES("649","16","60","https://drive.google.com/drive/folders/1C_OoaNBUV4YDbrENNZ0FKTcEFKoMVJYQ?usp=sharing","2567");
INSERT INTO pa_user_data VALUES("650","17","60","https://drive.google.com/drive/folders/1C_OoaNBUV4YDbrENNZ0FKTcEFKoMVJYQ?usp=sharing","2567");
INSERT INTO pa_user_data VALUES("651","18","60","https://drive.google.com/drive/folders/1C_OoaNBUV4YDbrENNZ0FKTcEFKoMVJYQ?usp=sharing","2567");
INSERT INTO pa_user_data VALUES("652","16","44","https://drive.google.com/drive/folders/1lJlvAhGu48tJLaiOAdDFfr6dfPKI3qTi","2567");
INSERT INTO pa_user_data VALUES("653","17","44","https://drive.google.com/drive/folders/1lJlvAhGu48tJLaiOAdDFfr6dfPKI3qTi","2567");
INSERT INTO pa_user_data VALUES("654","18","44","https://drive.google.com/drive/folders/1lJlvAhGu48tJLaiOAdDFfr6dfPKI3qTi","2567");
INSERT INTO pa_user_data VALUES("655","3","41","https://drive.google.com/drive/folders/1agNnQda6lMfoG0qi3S7ZwcJ8aHT3PEx5?usp=sharing","2567");
INSERT INTO pa_user_data VALUES("656","4","41","https://drive.google.com/drive/folders/1FFQaF1fy6HQuDroS21MsMW8YWVbGCIp3?usp=sharing","2567");
INSERT INTO pa_user_data VALUES("657","5","41","https://drive.google.com/drive/folders/1arIDYOtGdc556nMdCWugwtfb6VtoUKga?usp=sharing","2567");
INSERT INTO pa_user_data VALUES("658","6","41","https://drive.google.com/drive/folders/1895LO8xxKoVnjHp9UhHVk7HHxEsiqQ8R?usp=sharing","2567");
INSERT INTO pa_user_data VALUES("659","7","41","https://drive.google.com/drive/folders/1VPlffW5AsivxUHQS-Q_66IxKJ-vN_NbM?usp=sharing","2567");
INSERT INTO pa_user_data VALUES("660","15","43","https://drive.google.com/file/d/1V6ZQdL2_KSShTpjmEukz812SZPmA2tnJ/view?usp=sharing","2567");
INSERT INTO pa_user_data VALUES("661","8","41","https://drive.google.com/drive/folders/19Zquev796sa4WcRD44jIIL-6rVVToEsu?usp=sharing","2567");
INSERT INTO pa_user_data VALUES("662","9","41","https://drive.google.com/drive/folders/1ZkH8CBjtirKTpr080sob8LnWzruPbtx2?usp=sharing","2567");
INSERT INTO pa_user_data VALUES("663","10","41","https://drive.google.com/drive/folders/1R_j5yanQZrDb45TcO5sG-G-OKyp4kdPn?usp=sharing","2567");
INSERT INTO pa_user_data VALUES("664","11","41","https://drive.google.com/drive/folders/1C9nlDDJEF3bT-suuowvF_VrVJCAXcVFD?usp=sharing","2567");
INSERT INTO pa_user_data VALUES("665","12","41","https://drive.google.com/drive/folders/1OlD5FG6gmUvsJao7LDQamhWTq0cDN5o8?usp=sharing","2567");
INSERT INTO pa_user_data VALUES("666","13","41","https://drive.google.com/drive/folders/10DBySWlwLD7PhucvkAL4-kRXy0jaOsH0?usp=sharing","2567");
INSERT INTO pa_user_data VALUES("667","14","41","https://drive.google.com/drive/folders/1659bMQicl3ANuJfNcsdpJiyKZDO4Qq92?usp=sharing","2567");
INSERT INTO pa_user_data VALUES("668","15","41","https://drive.google.com/drive/folders/1mUYXK1FDQI17ayjsv0V-RMCfESCBxruX?usp=sharing","2567");
INSERT INTO pa_user_data VALUES("669","16","41","https://drive.google.com/drive/folders/1rCs0U4hgFsgcinqZQMPqvY6IXF5m9-Ea?usp=sharing","2567");
INSERT INTO pa_user_data VALUES("670","17","41","https://drive.google.com/drive/folders/17OTkbKo0v5_ZcpsJKtBUCSqP1StSdsyY?usp=sharing","2567");
INSERT INTO pa_user_data VALUES("671","18","41","https://drive.google.com/drive/folders/1bGzJMdgoF7l19oRym0TeUB0Xg6KQZbAP?usp=sharing","2567");
INSERT INTO pa_user_data VALUES("672","16","9","https://drive.google.com/drive/folders/1llQQWkDd3qCFRVxzMUtS3Yxx7uFppPQV?usp=drive_link","2567");
INSERT INTO pa_user_data VALUES("673","17","9","https://drive.google.com/drive/folders/1llQQWkDd3qCFRVxzMUtS3Yxx7uFppPQV?usp=drive_link","2567");
INSERT INTO pa_user_data VALUES("674","18","9","https://drive.google.com/drive/folders/1llQQWkDd3qCFRVxzMUtS3Yxx7uFppPQV?usp=drive_link","2567");
INSERT INTO pa_user_data VALUES("675","19","32","https://drive.google.com/drive/folders/1gp3WockIcKvKkodGjJ8opHq9K2bD007y?usp=drive_link","2567");
INSERT INTO pa_user_data VALUES("676","1","32","https://drive.google.com/drive/folders/11z1Jd-FuB09l3p1N7BWIZp8l4WPByqRq?usp=drive_link","2567");
INSERT INTO pa_user_data VALUES("677","2","32","https://drive.google.com/drive/folders/1BLDxGgqhhPdWRBwIj_2OSyxs3CubqRk_?usp=sharing","2567");
INSERT INTO pa_user_data VALUES("678","3","32","https://drive.google.com/drive/folders/11qB0iYChvN4llYE3zokvg-QwTZZfgyus?usp=sharing","2567");
INSERT INTO pa_user_data VALUES("679","4","32","https://drive.google.com/drive/folders/1eAuH5QFQ0UByOWQlKHDq2NC3xZvdxP8m?usp=sharing","2567");
INSERT INTO pa_user_data VALUES("680","5","32","https://drive.google.com/drive/folders/1MjTsFTl3xg39VVz1ffOKOR9_PgsJiZBx?usp=sharing","2567");
INSERT INTO pa_user_data VALUES("681","6","32","https://drive.google.com/drive/folders/1DQZ6bEijGMkzFi72l8OqJ5swtqxvT7bB?usp=sharing","2567");
INSERT INTO pa_user_data VALUES("682","7","32","https://drive.google.com/drive/folders/1kshClnH281bOeOl2jj0P6e-0K2XTP4iL?usp=sharing","2567");
INSERT INTO pa_user_data VALUES("683","8","32","https://drive.google.com/drive/folders/1L_LdI_eFcKasd0xtx-dkaXkoUnfkxH0a?usp=sharing","2567");
INSERT INTO pa_user_data VALUES("684","9","32","https://drive.google.com/drive/folders/1Ijle4iyrJFcxVINUCJq80n6Nhk85IA_6?usp=sharing","2567");
INSERT INTO pa_user_data VALUES("685","10","32","https://drive.google.com/drive/folders/1C5mpTE370VYVaydd8qNWxdg6DNvmM8UV?usp=sharing","2567");
INSERT INTO pa_user_data VALUES("686","11","32","https://drive.google.com/drive/folders/1WJ108V8vlW6FT7hHyYzpa58jk6qT8ts8?usp=sharing","2567");
INSERT INTO pa_user_data VALUES("687","12","32","https://drive.google.com/drive/folders/1MQLu6lqflbMBUFxfHiPHgvMPdQ0sz2Hl?usp=sharing","2567");
INSERT INTO pa_user_data VALUES("688","13","32","https://drive.google.com/drive/folders/1dg-zmljgtO0YyX7GrbgkkLUUo3RYpwyC?usp=sharing","2567");
INSERT INTO pa_user_data VALUES("689","14","32","https://drive.google.com/drive/folders/1bp_IYW07GMtNUkfHZ0f5cKxY6bv8R6Gy?usp=sharing","2567");
INSERT INTO pa_user_data VALUES("690","15","32","https://drive.google.com/drive/folders/1XGEXhs5g3peKD4e3s3GAAKkQhDC_EqbT?usp=sharing","2567");
INSERT INTO pa_user_data VALUES("691","16","32","https://drive.google.com/drive/folders/1sDKILr27nzR5FzPLUir78wXbd0jX9OOa?usp=sharing","2567");
INSERT INTO pa_user_data VALUES("692","17","32","https://drive.google.com/drive/folders/1u0-47OTTpqi3JKcFVkd0TH96OCV7oiNK?usp=sharing","2567");
INSERT INTO pa_user_data VALUES("693","18","32","https://drive.google.com/drive/folders/1DTBtHAaR58mJjHdUAARsy9Zz9NDdNBZm?usp=sharing","2567");
INSERT INTO pa_user_data VALUES("694","8","28","https://drive.google.com/drive/folders/1b7w3gFgfA8aeoondGXEBt02Liq9ddhyG?usp=sharing","2567");
INSERT INTO pa_user_data VALUES("695","9","28","https://drive.google.com/drive/folders/1dF9P1wGfYLGt2QwFXz0GDz7qn3G92IgR?usp=sharing","2567");
INSERT INTO pa_user_data VALUES("696","10","28","https://drive.google.com/drive/folders/1pVhl4Gon40jt4Cltw3r550QUfhmkOGML?usp=sharing","2567");
INSERT INTO pa_user_data VALUES("697","11","28","https://drive.google.com/drive/folders/1ZNQl_TcnfdLApJmKHnyntuN2cYBNa3jH?usp=sharing","2567");
INSERT INTO pa_user_data VALUES("698","12","28","https://drive.google.com/drive/folders/1xfCCQu7gY7PygOpQtxlCsyajKG6YXzX4?usp=sharing","2567");
INSERT INTO pa_user_data VALUES("699","13","28","https://drive.google.com/drive/folders/1_uhwHjrckrO6zan_CHLgPddeVjb_jBrc?usp=sharing","2567");
INSERT INTO pa_user_data VALUES("700","14","28","https://drive.google.com/drive/folders/1PUvYHyK9hTGmR_TW-tE5fWNtFKh7UwUV?usp=sharing","2567");
INSERT INTO pa_user_data VALUES("701","15","28","https://drive.google.com/drive/folders/1oapNGsg-SUe7UyoF55wTcDNV8D6zCGn7?usp=sharing","2567");
INSERT INTO pa_user_data VALUES("702","16","28","https://drive.google.com/drive/folders/1NfyblUwZfo4njkWwBcWuh0YftfFl4gLT?usp=sharing","2567");
INSERT INTO pa_user_data VALUES("703","17","28","https://drive.google.com/drive/folders/1pRPVy-zHStoEPh7LFx_wxgskPkyzl3gR?usp=sharing","2567");
INSERT INTO pa_user_data VALUES("704","18","28","https://drive.google.com/drive/folders/10K1Vc2IUNK1vl-GHQ7MXn3clkcMfkm5z?usp=sharing","2567");
INSERT INTO pa_user_data VALUES("705","1","75","https://drive.google.com/file/d/1AKXBnBH-j-qxvkvfnecjqBK5eGdKhgTC/view?usp=drive_link","2567");
INSERT INTO pa_user_data VALUES("706","1","52","https://drive.google.com/drive/folders/1NlHQLmosOfMk5JNCya8g2aIHGq5zu58v?usp=sharing","2567");
INSERT INTO pa_user_data VALUES("707","2","75","https://drive.google.com/drive/folders/1QWzl5rvjced-kUq7kjJKy91lVXkN3c-J?usp=drive_link","2567");
INSERT INTO pa_user_data VALUES("708","3","75","https://drive.google.com/file/d/1gurHMFxHdA2QF1jsbozwNLoTB7dtuA_a/view?usp=drive_link","2567");
INSERT INTO pa_user_data VALUES("709","4","75","https://drive.google.com/file/d/1ZgbdAIoA-iif0AzER-l1oP3tafuDkC2o/view?usp=drive_link","2567");
INSERT INTO pa_user_data VALUES("710","5","75","https://drive.google.com/file/d/1QN1DVd21rv1C16x38f3IQg-nnresj5pA/view?usp=drive_link","2567");
INSERT INTO pa_user_data VALUES("711","6","75","https://drive.google.com/file/d/1tfEFDXLkbmMm-r98Fv0hLcEc-L1djCM8/view?usp=drive_link","2567");
INSERT INTO pa_user_data VALUES("712","2","52","https://drive.google.com/drive/folders/1u8JXzIA6y7f26tYBx7tvk5teRLJFHoOs?usp=sharing","2567");
INSERT INTO pa_user_data VALUES("713","7","75","https://drive.google.com/file/d/1uF5QS-bK-3IUpqp6smehig8Kv0vIwbrZ/view?usp=drive_link","2567");
INSERT INTO pa_user_data VALUES("714","8","75","https://drive.google.com/file/d/1tn4MoUmGG-SNmY-qmxP43y_GKoCoFJBM/view?usp=drive_link","2567");
INSERT INTO pa_user_data VALUES("715","9","75","https://drive.google.com/file/d/1h-8_s102AxcoXHdanrNEJyTQGpMG0QKs/view?usp=drive_link","2567");
INSERT INTO pa_user_data VALUES("716","10","75","https://drive.google.com/drive/folders/1cc_RCLNfTkEG5S85-c3YFeRXiNUnLj0-?usp=drive_link","2567");
INSERT INTO pa_user_data VALUES("717","11","75","https://drive.google.com/drive/folders/1gfH6FRbwU_HFn-prmVyZJ6vWPBGRFBBQ?usp=drive_link","2567");
INSERT INTO pa_user_data VALUES("718","12","75","https://drive.google.com/drive/folders/1KBCH9VguUZqS-ARPyPSfhf5_JJWPKNfT?usp=drive_link","2567");
INSERT INTO pa_user_data VALUES("719","13","75","https://drive.google.com/drive/folders/1KpG1IZtCMMgz54M0MJioC99Om7fIeivf?usp=drive_link","2567");
INSERT INTO pa_user_data VALUES("720","14","75","https://drive.google.com/drive/folders/1EzdAYG1ecVu0rmG2xoCIu23sNvdLRzky?usp=drive_link","2567");
INSERT INTO pa_user_data VALUES("721","15","75","https://drive.google.com/file/d/1-_9BtZtHTbXkTx6HG3PgkXLKfI-D0hd3/view?usp=drive_link","2567");
INSERT INTO pa_user_data VALUES("722","16","75","https://drive.google.com/file/d/1tpoHGoIKf5migsGH3Z0eaFKoNDULU17o/view?usp=drive_link","2567");
INSERT INTO pa_user_data VALUES("723","18","75","https://drive.google.com/drive/folders/1LDzuGfVubQKWIvUXYIjLqQ4_ZDBMpvB4?usp=drive_link","2567");
INSERT INTO pa_user_data VALUES("724","17","75","https://drive.google.com/drive/folders/1dj0tBa76oF3pt2Fbi0IDQfNqEFFTckhv?usp=drive_link","2567");
INSERT INTO pa_user_data VALUES("725","3","52","https://drive.google.com/drive/folders/14ylttdnAxv86st4SNnksAEHHxWcpU5nb?usp=sharing","2567");
INSERT INTO pa_user_data VALUES("726","4","52","https://drive.google.com/drive/folders/1iAjYS3Lt6lyVppJBk7g-7UHdJy5FP4NX?usp=sharing","2567");
INSERT INTO pa_user_data VALUES("727","5","52","https://drive.google.com/drive/folders/1NTQ_xd1G95OQIu9tCjr3xZ2MP0Vbep9T?usp=sharing","2567");
INSERT INTO pa_user_data VALUES("728","6","52","https://drive.google.com/drive/folders/1w2DPLL926TQEAfbI2lWi4rS2R4FUy9Xp?usp=sharing
","2567");
INSERT INTO pa_user_data VALUES("729","7","52","https://drive.google.com/drive/folders/1OKjQ66Hi1Ou7HqFAin2P6s6-hjNVGoVV?usp=sharing","2567");
INSERT INTO pa_user_data VALUES("730","8","52","https://drive.google.com/drive/folders/1zmgUV5yyvhvCZXjPzb70h6HDjO2ahqly?usp=sharing","2567");
INSERT INTO pa_user_data VALUES("731","9","52","https://drive.google.com/drive/folders/1PcUHH6LTsvEECFl-dQMracl8dulok1Iv?usp=sharing","2567");
INSERT INTO pa_user_data VALUES("732","10","52","https://drive.google.com/drive/folders/1XdhEKQY6hLMTjxW2h5LMayQlepAIRZ0l?usp=sharing","2567");
INSERT INTO pa_user_data VALUES("733","11","52","https://drive.google.com/drive/folders/1YGIDKBLeMERXswCAb-bLNhQZLt8w2fN2?usp=sharing","2567");
INSERT INTO pa_user_data VALUES("734","12","52","https://drive.google.com/drive/folders/1ob7Sn8Szks44vKGU8PTeEeHbdd_Sl0oT?usp=sharing","2567");
INSERT INTO pa_user_data VALUES("735","13","52","https://drive.google.com/drive/folders/1w9ff9D_vBiO6UTH1KNYh4S2jDOYe8LYO?usp=sharing","2567");
INSERT INTO pa_user_data VALUES("736","14","52","https://drive.google.com/drive/folders/1sdu6XZqKSdKtU3oFqbeH5N70z90UnNdY?usp=sharing","2567");
INSERT INTO pa_user_data VALUES("737","15","52","https://drive.google.com/drive/folders/1mLAUTHu2GkVZS0tINay-zFRvKSSmd9Qp?usp=sharing","2567");
INSERT INTO pa_user_data VALUES("738","16","52","https://drive.google.com/drive/folders/13kcKLbfVCbREVZ1hRcbPFu00Sd3L4cWI?usp=sharing","2567");
INSERT INTO pa_user_data VALUES("739","17","52","https://drive.google.com/drive/folders/13kcKLbfVCbREVZ1hRcbPFu00Sd3L4cWI?usp=sharing","2567");
INSERT INTO pa_user_data VALUES("740","18","52","https://drive.google.com/drive/folders/13kcKLbfVCbREVZ1hRcbPFu00Sd3L4cWI?usp=sharing","2567");
INSERT INTO pa_user_data VALUES("741","19","77","https://drive.google.com/file/d/1cF6ESzTczBHH26mELAy8Fqx5tglVyjW8/view?usp=drivesdk","2567");
INSERT INTO pa_user_data VALUES("742","2","77","https://drive.google.com/drive/folders/1-49qBTGvD6wZPyVJ6WtBelR9CqN2EZLt","2567");
INSERT INTO pa_user_data VALUES("743","3","77","https://drive.google.com/drive/folders/1-5M0fG0Pi8BDZpYM06ndZmsiTk85NCie","2567");
INSERT INTO pa_user_data VALUES("744","4","77","https://drive.google.com/drive/folders/1-9OZ-_cVe1DddfvWGoyQjqf2MwoeP4OZ","2567");
INSERT INTO pa_user_data VALUES("745","5","77","https://drive.google.com/drive/folders/1-A9Pkk4YHkp7_FW5CrPuwfg17Bo4T5s_","2567");
INSERT INTO pa_user_data VALUES("746","6","77","https://drive.google.com/drive/folders/1-BxzcSl1wfRUIrxSpZsFA_hWLJsVAOOs","2567");
INSERT INTO pa_user_data VALUES("747","7","77","https://drive.google.com/drive/folders/1-L3kAHDhzLXTzefV8Rgd4-0uLHZlpJAW","2567");
INSERT INTO pa_user_data VALUES("748","8","77","https://drive.google.com/drive/folders/1-RVFwjqalK21gz1K85R4O98FgRzdULhN","2567");
INSERT INTO pa_user_data VALUES("749","9","77","https://drive.google.com/drive/folders/1-VBxsThNK7GRlKtGt19Qh9zV75CM-tTH","2567");
INSERT INTO pa_user_data VALUES("750","10","77","https://drive.google.com/drive/folders/1-WUVd7WP0iBumd2MNi5jTwNZzs1t5rXp","2567");
INSERT INTO pa_user_data VALUES("751","11","77","https://drive.google.com/drive/folders/1-Zoy46noeY2KBPxMzq2JxeRczpr-2asP","2567");
INSERT INTO pa_user_data VALUES("752","12","77","https://drive.google.com/drive/folders/1-biSi3uf0QcxOAtFqn3UfKKicOQa5wxL","2567");
INSERT INTO pa_user_data VALUES("753","13","77","https://drive.google.com/drive/folders/1-gi4qgTWDTuGK9_H86z-plEXD9Uk08Nl","2567");
INSERT INTO pa_user_data VALUES("754","14","77","https://drive.google.com/drive/folders/1-h7YB_V4enIEX3MgIN53yDY7cslRfFoV","2567");
INSERT INTO pa_user_data VALUES("755","15","77","https://drive.google.com/drive/folders/1-ssrS_kKPdzALUQO-OWv-wdttHfyOAzw","2567");
INSERT INTO pa_user_data VALUES("756","16","77","https://drive.google.com/drive/folders/1UbrFRtURLbUhK6ZVXvviHIih_bHsFZM0","2567");
INSERT INTO pa_user_data VALUES("757","17","77","https://drive.google.com/drive/folders/1UbrFRtURLbUhK6ZVXvviHIih_bHsFZM0","2567");
INSERT INTO pa_user_data VALUES("758","18","77","https://drive.google.com/drive/folders/1UbrFRtURLbUhK6ZVXvviHIih_bHsFZM0","2567");
INSERT INTO pa_user_data VALUES("759","19","25","https://drive.google.com/drive/folders/18nf_-OA79j1EVn3I1to9d17I8hbaNF22?usp=sharing","2567");
INSERT INTO pa_user_data VALUES("760","5","25","https://drive.google.com/drive/folders/1QCNQLbeuSxBfajs1sH1AiXV8jCLvE7Mi?usp=sharing","2567");
INSERT INTO pa_user_data VALUES("761","1","25","https://drive.google.com/drive/folders/1S5Ot6X1Zeqqp7Qa13TyV_EwaUJ2LFsFw?usp=sharing","2567");
INSERT INTO pa_user_data VALUES("762","2","25","https://drive.google.com/drive/folders/18nf_-OA79j1EVn3I1to9d17I8hbaNF22?usp=sharing","2567");
INSERT INTO pa_user_data VALUES("763","3","25","https://drive.google.com/drive/folders/1wFn8u0Xj_eA4PFFWUuUL8IjB3qXyfKCy?usp=sharing","2567");
INSERT INTO pa_user_data VALUES("764","16","43","https://drive.google.com/drive/folders/1YD7e0j-fk3NlISPxGbMwL2_9aeqvqukd?usp=sharing","2567");
INSERT INTO pa_user_data VALUES("765","17","43","https://drive.google.com/drive/folders/1YD7e0j-fk3NlISPxGbMwL2_9aeqvqukd?usp=sharing","2567");
INSERT INTO pa_user_data VALUES("766","18","43","https://drive.google.com/drive/folders/1YD7e0j-fk3NlISPxGbMwL2_9aeqvqukd?usp=sharing","2567");
INSERT INTO pa_user_data VALUES("767","6","43","https://drive.google.com/file/d/1tT6taAExw1V5r9ciSwjN4ocNF1husih6/view?usp=sharing","2567");
INSERT INTO pa_user_data VALUES("768","4","25","https://drive.google.com/drive/folders/1LEYgN1bktSOGtUmgFGnD1Z3Sg8L5pVxC?usp=sharing","2567");
INSERT INTO pa_user_data VALUES("769","6","25","https://drive.google.com/drive/folders/10gWnR1dHuEdRrwhDYuMlA2XG8MhyzGfV?usp=sharing","2567");
INSERT INTO pa_user_data VALUES("770","1","8","https://drive.google.com/drive/folders/18u0fudvs4ZnztWbtUmlmLB9yJ45xeSma?usp=sharing","2567");
INSERT INTO pa_user_data VALUES("771","2","8","https://drive.google.com/drive/folders/1KyVulhe40nYfxn6_Ber3eF7bd82hA5Eh?usp=sharing","2567");
INSERT INTO pa_user_data VALUES("772","3","8","https://drive.google.com/drive/folders/1YMeYfPmS1rycTt3h9arJIGhIfG79Ro3x?usp=sharing","2567");
INSERT INTO pa_user_data VALUES("773","16","8","https://drive.google.com/drive/folders/1g-PDKQcK8eMmf4zBCfgEVyFyAZrQh1Xs?usp=sharing","2567");
INSERT INTO pa_user_data VALUES("774","17","8","https://drive.google.com/drive/folders/1g-PDKQcK8eMmf4zBCfgEVyFyAZrQh1Xs?usp=sharing","2567");
INSERT INTO pa_user_data VALUES("775","18","8","https://drive.google.com/drive/folders/1g-PDKQcK8eMmf4zBCfgEVyFyAZrQh1Xs?usp=sharing","2567");
INSERT INTO pa_user_data VALUES("776","4","8","https://drive.google.com/drive/folders/1orxFumHwo9dpvgVUdP9NfmGiTnFlfZSh?usp=sharing","2567");
INSERT INTO pa_user_data VALUES("777","5","8","https://drive.google.com/drive/folders/1SgWGcAEGmPoEACegWKNlsvUXh1fa9OdC?usp=sharing","2567");
INSERT INTO pa_user_data VALUES("778","6","8","https://drive.google.com/drive/folders/1dIGCXrE8XuoQhqDDFhsSYIKCnkaoJ2t_?usp=sharing","2567");
INSERT INTO pa_user_data VALUES("779","7","8","https://drive.google.com/drive/folders/1uNY-Id8ykmO055CZUYj79b9VAqD5joQZ?usp=sharing","2567");
INSERT INTO pa_user_data VALUES("780","8","8","https://drive.google.com/drive/folders/1KlQc9f9T2mgB02PXaDcfnvAj-tqRAy7K?usp=sharing","2567");
INSERT INTO pa_user_data VALUES("781","9","8","https://drive.google.com/drive/folders/1qi5nQYJJJsEMz-kJ4d3xxiaa0wAv22nq?usp=sharing","2567");
INSERT INTO pa_user_data VALUES("782","10","8","https://drive.google.com/drive/folders/1cED-OuCRkrDqrgKp8BoRrfXXTK_k57OB?usp=sharing","2567");
INSERT INTO pa_user_data VALUES("783","11","8","https://drive.google.com/drive/folders/1rMtVMYbjYN6MrsLpxf8IYKqB8TsOfc12?usp=sharing","2567");
INSERT INTO pa_user_data VALUES("784","12","8","https://drive.google.com/drive/folders/1Av0ATtJKfnzeQ4avdtiq4gGa4Tu4bpdt?usp=sharing","2567");
INSERT INTO pa_user_data VALUES("785","13","8","https://drive.google.com/drive/folders/1mBfeC_n4j1aaV2b9AgZndXJM2B--ap3w?usp=sharing","2567");
INSERT INTO pa_user_data VALUES("786","14","8","https://drive.google.com/drive/folders/1KCrtcQav2jM7qkJeCK8S4uzJdhJRwvOY?usp=sharing","2567");
INSERT INTO pa_user_data VALUES("787","15","8","https://drive.google.com/drive/folders/1vUS0eXcghMkpdaCC0CivmcjS57CwrNJO?usp=sharing","2567");
INSERT INTO pa_user_data VALUES("788","19","7","https://drive.google.com/drive/folders/1zFybG_ZHTKtaWq9XzHLqUrOyFgtqu-PA?usp=sharing","2567");
INSERT INTO pa_user_data VALUES("789","1","7","https://drive.google.com/drive/folders/1jbAo5voNoGXTqK8e--PYGjfvpoKaTE5b?usp=sharing","2567");
INSERT INTO pa_user_data VALUES("790","2","7","https://drive.google.com/drive/folders/1KyWZ-3uZiP_OjpP-M18TH1kdnUdfuO5a?usp=sharing","2567");
INSERT INTO pa_user_data VALUES("791","3","7","https://drive.google.com/drive/folders/1rc_Z1k5jpnbUH0OVwrn5QyjfiifgPqP0?usp=sharing","2567");
INSERT INTO pa_user_data VALUES("792","4","7","https://drive.google.com/drive/folders/1QHPj7ECqWgl0BCDX6ZZvhFPyOBQDF41h?usp=sharing","2567");
INSERT INTO pa_user_data VALUES("793","7","25","https://drive.google.com/drive/folders/1B9Cmmpu8zGCNohEzSq8eH-lygoKnk0vv?usp=sharing","2567");
INSERT INTO pa_user_data VALUES("794","5","7","https://drive.google.com/drive/folders/19MWcKlb7_CjJzO5w3aOI5PW4CgLscGYY?usp=sharing","2567");
INSERT INTO pa_user_data VALUES("795","6","7","https://drive.google.com/drive/folders/1mWY4aW-eobJMS1s_1ZCKdd1I_34XdbvA?usp=sharing","2567");
INSERT INTO pa_user_data VALUES("796","7","7","https://drive.google.com/drive/folders/1yGjNrpoTzY5Y26afZYv49RWFtcSF6asy?usp=sharing","2567");
INSERT INTO pa_user_data VALUES("797","8","7","https://drive.google.com/drive/folders/1q-L3XLy1A5MTcJzT4wUr7JAonUbjN5hD?usp=sharing","2567");
INSERT INTO pa_user_data VALUES("798","9","7","https://drive.google.com/drive/folders/1Q11Z2XAs3bO_2qNjqrGqF4Y4srLOPV4T?usp=sharing","2567");
INSERT INTO pa_user_data VALUES("799","10","7","https://drive.google.com/drive/folders/1KKpHZcIpJYKlzBjlLtzOTZ5zMFtLMywL?usp=sharing","2567");
INSERT INTO pa_user_data VALUES("800","11","7","https://drive.google.com/drive/folders/1bpmo7ZUuQDe3TLPez15IpV60fhJNNGNe?usp=sharing","2567");
INSERT INTO pa_user_data VALUES("801","12","7","https://drive.google.com/drive/folders/1vQLfVRYYcXTcq7m2O2la7IXuNxZLtANU?usp=sharing","2567");
INSERT INTO pa_user_data VALUES("802","13","7","https://drive.google.com/drive/folders/1zqQm0AGRyok9V4tmXky_Lb9I-Vemo2aX?usp=sharing","2567");
INSERT INTO pa_user_data VALUES("803","14","7","https://drive.google.com/drive/folders/1Yus7W9L4RrVSQ5-FEoZosaQ2amtn8PWE?usp=sharing","2567");
INSERT INTO pa_user_data VALUES("804","15","7","https://drive.google.com/drive/folders/1U3tkssSbbjXidrxPqYGvYJ1-dpg8KfMI?usp=sharing","2567");
INSERT INTO pa_user_data VALUES("805","16","7","https://drive.google.com/drive/folders/1Ik20D6W-Tr3MSL0mXDILQKbXlW3xAB1F?usp=sharing","2567");
INSERT INTO pa_user_data VALUES("806","17","7","https://drive.google.com/drive/folders/1nGI6X2rJB11fhytVl8-QyM6d__8ihYhG?usp=sharing","2567");
INSERT INTO pa_user_data VALUES("807","18","7","https://drive.google.com/drive/folders/13TGJCLCU2v0Izp4stiDsuNjS4Sf_Gox4?usp=sharing","2567");
INSERT INTO pa_user_data VALUES("808","19","27","https://drive.google.com/drive/folders/1BpCMBs9rFyyBbdsn-xhsRJe1cwaf3KZn?usp=drive_link","2567");
INSERT INTO pa_user_data VALUES("809","16","27","https://drive.google.com/drive/folders/1Va2j2-IPQqC5VBTbhJNZopQOy9-13pSH?usp=drive_link","2567");
INSERT INTO pa_user_data VALUES("810","17","27","https://drive.google.com/drive/folders/1Va2j2-IPQqC5VBTbhJNZopQOy9-13pSH?usp=drive_link","2567");
INSERT INTO pa_user_data VALUES("811","18","27","https://drive.google.com/drive/folders/1Va2j2-IPQqC5VBTbhJNZopQOy9-13pSH?usp=drive_link","2567");
INSERT INTO pa_user_data VALUES("812","16","14","https://drive.google.com/drive/folders/1RI2KU_j8lGeI85lrLmi_jl8CfUY7l9h9?usp=drive_link","2567");
INSERT INTO pa_user_data VALUES("813","17","14","https://drive.google.com/drive/folders/1nZqF0JsjcUINkf0X9-QTWjcSdGE85SRp?usp=drive_link","2567");
INSERT INTO pa_user_data VALUES("814","18","14","https://drive.google.com/file/d/1zHAKJNAc3YoqpZ7E_-FLj-Ij2_sHtHex/view?usp=drive_link","2567");
INSERT INTO pa_user_data VALUES("815","8","25","https://drive.google.com/drive/folders/1h6eLQUC6WqkISA3n4GhLQldIaCClmHFa?usp=sharing","2567");
INSERT INTO pa_user_data VALUES("816","1","5","https://drive.google.com/drive/folders/1p_C_w-cvjLjpJKBfKTlZ7cNE1u0T7ePV?usp=sharing","2567");
INSERT INTO pa_user_data VALUES("817","2","5","https://drive.google.com/drive/folders/1vkFQX-EPvDTO9E5fRQe_Ytbq8Yt1ljK6?usp=sharing","2567");
INSERT INTO pa_user_data VALUES("818","3","5","https://drive.google.com/file/d/14Y385tMGBsTSUQBJ-TDqyKfzPSUN-cED/view?usp=sharing","2567");
INSERT INTO pa_user_data VALUES("819","4","5","https://drive.google.com/drive/folders/1ORrHB_0ZgMcsNXIM87AXteHiieZCRJ9X?usp=sharing","2567");
INSERT INTO pa_user_data VALUES("820","5","5","https://drive.google.com/drive/folders/1ORrHB_0ZgMcsNXIM87AXteHiieZCRJ9X?usp=sharing","2567");
INSERT INTO pa_user_data VALUES("821","6","5","https://drive.google.com/file/d/1UWt0LiN8Q3v2aFxskKMDg85spMVesGCt/view?usp=sharing","2567");
INSERT INTO pa_user_data VALUES("822","7","5","https://drive.google.com/file/d/1X01-qg1w_gCcIUL-OLpEptcI3VIxHGiC/view?usp=sharing","2567");
INSERT INTO pa_user_data VALUES("823","8","5","https://drive.google.com/file/d/1hjdlxra_bB-7OePBu6uVOtEB-kfza2Jr/view?usp=sharing","2567");
INSERT INTO pa_user_data VALUES("824","9","5","https://drive.google.com/file/d/1JMv2EjRKp4m2R5ohSFiz3wNC3YQ2rQ79/view?usp=sharing","2567");
INSERT INTO pa_user_data VALUES("825","1","21","https://drive.google.com/drive/folders/1752WZoFpD3fTyTHStseseBtiDjrOvLZ9?usp=sharing","2567");
INSERT INTO pa_user_data VALUES("826","10","5","https://drive.google.com/file/d/140df3Dvvzvh4ILp1F2WzIPUgjFkV3N5a/view?usp=sharing","2567");
INSERT INTO pa_user_data VALUES("827","2","21","https://drive.google.com/drive/folders/1EXMUBpNhzcTDZ9tfw5BOXknYMBnmSSqG?usp=sharing","2567");
INSERT INTO pa_user_data VALUES("828","11","5","https://drive.google.com/file/d/140df3Dvvzvh4ILp1F2WzIPUgjFkV3N5a/view?usp=sharing","2567");
INSERT INTO pa_user_data VALUES("829","3","21","https://drive.google.com/drive/folders/1A-uA9D-4HP2Cf8lqOcGnCLIckxFO25O6?usp=sharing","2567");
INSERT INTO pa_user_data VALUES("830","4","21","https://drive.google.com/drive/folders/125LEUAQX0xDuDGAr0hE7ZimuMatH04Ko?usp=sharing","2567");
INSERT INTO pa_user_data VALUES("831","5","21","https://drive.google.com/drive/folders/1uyfrgd6-cbpeG1P4fD63M7Ad6Sp7hg-E?usp=sharing","2567");
INSERT INTO pa_user_data VALUES("832","12","5","https://drive.google.com/file/d/12-Nt0ytdf9h1B8MhPopw1vyv70Qzp2qz/view?usp=sharing","2567");
INSERT INTO pa_user_data VALUES("833","6","21","https://drive.google.com/drive/folders/1KHYC610-rXDEhiKQncATqiaksCt-IDdb?usp=sharing","2567");
INSERT INTO pa_user_data VALUES("834","13","5","https://drive.google.com/drive/folders/1TT8L5Ual-n_EkX0aqk0CGGUgwhadj560?usp=sharing","2567");
INSERT INTO pa_user_data VALUES("835","7","21","https://drive.google.com/drive/folders/19m4kNXpwRLCpe8zFYoS1FJEET5GDjmfm?usp=sharing","2567");
INSERT INTO pa_user_data VALUES("836","14","5","https://drive.google.com/drive/folders/1CSZku3oDCxz1kbc54PXl_N_b8fFJU_vv?usp=sharing","2567");
INSERT INTO pa_user_data VALUES("837","8","21","https://drive.google.com/drive/folders/1jrZ_Z3U1k7R3PyzxMzOMRin6xXZylGrb?usp=sharing","2567");
INSERT INTO pa_user_data VALUES("838","15","5","https://drive.google.com/drive/folders/1xRy7P2jFMB9DPUZfr6r2TvafRkvp3vpi?usp=sharing","2567");
INSERT INTO pa_user_data VALUES("839","9","21","https://drive.google.com/drive/folders/1hniiw4qsVpRq2h8VwOOCkT21h6cTLyab?usp=sharing","2567");
INSERT INTO pa_user_data VALUES("840","10","21","https://drive.google.com/drive/folders/1JClmWmdFNO6wl_2qXEiY2UUhy3WvQVaY?usp=sharing","2567");
INSERT INTO pa_user_data VALUES("841","17","5","https://drive.google.com/file/d/18GC6hIyzVifjnQHo__KHDTOgJjI7TrR0/view?usp=sharing","2567");
INSERT INTO pa_user_data VALUES("842","11","21","https://drive.google.com/drive/folders/1bXRcXurOyMn8aXQZkU45-vOgaygVplbW?usp=sharing","2567");
INSERT INTO pa_user_data VALUES("843","12","21","https://drive.google.com/drive/folders/1kz5aNstlncXT8qzGzzZTt7EPpojBMMVE?usp=sharing","2567");
INSERT INTO pa_user_data VALUES("844","13","21","https://drive.google.com/drive/folders/1_8q3MakAG3oP0cZiCVS4p85CS4rzU867?usp=sharing","2567");
INSERT INTO pa_user_data VALUES("845","14","21","https://drive.google.com/drive/folders/1JiuvzIXXUPo9yhdIuvUFmH5ORwsFRdIf?usp=sharing","2567");
INSERT INTO pa_user_data VALUES("846","15","21","https://drive.google.com/drive/folders/1J5-6gQ9b1xJ2XA45gjaAysBpxAykthyu?usp=sharing","2567");
INSERT INTO pa_user_data VALUES("847","16","21","https://drive.google.com/drive/folders/1jv9K_i5HzQAcv0Yg8eMfBP95K_wJ2l3n?usp=sharing","2567");
INSERT INTO pa_user_data VALUES("848","17","21","https://drive.google.com/drive/folders/1jv9K_i5HzQAcv0Yg8eMfBP95K_wJ2l3n?usp=sharing","2567");
INSERT INTO pa_user_data VALUES("849","18","21","https://drive.google.com/drive/folders/1jv9K_i5HzQAcv0Yg8eMfBP95K_wJ2l3n?usp=sharing","2567");
INSERT INTO pa_user_data VALUES("850","16","5","https://drive.google.com/file/d/1PX8yVW6j2ibye4uhoQD152yBgQ6x3nD8/view?usp=sharing","2567");
INSERT INTO pa_user_data VALUES("851","18","5","https://drive.google.com/file/d/1PX8yVW6j2ibye4uhoQD152yBgQ6x3nD8/view?usp=sharing
https://drive.google.com/file/d/1lFT-fHP5_5yWh7vD-CdVpMzVhaho5Gpq/view?usp=sharing","2567");
INSERT INTO pa_user_data VALUES("852","9","25","https://drive.google.com/drive/folders/181duRJ_4w3I_tlYATRBC2Pe7HxuROesH?usp=sharing","2567");
INSERT INTO pa_user_data VALUES("853","10","25","https://drive.google.com/drive/folders/1MY15PMyVsYwZZAxrLH61nFlLKs-nxcA-?usp=sharing","2567");
INSERT INTO pa_user_data VALUES("854","11","25","https://drive.google.com/drive/folders/1k0lqfSPgoio-a_4WDlHqqfyNE7t_aztW?usp=sharing","2567");
INSERT INTO pa_user_data VALUES("855","12","25","https://drive.google.com/drive/folders/1qXqz43_ZdDAwxsUfBrRQY9EB7L-AvlX4?usp=sharing","2567");
INSERT INTO pa_user_data VALUES("856","13","25","https://drive.google.com/drive/folders/1cvJKT8JzIzYUheBNlC861doSeiYSIlMf?usp=sharing","2567");
INSERT INTO pa_user_data VALUES("857","14","25","https://drive.google.com/drive/folders/10vBqoLPzEJpzfK6QLuLVPSPGTwT5A5Yo?usp=sharing","2567");
INSERT INTO pa_user_data VALUES("858","15","25","https://drive.google.com/drive/folders/1CNMXFL-yqz-WnBsL7Czcf7So1TSdVNx7?usp=sharing","2567");
INSERT INTO pa_user_data VALUES("859","17","58","https://drive.google.com/drive/folders/1uKK3aTfM8FxZw9TuR-Dcz7n0Ppw73H8v?usp=sharing","2567");
INSERT INTO pa_user_data VALUES("860","18","58","https://drive.google.com/drive/folders/1uKK3aTfM8FxZw9TuR-Dcz7n0Ppw73H8v?usp=sharing","2567");
INSERT INTO pa_user_data VALUES("861","9","55","https://drive.google.com/drive/folders/1k5kKHrQAby9eWhe6t6annqqH-tNJxdq_?usp=sharing","2567");
INSERT INTO pa_user_data VALUES("862","10","55","https://drive.google.com/drive/folders/19CdZvTlDcKklAetW6GWLvzir4nkjySJE?usp=sharing","2567");
INSERT INTO pa_user_data VALUES("863","11","55","https://drive.google.com/drive/folders/1xVvG76-MRZDa13YHU-D3GUxea-m8TWmo?usp=sharing","2567");
INSERT INTO pa_user_data VALUES("864","12","55","https://drive.google.com/drive/folders/1Hd6wIlTOKS5mFwPDAPVlP1F1xxjpX_PB?usp=sharing","2567");
INSERT INTO pa_user_data VALUES("865","13","55","https://drive.google.com/drive/folders/1uWbEt0_Xhb6Gc8AkZbS418Kj7aXUo15f?usp=sharing","2567");
INSERT INTO pa_user_data VALUES("866","14","55","https://drive.google.com/drive/folders/1Vb_w8rwaEJATpYO0m1A62ENtfHIdf5UB?usp=sharing","2567");
INSERT INTO pa_user_data VALUES("867","15","55","https://drive.google.com/drive/folders/1whPlE7nEGFRUTkMHby2rS3DgW8w7bdJT?usp=sharing","2567");
INSERT INTO pa_user_data VALUES("868","16","55","https://drive.google.com/drive/folders/1wa3F_K_nYl9tJtFKua0Qblcw025MWl8A?usp=sharing","2567");
INSERT INTO pa_user_data VALUES("869","17","55","https://drive.google.com/drive/folders/1wa3F_K_nYl9tJtFKua0Qblcw025MWl8A?usp=sharing","2567");
INSERT INTO pa_user_data VALUES("870","18","55","https://drive.google.com/drive/folders/1wa3F_K_nYl9tJtFKua0Qblcw025MWl8A?usp=sharing","2567");



DROP TABLE pa_year;

CREATE TABLE `pa_year` (
  `pa_year` int(4) NOT NULL,
  `sta_year` int(1) DEFAULT '0',
  `st_date` date DEFAULT '0000-00-00',
  `end_date` date DEFAULT '0000-00-00',
  `sign_date` date DEFAULT '0000-00-00',
  PRIMARY KEY (`pa_year`)
) ENGINE=InnoDB DEFAULT CHARSET=latin1;

INSERT INTO pa_year VALUES("2567","1","2023-09-30","2024-10-01","2024-10-02");



DROP TABLE pic;

CREATE TABLE `pic` (
  `id_pic` char(6) NOT NULL DEFAULT '',
  `id_new` char(5) DEFAULT NULL,
  `pictuer` char(50) DEFAULT NULL,
  PRIMARY KEY (`id_pic`)
) ENGINE=MyISAM DEFAULT CHARSET=tis620;

INSERT INTO pic VALUES("000001","00001","000001.jpg");
INSERT INTO pic VALUES("000003","00001","000003.jpg");
INSERT INTO pic VALUES("000004","00001","000004.jpg");
INSERT INTO pic VALUES("000005","00001","000005.jpg");
INSERT INTO pic VALUES("000006","00001","000006.jpg");
INSERT INTO pic VALUES("000007","00002","000007.jpg");
INSERT INTO pic VALUES("000008","00002","000008.jpg");
INSERT INTO pic VALUES("000009","00002","000009.jpg");
INSERT INTO pic VALUES("000010","00002","000010.jpg");
INSERT INTO pic VALUES("000011","00002","000011.jpg");
INSERT INTO pic VALUES("000012","00003","000012.jpg");
INSERT INTO pic VALUES("000013","00003","000013.jpg");
INSERT INTO pic VALUES("000014","00003","000014.jpg");
INSERT INTO pic VALUES("000015","00003","000015.jpg");
INSERT INTO pic VALUES("000016","00003","000016.jpg");
INSERT INTO pic VALUES("000017","00004","000017.jpg");
INSERT INTO pic VALUES("000018","00004","000018.jpg");
INSERT INTO pic VALUES("000019","00004","000019.jpg");
INSERT INTO pic VALUES("000020","00004","000020.jpg");
INSERT INTO pic VALUES("000021","00004","000021.jpg");
INSERT INTO pic VALUES("000022","00005","000022.jpg");
INSERT INTO pic VALUES("000023","00005","000023.jpg");
INSERT INTO pic VALUES("000024","00005","000024.jpg");
INSERT INTO pic VALUES("000025","00005","000025.jpg");
INSERT INTO pic VALUES("000026","00005","000026.jpg");
INSERT INTO pic VALUES("000027","00006","000027.jpg");
INSERT INTO pic VALUES("000028","00006","000028.jpg");
INSERT INTO pic VALUES("000029","00006","000029.jpg");
INSERT INTO pic VALUES("000030","00006","000030.jpg");
INSERT INTO pic VALUES("000031","00006","000031.jpg");
INSERT INTO pic VALUES("000032","00007","000032.jpg");
INSERT INTO pic VALUES("000033","00007","000033.jpg");
INSERT INTO pic VALUES("000034","00007","000034.jpg");
INSERT INTO pic VALUES("000035","00007","000035.jpg");
INSERT INTO pic VALUES("000036","00007","000036.jpg");
INSERT INTO pic VALUES("000037","00008","000037.jpg");
INSERT INTO pic VALUES("000038","00008","000038.jpg");
INSERT INTO pic VALUES("000039","00008","000039.jpg");
INSERT INTO pic VALUES("000040","00008","000040.jpg");
INSERT INTO pic VALUES("000041","00008","000041.jpg");
INSERT INTO pic VALUES("000042","00008","000042.jpg");
INSERT INTO pic VALUES("000043","00008","000043.jpg");
INSERT INTO pic VALUES("000044","00009","000044.jpg");
INSERT INTO pic VALUES("000045","00009","000045.jpg");
INSERT INTO pic VALUES("000046","00009","000046.jpg");
INSERT INTO pic VALUES("000047","00009","000047.jpg");
INSERT INTO pic VALUES("000048","00009","000048.jpg");
INSERT INTO pic VALUES("000049","00009","000049.jpg");
INSERT INTO pic VALUES("000050","00009","000050.jpg");
INSERT INTO pic VALUES("000051","00010","000051.jpg");
INSERT INTO pic VALUES("000052","00010","000052.jpg");
INSERT INTO pic VALUES("000053","00010","000053.jpg");
INSERT INTO pic VALUES("000054","00010","000054.jpg");
INSERT INTO pic VALUES("000055","00010","000055.jpg");
INSERT INTO pic VALUES("000056","00010","000056.jpg");
INSERT INTO pic VALUES("000057","00011","000057.jpg");
INSERT INTO pic VALUES("000058","00011","000058.jpg");
INSERT INTO pic VALUES("000059","00011","000059.jpg");
INSERT INTO pic VALUES("000060","00011","000060.jpg");
INSERT INTO pic VALUES("000061","00011","000061.jpg");
INSERT INTO pic VALUES("000062","00011","000062.jpg");
INSERT INTO pic VALUES("000063","00011","000063.jpg");
INSERT INTO pic VALUES("000064","00012","000064.jpg");
INSERT INTO pic VALUES("000065","00012","000065.jpg");
INSERT INTO pic VALUES("000066","00012","000066.jpg");
INSERT INTO pic VALUES("000067","00012","000067.jpg");
INSERT INTO pic VALUES("000068","00012","000068.jpg");
INSERT INTO pic VALUES("000069","00012","000069.jpg");
INSERT INTO pic VALUES("000070","00013","000070.jpg");
INSERT INTO pic VALUES("000071","00013","000071.jpg");
INSERT INTO pic VALUES("000072","00013","000072.jpg");
INSERT INTO pic VALUES("000074","00013","000074.jpg");
INSERT INTO pic VALUES("000075","00013","000075.jpg");
INSERT INTO pic VALUES("000076","00013","000076.jpg");
INSERT INTO pic VALUES("000085","00015","000085.jpg");
INSERT INTO pic VALUES("000086","00015","000086.jpg");
INSERT INTO pic VALUES("000087","00015","000087.jpg");
INSERT INTO pic VALUES("000088","00015","000088.jpg");
INSERT INTO pic VALUES("000089","00015","000089.jpg");
INSERT INTO pic VALUES("000090","00015","000090.jpg");
INSERT INTO pic VALUES("000091","00015","000091.jpg");
INSERT INTO pic VALUES("000099","00017","000099.jpg");
INSERT INTO pic VALUES("000100","00017","000100.jpg");
INSERT INTO pic VALUES("000101","00017","000101.jpg");
INSERT INTO pic VALUES("000102","00017","000102.jpg");
INSERT INTO pic VALUES("000103","00017","000103.jpg");
INSERT INTO pic VALUES("000104","00017","000104.jpg");
INSERT INTO pic VALUES("000105","00017","000105.jpg");
INSERT INTO pic VALUES("000106","00018","000106.jpg");
INSERT INTO pic VALUES("000107","00018","000107.jpg");
INSERT INTO pic VALUES("000108","00018","000108.jpg");
INSERT INTO pic VALUES("000109","00018","000109.jpg");
INSERT INTO pic VALUES("000110","00018","000110.jpg");
INSERT INTO pic VALUES("000111","00018","000111.jpg");
INSERT INTO pic VALUES("000112","00018","000112.jpg");
INSERT INTO pic VALUES("000120","00020","000120.jpg");
INSERT INTO pic VALUES("000121","00020","000121.jpg");
INSERT INTO pic VALUES("000122","00020","000122.jpg");
INSERT INTO pic VALUES("000125","00020","000125.jpg");
INSERT INTO pic VALUES("000126","00020","000126.jpg");
INSERT INTO pic VALUES("000127","00020","000127.jpg");
INSERT INTO pic VALUES("000128","00020","000128.jpg");
INSERT INTO pic VALUES("000129","00021","000129.jpg");
INSERT INTO pic VALUES("000130","00021","000130.jpg");
INSERT INTO pic VALUES("000131","00021","000131.jpg");
INSERT INTO pic VALUES("000132","00021","000132.jpg");
INSERT INTO pic VALUES("000133","00021","000133.jpg");
INSERT INTO pic VALUES("000134","00021","000134.jpg");
INSERT INTO pic VALUES("000135","00021","000135.jpg");
INSERT INTO pic VALUES("000143","00023","000143.jpg");
INSERT INTO pic VALUES("000144","00023","000144.jpg");
INSERT INTO pic VALUES("000145","00023","000145.jpg");
INSERT INTO pic VALUES("000146","00023","000146.jpg");
INSERT INTO pic VALUES("000147","00023","000147.jpg");
INSERT INTO pic VALUES("000148","00023","000148.jpg");
INSERT INTO pic VALUES("000149","00023","000149.jpg");
INSERT INTO pic VALUES("000150","00024","000150.jpg");
INSERT INTO pic VALUES("000153","00024","000153.jpg");
INSERT INTO pic VALUES("000154","00024","000154.jpg");
INSERT INTO pic VALUES("000156","00024","000156.jpg");
INSERT INTO pic VALUES("000157","00024","000157.jpg");
INSERT INTO pic VALUES("000158","00024","000158.jpg");
INSERT INTO pic VALUES("000159","00024","000159.jpg");
INSERT INTO pic VALUES("000167","00028","000167.jpg");
INSERT INTO pic VALUES("000169","00030","000169.jpg");
INSERT INTO pic VALUES("000172","00029","000172.jpg");
INSERT INTO pic VALUES("000173","00027","000173.jpg");
INSERT INTO pic VALUES("000180","00044","000180.jpg");
INSERT INTO pic VALUES("000183","00029","000183.jpg");
INSERT INTO pic VALUES("000184","00027","000184.jpg");
INSERT INTO pic VALUES("000185","00027","000185.jpg");
INSERT INTO pic VALUES("000186","00030","000186.jpg");
INSERT INTO pic VALUES("000187","00030","000187.jpg");
INSERT INTO pic VALUES("000188","00039","000188.jpg");
INSERT INTO pic VALUES("000189","00039","000189.jpg");
INSERT INTO pic VALUES("000190","00039","000190.jpg");
INSERT INTO pic VALUES("000191","00039","000191.jpg");
INSERT INTO pic VALUES("000192","00044","000192.jpg");
INSERT INTO pic VALUES("000193","00044","000193.jpg");
INSERT INTO pic VALUES("000194","00044","000194.jpg");
INSERT INTO pic VALUES("000195","00044","000195.jpg");
INSERT INTO pic VALUES("000196","00044","000196.jpg");
INSERT INTO pic VALUES("000197","00045","000197.jpg");
INSERT INTO pic VALUES("000198","00045","000198.jpg");
INSERT INTO pic VALUES("000199","00045","000199.jpg");
INSERT INTO pic VALUES("000200","00045","000200.jpg");
INSERT INTO pic VALUES("000201","00045","000201.jpg");
INSERT INTO pic VALUES("000202","00045","000202.jpg");
INSERT INTO pic VALUES("000203","00045","000203.jpg");
INSERT INTO pic VALUES("000211","00051","000211.jpg");
INSERT INTO pic VALUES("000212","00051","000212.jpg");
INSERT INTO pic VALUES("000213","00051","000213.jpg");
INSERT INTO pic VALUES("000214","00051","000214.jpg");
INSERT INTO pic VALUES("000215","00051","000215.jpg");
INSERT INTO pic VALUES("000216","00051","000216.jpg");
INSERT INTO pic VALUES("000217","00051","000217.jpg");
INSERT INTO pic VALUES("000218","00052","000218.jpg");
INSERT INTO pic VALUES("000219","00052","000219.jpg");
INSERT INTO pic VALUES("000220","00052","000220.jpg");
INSERT INTO pic VALUES("000221","00052","000221.jpg");
INSERT INTO pic VALUES("000222","00052","000222.jpg");
INSERT INTO pic VALUES("000223","00052","000223.jpg");
INSERT INTO pic VALUES("000224","00052","000224.jpg");
INSERT INTO pic VALUES("000225","00055","000225.jpg");
INSERT INTO pic VALUES("000226","00055","000226.jpg");
INSERT INTO pic VALUES("000227","00055","000227.jpg");
INSERT INTO pic VALUES("000229","00055","000229.jpg");
INSERT INTO pic VALUES("000230","00055","000230.jpg");
INSERT INTO pic VALUES("000231","00055","000231.jpg");
INSERT INTO pic VALUES("000232","00055","000232.jpg");
INSERT INTO pic VALUES("000233","00054","000233.jpg");
INSERT INTO pic VALUES("000234","00054","000234.jpg");
INSERT INTO pic VALUES("000235","00054","000235.jpg");
INSERT INTO pic VALUES("000236","00054","000236.jpg");
INSERT INTO pic VALUES("000237","00054","000237.jpg");
INSERT INTO pic VALUES("000239","00054","000239.jpg");
INSERT INTO pic VALUES("000240","00054","000240.jpg");
INSERT INTO pic VALUES("000241","00050","000241.jpg");
INSERT INTO pic VALUES("000242","00050","000242.jpg");
INSERT INTO pic VALUES("000243","00050","000243.jpg");
INSERT INTO pic VALUES("000244","00050","000244.jpg");
INSERT INTO pic VALUES("000245","00050","000245.jpg");
INSERT INTO pic VALUES("000246","00050","000246.jpg");
INSERT INTO pic VALUES("000247","00050","000247.jpg");
INSERT INTO pic VALUES("000248","00057","000248.jpg");
INSERT INTO pic VALUES("000249","00057","000249.jpg");
INSERT INTO pic VALUES("000250","00057","000250.jpg");
INSERT INTO pic VALUES("000251","00057","000251.jpg");
INSERT INTO pic VALUES("000252","00057","000252.jpg");
INSERT INTO pic VALUES("000253","00057","000253.jpg");
INSERT INTO pic VALUES("000254","00057","000254.jpg");
INSERT INTO pic VALUES("000255","00060","000255.jpg");
INSERT INTO pic VALUES("000257","00060","000257.jpg");
INSERT INTO pic VALUES("000258","00060","000258.jpg");
INSERT INTO pic VALUES("000259","00060","000259.jpg");
INSERT INTO pic VALUES("000260","00060","000260.jpg");
INSERT INTO pic VALUES("000261","00060","000261.jpg");
INSERT INTO pic VALUES("000262","00060","000262.jpg");
INSERT INTO pic VALUES("000263","00056","000263.jpg");
INSERT INTO pic VALUES("000265","00056","000265.jpg");
INSERT INTO pic VALUES("000266","00056","000266.jpg");
INSERT INTO pic VALUES("000267","00056","000267.jpg");
INSERT INTO pic VALUES("000268","00056","000268.jpg");
INSERT INTO pic VALUES("000269","00056","000269.jpg");
INSERT INTO pic VALUES("000270","00056","000270.jpg");
INSERT INTO pic VALUES("000271","00058","000271.jpg");
INSERT INTO pic VALUES("000272","00058","000272.jpg");
INSERT INTO pic VALUES("000273","00058","000273.jpg");
INSERT INTO pic VALUES("000274","00058","000274.jpg");
INSERT INTO pic VALUES("000275","00058","000275.jpg");
INSERT INTO pic VALUES("000276","00058","000276.jpg");
INSERT INTO pic VALUES("000277","00058","000277.jpg");
INSERT INTO pic VALUES("000278","00059","000278.jpg");
INSERT INTO pic VALUES("000279","00059","000279.jpg");
INSERT INTO pic VALUES("000280","00059","000280.jpg");
INSERT INTO pic VALUES("000281","00059","000281.jpg");
INSERT INTO pic VALUES("000282","00059","000282.jpg");
INSERT INTO pic VALUES("000283","00059","000283.jpg");
INSERT INTO pic VALUES("000284","00059","000284.jpg");
INSERT INTO pic VALUES("000285","00061","000285.jpg");
INSERT INTO pic VALUES("000287","00061","000287.jpg");
INSERT INTO pic VALUES("000288","00061","000288.jpg");
INSERT INTO pic VALUES("000289","00061","000289.jpg");
INSERT INTO pic VALUES("000290","00061","000290.jpg");
INSERT INTO pic VALUES("000291","00061","000291.jpg");
INSERT INTO pic VALUES("000292","00061","000292.jpg");
INSERT INTO pic VALUES("000293","00062","000293.jpg");
INSERT INTO pic VALUES("000294","00062","000294.jpg");
INSERT INTO pic VALUES("000295","00062","000295.jpg");
INSERT INTO pic VALUES("000296","00062","000296.jpg");
INSERT INTO pic VALUES("000297","00062","000297.jpg");
INSERT INTO pic VALUES("000298","00062","000298.jpg");
INSERT INTO pic VALUES("000299","00062","000299.jpg");
INSERT INTO pic VALUES("000307","00063","000307.jpg");
INSERT INTO pic VALUES("000308","00063","000308.jpg");
INSERT INTO pic VALUES("000309","00063","000309.jpg");
INSERT INTO pic VALUES("000310","00063","000310.jpg");
INSERT INTO pic VALUES("000311","00063","000311.jpg");
INSERT INTO pic VALUES("000312","00063","000312.jpg");
INSERT INTO pic VALUES("000313","00063","000313.jpg");
INSERT INTO pic VALUES("000314","00064","000314.jpg");
INSERT INTO pic VALUES("000315","00064","000315.jpg");
INSERT INTO pic VALUES("000316","00064","000316.jpg");
INSERT INTO pic VALUES("000317","00064","000317.jpg");
INSERT INTO pic VALUES("000318","00064","000318.jpg");
INSERT INTO pic VALUES("000319","00064","000319.jpg");
INSERT INTO pic VALUES("000320","00064","000320.jpg");
INSERT INTO pic VALUES("000324","00065","000324.jpg");
INSERT INTO pic VALUES("000325","00065","000325.jpg");
INSERT INTO pic VALUES("000326","00065","000326.jpg");
INSERT INTO pic VALUES("000327","00065","000327.jpg");
INSERT INTO pic VALUES("000328","00065","000328.jpg");
INSERT INTO pic VALUES("000329","00065","000329.jpg");
INSERT INTO pic VALUES("000330","00065","000330.jpg");
INSERT INTO pic VALUES("000331","00069","000331.jpg");
INSERT INTO pic VALUES("000332","00067","000332.jpg");
INSERT INTO pic VALUES("000333","00069","000333.jpg");
INSERT INTO pic VALUES("000334","00067","000334.jpg");
INSERT INTO pic VALUES("000335","00067","000335.jpg");
INSERT INTO pic VALUES("000336","00069","000336.jpg");
INSERT INTO pic VALUES("000337","00066","000337.jpg");
INSERT INTO pic VALUES("000338","00067","000338.jpg");
INSERT INTO pic VALUES("000339","00069","000339.jpg");
INSERT INTO pic VALUES("000340","00067","000340.jpg");
INSERT INTO pic VALUES("000341","00066","000341.jpg");
INSERT INTO pic VALUES("000342","00069","000342.jpg");
INSERT INTO pic VALUES("000343","00067","000343.jpg");
INSERT INTO pic VALUES("000344","00069","000344.jpg");
INSERT INTO pic VALUES("000345","00066","000345.jpg");
INSERT INTO pic VALUES("000346","00067","000346.jpg");
INSERT INTO pic VALUES("000347","00069","000347.jpg");
INSERT INTO pic VALUES("000348","00066","000348.jpg");
INSERT INTO pic VALUES("000349","00068","000349.jpg");
INSERT INTO pic VALUES("000350","00066","000350.jpg");
INSERT INTO pic VALUES("000351","00068","000351.jpg");
INSERT INTO pic VALUES("000352","00068","000352.jpg");
INSERT INTO pic VALUES("000353","00068","000353.jpg");
INSERT INTO pic VALUES("000354","00066","000354.jpg");
INSERT INTO pic VALUES("000355","00068","000355.jpg");
INSERT INTO pic VALUES("000356","00068","000356.jpg");
INSERT INTO pic VALUES("000357","00066","000357.jpg");
INSERT INTO pic VALUES("000358","00070","000358.jpg");
INSERT INTO pic VALUES("000359","00070","000359.jpg");
INSERT INTO pic VALUES("000360","00070","000360.jpg");
INSERT INTO pic VALUES("000361","00070","000361.jpg");
INSERT INTO pic VALUES("000362","00070","000362.jpg");
INSERT INTO pic VALUES("000363","00070","000363.jpg");
INSERT INTO pic VALUES("000364","00070","000364.jpg");
INSERT INTO pic VALUES("000365","00071","000365.jpg");
INSERT INTO pic VALUES("000366","00071","000366.jpg");
INSERT INTO pic VALUES("000367","00071","000367.jpg");
INSERT INTO pic VALUES("000368","00071","000368.jpg");
INSERT INTO pic VALUES("000369","00071","000369.jpg");
INSERT INTO pic VALUES("000370","00071","000370.jpg");
INSERT INTO pic VALUES("000371","00071","000371.jpg");
INSERT INTO pic VALUES("000372","00072","000372.jpg");
INSERT INTO pic VALUES("000373","00072","000373.jpg");
INSERT INTO pic VALUES("000374","00072","000374.jpg");
INSERT INTO pic VALUES("000375","00072","000375.jpg");
INSERT INTO pic VALUES("000376","00072","000376.jpg");
INSERT INTO pic VALUES("000377","00072","000377.jpg");
INSERT INTO pic VALUES("000378","00072","000378.jpg");
INSERT INTO pic VALUES("000379","00073","000379.jpg");
INSERT INTO pic VALUES("000380","00073","000380.jpg");
INSERT INTO pic VALUES("000381","00073","000381.jpg");
INSERT INTO pic VALUES("000382","00073","000382.jpg");
INSERT INTO pic VALUES("000383","00073","000383.jpg");
INSERT INTO pic VALUES("000384","00073","000384.jpg");
INSERT INTO pic VALUES("000385","00073","000385.jpg");
INSERT INTO pic VALUES("000386","00074","000386.jpg");
INSERT INTO pic VALUES("000387","00074","000387.jpg");
INSERT INTO pic VALUES("000388","00074","000388.jpg");
INSERT INTO pic VALUES("000389","00074","000389.jpg");
INSERT INTO pic VALUES("000390","00074","000390.jpg");
INSERT INTO pic VALUES("000391","00074","000391.jpg");
INSERT INTO pic VALUES("000392","00074","000392.jpg");
INSERT INTO pic VALUES("000393","00075","000393.jpg");
INSERT INTO pic VALUES("000394","00075","000394.jpg");
INSERT INTO pic VALUES("000395","00075","000395.jpg");
INSERT INTO pic VALUES("000396","00075","000396.jpg");
INSERT INTO pic VALUES("000397","00077","000397.jpg");
INSERT INTO pic VALUES("000398","00077","000398.jpg");
INSERT INTO pic VALUES("000399","00077","000399.jpg");
INSERT INTO pic VALUES("000400","00077","000400.jpg");
INSERT INTO pic VALUES("000401","00077","000401.jpg");
INSERT INTO pic VALUES("000402","00077","000402.jpg");
INSERT INTO pic VALUES("000403","00077","000403.jpg");
INSERT INTO pic VALUES("000404","00078","000404.jpg");
INSERT INTO pic VALUES("000405","00078","000405.jpg");
INSERT INTO pic VALUES("000406","00078","000406.jpg");
INSERT INTO pic VALUES("000407","00078","000407.jpg");
INSERT INTO pic VALUES("000408","00078","000408.jpg");
INSERT INTO pic VALUES("000409","00078","000409.jpg");
INSERT INTO pic VALUES("000415","00081","000415.jpg");
INSERT INTO pic VALUES("000416","00081","000416.jpg");
INSERT INTO pic VALUES("000417","00081","000417.jpg");
INSERT INTO pic VALUES("000418","00081","000418.jpg");
INSERT INTO pic VALUES("000419","00081","000419.jpg");
INSERT INTO pic VALUES("000420","00081","000420.jpg");
INSERT INTO pic VALUES("000421","00082","000421.jpg");
INSERT INTO pic VALUES("000422","00082","000422.jpg");
INSERT INTO pic VALUES("000423","00082","000423.jpg");
INSERT INTO pic VALUES("000424","00082","000424.jpg");
INSERT INTO pic VALUES("000425","00082","000425.jpg");
INSERT INTO pic VALUES("000426","00082","000426.jpg");
INSERT INTO pic VALUES("000427","00079","000427.jpg");
INSERT INTO pic VALUES("000428","00079","000428.jpg");
INSERT INTO pic VALUES("000429","00079","000429.jpg");
INSERT INTO pic VALUES("000430","00079","000430.jpg");
INSERT INTO pic VALUES("000431","00079","000431.jpg");
INSERT INTO pic VALUES("000432","00079","000432.jpg");
INSERT INTO pic VALUES("000433","00079","000433.jpg");
INSERT INTO pic VALUES("000434","00083","000434.jpg");
INSERT INTO pic VALUES("000436","00083","000436.jpg");
INSERT INTO pic VALUES("000437","00083","000437.jpg");
INSERT INTO pic VALUES("000440","00083","000440.jpg");
INSERT INTO pic VALUES("000442","00083","000442.jpg");
INSERT INTO pic VALUES("000443","00083","000443.jpg");
INSERT INTO pic VALUES("000444","00083","000444.jpg");
INSERT INTO pic VALUES("000445","00084","000445.jpg");
INSERT INTO pic VALUES("000446","00084","000446.jpg");
INSERT INTO pic VALUES("000447","00084","000447.jpg");
INSERT INTO pic VALUES("000448","00084","000448.jpg");
INSERT INTO pic VALUES("000449","00084","000449.jpg");
INSERT INTO pic VALUES("000450","00084","000450.jpg");
INSERT INTO pic VALUES("000451","00084","000451.jpg");
INSERT INTO pic VALUES("000452","00085","000452.jpg");
INSERT INTO pic VALUES("000453","00085","000453.jpg");
INSERT INTO pic VALUES("000454","00085","000454.jpg");
INSERT INTO pic VALUES("000455","00085","000455.jpg");
INSERT INTO pic VALUES("000456","00085","000456.jpg");
INSERT INTO pic VALUES("000457","00085","000457.jpg");
INSERT INTO pic VALUES("000458","00085","000458.jpg");
INSERT INTO pic VALUES("000459","00086","000459.jpg");
INSERT INTO pic VALUES("000460","00086","000460.jpg");
INSERT INTO pic VALUES("000461","00086","000461.jpg");
INSERT INTO pic VALUES("000462","00086","000462.jpg");
INSERT INTO pic VALUES("000463","00086","000463.jpg");
INSERT INTO pic VALUES("000464","00086","000464.jpg");
INSERT INTO pic VALUES("000465","00086","000465.jpg");
INSERT INTO pic VALUES("000466","00087","000466.jpg");
INSERT INTO pic VALUES("000467","00087","000467.jpg");
INSERT INTO pic VALUES("000468","00087","000468.jpg");
INSERT INTO pic VALUES("000469","00087","000469.jpg");
INSERT INTO pic VALUES("000470","00087","000470.jpg");
INSERT INTO pic VALUES("000471","00087","000471.jpg");
INSERT INTO pic VALUES("000472","00087","000472.jpg");
INSERT INTO pic VALUES("000473","00089","000473.jpg");
INSERT INTO pic VALUES("000474","00089","000474.jpg");
INSERT INTO pic VALUES("000475","00089","000475.jpg");
INSERT INTO pic VALUES("000476","00089","000476.jpg");
INSERT INTO pic VALUES("000477","00089","000477.jpg");
INSERT INTO pic VALUES("000478","00089","000478.jpg");
INSERT INTO pic VALUES("000479","00089","000479.jpg");
INSERT INTO pic VALUES("000480","00090","000480.jpg");
INSERT INTO pic VALUES("000481","00090","000481.jpg");
INSERT INTO pic VALUES("000482","00090","000482.jpg");
INSERT INTO pic VALUES("000483","00090","000483.jpg");
INSERT INTO pic VALUES("000484","00090","000484.jpg");
INSERT INTO pic VALUES("000485","00090","000485.jpg");
INSERT INTO pic VALUES("000486","00090","000486.jpg");
INSERT INTO pic VALUES("000487","00088","000487.jpg");
INSERT INTO pic VALUES("000488","00088","000488.jpg");
INSERT INTO pic VALUES("000489","00088","000489.jpg");
INSERT INTO pic VALUES("000490","00088","000490.jpg");
INSERT INTO pic VALUES("000491","00088","000491.jpg");
INSERT INTO pic VALUES("000492","00088","000492.jpg");
INSERT INTO pic VALUES("000493","00088","000493.jpg");
INSERT INTO pic VALUES("000494","00091","000494.jpg");
INSERT INTO pic VALUES("000495","00091","000495.jpg");
INSERT INTO pic VALUES("000496","00091","000496.jpg");
INSERT INTO pic VALUES("000497","00091","000497.jpg");
INSERT INTO pic VALUES("000498","00091","000498.jpg");
INSERT INTO pic VALUES("000499","00091","000499.jpg");
INSERT INTO pic VALUES("000500","00091","000500.jpg");
INSERT INTO pic VALUES("000501","00092","000501.jpg");
INSERT INTO pic VALUES("000502","00092","000502.jpg");
INSERT INTO pic VALUES("000503","00092","000503.jpg");
INSERT INTO pic VALUES("000504","00092","000504.jpg");
INSERT INTO pic VALUES("000505","00092","000505.jpg");
INSERT INTO pic VALUES("000506","00092","000506.jpg");
INSERT INTO pic VALUES("000507","00092","000507.jpg");
INSERT INTO pic VALUES("000508","00094","000508.jpg");
INSERT INTO pic VALUES("000509","00094","000509.jpg");
INSERT INTO pic VALUES("000510","00094","000510.jpg");
INSERT INTO pic VALUES("000511","00094","000511.jpg");
INSERT INTO pic VALUES("000512","00094","000512.jpg");
INSERT INTO pic VALUES("000513","00094","000513.jpg");
INSERT INTO pic VALUES("000514","00094","000514.jpg");
INSERT INTO pic VALUES("000515","00093","000515.jpg");
INSERT INTO pic VALUES("000516","00093","000516.jpg");
INSERT INTO pic VALUES("000517","00093","000517.jpg");
INSERT INTO pic VALUES("000518","00093","000518.jpg");
INSERT INTO pic VALUES("000519","00093","000519.jpg");
INSERT INTO pic VALUES("000520","00093","000520.jpg");
INSERT INTO pic VALUES("000521","00093","000521.jpg");
INSERT INTO pic VALUES("000522","00095","000522.jpg");
INSERT INTO pic VALUES("000523","00095","000523.jpg");
INSERT INTO pic VALUES("000524","00095","000524.jpg");
INSERT INTO pic VALUES("000525","00095","000525.jpg");
INSERT INTO pic VALUES("000526","00095","000526.jpg");
INSERT INTO pic VALUES("000527","00095","000527.jpg");
INSERT INTO pic VALUES("000528","00095","000528.jpg");
INSERT INTO pic VALUES("000529","00100","000529.jpg");
INSERT INTO pic VALUES("000530","00100","000530.jpg");
INSERT INTO pic VALUES("000531","00100","000531.jpg");
INSERT INTO pic VALUES("000532","00100","000532.jpg");
INSERT INTO pic VALUES("000533","00100","000533.jpg");
INSERT INTO pic VALUES("000534","00100","000534.jpg");
INSERT INTO pic VALUES("000535","00100","000535.jpg");
INSERT INTO pic VALUES("000536","00101","000536.jpg");
INSERT INTO pic VALUES("000537","00101","000537.jpg");
INSERT INTO pic VALUES("000538","00101","000538.jpg");
INSERT INTO pic VALUES("000539","00101","000539.jpg");
INSERT INTO pic VALUES("000540","00101","000540.jpg");
INSERT INTO pic VALUES("000541","00101","000541.jpg");
INSERT INTO pic VALUES("000542","00101","000542.jpg");



