DROP TABLE m_faction;

CREATE TABLE `m_faction` (
  `f_id` int(2) NOT NULL AUTO_INCREMENT,
  `f_name` char(70) DEFAULT NULL,
  `f_tmp` int(2) DEFAULT NULL,
  PRIMARY KEY (`f_id`)
) ENGINE=MyISAM AUTO_INCREMENT=6 DEFAULT CHARSET=tis620;

INSERT INTO m_faction VALUES("1","วิทยาศาสตร์w","1");
INSERT INTO m_faction VALUES("2","คณิตศาสตร์fd","2");
INSERT INTO m_faction VALUES("3","ภาษาไทย","3");
INSERT INTO m_faction VALUES("4","ภาษาต่างประเทศ","4");
INSERT INTO m_faction VALUES("5","สังคมศึกษา ศาสนา และวัฒนธรรม","5");



DROP TABLE m_faction1;

CREATE TABLE `m_faction1` (
  `f_id` char(2) NOT NULL DEFAULT '',
  `f_name` char(70) DEFAULT NULL,
  `f_tmp` int(2) DEFAULT NULL,
  PRIMARY KEY (`f_id`)
) ENGINE=MyISAM DEFAULT CHARSET=tis620;

INSERT INTO m_faction1 VALUES("01","บริหาร","1");
INSERT INTO m_faction1 VALUES("02","วิชาการ","2");
INSERT INTO m_faction1 VALUES("03","อำนวยการ","3");
INSERT INTO m_faction1 VALUES("04","งานแผนงานและงบประมาณ","4");
INSERT INTO m_faction1 VALUES("05","กิจการนักเรียน","5");
INSERT INTO m_faction1 VALUES("07","ห้องสมุด","7");



DROP TABLE m_gender;

CREATE TABLE `m_gender` (
  `gender_id` int(1) NOT NULL,
  `gender_name` varchar(10) DEFAULT NULL,
  PRIMARY KEY (`gender_id`)
) ENGINE=MyISAM DEFAULT CHARSET=utf8;

INSERT INTO m_gender VALUES("1","เพศชาย");
INSERT INTO m_gender VALUES("2","เพศหญิง");



DROP TABLE m_grouplevel;

CREATE TABLE `m_grouplevel` (
  `grouplevelno` int(1) NOT NULL AUTO_INCREMENT,
  `grouplevel` varchar(30) NOT NULL,
  PRIMARY KEY (`grouplevelno`)
) ENGINE=MyISAM AUTO_INCREMENT=13 DEFAULT CHARSET=utf8;

INSERT INTO m_grouplevel VALUES("1","ผู้อำนวยการ");
INSERT INTO m_grouplevel VALUES("2","รองผู้อำนวยการ");
INSERT INTO m_grouplevel VALUES("3","ครู");
INSERT INTO m_grouplevel VALUES("4","ครูชาวต่างชาติ");
INSERT INTO m_grouplevel VALUES("5","ครูพิเศษ");
INSERT INTO m_grouplevel VALUES("6","พนักงานราชการ");
INSERT INTO m_grouplevel VALUES("7","ครูหอพัก");
INSERT INTO m_grouplevel VALUES("8","ลูกจ้างประจำ");
INSERT INTO m_grouplevel VALUES("9","ลูกจ้างชั่วคราว");
INSERT INTO m_grouplevel VALUES("10","พนักงานขับรถ");
INSERT INTO m_grouplevel VALUES("11","ยามรักษาการณ์");
INSERT INTO m_grouplevel VALUES("12","เจ้าหน้าที่สหกรณ์");



DROP TABLE m_line;

CREATE TABLE `m_line` (
  `l_id` int(7) NOT NULL AUTO_INCREMENT,
  `l_name` varchar(100) CHARACTER SET utf8 DEFAULT NULL,
  `l_how` varchar(100) CHARACTER SET utf8 DEFAULT NULL,
  `pcode` int(11) DEFAULT NULL,
  `ecode` int(11) DEFAULT NULL,
  `chang_at` timestamp NULL DEFAULT CURRENT_TIMESTAMP,
  PRIMARY KEY (`l_id`)
) ENGINE=InnoDB AUTO_INCREMENT=5 DEFAULT CHARSET=latin1;

INSERT INTO m_line VALUES("3"," xoJlby4gdwrxr9aAJ5Ps8z4z0Xq0EJgdf4HaxlaXMGI","พ่อ","1","583","2022-10-26 16:10:34");
INSERT INTO m_line VALUES("4","Lqu3vPAco578tTfEYAKvSMPBIbpOls7u0ghS5ndrwPc","เดย์","1","583","2022-12-12 12:54:24");



DROP TABLE m_member;

CREATE TABLE `m_member` (
  `pcode` int(9) NOT NULL AUTO_INCREMENT,
  `xpcode` char(13) CHARACTER SET utf8 NOT NULL,
  `pass` char(15) CHARACTER SET utf8 DEFAULT NULL,
  `titleid` int(2) DEFAULT NULL,
  `pname` char(40) CHARACTER SET utf8 DEFAULT NULL,
  `surname` char(30) CHARACTER SET utf8 DEFAULT NULL,
  `sum_name` char(70) CHARACTER SET utf8 DEFAULT NULL,
  `sno` int(3) DEFAULT NULL,
  `gender` int(1) DEFAULT NULL,
  `classid` char(4) CHARACTER SET utf8 DEFAULT NULL,
  `start_date` date DEFAULT '0000-00-00',
  `expir_date` date DEFAULT '0000-00-00',
  `status_id` int(2) DEFAULT NULL,
  `person_id` char(13) CHARACTER SET utf8 DEFAULT NULL,
  `mstatus` int(2) DEFAULT NULL,
  `nickname` char(30) CHARACTER SET utf8 DEFAULT NULL,
  `birthdate` date DEFAULT '0000-00-00',
  `id_sub` int(2) DEFAULT NULL,
  `id_posi` int(2) DEFAULT NULL,
  `id_posi2` int(2) DEFAULT NULL,
  `id_posi3` int(2) DEFAULT NULL,
  `ptel` varchar(20) CHARACTER SET utf8 DEFAULT NULL,
  `ecode` int(9) DEFAULT NULL,
  `pemail` varchar(40) CHARACTER SET utf8 DEFAULT NULL,
  `pmoney` double DEFAULT NULL,
  `pseridate` date DEFAULT '0000-00-00',
  `perisch` varchar(200) CHARACTER SET utf8 DEFAULT NULL,
  `changed_at` timestamp NULL DEFAULT CURRENT_TIMESTAMP,
  `pdetail1` varchar(200) CHARACTER SET utf8 DEFAULT NULL,
  `pdetail2` varchar(200) CHARACTER SET utf8 DEFAULT NULL,
  `line_code` varchar(100) CHARACTER SET utf8 DEFAULT NULL,
  PRIMARY KEY (`pcode`)
) ENGINE=MyISAM AUTO_INCREMENT=106 DEFAULT CHARSET=tis620;

INSERT INTO m_member VALUES("1","admin","","","","","","","","","0000-00-00","0000-00-00","","","","","0000-00-00","","","","","","","","","0000-00-00","","2024-02-01 06:37:35","","","");
INSERT INTO m_member VALUES("2","ACK001","1234","3","เจริญ","นันไชยวงค์","นายเจริญ  นันไชยวงค์","0","1","9999","0000-00-00","0000-00-00","2","","2","","1971-06-08","9","1","1","3","0899507419","2","Charoen.nunchaiwong2524@gmail.com","62290","1994-06-27","ชุมชนบ้านสบเปา","2024-02-14 14:31:57","","","");
INSERT INTO m_member VALUES("3","ACK002","1234","4","ขวัญจิรา","กองสุข","นางสาวขวัญจิรา  กองสุข","0","2","9999","0000-00-00","0000-00-00","2","","2","","1991-07-28","9","2","1","2","0873035750","3","yammy531153057@gmail.com","32420","2016-01-05","โรงเรียนวัดมโนรม","2024-02-14 14:31:57","","","");
INSERT INTO m_member VALUES("4","ACK003","1234","3","อดิเรก","ยอดเมือง","นายอดิเรก  ยอดเมือง","0","1","9999","0000-00-00","0000-00-00","2","","2","","0000-00-00","9","2","1","3","0891357557","41","","0","0000-00-00","","2024-02-14 14:31:57","","","");
INSERT INTO m_member VALUES("5","ACK004","1234","5","อัญชลี","ยอดบุญเรือง","นางอัญชลี  ยอดบุญเรือง","0","2","9999","0000-00-00","0000-00-00","2","","2","","1980-05-03","12","3","1","3","0821922076","5","Krawhomtu@gmail.com","40730","2553-06-01","อนุบาลตำบลแม่กาษา","2024-02-14 14:31:57","","","");
INSERT INTO m_member VALUES("6","ACK005","1234","5","ธิดารัตน์","ฮงประยูร","นางธิดารัตน์  ฮงประยูร","0","2","9999","0000-00-00","0000-00-00","2","","2","","1969-05-05","12","3","1","3","0613507082","6","nokyin2547@gmail.com","64700","1992-11-05","โรงเรียนบ้านหวาย","2024-02-14 14:31:57","","","");
INSERT INTO m_member VALUES("7","ACK006","1234","5","ดวงพร","วิเศษ","นางดวงพร  วิเศษ","0","2","9999","0000-00-00","0000-00-00","2","","2","","1980-09-13","12","3","1","2","0839297914","7","duangveaw@gmail.com","37","2008-05-16","วัดดิสหงสาราม","2024-02-14 14:31:57","","","");
INSERT INTO m_member VALUES("8","ACK007","1234","4","ภัทริญาภรณ์","ทิศพรม","นางสาวภัทริญาภรณ์  ทิศพรม","0","2","9999","0000-00-00","0000-00-00","2","","2","","1978-05-12","12","3","1","1","0828970035","8","pattarlyaporn1@gmail.com","23970","2017-12-10","โรงเรียนวัดหนองบัว","2024-02-14 14:31:57","","","");
INSERT INTO m_member VALUES("9","ACK008","1234","4","ชรินรัตน์","วงศ์มา","นางสาวชรินรัตน์  วงศ์มา","0","2","9999","0000-00-00","0000-00-00","2","","2","","1989-11-21","12","3","1","1","0982505549","9","artarttic@gmail.com","19280","2022-06-01","โรงเรียนอนุบาลเชียงของ","2024-02-14 14:31:57","","","");
INSERT INTO m_member VALUES("10","ACK009","1234","4","กมลชนก","วุฒิโอสถ","นางสาวกมลชนก  วุฒิโอสถ","0","2","9999","0000-00-00","0000-00-00","2","","2","","0000-00-00","12","5","2","6","","41","","0","0000-00-00","","2024-02-14 14:31:57","","","");
INSERT INTO m_member VALUES("11","ACK010","1234","4","เพ็ญพิสุทธิ์","ขันสล่า","นางสาวเพ็ญพิสุทธิ์  ขันสล่า","0","2","9999","0000-00-00","0000-00-00","2","","2","","0000-00-00","12","5","2","7","","41","","0","0000-00-00","","2024-02-14 14:31:57","","","");
INSERT INTO m_member VALUES("12","ACK011","1234","9","JessaGutang","Madera","MissJessaGutang  Madera","0","2","9999","0000-00-00","0000-00-00","2","","2","","0000-00-00","12","7","2","8","","","","","0000-00-00","","2024-02-14 14:31:57","","","");
INSERT INTO m_member VALUES("13","ACK012","1234","9","VanessaFaustino","Baustista","MissVanessaFaustino  Baustista","0","2","9999","0000-00-00","0000-00-00","2","","2","","0000-00-00","12","7","2","8","","","","","0000-00-00","","2024-02-14 14:31:57","","","");
INSERT INTO m_member VALUES("14","ACK013","1234","4","บัณฑิตา","ยอดวงค์","นางสาวบัณฑิตา  ยอดวงค์","0","2","9999","0000-00-00","0000-00-00","2","","2","","1992-09-04","12","3","1","1","0824806992","14","khimbun696@gmail.com","23710","2019-11-01","อนุบาลเชียงของ","2024-02-14 14:31:57","","","");
INSERT INTO m_member VALUES("15","ACK014","1234","3","นฤเดช","สุริยะวงค์","นายนฤเดช  สุริยะวงค์","0","1","9999","0000-00-00","0000-00-00","2","","2","","1993-07-06","2","3","1","1","0956977619","15","banknarudechsu@gmail.com","22930","2019-01-17","โรงเรียนอนุบาลเชียงของ","2024-02-14 14:31:57","","","");
INSERT INTO m_member VALUES("16","ACK015","1234","5","จรรยา","ณ น่าน","นางจรรยา  ณ น่าน","0","2","9999","0000-00-00","0000-00-00","2","","2","","0000-00-00","2","3","1","3","","41","","0","0000-00-00","","2024-02-14 14:31:57","","","");
INSERT INTO m_member VALUES("17","ACK016","1234","5","นันท์นภัส","อนันตสิทธิพงศ์","นางนันท์นภัส  อนันตสิทธิพงศ์","0","2","9999","0000-00-00","0000-00-00","2","","2","","2521-04-02","2","3","1","3","0898562140","17","pingan9415@gmail.com","40490","2008-02-07","บ้านแม่สลิดหลวงวิทยา","2024-02-14 14:31:57","","","");
INSERT INTO m_member VALUES("18","ACK017","1234","5","ประวีณา","ไชยพุฒิ","นางประวีณา  ไชยพุฒิ","0","2","9999","0000-00-00","0000-00-00","2","","2","","0000-00-00","2","3","1","3","","41","","0","0000-00-00","","2024-02-14 14:31:57","","","");
INSERT INTO m_member VALUES("19","ACK018","1234","4","สรัญญา","ปุกปินกาศ","นางสาวสรัญญา  ปุกปินกาศ","0","2","9999","0000-00-00","0000-00-00","2","","2","","1987-11-29","2","3","1","3","0805001518","19","saranyapukpinkas@gmail.com","35470","2012-12-11","โรงเรียนบ้านนาไหม้","2024-02-14 14:31:57","","","");
INSERT INTO m_member VALUES("20","ACK019","1234","4","ทิพวรรณ","สุรินแก้ว","นางสาวทิพวรรณ  สุรินแก้ว","0","2","9999","0000-00-00","0000-00-00","2","","2","","1982-07-03","2","3","1","2","0857196794","20","tipjeab33@gmail.com","27930","2015-03-20","บ้านแม่โถใต้","2024-02-14 14:31:57","","","");
INSERT INTO m_member VALUES("21","ACK020","1234","3","ณัฐวัฒน์","อ่อนน้อม","นายณัฐวัฒน์  อ่อนน้อม","0","1","9999","0000-00-00","0000-00-00","2","","2","","1996-12-02","2","3","1","1","0940213690","21","์Natthawat690@gmail.com","19360","2022-06-01","โรงเรียนอนุบาลเชียงของ","2024-02-14 14:31:57","","","");
INSERT INTO m_member VALUES("22","ACK021","1234","4","ชลธิชา","บุญสูง","นางสาวชลธิชา  บุญสูง","0","2","9999","0000-00-00","0000-00-00","2","","2","","0000-00-00","2","4","1","1","","41","","0","0000-00-00","","2024-02-14 14:31:57","","","");
INSERT INTO m_member VALUES("23","ACK022","1234","4","มณีรัตน์","สาระรัตน์","นางสาวมณีรัตน์  สาระรัตน์","0","2","9999","0000-00-00","0000-00-00","2","","2","","0000-00-00","2","4","1","1","","41","","0","0000-00-00","","2024-02-14 14:31:57","","","");
INSERT INTO m_member VALUES("24","ACK023","1234","4","อนงค์","สิทธิ์ประเสริฐ","นางสาวอนงค์  สิทธิ์ประเสริฐ","0","2","9999","0000-00-00","0000-00-00","2","","2","","1990-06-29","12","4","1","1","0943065715","41","aofzy29@hotmail.com","17380","2024-01-03","อนุบาลเชียงของ","2024-02-14 14:31:57","","","");
INSERT INTO m_member VALUES("25","ACK024","1234","5","ณปภัช","จันระวัง","นางณปภัช  จันระวัง","0","2","9999","0000-00-00","0000-00-00","2","","2","","1982-05-02","1","3","1","3","0846160402","25","napaphatjanrawang@gmail.com","42540","2024-09-02","บ้านใหม่สันติ","2024-02-14 14:31:57","","","");
INSERT INTO m_member VALUES("26","ACK025","1234","5","ชุติภา","บริบูรณ์","นางชุติภา  บริบูรณ์","0","2","9999","0000-00-00","0000-00-00","2","","2","","1978-09-15","1","3","1","3","0843996442","26","chutipha.noteii@gmail.com","43600","2009-04-01","บ้านห้วยเอียน","2024-02-14 14:31:57","","","");
INSERT INTO m_member VALUES("27","ACK026","1234","5","กันธณา","ศิริมังคลากุล","นางกันธณา  ศิริมังคลากุล","0","2","9999","0000-00-00","0000-00-00","2","","2","","0000-00-00","1","3","1","2","","1","","0","0000-00-00","","2024-02-14 14:31:57","","","");
INSERT INTO m_member VALUES("28","ACK027","1234","4","ธิดารัตน์","ใจซื่อ","นางสาวธิดารัตน์  ใจซื่อ","0","2","9999","0000-00-00","0000-00-00","2","","2","","1995-07-17","1","3","1","2","0801468739","28","tidarat.math.052@gmail.com","23490","2018-10-01","โรงเรียนแม่โถวิทยาคม","2024-02-14 14:31:57","","","");
INSERT INTO m_member VALUES("29","ACK028","1234","3","ณัฐวุฒิ","ภักดีภัทรสกุล","นายณัฐวุฒิ  ภักดีภัทรสกุล","0","1","9999","0000-00-00","0000-00-00","2","","2","","0000-00-00","1","4","1","1","","41","","0","0000-00-00","","2024-02-14 14:31:57","","","");
INSERT INTO m_member VALUES("30","ACK029","1234","3","กิตติศักดิ์","สุวรรณทา","นายกิตติศักดิ์  สุวรรณทา","0","1","9999","0000-00-00","0000-00-00","2","","2","","0000-00-00","1","6","2","7","","41","","0","0000-00-00","","2024-02-14 14:31:57","","","");
INSERT INTO m_member VALUES("31","ACK030","1234","8","Jayson","Huiso Dupit","Mr.Jayson  Huiso Dupit","0","1","9999","0000-00-00","0000-00-00","2","","2","","0000-00-00","1","6","2","8","","41","","0","0000-00-00","","2024-02-14 14:31:57","","","");
INSERT INTO m_member VALUES("32","ACK031","1234","4","จิดาภา","จันทิมา","นางสาวจิดาภา  จันทิมา","0","2","9999","0000-00-00","0000-00-00","2","","2","","1994-04-15","1","3","1","1","0956865902","32","nanadech1517@gmail.com","21820","2017-10-02","โรงเรียนอนบุาลเชียงของ","2024-02-14 14:31:57","","","");
INSERT INTO m_member VALUES("33","ACK032","1234","4","อุไรวรรณ","ทวิชัย","นางสาวอุไรวรรณ  ทวิชัย","0","2","9999","0000-00-00","0000-00-00","2","","2","","1981-03-01","3","3","1","3","0895565228","33","kung-chem@hotmail.com","47190","2005-08-14","บ้านพญาไพร","2024-02-14 14:31:57","","","");
INSERT INTO m_member VALUES("34","ACK033","1234","3","ไพรัตน์","คำปา","นายไพรัตน์  คำปา","0","1","9999","0000-00-00","0000-00-00","2","","2","","1969-03-12","3","3","1","3","0624138198","34","pkhampa18@gmail.com","62540","1993-07-01","บ้านหาดบ้ายดอนที่วิทยา (ริมโขง)","2024-02-14 14:31:57","","","");
INSERT INTO m_member VALUES("35","ACK034","1234","4","ทิวาพร","โพธิ์โต","นางสาวทิวาพร  โพธิ์โต","0","2","9999","0000-00-00","0000-00-00","2","","2","","1992-12-16","3","3","1","1","0957027255","35","Fonfontwp@gmail.com","20550","2021-01-29","โรงเรียนบ้านตลุกหิน","2024-02-14 14:31:57","","","");
INSERT INTO m_member VALUES("36","ACK035","1234","3","จีระพงศ์","ฝาเรือนดี","นายจีระพงศ์  ฝาเรือนดี","0","1","9999","0000-00-00","0000-00-00","2","","2","","1994-09-02","3","3","1","1","0956988247","36","Jeerapong.kop@gmail.com","22630","2019-04-24","โรงเรียนอนุบาลเชียงของ","2024-02-14 14:31:57","","","");
INSERT INTO m_member VALUES("37","ACK036","1234","4","ปุญชรัศมิ์","ชัยวรรณะ","นางสาวปุญชรัศมิ์  ชัยวรรณะ","0","2","9999","0000-00-00","0000-00-00","2","","2","","0000-00-00","3","6","2","7","","41","","0","0000-00-00","","2024-02-14 14:31:57","","","");
INSERT INTO m_member VALUES("38","ACK037","1234","11","Venus","Ampo Dupit","Mrs. Venus  Ampo Dupit","0","2","9999","0000-00-00","0000-00-00","2","","2","","0000-00-00","3","7","2","8","","","","","0000-00-00","","2024-02-14 14:31:57","","","");
INSERT INTO m_member VALUES("39","ACK038","1234","5","ณัฐธิดา","ทริยะ","นางณัฐธิดา  ทริยะ","0","2","9999","0000-00-00","0000-00-00","2","","2","","1990-03-05","3","3","1","1","0884021205","39","papawin0884021205@gmail.com","21720","2019-12-19","โรงเรียนอนุบาลเชียงของ","2024-02-14 14:31:57","","","");
INSERT INTO m_member VALUES("40","ACK039","1234","5","ฐิติพร","พรหมงาม","นางฐิติพร  พรหมงาม","0","2","9999","0000-00-00","0000-00-00","2","","2","","1993-12-19","3","3","1","2","0946019980","40","titiporn@anubanck.ac.th","24920","2017-12-07","บ้านห้วยศาลา","2024-02-14 14:31:57","","","");
INSERT INTO m_member VALUES("41","ACK040","1234","3","มนต์ชัย","สีปิน","นายมนต์ชัย  สีปิน","0","1","9999","0000-00-00","0000-00-00","2","","2","","1980-12-21","3","3","1","1","0877880949","41","dame-23@hotmail.com","22280","2019-08-02","บ้านแม่ผักแหละ","2024-02-14 14:31:57","","","");
INSERT INTO m_member VALUES("42","ACK041","1234","4","ชลิตตา","คำมูล","นางสาวชลิตตา  คำมูล","0","2","9999","0000-00-00","0000-00-00","2","","2","","1986-03-27","3","3","1","3","0954509200","42","kruchalitta@gmail.com","34180","2012-07-05","โรงเรียนวาวีวิทยาคม","2024-02-14 14:31:57","","","");
INSERT INTO m_member VALUES("43","ACK042","1234","5","วิริยา","ทาโน","นางวิริยา  ทาโน","0","2","9999","0000-00-00","0000-00-00","2","","2","","1978-01-13","3","3","1","1","0892634184","43","wiriyathano@gmail.com","22160","2019-08-01","ห้วยสะลักวิทยา","2024-02-14 14:31:57","","","");
INSERT INTO m_member VALUES("44","ACK043","1234","3","สิทธิชัย","อุทธิยา","นายสิทธิชัย  อุทธิยา","0","1","9999","0000-00-00","0000-00-00","2","","2","","1996-10-31","4","3","1","1","0995244407","44","auttiya29@gmail.com","20720","2020-10-01","โรงเรียนอนุบาลเชียงของ","2024-02-14 14:31:57","","","");
INSERT INTO m_member VALUES("45","ACK044","1234","5","จิตรการ","สายยืด","นางจิตรการ  สายยืด","0","2","9999","0000-00-00","0000-00-00","2","","2","","1982-09-24","4","3","1","3","0847415480","45","่jittakan2244092525@gmail.com","35420","2013-02-27","บ้านสันติคีรี","2024-02-14 14:31:57","","","");
INSERT INTO m_member VALUES("46","ACK045","1234","4","วทันยา","วงศ์ชัย","นางสาววทันยา  วงศ์ชัย","0","2","9999","0000-00-00","0000-00-00","2","","2","","1995-02-22","4","3","1","1","0901933249","46","watanya@anubanck.ac.th","23520","2018-11-01","อนุบาลเชียงของ","2024-02-14 14:31:57","","","");
INSERT INTO m_member VALUES("47","ACK046","1234","3","ระพีภัทร","กันทะวัง","นายระพีภัทร  กันทะวัง","0","1","9999","0000-00-00","0000-00-00","2","","2","","1988-07-28","7","4","1","1","","41","","0","2024-01-03","อนุบาลเชียงของ","2024-02-14 14:31:57","","","");
INSERT INTO m_member VALUES("48","ACK047","1234","5","สิรินรักษ์","หมอนเขื่อน","นางสิรินรักษ์  หมอนเขื่อน","0","2","9999","0000-00-00","0000-00-00","2","","2","","0000-00-00","4","4","1","1","","41","","0","0000-00-00","","2024-02-14 14:31:57","","","");
INSERT INTO m_member VALUES("49","ACK048","1234","3","อภิสิทธิ์","นวลคำวัง","นายอภิสิทธิ์  นวลคำวัง","0","1","9999","0000-00-00","0000-00-00","2","","2","","0000-00-00","4","4","1","1","","41","","0","0000-00-00","","2024-02-14 14:31:57","","","");
INSERT INTO m_member VALUES("50","ACK049","1234","4","ภรภัทร","สุวรรณ","นางสาวภรภัทร  สุวรรณ","0","2","9999","0000-00-00","0000-00-00","2","","2","","1994-04-26","6","4","1","1","0882690696","41","palm_porrapat37@gmaail.com","17380","2024-07-04","อนุบาลเชียงของ","2024-02-14 14:31:57","","","");
INSERT INTO m_member VALUES("51","ACK050","1234","5","นิศากร","นวลแจ่ม","นางนิศากร  นวลแจ่ม","0","2","9999","0000-00-00","0000-00-00","2","","2","","1976-12-17","5","3","1","2","0631651257","51","nisakon616@gmail.com","28720","2015-12-21","โรงเรียนบ้านสันป่าไร่","2024-02-14 14:31:57","","","");
INSERT INTO m_member VALUES("52","ACK051","1234","3","สันหวัช","จันทอง","นายสันหวัช  จันทอง","0","1","9999","0000-00-00","0000-00-00","2","","2","","1997-04-12","5","3","1","1","0968192307","52","t.sanhawat555@gmail.com","19170","2022-06-01","อนุบาลเชียงของ","2024-02-14 14:31:57","","","");
INSERT INTO m_member VALUES("53","ACK052","1234","3","คมสัน","สุสี","นายคมสัน  สุสี","0","1","9999","0000-00-00","0000-00-00","2","","2","","1990-06-08","5","3","1","2","0830507637","53","pong33.ks@gmail.com","26000","2016-12-19","โรงเรียนบ้านดอยช้าง","2024-02-14 14:31:57","","","");
INSERT INTO m_member VALUES("54","ACK053","1234","3","สามารถ","คัญทัพ","นายสามารถ  คัญทัพ","0","1","9999","0000-00-00","0000-00-00","2","","2","","1979-08-20","6","3","1","3","0898529638","54","aesamart35@gmail.com","39000","2006-10-02","บุญเรืองวิทยาคม","2024-02-14 14:31:57","","","");
INSERT INTO m_member VALUES("55","ACK054","1234","4","อภิญญา","อิ่นติ๊บ","นางสาวอภิญญา  อิ่นติ๊บ","0","2","9999","0000-00-00","0000-00-00","2","","2","","1996-05-04","6","3","1","1","0987542178","55","abhinya@outlook.com","19","2022-02-05","โรงเรียนอนุบาลเชียงของ","2024-02-14 14:31:57","","","");
INSERT INTO m_member VALUES("56","ACK055","1234","4","ชนันท์","บัวแสง","นางสาวชนันท์  บัวแสง","0","2","9999","0000-00-00","0000-00-00","2","","2","","0000-00-00","6","6","2","7","","41","","0","0000-00-00","","2024-02-14 14:31:57","","","");
INSERT INTO m_member VALUES("57","ACK056","1234","3","จักรพงษ์","เกษมศรี","นายจักรพงษ์  เกษมศรี","0","1","9999","0000-00-00","0000-00-00","2","","2","","1982-09-01","7","3","1","2","0932792424","57","jukka2525@gmail.com","26640","2016-09-08","โรงเรียนอนุบาลเชียงของ","2024-02-14 14:31:57","","","");
INSERT INTO m_member VALUES("58","ACK057","1234","3","รพีภัทร","กมลสิทธิ์สิริกุล","นายรพีภัทร  กมลสิทธิ์สิริกุล","0","1","9999","0000-00-00","0000-00-00","2","","2","","1992-02-19","8","3","1","2","0903144045","58","krurakkamol@gmail.com","28120","2016-01-29","โรงเรียนอนุบาลเชียงของ","2024-02-14 14:31:57","","","");
INSERT INTO m_member VALUES("59","ACK058","1234","4","เมธาวดี","วิฑูรย์","นางสาวเมธาวดี  วิฑูรย์","0","2","9999","0000-00-00","0000-00-00","2","","2","","1984-09-08","8","3","1","2","0846108089","59","methawadee89@gmail.com","39","2009-05-15","โรงเรียนร่มเกล้า กาญจนบุรี","2024-02-14 14:31:57","","","");
INSERT INTO m_member VALUES("60","ACK059","1234","3","เสกสรร","ช่วยแก้ไข","นายเสกสรร  ช่วยแก้ไข","0","1","9999","0000-00-00","0000-00-00","2","","2","","0000-00-00","8","3","1","2","","41","","0","0000-00-00","","2024-02-14 14:31:57","","","");
INSERT INTO m_member VALUES("61","ACK060","1234","4","ภัทรดา","จินะราช","นางสาวภัทรดา  จินะราช","0","2","9999","0000-00-00","0000-00-00","2","","2","","0000-00-00","8","3","1","1","","41","","0","0000-00-00","","2024-02-14 14:31:57","","","");
INSERT INTO m_member VALUES("62","ACK061","1234","4","วรรณศิกา","พรมมินทร์","นางสาววรรณศิกา  พรมมินทร์","0","2","9999","0000-00-00","0000-00-00","2","","2","","1992-07-06","8","3","1","2","0980484699","62","551153033@crru.ac.th","24610","2018-03-30","โรงเรียนทรัพย์สมบูรณ์พิทยาคม","2024-02-14 14:31:57","","","");
INSERT INTO m_member VALUES("63","ACK062","1234","8","T.Heloise","Engelbrecht","Mr.T.Heloise  Engelbrecht","0","2","9999","0000-00-00","0000-00-00","2","","2","","0000-00-00","8","7","2","8","","","","","0000-00-00","","2024-02-14 14:31:57","","","");
INSERT INTO m_member VALUES("64","ACK063","1234","11","T.NeandreStefan","Engelbrecht","Mrs. T.NeandreStefan  Engelbrecht","0","2","9999","0000-00-00","0000-00-00","2","","2","","0000-00-00","8","7","2","8","","","","","0000-00-00","","2024-02-14 14:31:57","","","");
INSERT INTO m_member VALUES("65","ACK064","1234","11","T.Karma","Dubjur","Mrs. T.Karma  Dubjur","0","2","9999","0000-00-00","0000-00-00","2","","2","","0000-00-00","8","7","2","8","","","","","0000-00-00","","2024-02-14 14:31:57","","","");
INSERT INTO m_member VALUES("66","ACK065","1234","8","T.Peter","Jr. C. Binawe","Mr.T.Peter  Jr. C. Binawe","0","2","9999","0000-00-00","0000-00-00","2","","2","","0000-00-00","8","7","2","8","","41","","0","0000-00-00","","2024-02-14 14:31:57","","","");
INSERT INTO m_member VALUES("67","ACK066","1234","4","จุฑามาศ","ประดับ","นางสาวจุฑามาศ  ประดับ","0","2","9999","0000-00-00","0000-00-00","2","","2","","1995-07-14","8","3","1","1","0910760318","67","Juthamas.pradab@gmail.com","21740","2019-10-04","อนุบาลเชียงของ","2024-02-14 14:31:57","","","");
INSERT INTO m_member VALUES("68","ACK067","1234","4","มารีย์","ชัยกุลธวัช","นางสาวมารีย์  ชัยกุลธวัช","0","2","9999","0000-00-00","0000-00-00","2","","2","","1998-05-03","15","3","1","1","0861185455","68","chenlaoshi.krukhom@gmail.com","19340","2022-05-02","โรงเรียนอนุบาลเชียงของ","2024-02-14 14:31:57","","","");
INSERT INTO m_member VALUES("69","ACK068","1234","4","รสสุคนธ์","นันตา","นางสาวรสสุคนธ์  นันตา","0","2","9999","0000-00-00","0000-00-00","2","","2","","1994-06-01","15","4","1","1","0875663165","69","fangrossukonnanta@gmail.com","18820","2022-10-31","อนุบาลเชียงของ","2024-02-14 14:31:57","","","");
INSERT INTO m_member VALUES("70","ACK069","1234","4","สัญญา","เจริญศุภมิต","นางสาวสัญญา  เจริญศุภมิต","0","2","9999","0000-00-00","0000-00-00","2","","2","","0000-00-00","15","6","2","7","","41","","0","0000-00-00","","2024-02-14 14:31:57","","","");
INSERT INTO m_member VALUES("71","ACK070","1234","4","จิราพร","แซ่ฟ้า","นางสาวจิราพร  แซ่ฟ้า","0","2","9999","0000-00-00","0000-00-00","2","","2","","1990-02-14","15","3","1","1","0930495911","71","txos1045@gmail.com","23450","2018-10-26","มวกเหล็กวิทยา","2024-02-14 14:31:57","","","");
INSERT INTO m_member VALUES("75","ACK074","1234","5","จินตนา","เหล็มโสะ","นางจินตนา  เหล็มโสะ","0","2","9999","0000-00-00","0000-00-00","2","","2","","1998-07-23","7","3","1","1","0872765686","75","่jintana lemsoe@gmail.com","22000","2018-03-27","โรงเรียนอนุบาลเชียงของ","2024-02-14 14:31:57","","","");
INSERT INTO m_member VALUES("77","ACK076","1234","5","มัทนา","กุลชัย","นางมัทนา  กุลชัย","0","2","9999","0000-00-00","0000-00-00","2","","2","","1986-12-24","7","3","1","1","0811666455","77","mattana2424@gmail.com","19270","2022-06-01","โรงเรียนอนุบาลเชียงของ","2024-02-14 14:31:57","","","");
INSERT INTO m_member VALUES("79","ACK078","1234","3","วิษณุ","สมศรี","นายวิษณุ  สมศรี","0","1","9999","2023-01-02","2090-12-31","2","","2","-","2009-06-04","9","2","1","3","0987889650","41","","0","0000-00-00","","2024-06-27 15:20:37","","","");
INSERT INTO m_member VALUES("81","ACK079","1234","4","ดาวพระศุกร์","สมควร","นางสาวดาวพระศุกร์  สมควร","0","2","","0000-00-00","0000-00-00","2","","2","","0000-00-00","2","4","1","1","","41","","0","0000-00-00","","2024-07-09 13:50:00","","","");
INSERT INTO m_member VALUES("82","ACK080","1234","4","จุฑามาศ","คำแสน","นางสาวจุฑามาศ  คำแสน","0","2","","0000-00-00","0000-00-00","2","","2","","0000-00-00","2","4","1","1","","41","","0","0000-00-00","","2024-07-09 13:50:58","","","");
INSERT INTO m_member VALUES("83","ACK081","1234","4","วิจตรา","ใจปินตา","นางสาววิจตรา  ใจปินตา","0","2","","0000-00-00","0000-00-00","2","","2","","0000-00-00","2","4","1","1","","41","","0","0000-00-00","","2024-07-09 13:51:51","","","");
INSERT INTO m_member VALUES("84","ACK082","1234","4","สิตาพัชร์","คำวัง","นางสาวสิตาพัชร์  คำวัง","0","2","","0000-00-00","0000-00-00","2","","2","","1989-11-18","2","3","1","1","0624296650","84","Kookkiksutira@gmail.com","23690","2018-10-30","บ้านแม่ตีบ","2024-07-09 13:52:57","","","");
INSERT INTO m_member VALUES("85","ACK083","1234","9","Jelajane","T.Quio-isen","MissJelajane  T.Quio-isen","0","2","","0000-00-00","0000-00-00","2","","2","","0000-00-00","12","6","2","8","","41","","0","0000-00-00","","2024-07-09 13:54:29","","","");
INSERT INTO m_member VALUES("86","ACK084","1234","4","ฐิดาภรณ์","ใจวัง","นางสาวฐิดาภรณ์  ใจวัง","0","2","","0000-00-00","0000-00-00","2","","2","","0000-00-00","8","4","1","1","","41","","0","0000-00-00","","2024-07-09 17:09:27","","","");
INSERT INTO m_member VALUES("95","ACK111","1234","3","กาญจน์","ตั้นวัฒนา","นายกาญจน์  ตั้นวัฒนา","0","","","0000-00-00","0000-00-00","2","","4","","0000-00-00","","","","","","25","","","0000-00-00","","2024-09-09 13:56:49","ผู้อำนวยการ","บ้านหัวเวียง(โกศัลย์วิทย์)","");
INSERT INTO m_member VALUES("90","ACK071","1234","5","ชุติภา","บริบูรณ์","นางชุติภา  บริบูรณ์","0","2","9999","0000-00-00","0000-00-00","2","","2","","0000-00-00","14","3","1","3","","","","","0000-00-00","","2024-09-03 09:26:43","","","");
INSERT INTO m_member VALUES("91","ACK072","1234","5","นันท์นภัส","อนันตสิทธิพงศ์","นางนันท์นภัส  อนันตสิทธิพงศ์","0","2","9999","0000-00-00","0000-00-00","2","","2","","0000-00-00","14","3","1","3","","","","","0000-00-00","","2024-09-03 09:26:43","","","");
INSERT INTO m_member VALUES("92","ACK073","1234","5","ชุติภา","บริบูรณ์","นางชุติภา  บริบูรณ์","0","2","9999","0000-00-00","0000-00-00","2","","2","","0000-00-00","14","3","1","3","","","","","0000-00-00","","2024-09-03 09:26:43","","","");
INSERT INTO m_member VALUES("93","ACK075","1234","3","คมสัน","สุสี","นายคมสัน  สุสี","0","1","9999","0000-00-00","0000-00-00","2","","2","","0000-00-00","14","3","1","1","","","","","0000-00-00","","2024-09-03 09:26:43","","","");
INSERT INTO m_member VALUES("94","ACK077","1234","4","สรัญญา","ปุกปินกาศ","นางสาวสรัญญา  ปุกปินกาศ","0","2","9999","0000-00-00","0000-00-00","2","","2","","0000-00-00","14","3","1","3","","","","","0000-00-00","","2024-09-03 09:26:43","","","");
INSERT INTO m_member VALUES("96","ACK112","1234","5","วรัญญา","กันทะมา","นางวรัญญา  กันทะมา","0","","","0000-00-00","0000-00-00","2","","4","","0000-00-00","","","","","","25","","","0000-00-00","","2024-09-09 14:00:27","ผู้อำนวยการ","บ้านห้วยเม็ง(ประสาทวิทย์)","");
INSERT INTO m_member VALUES("97","ACK113","1234","3","ชนะไพร","ยอดบุญเรือง","นายชนะไพร  ยอดบุญเรือง","0","","","0000-00-00","0000-00-00","2","","4","","0000-00-00","","","","","","25","","","0000-00-00","","2024-09-09 14:01:35","ผู้อำนวยการ","อนุบาลทุ่งทรายพัฒนา","");
INSERT INTO m_member VALUES("98","ACK114","1234","3","อัครพล","พลวัฒน์ ณ น่าน","นายอัครพล      พลวัฒน์ ณ น่าน","0","","","0000-00-00","0000-00-00","2","","4","","0000-00-00","","","","","","25","","","0000-00-00","","2024-09-09 14:02:32","ผู้อำนวยการ","บ้านทุ่งนาน้อย","");
INSERT INTO m_member VALUES("99","ACK116","1234","3","มนัส","ปันแก้ว","นายมนัส    ปันแก้ว","0","","","0000-00-00","0000-00-00","2","","4","","0000-00-00","","","","","","25","","","0000-00-00","","2024-09-09 14:05:02","ครูชำนาญการพิเศษ","บ้านหัวเวียง(โกศัลย์วิทย์)","");
INSERT INTO m_member VALUES("100","ACK117","1234","5","ฉวีวรรณ","เหลี่ยมวัฒนา","นางฉวีวรรณ  เหลี่ยมวัฒนา","0","","","0000-00-00","0000-00-00","2","","4","","0000-00-00","","","","","","25","","","0000-00-00","","2024-09-09 14:07:36","ครูชำนาญการพิเศษ","บ้านห้วยเม็ง(ประสาทวิทย์)","");
INSERT INTO m_member VALUES("101","ACK118","1234","5","ธฺิดาพร","นามษร","นางธฺิดาพร  นามษร","0","","","0000-00-00","0000-00-00","2","","4","","0000-00-00","","","","","","25","","","0000-00-00","","2024-09-09 14:11:38","ครูชำนาญการพิเศษ","อนุบาลทุ่งทรายพัฒนา","");
INSERT INTO m_member VALUES("102","ACK119","1234","3","ปวรกฤษฎิ์","จันระวัง","นายปวรกฤษฎิ์  จันระวัง","0","","","0000-00-00","0000-00-00","2","","4","","0000-00-00","","","","","","25","","","0000-00-00","","2024-09-09 14:12:27","ครูชำนาญการพิเศษ","บ้านทุ่งนาน้อย","");
INSERT INTO m_member VALUES("103","ACK120","1234","5","แพรวพรรณี","ศรีธาราธิกุล","นางแพรวพรรณี  ศรีธาราธิกุล","0","","","0000-00-00","0000-00-00","2","","4","","0000-00-00","","","","","","25","","","0000-00-00","","2024-09-09 14:14:03","ครูชำนาญการพิเศษ","ชุมชุนสถาน (ราษฎร์ดรุณวิทย์)","");
INSERT INTO m_member VALUES("104","ACK121","1234","5","รัชนีวรรณ","เนาวฤทธิ์","นางรัชนีวรรณ   เนาวฤทธิ์","0","","","0000-00-00","0000-00-00","2","","4","","0000-00-00","","","","","","25","","","0000-00-00","","2024-09-09 14:15:18","ครูชำนาญการพิเศษ","บ้านหวาย","");
INSERT INTO m_member VALUES("105","ACK122","1234","3","ไมตรี","หาญแแก้ว","นายไมตรี  หาญแแก้ว","0","","","0000-00-00","0000-00-00","2","","4","","0000-00-00","","","","","","25","","","0000-00-00","","2024-09-11 08:58:18","ผู้อำนวยการ","บ้านดอนมหาวรรณ","");



DROP TABLE m_organize;

CREATE TABLE `m_organize` (
  `org_id` char(8) DEFAULT NULL,
  `org_name` char(100) DEFAULT NULL,
  `org_name1` char(30) DEFAULT NULL,
  `cha` char(70) DEFAULT NULL,
  `amp` char(70) DEFAULT NULL,
  `tam` char(70) DEFAULT NULL,
  `postcode` char(5) DEFAULT NULL,
  `phone` char(15) DEFAULT NULL,
  `fax` char(15) DEFAULT NULL,
  `exp_prg` char(1) DEFAULT NULL,
  `start_date` date DEFAULT NULL,
  `exp_date` date DEFAULT NULL,
  `address` char(100) DEFAULT NULL,
  `url` char(100) DEFAULT NULL,
  `footer1` char(100) DEFAULT NULL,
  `footer2` char(100) DEFAULT NULL,
  `direc_org` varchar(100) DEFAULT NULL
) ENGINE=MyISAM DEFAULT CHARSET=utf8;

INSERT INTO m_organize VALUES("57100913","โรงเรียนอนุบาลเชียงของ","ส.ว.ค.","เชียงราย","เมืองเชียงราย","เวียง","57000","053711018","053711033","Y","2011-05-08","2015-05-14","159","http://www.pcccr.ac.th","สพม.ชร","สำนักงานเขตพื้นที่การศึกษาประถมศึกษาเชียงราย เขต 4","นายเจริญ  นันไชยวงค์");



DROP TABLE m_permission;

CREATE TABLE `m_permission` (
  `permiss_id` int(5) NOT NULL AUTO_INCREMENT,
  `pcode` int(9) DEFAULT NULL,
  `grp_permiss` int(3) DEFAULT NULL,
  PRIMARY KEY (`permiss_id`),
  UNIQUE KEY `pcode` (`pcode`,`grp_permiss`)
) ENGINE=MyISAM AUTO_INCREMENT=39 DEFAULT CHARSET=utf8;

INSERT INTO m_permission VALUES("1","1","1");
INSERT INTO m_permission VALUES("2","1","2");
INSERT INTO m_permission VALUES("4","3","4");
INSERT INTO m_permission VALUES("5","3","5");
INSERT INTO m_permission VALUES("6","3","6");
INSERT INTO m_permission VALUES("7","3","7");
INSERT INTO m_permission VALUES("8","2","1");
INSERT INTO m_permission VALUES("9","2","2");
INSERT INTO m_permission VALUES("10","2","3");
INSERT INTO m_permission VALUES("11","2","4");
INSERT INTO m_permission VALUES("12","2","5");
INSERT INTO m_permission VALUES("17","6","7");
INSERT INTO m_permission VALUES("18","68","3");
INSERT INTO m_permission VALUES("19","68","4");
INSERT INTO m_permission VALUES("20","68","7");
INSERT INTO m_permission VALUES("21","182","3");
INSERT INTO m_permission VALUES("22","183","3");
INSERT INTO m_permission VALUES("25","6","3");
INSERT INTO m_permission VALUES("26","6","6");
INSERT INTO m_permission VALUES("27","6","5");
INSERT INTO m_permission VALUES("28","6","4");
INSERT INTO m_permission VALUES("29","182","7");
INSERT INTO m_permission VALUES("30","181","3");
INSERT INTO m_permission VALUES("31","4","1");
INSERT INTO m_permission VALUES("32","3","1");
INSERT INTO m_permission VALUES("33","9","3");
INSERT INTO m_permission VALUES("34","7","3");
INSERT INTO m_permission VALUES("35","11","3");
INSERT INTO m_permission VALUES("36","17","3");
INSERT INTO m_permission VALUES("37","6","1");
INSERT INTO m_permission VALUES("38","6","2");



DROP TABLE m_person;

CREATE TABLE `m_person` (
  `p_id` char(3) NOT NULL,
  `p_f_id` char(3) DEFAULT NULL,
  `p_name` int(6) DEFAULT NULL,
  `p_xname` char(5) DEFAULT NULL,
  `position1` char(100) DEFAULT NULL,
  `order1` int(3) DEFAULT NULL,
  PRIMARY KEY (`p_id`)
) ENGINE=MyISAM AUTO_INCREMENT=25 DEFAULT CHARSET=tis620;

INSERT INTO m_person VALUES("002","01","899","t0008","หัวหน้ากลุ่มสาระ","1");
INSERT INTO m_person VALUES("011","04","908","t0017","หัวหน้ากลุ่มสาระ","1");
INSERT INTO m_person VALUES("012","04","909","t0018","ครู คศ.2","3");
INSERT INTO m_person VALUES("013","06","897","t0006","ครู คศ.3","2");
INSERT INTO m_person VALUES("014","08","890","t0004","ครู คศ.2","5");
INSERT INTO m_person VALUES("019","06","916","t0025","หัวหน้ากลุ่มสาระ","1");
INSERT INTO m_person VALUES("020","05","912","t0021","หัวหน้ากลุ่มสาระ","1");
INSERT INTO m_person VALUES("021","05","913","t0022","ครู คศ.3","2");
INSERT INTO m_person VALUES("022","05","915","t0024","ครู คศ.3","3");
INSERT INTO m_person VALUES("023","08","919","t0028","ครู คศ.3","2");
INSERT INTO m_person VALUES("024","08","920","t0029","ครู คศ.3","3");
INSERT INTO m_person VALUES("025","08","922","t0031","ครู คศ.2","4");
INSERT INTO m_person VALUES("026","08","923","t0032","ครู คศ.1","6");
INSERT INTO m_person VALUES("027","08","924","t0033","ครูผู่้สอน","8");
INSERT INTO m_person VALUES("030","05","914","t0023","ครู คศ.2","4");
INSERT INTO m_person VALUES("031","08","921","t0030","หัวหน้ากลุ่มสาระ","1");
INSERT INTO m_person VALUES("037","04","1094","t0052","ครูผู้ช่วย","4");
INSERT INTO m_person VALUES("038","08","1087","t0050","ครู คศ.1","7");
INSERT INTO m_person VALUES("041","08","1392","","","0");
INSERT INTO m_person VALUES("042","05","1391","","","0");
INSERT INTO m_person VALUES("045","04","1580","","","0");



DROP TABLE m_person1;

CREATE TABLE `m_person1` (
  `p_id` char(3) NOT NULL DEFAULT '',
  `p_f_id` char(3) DEFAULT NULL,
  `p_name` int(6) DEFAULT NULL,
  `position1` char(100) DEFAULT NULL,
  `order1` int(3) DEFAULT NULL,
  PRIMARY KEY (`p_id`)
) ENGINE=MyISAM DEFAULT CHARSET=tis620;

INSERT INTO m_person1 VALUES("013","03","897","หัวหน้าฝ่ายอำนวยการ","2");
INSERT INTO m_person1 VALUES("014","03","923","งานบุคลากร","3");
INSERT INTO m_person1 VALUES("015","03","932","เจ้าหน้าที่ธุรการ","5");
INSERT INTO m_person1 VALUES("018","04","915","งานแผนงานและงบประมาณ","1");
INSERT INTO m_person1 VALUES("020","04","933","เจ้าหน้าที่การเงิน","6");
INSERT INTO m_person1 VALUES("022","05","905","หัวหน้าระดับ ม.ต้น","2");
INSERT INTO m_person1 VALUES("025","05","916","หัวหน้าระดับ ม.ปลาย","3");
INSERT INTO m_person1 VALUES("026","06","916","งานสาธารณูปโภค","2");
INSERT INTO m_person1 VALUES("028","06","920","หัวหน้างาน","1");
INSERT INTO m_person1 VALUES("029","06","922","งานปรับปรุงภูมิทัศน์","3");
INSERT INTO m_person1 VALUES("032","07","905","บรรณารักษ์","1");
INSERT INTO m_person1 VALUES("034","10","903","หัวหน้างาน","1");
INSERT INTO m_person1 VALUES("036","08","923","","3");
INSERT INTO m_person1 VALUES("037","08","924","","6");
INSERT INTO m_person1 VALUES("050","02","1094","เลขางาน","5");
INSERT INTO m_person1 VALUES("051","03","1088","งานสารบรรณ","4");
INSERT INTO m_person1 VALUES("052","04","1075","เจ้าหน้าที่งาน","2");
INSERT INTO m_person1 VALUES("055","05","935","เจ้าหน้าที่รักษาความปลอดภัย","7");
INSERT INTO m_person1 VALUES("058","08","1087","","4");
INSERT INTO m_person1 VALUES("059","08","899","","1");
INSERT INTO m_person1 VALUES("060","08","901","","2");
INSERT INTO m_person1 VALUES("061","10","1075","งาน กยศ.","2");
INSERT INTO m_person1 VALUES("063","02","1095","งานวัดผล","4");
INSERT INTO m_person1 VALUES("066","05","1087","ระบบดูแล","6");
INSERT INTO m_person1 VALUES("067","06","901","งานศิลป์บริการ","5");
INSERT INTO m_person1 VALUES("068","06","904","โรงเรียนธนาคาร","6");
INSERT INTO m_person1 VALUES("081","04","902","เจ้าหน้าที่พัสดุ","3");
INSERT INTO m_person1 VALUES("082","04","1394","เจ้าหน้าที่ครุภัณฑ์","4");
INSERT INTO m_person1 VALUES("083","04","919","หัวหน้าพัสดุ","5");
INSERT INTO m_person1 VALUES("085","05","1391","งานนักเรียน","4");
INSERT INTO m_person1 VALUES("087","06","890","งานอาคาร","4");
INSERT INTO m_person1 VALUES("088","06","906","งานบ้านพักนักเรียน","7");
INSERT INTO m_person1 VALUES("090","08","1392","","5");
INSERT INTO m_person1 VALUES("091","10","898","งานการศึกษาต่อ","3");
INSERT INTO m_person1 VALUES("093","01","2214","ผู้อำนวยการโรงเรียนdfsdfsadasd","1");
INSERT INTO m_person1 VALUES("094","01","899","กหดdsfdsfdsfsadasd","2");



DROP TABLE m_pic_all;

CREATE TABLE `m_pic_all` (
  `pic_id` int(9) NOT NULL AUTO_INCREMENT,
  `pcode` int(9) DEFAULT NULL,
  `picname` char(15) DEFAULT NULL,
  `pic_use` int(1) DEFAULT '0',
  `ecode` char(5) DEFAULT NULL,
  `date_save` timestamp NULL DEFAULT CURRENT_TIMESTAMP ON UPDATE CURRENT_TIMESTAMP,
  PRIMARY KEY (`pic_id`)
) ENGINE=MyISAM AUTO_INCREMENT=130 DEFAULT CHARSET=utf8;

INSERT INTO m_pic_all VALUES("1","2","2.jpg","0","","2024-06-27 14:00:22");
INSERT INTO m_pic_all VALUES("2","3","3.jpg","0","","2024-06-27 14:00:27");
INSERT INTO m_pic_all VALUES("3","4","A4.jpg","1","41","2024-07-18 23:27:17");
INSERT INTO m_pic_all VALUES("4","79","5.jpg","0","41","2024-07-18 23:27:41");
INSERT INTO m_pic_all VALUES("24","41","","0","1","2024-07-14 17:02:11");
INSERT INTO m_pic_all VALUES("6","34","6.jpg","1","1","2024-07-14 15:49:46");
INSERT INTO m_pic_all VALUES("7","33","7.jpg","1","1","2024-07-14 16:37:04");
INSERT INTO m_pic_all VALUES("8","36","8.jpg","0","1","2024-07-14 15:51:53");
INSERT INTO m_pic_all VALUES("9","42","9.jpg","0","1","2024-07-14 15:52:34");
INSERT INTO m_pic_all VALUES("10","43","10.jpg","0","41","2024-08-17 14:30:17");
INSERT INTO m_pic_all VALUES("11","33","11.jpg","0","1","2024-07-14 16:37:04");
INSERT INTO m_pic_all VALUES("12","25","12.jpg","0","1","2024-07-14 15:59:14");
INSERT INTO m_pic_all VALUES("15","27","15.jpg","0","1","2024-07-14 16:39:34");
INSERT INTO m_pic_all VALUES("14","54","14.jpg","0","1","2024-07-14 16:36:37");
INSERT INTO m_pic_all VALUES("26","3","26.jpg","0","1","2024-07-14 17:21:35");
INSERT INTO m_pic_all VALUES("27","4","27.jpg","0","41","2024-07-18 23:27:17");
INSERT INTO m_pic_all VALUES("28","79","28.jpg","1","41","2024-07-18 23:27:41");
INSERT INTO m_pic_all VALUES("29","51","29.jpg","0","41","2024-07-27 12:45:47");
INSERT INTO m_pic_all VALUES("25","41","25.jpg","0","1","2024-07-14 17:02:11");
INSERT INTO m_pic_all VALUES("30","59","30.jpg","1","41","2024-07-27 12:26:39");
INSERT INTO m_pic_all VALUES("31","59","31.jpg","0","41","2024-07-27 12:26:39");
INSERT INTO m_pic_all VALUES("23","41","23.jpg","1","1","2024-07-14 17:02:11");
INSERT INTO m_pic_all VALUES("32","44","32.jpg","0","41","2024-07-27 12:30:29");
INSERT INTO m_pic_all VALUES("33","44","33.jpg","1","41","2024-07-27 12:30:29");
INSERT INTO m_pic_all VALUES("34","67","34.jpg","0","41","2024-07-30 17:44:21");
INSERT INTO m_pic_all VALUES("35","21","35.jpg","0","41","2024-07-27 12:42:08");
INSERT INTO m_pic_all VALUES("36","21","36.jpg","1","41","2024-07-27 12:42:08");
INSERT INTO m_pic_all VALUES("37","31","37.jpg","0","41","2024-07-27 12:42:56");
INSERT INTO m_pic_all VALUES("38","54","38.jpg","0","41","2024-07-27 12:43:48");
INSERT INTO m_pic_all VALUES("39","60","39.jpg","0","41","2024-07-27 12:44:33");
INSERT INTO m_pic_all VALUES("40","51","40.jpg","1","41","2024-07-27 12:45:47");
INSERT INTO m_pic_all VALUES("41","52","41.jpg","0","41","2024-07-27 12:46:16");
INSERT INTO m_pic_all VALUES("42","52","42.jpg","1","41","2024-07-27 12:46:16");
INSERT INTO m_pic_all VALUES("43","53","43.jpg","0","41","2024-07-27 12:47:19");
INSERT INTO m_pic_all VALUES("44","53","44.jpg","1","41","2024-07-27 12:47:19");
INSERT INTO m_pic_all VALUES("45","57","45.jpg","0","41","2024-07-27 12:48:17");
INSERT INTO m_pic_all VALUES("46","57","46.jpg","1","41","2024-07-27 12:48:17");
INSERT INTO m_pic_all VALUES("47","36","47.jpg","0","41","2024-07-27 12:51:37");
INSERT INTO m_pic_all VALUES("48","15","48.jpg","0","41","2024-07-27 12:52:54");
INSERT INTO m_pic_all VALUES("49","15","49.jpg","1","41","2024-07-27 12:52:54");
INSERT INTO m_pic_all VALUES("50","77","50.jpg","0","41","2024-07-27 13:54:32");
INSERT INTO m_pic_all VALUES("51","66","51.jpg","0","41","2024-07-27 12:55:14");
INSERT INTO m_pic_all VALUES("52","5","52.jpg","0","41","2024-07-27 12:56:22");
INSERT INTO m_pic_all VALUES("53","5","53.jpg","1","41","2024-07-27 12:56:22");
INSERT INTO m_pic_all VALUES("54","6","54.jpg","0","41","2024-07-27 12:57:51");
INSERT INTO m_pic_all VALUES("55","6","55.jpg","1","41","2024-07-27 12:57:51");
INSERT INTO m_pic_all VALUES("56","7","56.jpg","0","41","2024-07-27 12:58:43");
INSERT INTO m_pic_all VALUES("57","7","57.jpg","1","41","2024-07-27 12:58:43");
INSERT INTO m_pic_all VALUES("58","8","58.jpg","0","41","2024-07-27 12:59:53");
INSERT INTO m_pic_all VALUES("59","8","59.jpg","1","41","2024-07-27 12:59:53");
INSERT INTO m_pic_all VALUES("60","14","60.jpg","0","41","2024-07-27 13:00:59");
INSERT INTO m_pic_all VALUES("61","14","61.jpg","1","41","2024-07-27 13:00:59");
INSERT INTO m_pic_all VALUES("62","9","62.jpg","0","41","2024-07-27 13:01:53");
INSERT INTO m_pic_all VALUES("63","9","63.jpg","1","41","2024-07-27 13:01:53");
INSERT INTO m_pic_all VALUES("64","10","64.jpg","0","41","2024-07-27 13:02:51");
INSERT INTO m_pic_all VALUES("65","10","65.jpg","1","41","2024-07-27 13:02:51");
INSERT INTO m_pic_all VALUES("66","85","66.jpg","0","41","2024-07-27 13:03:31");
INSERT INTO m_pic_all VALUES("67","26","67.jpg","0","41","2024-07-27 13:05:42");
INSERT INTO m_pic_all VALUES("68","26","68.jpg","1","41","2024-07-27 13:05:42");
INSERT INTO m_pic_all VALUES("69","16","69.jpg","0","41","2024-07-27 13:06:34");
INSERT INTO m_pic_all VALUES("70","16","70.jpg","1","41","2024-07-27 13:06:34");
INSERT INTO m_pic_all VALUES("71","17","71.jpg","0","41","2024-07-27 13:07:38");
INSERT INTO m_pic_all VALUES("72","17","72.jpg","1","41","2024-07-27 13:07:38");
INSERT INTO m_pic_all VALUES("73","18","73.jpg","0","41","2024-07-27 13:08:44");
INSERT INTO m_pic_all VALUES("74","18","74.jpg","1","41","2024-07-27 13:08:44");
INSERT INTO m_pic_all VALUES("75","19","75.jpg","0","41","2024-07-27 13:09:46");
INSERT INTO m_pic_all VALUES("76","19","76.jpg","1","41","2024-07-27 13:09:46");
INSERT INTO m_pic_all VALUES("77","58","77.jpg","0","41","2024-07-27 13:10:27");
INSERT INTO m_pic_all VALUES("78","58","78.jpg","1","41","2024-07-27 13:10:27");
INSERT INTO m_pic_all VALUES("79","20","79.jpg","0","41","2024-07-27 13:11:38");
INSERT INTO m_pic_all VALUES("80","20","80.jpg","1","41","2024-07-27 13:11:38");
INSERT INTO m_pic_all VALUES("81","75","81.jpg","0","41","2024-07-27 13:14:02");
INSERT INTO m_pic_all VALUES("82","75","82.jpg","1","41","2024-07-27 13:14:02");
INSERT INTO m_pic_all VALUES("83","68","83.jpg","0","41","2024-07-27 13:14:59");
INSERT INTO m_pic_all VALUES("84","68","84.jpg","1","41","2024-07-27 13:14:59");
INSERT INTO m_pic_all VALUES("85","55","85.jpg","0","41","2024-07-27 13:16:39");
INSERT INTO m_pic_all VALUES("86","55","86.jpg","1","41","2024-07-27 13:16:39");
INSERT INTO m_pic_all VALUES("87","30","87.jpg","0","41","2024-07-27 13:21:36");
INSERT INTO m_pic_all VALUES("88","81","88.jpg","0","41","2024-07-27 13:20:03");
INSERT INTO m_pic_all VALUES("89","30","89.jpg","1","41","2024-07-27 13:21:36");
INSERT INTO m_pic_all VALUES("90","82","90.jpg","0","41","2024-07-27 13:27:11");
INSERT INTO m_pic_all VALUES("91","61","91.jpg","0","41","2024-07-27 13:43:22");
INSERT INTO m_pic_all VALUES("92","84","92.jpg","0","41","2024-07-27 13:44:42");
INSERT INTO m_pic_all VALUES("93","29","93.jpg","0","41","2024-07-27 13:45:44");
INSERT INTO m_pic_all VALUES("94","83","94.jpg","0","41","2024-07-27 13:46:30");
INSERT INTO m_pic_all VALUES("95","86","95.jpg","0","41","2024-07-27 13:47:19");
INSERT INTO m_pic_all VALUES("96","62","96.jpg","0","41","2024-07-27 13:49:49");
INSERT INTO m_pic_all VALUES("97","62","97.jpg","1","41","2024-07-27 13:49:49");
INSERT INTO m_pic_all VALUES("98","71","98.jpg","0","41","2024-07-27 13:50:47");
INSERT INTO m_pic_all VALUES("99","77","99.jpg","1","41","2024-07-27 13:54:32");
INSERT INTO m_pic_all VALUES("100","49","100.jpg","0","41","2024-07-27 14:26:29");
INSERT INTO m_pic_all VALUES("101","48","101.jpg","0","41","2024-07-30 17:42:59");
INSERT INTO m_pic_all VALUES("102","67","102.jpg","1","41","2024-07-30 17:44:21");
INSERT INTO m_pic_all VALUES("103","40","103.jpg","0","41","2024-07-30 17:47:16");
INSERT INTO m_pic_all VALUES("104","32","104.jpg","0","41","2024-07-30 17:50:13");
INSERT INTO m_pic_all VALUES("105","23","105.jpg","0","41","2024-08-17 08:24:00");
INSERT INTO m_pic_all VALUES("106","69","106.jpg","0","41","2024-08-17 08:26:56");
INSERT INTO m_pic_all VALUES("107","28","107.jpg","0","41","2024-08-17 08:28:03");
INSERT INTO m_pic_all VALUES("108","22","108.jpg","0","41","2024-08-17 08:28:37");
INSERT INTO m_pic_all VALUES("109","22","109.jpg","0","41","2024-08-17 08:28:46");
INSERT INTO m_pic_all VALUES("110","39","110.jpg","0","41","2024-08-17 08:29:29");
INSERT INTO m_pic_all VALUES("111","39","111.jpg","0","41","2024-08-17 08:29:36");
INSERT INTO m_pic_all VALUES("112","46","112.jpg","0","41","2024-08-17 09:04:52");
INSERT INTO m_pic_all VALUES("113","45","113.jpg","0","41","2024-08-17 10:25:50");
INSERT INTO m_pic_all VALUES("114","35","114.jpg","0","41","2024-08-17 13:25:14");
INSERT INTO m_pic_all VALUES("115","47","115.jpg","0","41","2024-08-17 14:22:24");
INSERT INTO m_pic_all VALUES("116","50","116.jpg","0","41","2024-08-17 14:29:15");
INSERT INTO m_pic_all VALUES("117","43","117.jpg","1","41","2024-08-17 14:30:17");
INSERT INTO m_pic_all VALUES("118","70","118.jpg","0","41","2024-08-17 14:43:40");
INSERT INTO m_pic_all VALUES("119","56","119.jpg","0","41","2024-08-17 14:43:59");
INSERT INTO m_pic_all VALUES("120","37","120.jpg","0","41","2024-08-17 14:44:26");
INSERT INTO m_pic_all VALUES("121","11","121.jpg","0","41","2024-08-17 14:51:23");
INSERT INTO m_pic_all VALUES("122","24","122.jpg","0","41","2024-08-17 14:52:51");
INSERT INTO m_pic_all VALUES("123","3","123.jpg","0","3","2024-09-02 16:55:24");
INSERT INTO m_pic_all VALUES("124","77","124.jpeg","0","77","2024-09-11 16:35:40");
INSERT INTO m_pic_all VALUES("125","77","125.jpeg","0","77","2024-09-11 16:36:08");
INSERT INTO m_pic_all VALUES("126","77","126.jpeg","0","77","2024-09-11 16:36:38");
INSERT INTO m_pic_all VALUES("127","15","127.jpg","0","15","2024-09-11 16:53:06");
INSERT INTO m_pic_all VALUES("128","77","128.jpeg","0","77","2024-09-11 16:54:01");
INSERT INTO m_pic_all VALUES("129","68","129.jpg","0","68","2024-09-11 21:25:06");



DROP TABLE m_position;

CREATE TABLE `m_position` (
  `id_posi` int(11) NOT NULL AUTO_INCREMENT,
  `position_name` varchar(50) NOT NULL,
  `id_posi2` int(2) DEFAULT NULL,
  PRIMARY KEY (`id_posi`)
) ENGINE=MyISAM AUTO_INCREMENT=14 DEFAULT CHARSET=utf8;

INSERT INTO m_position VALUES("1","ผู้อำนวยการโรงเรียน","1");
INSERT INTO m_position VALUES("2","รองผู้อำนวยการโรงเรียน","1");
INSERT INTO m_position VALUES("3","ครู","1");
INSERT INTO m_position VALUES("4","ครูผู้ช่วย","1");
INSERT INTO m_position VALUES("5","พนักงานราชการ","2");
INSERT INTO m_position VALUES("6","ครูอัตราจ้าง","2");
INSERT INTO m_position VALUES("7","ครููชาวต่างชาติ ip","2");
INSERT INTO m_position VALUES("8","เจ้าหน้าที่ปฎิบัติงาน","2");
INSERT INTO m_position VALUES("9","ครูชาวต่างชาติ FLD","2");



DROP TABLE m_position2;

CREATE TABLE `m_position2` (
  `id_posi2` int(2) NOT NULL,
  `posi2_name` varchar(50) NOT NULL,
  PRIMARY KEY (`id_posi2`)
) ENGINE=MyISAM DEFAULT CHARSET=utf8;

INSERT INTO m_position2 VALUES("1","ข้าราชการ");
INSERT INTO m_position2 VALUES("2","ลูกจ้าง");



DROP TABLE m_position3;

CREATE TABLE `m_position3` (
  `id_posi3` int(2) NOT NULL AUTO_INCREMENT,
  `posi3_name` varchar(50) NOT NULL,
  `posi3_name2` varchar(20) DEFAULT NULL,
  `id_posi2` int(2) DEFAULT NULL,
  PRIMARY KEY (`id_posi3`)
) ENGINE=MyISAM AUTO_INCREMENT=48 DEFAULT CHARSET=utf8;

INSERT INTO m_position3 VALUES("1","ยังไม่มีวิทยฐานะ","-","1");
INSERT INTO m_position3 VALUES("2","ครูชำนาญการ","คศ. 2","1");
INSERT INTO m_position3 VALUES("3","ครูชำนาญการพิเศษ","คศ. 3","1");
INSERT INTO m_position3 VALUES("4","ครูเชี่ยวชาญ","คศ. 4","1");
INSERT INTO m_position3 VALUES("5","ครูเชี่ยวชาญพิเศษ","คศ. 5","1");
INSERT INTO m_position3 VALUES("6","พนักงานราชการ","-","2");
INSERT INTO m_position3 VALUES("7","ครูผู้สอน","-","2");
INSERT INTO m_position3 VALUES("8","ครูต่างชาติสอนห้อง MEP","-","2");
INSERT INTO m_position3 VALUES("9","","-","2");



DROP TABLE m_software;

CREATE TABLE `m_software` (
  `soft_id` int(5) NOT NULL AUTO_INCREMENT,
  `soft_name` varchar(40) CHARACTER SET tis620 DEFAULT NULL,
  `softenable` char(1) CHARACTER SET tis620 DEFAULT NULL,
  `start_date` date DEFAULT '0000-00-00',
  `exp_date` date DEFAULT '0000-00-00',
  `net_date` date DEFAULT '0000-00-00',
  `exp_prg` char(1) CHARACTER SET tis620 DEFAULT 'N',
  `hdd_new` char(8) CHARACTER SET tis620 DEFAULT NULL,
  `changed_at` timestamp NULL DEFAULT CURRENT_TIMESTAMP ON UPDATE CURRENT_TIMESTAMP,
  `soft_part` char(50) CHARACTER SET tis620 DEFAULT NULL,
  `soft_show` int(1) DEFAULT '0',
  PRIMARY KEY (`soft_id`)
) ENGINE=MyISAM AUTO_INCREMENT=30 DEFAULT CHARSET=utf8;

INSERT INTO m_software VALUES("3","ระบบเช็คนักเรียน","Y","2010-10-10","2011-10-10","0000-00-00","Y","F4138E94","2014-12-15 12:32:04","../cheackst2/cheack1.php","1");
INSERT INTO m_software VALUES("6","ระบบหน้าเว็บ","Y","2010-10-10","2011-10-10","0000-00-00","N","F4138E94","2014-12-15 12:33:14","../e_new/index.php","0");
INSERT INTO m_software VALUES("7","ระบบGallery","N","2010-10-10","2011-10-10","0000-00-00","N","F4138E94","2014-12-15 12:33:15","../gallery/index.php","0");
INSERT INTO m_software VALUES("8","ระบบITA","Y","2010-10-10","2011-10-10","0000-00-00","N","F4138E94","2014-12-15 12:32:49","../ITA/index.php","1");
INSERT INTO m_software VALUES("9","ระบบงานบุคคล","Y","2010-10-10","2011-10-10","0000-00-00","Y","F4138E94","2014-12-15 12:32:49","../pa/index.php","1");
INSERT INTO m_software VALUES("10","ระบบหน้าเว็บ","N","2010-10-10","2011-10-10","0000-00-00","Y","F4138E94","2014-12-15 12:32:49","../web/index.php","1");
INSERT INTO m_software VALUES("11","ระบบDPA","Y","2010-10-10","2011-10-10","2014-03-27","N","F4138E94","2014-12-15 12:32:49","../pa_admin/index.php","1");
INSERT INTO m_software VALUES("12","ระบบข้อมูลนักเรียน","Y","2010-10-10","2011-10-10","0000-00-00","Y","F4138E94","2014-12-15 12:33:28","../members/StAddStan.php","0");
INSERT INTO m_software VALUES("19","ระบบสมาชิก","Y","0000-00-00","0000-00-00","0000-00-00","Y","F4138E94","2014-12-15 12:59:48","../user/use_soft.php","0");
INSERT INTO m_software VALUES("20","ระบบการดูแลช่วยเหลือนักเรียน","N","2013-09-25","2015-09-25","0000-00-00","Y","F4138E94","2014-12-15 12:32:49","../care_students/admin.php","1");
INSERT INTO m_software VALUES("29","ระบบประเมินลูกจ้าง","Y","0000-00-00","0000-00-00","0000-00-00","Y","","2017-10-13 14:29:11","../employee/index.php","0");



DROP TABLE m_st_name;

CREATE TABLE `m_st_name` (
  `std_id` int(2) NOT NULL,
  `statusname` char(20) DEFAULT NULL,
  `std_how` int(11) DEFAULT NULL,
  PRIMARY KEY (`std_id`)
) ENGINE=MyISAM DEFAULT CHARSET=utf8;

INSERT INTO m_st_name VALUES("1","เรียน","1");
INSERT INTO m_st_name VALUES("2","กิตติมศักดิ์","2");
INSERT INTO m_st_name VALUES("3","ย้ายโรงเรียน","1");
INSERT INTO m_st_name VALUES("4","พักการเรียน","1");
INSERT INTO m_st_name VALUES("5","ให้ออก,ไล่ออก","1");
INSERT INTO m_st_name VALUES("6","จบการศึกษา","1");
INSERT INTO m_st_name VALUES("7","ลาออก","1");
INSERT INTO m_st_name VALUES("8","การเกษียณอายุราชการ","2");
INSERT INTO m_st_name VALUES("9","สิ้นสุดการทำงาน","2");



DROP TABLE m_status;

CREATE TABLE `m_status` (
  `status_id` int(2) NOT NULL,
  `status_name` char(30) NOT NULL,
  `borrows` int(2) NOT NULL DEFAULT '0',
  `amount_day` int(2) NOT NULL DEFAULT '0',
  PRIMARY KEY (`status_id`)
) ENGINE=MyISAM DEFAULT CHARSET=utf8;

INSERT INTO m_status VALUES("1","นักเรียน","5","7");
INSERT INTO m_status VALUES("2","ครู","7","15");
INSERT INTO m_status VALUES("3","บุคลากร","3","5");
INSERT INTO m_status VALUES("4","บุคคลภายนอก","2","7");



DROP TABLE m_stname;

CREATE TABLE `m_stname` (
  `std_id` int(2) NOT NULL,
  `statusname` char(20) DEFAULT NULL,
  `std_how` int(11) DEFAULT NULL,
  PRIMARY KEY (`std_id`)
) ENGINE=MyISAM DEFAULT CHARSET=utf8;

INSERT INTO m_stname VALUES("1","เรียน","1");
INSERT INTO m_stname VALUES("2","กิตติมศักดิ์","2");
INSERT INTO m_stname VALUES("3","ย้ายโรงเรียน","1");
INSERT INTO m_stname VALUES("4","พักการเรียน","1");
INSERT INTO m_stname VALUES("5","ให้ออก,ไล่ออก","1");
INSERT INTO m_stname VALUES("6","จบการศึกษา","1");
INSERT INTO m_stname VALUES("7","ลาออก","1");
INSERT INTO m_stname VALUES("8","การเกษียณอายุราชการ","2");
INSERT INTO m_stname VALUES("9","สิ้นสุดการทำงาน","2");



DROP TABLE m_sub_grop;

CREATE TABLE `m_sub_grop` (
  `sg_id` int(2) NOT NULL AUTO_INCREMENT,
  `sg_name` char(70) CHARACTER SET utf8 DEFAULT NULL,
  `sg_tmp` int(2) DEFAULT NULL,
  PRIMARY KEY (`sg_id`)
) ENGINE=MyISAM AUTO_INCREMENT=10 DEFAULT CHARSET=tis620;

INSERT INTO m_sub_grop VALUES("1","บริหาร","1");
INSERT INTO m_sub_grop VALUES("2","วิชาการ","2");
INSERT INTO m_sub_grop VALUES("3","แผนงานงบประมาณ","3");
INSERT INTO m_sub_grop VALUES("4","บริหารงานบุคคล","4");
INSERT INTO m_sub_grop VALUES("5","บริหารงานทั่วไป","5");
INSERT INTO m_sub_grop VALUES("6","กิจกรรมพัฒนาผู้เรียน","6");



DROP TABLE m_sub_grop_detail;

CREATE TABLE `m_sub_grop_detail` (
  `sgd_id` int(3) NOT NULL AUTO_INCREMENT,
  `sg_id` int(2) DEFAULT NULL,
  `pcode` int(11) DEFAULT NULL,
  `sgd_position` char(100) CHARACTER SET utf8 DEFAULT NULL,
  `sgd_order` int(3) DEFAULT NULL,
  PRIMARY KEY (`sgd_id`)
) ENGINE=MyISAM AUTO_INCREMENT=9 DEFAULT CHARSET=tis620;

INSERT INTO m_sub_grop_detail VALUES("1","1","2","หัวหน้าบริหาร","1");
INSERT INTO m_sub_grop_detail VALUES("2","1","3","รองบริหารวิชาการ","2");
INSERT INTO m_sub_grop_detail VALUES("3","1","4","รองบริหารฝ่ายบริหารงานทั้วไป","3");
INSERT INTO m_sub_grop_detail VALUES("8","1","79","รองบริหารงานพัฒนาผู้เรียน","4");



DROP TABLE m_subject;

CREATE TABLE `m_subject` (
  `id_sub` int(2) NOT NULL AUTO_INCREMENT,
  `name_sub` varchar(200) CHARACTER SET utf8 DEFAULT NULL,
  `sta_sub` int(1) DEFAULT '0',
  `no_sub` int(2) DEFAULT '0',
  PRIMARY KEY (`id_sub`),
  UNIQUE KEY `id_sub` (`id_sub`)
) ENGINE=InnoDB AUTO_INCREMENT=16 DEFAULT CHARSET=latin1;

INSERT INTO m_subject VALUES("1","กลุ่มสาระการเรียนรู้คณิตศาสตร์","0","2");
INSERT INTO m_subject VALUES("2","กลุ่มสาระการเรียนรู้ภาษาไทย","0","3");
INSERT INTO m_subject VALUES("3","กลุ่มสาระการเรียนรู้วิทยาศาสตร์และเทคโนโลยี","0","5");
INSERT INTO m_subject VALUES("4","กลุ่มสาระการเรียนรู้สังคมศึกษาศาสนาและวัฒนธรรม","0","5");
INSERT INTO m_subject VALUES("5","กลุ่มสาระการเรียนรู้สุขศึกษาและพลศึกษา","0","6");
INSERT INTO m_subject VALUES("6","กลุ่มสาระการเรียนรู้ศิลปะ","0","7");
INSERT INTO m_subject VALUES("7","กลุ่มสาระการเรียนรู้การงานอาชีพ","0","8");
INSERT INTO m_subject VALUES("8","กลุ่มสาระการเรียนรู้ภาษาต่างประเทศ( ภาษาอังกฤษ)","0","9");
INSERT INTO m_subject VALUES("9","ฝ่ายบริหาร","0","1");
INSERT INTO m_subject VALUES("10","แนะแนว","1","11");
INSERT INTO m_subject VALUES("11","บรรณารักษ์","1","11");
INSERT INTO m_subject VALUES("12","ปฐมวัย","0","12");
INSERT INTO m_subject VALUES("13","ประถมศึกษา","1","13");
INSERT INTO m_subject VALUES("14","กิจกรรมพัฒนาผู้เรียน","0","14");
INSERT INTO m_subject VALUES("15","กลุ่มสาระการเรียนรู้ภาษาต่างประเทศ( ภาษาจีน)","0","10");



DROP TABLE m_subject_detail;

CREATE TABLE `m_subject_detail` (
  `sd_id` int(3) NOT NULL AUTO_INCREMENT,
  `id_sub` int(2) DEFAULT NULL,
  `pcode` int(11) DEFAULT NULL,
  `sd_position` char(100) DEFAULT NULL,
  `sd_position2` varchar(150) DEFAULT NULL,
  `sd_order` int(3) DEFAULT NULL,
  PRIMARY KEY (`sd_id`)
) ENGINE=MyISAM AUTO_INCREMENT=94 DEFAULT CHARSET=utf8;

INSERT INTO m_subject_detail VALUES("1","9","2","ผู้บริหารสถานศึกษา","หัวหน้าบริหาร","1");
INSERT INTO m_subject_detail VALUES("2","9","3","รองผู้อำนวยการ","รองผู้บริหารสถานศึกษา","2");
INSERT INTO m_subject_detail VALUES("3","9","4","รองผู้อำนวยการ","รองผู้บริหารสถานศึกษา","3");
INSERT INTO m_subject_detail VALUES("4","9","79","รองผู้อำนวยการ","รองผู้บริหารสถานศึกษา","3");
INSERT INTO m_subject_detail VALUES("5","1","25","ครูผู้สอน","คณิตศาสตร์","2");
INSERT INTO m_subject_detail VALUES("6","1","26","ครูผู้สอน","คณิตศาสตร์","3");
INSERT INTO m_subject_detail VALUES("7","1","27","ครูผู้สอน","คณิตศาสตร์","4");
INSERT INTO m_subject_detail VALUES("8","1","28","ครูผู้สอน","คณิตศาสตร์","8");
INSERT INTO m_subject_detail VALUES("9","1","29","ครูผู้สอน","คณิตศาสตร์","5");
INSERT INTO m_subject_detail VALUES("10","1","30","ครูผู้สอน","คณิตศาสตร์","6");
INSERT INTO m_subject_detail VALUES("11","1","31","ครูผู้สอน","คณิตศาสตร์","7");
INSERT INTO m_subject_detail VALUES("12","1","32","หัวหน้ากลุ่มสาระ","คณิตศาสตร์","1");
INSERT INTO m_subject_detail VALUES("13","3","33","ครูผู้สอน","วิทยาศาสตร์","2");
INSERT INTO m_subject_detail VALUES("14","3","34","ครูผู้สอน","วิทยาศาสตร์","3");
INSERT INTO m_subject_detail VALUES("15","3","35","ครูผู้สอน","วิทยาศาสตร์","5");
INSERT INTO m_subject_detail VALUES("16","3","36","หัวหน้ากลุ่มสาระ","วิทยาศาสตร์","1");
INSERT INTO m_subject_detail VALUES("17","3","37","ครูผู้สอน","วิทยาศาสตร์","6");
INSERT INTO m_subject_detail VALUES("18","3","38","ครูผู้สอน","วิทยาศาสตร์","7");
INSERT INTO m_subject_detail VALUES("19","3","39","ครูผู้สอน","วิทยาศาสตร์","11");
INSERT INTO m_subject_detail VALUES("20","3","40","ครูผู้สอน","วิทยาศาสตร์","8");
INSERT INTO m_subject_detail VALUES("21","3","41","ครูผู้สอน","เทคโนโลยี","9");
INSERT INTO m_subject_detail VALUES("22","3","42","ครูผู้สอน","เทคโนโลยี","4");
INSERT INTO m_subject_detail VALUES("23","3","43","ครูผู้สอน","เทคโนโลยี","10");
INSERT INTO m_subject_detail VALUES("24","3","80","ครูผู้สอน","ครูผู้สอน","99");
INSERT INTO m_subject_detail VALUES("25","4","44","ครูผู้สอน","ครูผู้สอน","99");
INSERT INTO m_subject_detail VALUES("26","4","45","ครูผู้สอน","ครูผู้สอน","99");
INSERT INTO m_subject_detail VALUES("27","4","46","ครูผู้สอน","ครูผู้สอน","99");
INSERT INTO m_subject_detail VALUES("28","4","47","หัวหน้ากลุ่มสาระ","สังคมศึกษา","1");
INSERT INTO m_subject_detail VALUES("29","4","48","ครูผู้สอน","ครูผู้สอน","99");
INSERT INTO m_subject_detail VALUES("30","4","49","ครูผู้สอน","ครูผู้สอน","99");
INSERT INTO m_subject_detail VALUES("31","4","50","ครูผู้สอน","ครูผู้สอน","99");
INSERT INTO m_subject_detail VALUES("32","2","15","ครูผู้สอน","ภาษาไทย","6");
INSERT INTO m_subject_detail VALUES("33","2","16","ครูผู้สอน","ภาษาไทย","2");
INSERT INTO m_subject_detail VALUES("34","2","17","ครูผู้สอน","ภาษาไทย","3");
INSERT INTO m_subject_detail VALUES("35","2","18","ครูผู้สอน","ภาษาไทย","4");
INSERT INTO m_subject_detail VALUES("36","2","19","หัวหน้ากลุ่มสาระ","ภาษาไทย","1");
INSERT INTO m_subject_detail VALUES("37","2","20","ครูผู้สอน","ภาษาไทย","5");
INSERT INTO m_subject_detail VALUES("38","2","21","ครูผู้สอน","ภาษาไทย","7");
INSERT INTO m_subject_detail VALUES("39","2","22","ครูผู้สอน","ภาษาไทย","8");
INSERT INTO m_subject_detail VALUES("40","2","23","ครูผู้สอน","ภาษาไทย","9");
INSERT INTO m_subject_detail VALUES("41","2","24","ครูผู้สอน","ครูผู้สอน","99");
INSERT INTO m_subject_detail VALUES("42","5","51","หัวหน้ากลุ่มสาระ","สุขศึกษาและพละศึกษา","1");
INSERT INTO m_subject_detail VALUES("43","5","52","ครูผู้สอน","สุขศึกษาและพละศึกษา","2");
INSERT INTO m_subject_detail VALUES("44","5","53","ครูผู้สอน","สุขศึกษาและพละศึกษา","3");
INSERT INTO m_subject_detail VALUES("45","6","54","หัวหน้ากลุ่มสาระ","ครูผู้สอน","1");
INSERT INTO m_subject_detail VALUES("46","6","55","ครูผู้สอน","ครูผู้สอน","99");
INSERT INTO m_subject_detail VALUES("47","6","56","ครูผู้สอน","ครูผู้สอน","99");
INSERT INTO m_subject_detail VALUES("48","8","57","ครูผู้สอน","ครูผู้สอน","99");
INSERT INTO m_subject_detail VALUES("49","8","58","หัวหน้ากลุ่มสาระ","ภาษาอังษฤษ","1");
INSERT INTO m_subject_detail VALUES("50","8","59","ครูผู้สอน","ภาษาอังษฤษ","2");
INSERT INTO m_subject_detail VALUES("51","8","60","ครูผู้สอน","ภาษาอังษฤษ","3");
INSERT INTO m_subject_detail VALUES("52","8","61","ครูผู้สอน","ภาษาอังษฤษ","4");
INSERT INTO m_subject_detail VALUES("53","8","62","ครูผู้สอน","ภาษาอังษฤษ","5");
INSERT INTO m_subject_detail VALUES("54","8","63","ครูผู้สอน","ครูผู้สอน","99");
INSERT INTO m_subject_detail VALUES("55","8","64","ครูผู้สอน","ครูผู้สอน","99");
INSERT INTO m_subject_detail VALUES("56","8","65","ครูผู้สอน","ภาษาอังษฤษ","7");
INSERT INTO m_subject_detail VALUES("57","8","66","ครูผู้สอน","ภาษาอังษฤษ","8");
INSERT INTO m_subject_detail VALUES("58","8","67","ครูผู้สอน","ภาษาอังษฤษ","9");
INSERT INTO m_subject_detail VALUES("59","8","68","ครูผู้สอน","ครูผู้สอน","99");
INSERT INTO m_subject_detail VALUES("60","8","69","ครูผู้สอน","ครูผู้สอน","99");
INSERT INTO m_subject_detail VALUES("61","8","70","ครูผู้สอน","ครูผู้สอน","99");
INSERT INTO m_subject_detail VALUES("62","8","71","ครูผู้สอน","ครูผู้สอน","99");
INSERT INTO m_subject_detail VALUES("63","12","5","หัวหน้ากลุ่มสาระ","ครูผู้สอน","1");
INSERT INTO m_subject_detail VALUES("64","12","6","ครูผู้สอน","ปฐมวัย","2");
INSERT INTO m_subject_detail VALUES("65","12","7","ครูผู้สอน","ปฐมวัย","3");
INSERT INTO m_subject_detail VALUES("66","12","8","ครูผู้สอน","ปฐมวัย","4");
INSERT INTO m_subject_detail VALUES("67","12","9","ครูผู้สอน","ปฐมวัย","5");
INSERT INTO m_subject_detail VALUES("68","12","10","ครูผู้สอน","ปฐมวัย","6");
INSERT INTO m_subject_detail VALUES("69","12","11","ครูผู้สอน","ปฐมวัย","8");
INSERT INTO m_subject_detail VALUES("70","12","12","ครูผู้สอน","ครูผู้สอน","99");
INSERT INTO m_subject_detail VALUES("71","12","13","ครูผู้สอน","ครูผู้สอน","99");
INSERT INTO m_subject_detail VALUES("72","12","14","ครูผู้สอน","ปฐมวัย","10");
INSERT INTO m_subject_detail VALUES("73","14","72","ครูผู้สอน","ครูผู้สอน","99");
INSERT INTO m_subject_detail VALUES("74","14","73","ครูผู้สอน","ครูผู้สอน","99");
INSERT INTO m_subject_detail VALUES("75","14","74","ครูผู้สอน","ครูผู้สอน","99");
INSERT INTO m_subject_detail VALUES("76","14","75","ครูผู้สอน","ครูผู้สอน","99");
INSERT INTO m_subject_detail VALUES("77","14","76","ครูผู้สอน","ครูผู้สอน","99");
INSERT INTO m_subject_detail VALUES("78","14","77","ครูผู้สอน","ครูผู้สอน","99");
INSERT INTO m_subject_detail VALUES("79","14","78","ครูผู้สอน","ครูผู้สอน","99");
INSERT INTO m_subject_detail VALUES("80","12","85","ครูผู้สอน","ปฐมวัย","9");
INSERT INTO m_subject_detail VALUES("81","2","81","ครูผู้สอน","ภาษาไทย","10");
INSERT INTO m_subject_detail VALUES("82","2","82","ครูผู้สอน","ภาษาไทย","11");
INSERT INTO m_subject_detail VALUES("83","2","83","ครูผู้สอน","ภาษาไทย","12");
INSERT INTO m_subject_detail VALUES("84","2","84","ครูผู้สอน","ภาษาไทย","13");
INSERT INTO m_subject_detail VALUES("85","7","57","ครูผู้สอน","ครูผู้สอน","99");
INSERT INTO m_subject_detail VALUES("86","7","75","ครูผู้สอน","ครูผู้สอน","99");
INSERT INTO m_subject_detail VALUES("87","7","77","ครูผู้สอน","ครูผู้สอน","99");
INSERT INTO m_subject_detail VALUES("88","8","86","ครูผู้สอน","ภาษาอังษฤษ","6");
INSERT INTO m_subject_detail VALUES("89","15","68","ครูผู้สอน","ครูผู้สอน","99");
INSERT INTO m_subject_detail VALUES("90","15","69","ครูผู้สอน","ครูผู้สอน","99");
INSERT INTO m_subject_detail VALUES("91","15","70","ครูผู้สอน","ครูผู้สอน","99");
INSERT INTO m_subject_detail VALUES("92","15","71","ครูผู้สอน","ครูผู้สอน","99");
INSERT INTO m_subject_detail VALUES("93","10","47","ครูผู้สอน","ครูผู้สอน","99");



DROP TABLE m_title;

CREATE TABLE `m_title` (
  `titleid` int(2) NOT NULL,
  `titlename` char(20) DEFAULT NULL,
  `st_sta` int(1) DEFAULT NULL,
  `per_sta` int(1) DEFAULT NULL,
  PRIMARY KEY (`titleid`),
  UNIQUE KEY `title` (`titleid`),
  KEY `title_2` (`titleid`)
) ENGINE=MyISAM DEFAULT CHARSET=utf8;

INSERT INTO m_title VALUES("1","เด็กชาย","0","0");
INSERT INTO m_title VALUES("2","นางสาว","0","0");
INSERT INTO m_title VALUES("3","นาย","0","1");
INSERT INTO m_title VALUES("4","นางสาว","0","1");
INSERT INTO m_title VALUES("5","นาง","1","1");
INSERT INTO m_title VALUES("6","ว่าที่ร.ต.","1","1");
INSERT INTO m_title VALUES("7","ว่าที่ร.ต.หญิง","0","1");
INSERT INTO m_title VALUES("8","Mr.","0","1");
INSERT INTO m_title VALUES("9","Miss","0","1");
INSERT INTO m_title VALUES("10","Ms.","0","1");
INSERT INTO m_title VALUES("11","Mrs.","0","1");



DROP TABLE m_title_id;

CREATE TABLE `m_title_id` (
  `titleid` int(2) NOT NULL,
  `titlename` char(20) DEFAULT NULL,
  `st_sta` int(1) DEFAULT NULL,
  `per_sta` int(1) DEFAULT NULL,
  PRIMARY KEY (`titleid`),
  UNIQUE KEY `title` (`titleid`),
  KEY `title_2` (`titleid`)
) ENGINE=MyISAM DEFAULT CHARSET=utf8;

INSERT INTO m_title_id VALUES("1","เด็กชาย","0","0");
INSERT INTO m_title_id VALUES("2","นางสาว","0","0");
INSERT INTO m_title_id VALUES("3","นาย","0","1");
INSERT INTO m_title_id VALUES("4","นางสาว","0","1");
INSERT INTO m_title_id VALUES("5","นาง","1","1");
INSERT INTO m_title_id VALUES("6","ว่าที่ร.ต.","1","1");
INSERT INTO m_title_id VALUES("7","ว่าที่ร.ต.หญิง","0","1");
INSERT INTO m_title_id VALUES("8","Mr.","0","1");
INSERT INTO m_title_id VALUES("9","Miss","0","1");
INSERT INTO m_title_id VALUES("10","Ms.","0","1");
INSERT INTO m_title_id VALUES("11","Mrs.","0","1");



DROP TABLE m_user_log;

CREATE TABLE `m_user_log` (
  `log_max` int(3) DEFAULT '0',
  `date_max` int(3) DEFAULT '0',
  `md5pass` tinyint(1) DEFAULT NULL,
  `dupe_pass` int(3) DEFAULT '0'
) ENGINE=MyISAM DEFAULT CHARSET=latin1;

INSERT INTO m_user_log VALUES("100000","100000","0","5");



DROP TABLE m_user_soft;

CREATE TABLE `m_user_soft` (
  `user_id` int(9) NOT NULL AUTO_INCREMENT,
  `ecode` int(9) DEFAULT NULL,
  `soft_id` char(2) CHARACTER SET tis620 DEFAULT NULL,
  `level_id` int(1) DEFAULT NULL,
  PRIMARY KEY (`user_id`)
) ENGINE=MyISAM AUTO_INCREMENT=34 DEFAULT CHARSET=utf8;

INSERT INTO m_user_soft VALUES("1","1","12","");
INSERT INTO m_user_soft VALUES("2","1","7","");
INSERT INTO m_user_soft VALUES("3","1","6","");
INSERT INTO m_user_soft VALUES("4","1","4","");
INSERT INTO m_user_soft VALUES("5","41","12","3");
INSERT INTO m_user_soft VALUES("6","41","6","3");
INSERT INTO m_user_soft VALUES("7","41","7","3");
INSERT INTO m_user_soft VALUES("8","41","19","3");
INSERT INTO m_user_soft VALUES("9","41","3","3");
INSERT INTO m_user_soft VALUES("10","41","9","3");
INSERT INTO m_user_soft VALUES("11","3","9","3");
INSERT INTO m_user_soft VALUES("12","3","12","3");
INSERT INTO m_user_soft VALUES("13","4","8","3");
INSERT INTO m_user_soft VALUES("14","41","8","3");
INSERT INTO m_user_soft VALUES("15","41","10","3");
INSERT INTO m_user_soft VALUES("16","3","7","3");
INSERT INTO m_user_soft VALUES("17","3","6","3");
INSERT INTO m_user_soft VALUES("18","41","11","3");
INSERT INTO m_user_soft VALUES("19","41","29","3");
INSERT INTO m_user_soft VALUES("20","25","11","3");
INSERT INTO m_user_soft VALUES("21","20","11","3");
INSERT INTO m_user_soft VALUES("22","20","9","3");
INSERT INTO m_user_soft VALUES("23","0","9","3");
INSERT INTO m_user_soft VALUES("24","7","9","3");
INSERT INTO m_user_soft VALUES("25","32","9","3");
INSERT INTO m_user_soft VALUES("26","62","9","3");
INSERT INTO m_user_soft VALUES("27","9","9","3");
INSERT INTO m_user_soft VALUES("28","7","11","3");
INSERT INTO m_user_soft VALUES("29","32","11","3");
INSERT INTO m_user_soft VALUES("30","9","11","3");
INSERT INTO m_user_soft VALUES("31","62","11","3");
INSERT INTO m_user_soft VALUES("32","69","11","3");
INSERT INTO m_user_soft VALUES("33","25","9","3");



DROP TABLE m_userpass;

CREATE TABLE `m_userpass` (
  `user_id` int(9) NOT NULL AUTO_INCREMENT,
  `ecode` int(9) DEFAULT NULL,
  `cpassword` char(32) DEFAULT NULL,
  `md5pass` int(1) DEFAULT '0',
  `log_qty` int(3) DEFAULT '0',
  `changed_at` timestamp NULL DEFAULT CURRENT_TIMESTAMP ON UPDATE CURRENT_TIMESTAMP,
  PRIMARY KEY (`user_id`)
) ENGINE=MyISAM AUTO_INCREMENT=70 DEFAULT CHARSET=utf8;

INSERT INTO m_userpass VALUES("1","1","12345","0","34","2024-08-16 13:04:00");
INSERT INTO m_userpass VALUES("4","41","11223344","0","49","2024-09-11 17:58:56");
INSERT INTO m_userpass VALUES("5","4","ack003","0","26","2024-09-09 12:22:22");
INSERT INTO m_userpass VALUES("6","0","","0","0","2024-08-12 00:00:00");
INSERT INTO m_userpass VALUES("7","1","11223344","0","0","2024-08-16 00:00:00");
INSERT INTO m_userpass VALUES("8","9","artt2532","0","3","2024-09-11 16:44:49");
INSERT INTO m_userpass VALUES("9","20","tipjeab335566","0","4","2024-09-11 17:01:27");
INSERT INTO m_userpass VALUES("10","69","0875663165","0","1","2024-09-02 16:45:48");
INSERT INTO m_userpass VALUES("11","34","53791367","0","14","2024-09-11 16:34:46");
INSERT INTO m_userpass VALUES("12","25","120333","0","8","2024-09-11 17:04:47");
INSERT INTO m_userpass VALUES("13","0","0873035750","0","0","2024-09-02 00:00:00");
INSERT INTO m_userpass VALUES("14","33","kung010324kung","0","6","2024-09-12 02:39:06");
INSERT INTO m_userpass VALUES("15","62","ACK06189","0","3","2024-09-11 16:52:02");
INSERT INTO m_userpass VALUES("16","3","0873035750","0","1","2024-09-02 16:48:04");
INSERT INTO m_userpass VALUES("17","32","15chida04","0","1","2024-09-02 16:49:24");
INSERT INTO m_userpass VALUES("18","2","Charoen","0","3","2024-09-03 16:07:34");
INSERT INTO m_userpass VALUES("19","7","ฮำฟไๅ-ๅภ-จ","0","1","2024-09-02 16:51:32");
INSERT INTO m_userpass VALUES("20","58","ack057rak","0","3","2024-09-11 16:23:12");
INSERT INTO m_userpass VALUES("21","95","01234","0","0","2024-09-09 00:00:00");
INSERT INTO m_userpass VALUES("22","96","01234","0","0","2024-09-09 00:00:00");
INSERT INTO m_userpass VALUES("23","97","01234","0","0","2024-09-09 00:00:00");
INSERT INTO m_userpass VALUES("24","98","01234","0","0","2024-09-09 00:00:00");
INSERT INTO m_userpass VALUES("25","99","01234","0","0","2024-09-09 00:00:00");
INSERT INTO m_userpass VALUES("26","100","01234","0","0","2024-09-09 00:00:00");
INSERT INTO m_userpass VALUES("27","101","01234","0","0","2024-09-09 00:00:00");
INSERT INTO m_userpass VALUES("28","102","01234","0","0","2024-09-09 00:00:00");
INSERT INTO m_userpass VALUES("29","103","01234","0","0","2024-09-09 00:00:00");
INSERT INTO m_userpass VALUES("30","104","01234","0","0","2024-09-09 00:00:00");
INSERT INTO m_userpass VALUES("31","6","thiyada2547","0","2","2024-09-11 16:33:09");
INSERT INTO m_userpass VALUES("32","105","01234","0","0","2024-09-11 00:00:00");
INSERT INTO m_userpass VALUES("33","45","24092525","0","2","2024-09-12 11:10:35");
INSERT INTO m_userpass VALUES("34","43","Wiriya02","0","1","2024-09-11 16:20:35");
INSERT INTO m_userpass VALUES("35","77","mattana2412","0","1","2024-09-11 16:25:39");
INSERT INTO m_userpass VALUES("36","53","08062533","0","1","2024-09-11 16:25:51");
INSERT INTO m_userpass VALUES("37","46","0901933249","0","1","2024-09-11 16:26:04");
INSERT INTO m_userpass VALUES("38","75","jinjin2307","0","1","2024-09-11 16:27:24");
INSERT INTO m_userpass VALUES("39","42","053606246","0","1","2024-09-11 16:27:14");
INSERT INTO m_userpass VALUES("40","39","sun052533","0","3","2024-09-12 14:30:36");
INSERT INTO m_userpass VALUES("41","0","jum123456","0","0","2024-09-11 00:00:00");
INSERT INTO m_userpass VALUES("42","28","1570300131660","0","2","2024-09-11 16:51:15");
INSERT INTO m_userpass VALUES("43","51","jum123456","0","1","2024-09-11 16:30:53");
INSERT INTO m_userpass VALUES("44","40","053795849Ging","0","1","2024-09-11 16:30:43");
INSERT INTO m_userpass VALUES("45","59","bengy1984","0","1","2024-09-11 16:32:14");
INSERT INTO m_userpass VALUES("46","5","1234","0","2","2024-09-12 21:15:57");
INSERT INTO m_userpass VALUES("47","36","0956988247Kop","0","1","2024-09-11 16:36:32");
INSERT INTO m_userpass VALUES("48","71","002672jp","0","1","2024-09-11 16:38:24");
INSERT INTO m_userpass VALUES("49","52","t12345","0","1","2024-09-11 16:37:42");
INSERT INTO m_userpass VALUES("50","86","0624296650","0","1","2024-09-11 16:38:24");
INSERT INTO m_userpass VALUES("51","0","715121","0","0","2024-09-11 00:00:00");
INSERT INTO m_userpass VALUES("52","14","248655","0","1","2024-09-11 16:38:49");
INSERT INTO m_userpass VALUES("53","84","0624296650","0","1","2024-09-11 16:40:23");
INSERT INTO m_userpass VALUES("54","24","291319aj","0","1","2024-09-11 16:48:25");
INSERT INTO m_userpass VALUES("55","55","nuii2178","0","1","2024-09-11 16:49:51");
INSERT INTO m_userpass VALUES("56","21","Zeejang02122539","0","1","2024-09-11 16:50:47");
INSERT INTO m_userpass VALUES("57","35","54411635","0","1","2024-09-11 16:49:43");
INSERT INTO m_userpass VALUES("58","15","0956977619","0","1","2024-09-11 16:49:42");
INSERT INTO m_userpass VALUES("59","57","095611988","0","1","2024-09-11 16:49:44");
INSERT INTO m_userpass VALUES("60","67","Earthpaddy2566","0","2","2024-09-11 18:53:04");
INSERT INTO m_userpass VALUES("61","19","plae1234","0","1","2024-09-11 16:50:16");
INSERT INTO m_userpass VALUES("62","26","chutipha1234@","0","2","2024-09-11 17:03:43");
INSERT INTO m_userpass VALUES("63","16","667086Ya","0","2","2024-09-11 16:57:44");
INSERT INTO m_userpass VALUES("64","44","311039","0","2","2024-09-11 17:01:08");
INSERT INTO m_userpass VALUES("65","54","aesamart2522","0","2","2024-09-11 17:52:26");
INSERT INTO m_userpass VALUES("66","17","DUAN9415","0","1","2024-09-11 16:51:57");
INSERT INTO m_userpass VALUES("67","60","b42264226","0","1","2024-09-11 16:53:46");
INSERT INTO m_userpass VALUES("68","8","porn21","0","2","2024-09-11 18:50:51");
INSERT INTO m_userpass VALUES("69","68","ab9339","0","4","2024-09-11 21:16:53");



DROP TABLE m_xsoftware;

CREATE TABLE `m_xsoftware` (
  `soft_id` int(2) NOT NULL DEFAULT '0',
  `soft_name` varchar(40) CHARACTER SET tis620 DEFAULT NULL,
  `softenable` char(1) CHARACTER SET tis620 DEFAULT NULL,
  `start_date` date DEFAULT '0000-00-00',
  `exp_date` date DEFAULT '0000-00-00',
  `net_date` date DEFAULT '0000-00-00',
  `exp_prg` char(1) CHARACTER SET tis620 DEFAULT 'N',
  `hdd_new` char(8) CHARACTER SET tis620 DEFAULT NULL,
  `changed_at` timestamp NULL DEFAULT CURRENT_TIMESTAMP ON UPDATE CURRENT_TIMESTAMP,
  `soft_part` char(50) CHARACTER SET tis620 DEFAULT NULL,
  `soft_show` int(1) DEFAULT '0',
  PRIMARY KEY (`soft_id`)
) ENGINE=MyISAM DEFAULT CHARSET=utf8;

INSERT INTO m_xsoftware VALUES("1","ระบบงานPA","N","0000-00-00","0000-00-00","0000-00-00","N","","2023-04-03 05:56:04","../pa_admin/index.php","0");
INSERT INTO m_xsoftware VALUES("2","ระบบงาน ID PLAN","N","0000-00-00","0000-00-00","0000-00-00","N","","2023-04-03 05:56:37","../plan_admin/index.php","0");
INSERT INTO m_xsoftware VALUES("3","ระบบข้อมูลหลัก","Y","0000-00-00","0000-00-00","0000-00-00","N","","2023-04-03 06:22:11","../members/index.php","0");
INSERT INTO m_xsoftware VALUES("4","ระบบงานประเมินลูกจ้าง","N","0000-00-00","0000-00-00","0000-00-00","N","","2023-09-02 06:59:44","../employee/index.php","0");



DROP TABLE pa_assessor;

CREATE TABLE `pa_assessor` (
  `id_ass` int(9) NOT NULL AUTO_INCREMENT,
  `pcode` int(9) DEFAULT NULL,
  `pcodeh_ass` int(9) DEFAULT NULL,
  `id_h_ass` int(9) DEFAULT NULL,
  `group_h_ass` int(2) DEFAULT NULL,
  `pa_year` int(4) DEFAULT NULL,
  PRIMARY KEY (`id_ass`)
) ENGINE=InnoDB DEFAULT CHARSET=latin1;




DROP TABLE pa_estimate;

CREATE TABLE `pa_estimate` (
  `id_esti` int(9) NOT NULL AUTO_INCREMENT,
  `id_g_ass` int(5) DEFAULT NULL,
  `id_sele3` int(2) DEFAULT NULL,
  `no_sco` int(3) DEFAULT NULL,
  `sco_esti` double DEFAULT NULL,
  `pcode` int(9) DEFAULT NULL,
  `ecode` int(9) DEFAULT NULL,
  `id_ass` int(9) DEFAULT NULL,
  `id_h_ass` int(9) DEFAULT NULL,
  `pa_year` int(4) DEFAULT NULL,
  `changat` timestamp NULL DEFAULT CURRENT_TIMESTAMP,
  PRIMARY KEY (`id_esti`)
) ENGINE=InnoDB DEFAULT CHARSET=latin1;




DROP TABLE pa_estimate2;

CREATE TABLE `pa_estimate2` (
  `id_esti2` int(9) NOT NULL AUTO_INCREMENT,
  `id_ass` int(9) DEFAULT NULL,
  `id_h_ass` int(9) DEFAULT NULL,
  `pcode` int(9) DEFAULT NULL,
  `ecode` int(5) DEFAULT NULL,
  `e_score` double DEFAULT NULL,
  `e_score2` double DEFAULT NULL,
  `pa_year` int(4) DEFAULT NULL,
  `changat` timestamp NULL DEFAULT CURRENT_TIMESTAMP,
  PRIMARY KEY (`id_esti2`)
) ENGINE=InnoDB DEFAULT CHARSET=latin1;




DROP TABLE pa_h_assessment;

CREATE TABLE `pa_h_assessment` (
  `id_h_ass` int(5) NOT NULL AUTO_INCREMENT,
  `pcode` int(9) DEFAULT NULL,
  `group_h_ass` int(3) DEFAULT NULL,
  `pa_h_real` int(1) DEFAULT '0',
  `pa_year` int(4) DEFAULT NULL,
  PRIMARY KEY (`id_h_ass`)
) ENGINE=InnoDB AUTO_INCREMENT=16 DEFAULT CHARSET=latin1;

INSERT INTO pa_h_assessment VALUES("1","2","1","0","2567");
INSERT INTO pa_h_assessment VALUES("2","","1","1","2567");
INSERT INTO pa_h_assessment VALUES("3","","1","1","2567");
INSERT INTO pa_h_assessment VALUES("4","","2","0","2567");
INSERT INTO pa_h_assessment VALUES("5","","2","1","2567");
INSERT INTO pa_h_assessment VALUES("6","","2","1","2567");
INSERT INTO pa_h_assessment VALUES("7","","3","0","2567");
INSERT INTO pa_h_assessment VALUES("8","","3","1","2567");
INSERT INTO pa_h_assessment VALUES("9","","3","1","2567");
INSERT INTO pa_h_assessment VALUES("10","","4","0","2567");
INSERT INTO pa_h_assessment VALUES("11","","4","1","2567");
INSERT INTO pa_h_assessment VALUES("12","","4","1","2567");
INSERT INTO pa_h_assessment VALUES("13","","5","0","2567");
INSERT INTO pa_h_assessment VALUES("14","","5","1","2567");
INSERT INTO pa_h_assessment VALUES("15","","5","1","2567");



DROP TABLE pa_score;

CREATE TABLE `pa_score` (
  `id_sco` int(2) DEFAULT NULL,
  `no_sco` int(1) DEFAULT NULL,
  `n_sco` double DEFAULT NULL,
  `g_sco` int(1) DEFAULT NULL
) ENGINE=InnoDB DEFAULT CHARSET=latin1;

INSERT INTO pa_score VALUES("1","1","1","1");
INSERT INTO pa_score VALUES("2","2","2","1");
INSERT INTO pa_score VALUES("3","3","3","1");
INSERT INTO pa_score VALUES("4","4","4","1");
INSERT INTO pa_score VALUES("5","1","5","2");
INSERT INTO pa_score VALUES("6","2","10","2");
INSERT INTO pa_score VALUES("7","3","15","2");
INSERT INTO pa_score VALUES("8","4","20","2");
INSERT INTO pa_score VALUES("9","1","2.5","3");
INSERT INTO pa_score VALUES("10","2","5","3");
INSERT INTO pa_score VALUES("11","3","7.5","3");
INSERT INTO pa_score VALUES("12","4","10","3");



DROP TABLE pa_section1;

CREATE TABLE `pa_section1` (
  `id_sele1` int(2) DEFAULT NULL,
  `name_sele1` varchar(250) CHARACTER SET utf8 DEFAULT NULL
) ENGINE=InnoDB DEFAULT CHARSET=latin1;

INSERT INTO pa_section1 VALUES("1","ส่วนที่ 1 ข้อตกลงในการพัฒนางานตามมาตรฐานตำแหน่ง (60 คะแนน)");
INSERT INTO pa_section1 VALUES("2","ส่วนที่ 2 ข้อตกลงในการพัฒนางานที่เสนอเป็นประเด็นท้าทายในการพัฒนาผลลัพธ์การเรียนรู้ของผู้เรียน (40 คะแนน)");



DROP TABLE pa_section2;

CREATE TABLE `pa_section2` (
  `id_sele2` int(2) NOT NULL,
  `id_sele1` int(1) DEFAULT NULL,
  `name_sele2` varchar(100) CHARACTER SET utf8 DEFAULT NULL,
  PRIMARY KEY (`id_sele2`)
) ENGINE=InnoDB DEFAULT CHARSET=latin1;

INSERT INTO pa_section2 VALUES("1","1","1. ด้านการจัดการเรียนรู้");
INSERT INTO pa_section2 VALUES("2","1","2. ด้านการส่งเสริมและสนับสนุนการจัดการเรียนรู้");
INSERT INTO pa_section2 VALUES("3","1","3. ด้านการพัฒนาตนเองและวิชาชีพ");
INSERT INTO pa_section2 VALUES("4","2","1. วิธีดำเนินการ (20 คะแนน)");
INSERT INTO pa_section2 VALUES("5","2","2. ผลลัพธ์การเรียนรู้ของผู้เรียนที่คาดหวัง (20 คะแนน)");



DROP TABLE pa_section3;

CREATE TABLE `pa_section3` (
  `id_sele3` int(3) NOT NULL AUTO_INCREMENT,
  `id_sele2` int(2) DEFAULT NULL,
  `id_sele1` int(1) DEFAULT NULL,
  `g_sco` int(1) DEFAULT NULL,
  `name_sele3` varchar(100) CHARACTER SET utf8 DEFAULT NULL,
  `name_sele3_detail1` text CHARACTER SET utf8,
  `name_sele3_detail2` text CHARACTER SET utf8,
  `name_sele3_detail3` text CHARACTER SET utf8,
  `name_sele3_detail4` text CHARACTER SET utf8,
  `name_sele3_detail5` text CHARACTER SET utf8,
  PRIMARY KEY (`id_sele3`)
) ENGINE=InnoDB AUTO_INCREMENT=20 DEFAULT CHARSET=latin1;

INSERT INTO pa_section3 VALUES("1","1","1","1","1.1 สร้างและหรือพัฒนาหลักสูตร","มีการจัดทำรายวิชาและหน่วยการเรียนรู้ให้สอดคล้องกับมาตรฐานการเรียนรู้ และตัวชี้วัดหรือผลการเรียนรู้ตามหลักสูตรเพื่อให้ผู้เรียนได้พัฒนาสมรรถนะและการเรียนรู้ เต็มตามศักยภาพ โดยมีการพัฒนารายวิชาและหน่วยการเรียนรู้ ให้สอดคล้อง","มีการจัดทำรายวิชาและหน่วยการเรียนรู้ให้สอดคล้องกับมาตรฐานการเรียนรู้ และตัวชี้วัดหรือผลการเรียนรู้ตามหลักสูตรเพื่อให้ผู้เรียนได้พัฒนาสมรรถนะและการเรียนรู้ เต็มตามศักยภาพ โดยมีการพัฒนารายวิชาและหน่วยการเรียนรู้ ให้สอดคล้องกับบริบทของส านศึกษา ผู้เรียน และท้อง ิ่น และสามาร แก้ไขปัญหาในการจัดการเรียนรู้ได้","ริเริ่ม พัฒนารายวิชาและหน่วยการเรียนรู้ ให้สอดคล้องกับมาตรฐานการเรียนรู้ และตัวชี้วัด หรือผลการเรียนรู้ ตามหลักสูตร บริบทของสถานศึกษา ผู้เรียน และท้องถิ่น สามารถแก้ไขปัญหาในการจัดการเรียนรู้ เพื่อให้ผู้เรียนได้พัฒนาสมรร นะและการเรียนรู้เต็มตามศักยภาพส่งผลให้คุณภาพการจัดการเรียนรู้สูงขึ้น และเป็นแบบอย่างที่ดี ในการสร้างและหรือพัฒนาหลักสูตร","ริเริ่ม คิดค้น พัฒนารายวิชาและหน่วยการเรียนรู้ 
ให้สอดคล้องกับมาตรฐานการเรียนรู้ และตัวชี้วัดหรือผลการเรียนรู้ ตามหลักสูตร บริบทของสถานศึกษา ผู้เรียน และท้องถิ่น เพื่อแก้ไขปัญหาในการจัดการเรียนรู้ ทำให้ผู้เรียนได้พัฒนาสมรรถนะและการเรียนรู้เต็มตามศักยภาพ ส่งผลให้คุณภาพการจัดการเรียนรู้สูงขึ้น เป็นแบบอย่างที่ดี และสามารถ ให้คำปรึกษากับผู้อื่นในการสร้างและหรือพัฒนาหลักสูตร
","ริเริ่ม คิดค้น พัฒนารายวิชาและหน่วยการเรียนรู้ ให้สอดคล้องกับมาตรฐานการเรียนรู้ และตัวชี้วัดหรือผลการเรียนรู้ ตามหลักสูตร บริบทของสถานศึกษา ผู้เรียน และท้องถิ่น เพื่อแก้ไขปัญหาในการจัดการเรียนรู้ ทำให้ผู้เรียนได้พัฒนาสมรรถนะและการเรียนรู้เต็มตามศักยภาพ ส่งผลให้คุณภาพการจัดการเรียนรู้สูงขึ้น เป็นแบบอย่างที่ดี และสามารถ ให้คำปรึกษากับผู้อื่นในการสร้างและหรือพัฒนาหลักสูตร");
INSERT INTO pa_section3 VALUES("2","1","1","1","1.2 ออกแบบการจัดการเรียนรู้","เน้นผู้เรียนเป็นสำคัญ เพื่อให้ผู้เรียนมีความรู้ ทักษะ คุณลักษณะประจำวิชา คุณลักษณะอันพึงประสงค์ และสมรรถนะที่สำคัญ ตามหลักสูตร โดยมีการปรับประยุกต์ให้สอดคล้องกับบริบทของสถานศึกษา ผู้เรียน และท้องถิ่นกับบริบทของสถานศึกษา ผู้เรียน และท้องถิ่น และสามารถแก้ไขปัญหาในการจัดการเรียนรู้ได้","เน้นผู้เรียนเป็นสำคัญ เพื่อให้ผู้เรียนมีความรู้ ทักษะ 
คุณลักษณะประจำวิชา คุณลักษณะอันพึงประสงค์ และสมรรถนะที่สำคัญ ตามหลักสูตร โดยมีการออกแบบการจัดการเรียนรู้ ที่สามารถแก้ไขปัญหาในการจัดการเรียนรู้ ทำให้ผู้เรียนมีกระบวนการคิดและค้นพบองค์ความรู้ด้วยตนเอง และสร้างแรงบันดาลใจ
","ริเริ่ม คิดค้น การออกแบบการจัดการเรียนรู้ โดยเน้นผู้เรียนเป็นสำคัญ สามารถแก้ไขปัญหา และพัฒนาคุณภาพการจัดการเรียนรู้ให้สูงขึ้น เพื่อให้ผู้เรียนมีความรู้ ทักษะ คุณลักษณะประจำวิชา คุณลักษณะอันพึงประสงค์ ","ริเริ่ม คิดค้น ปรับเปลี่ยน การออกแบบการจัดการเรียนรู้ โดยเน้นผู้เรียนเป็นสำคัญ สามารถแก้ไขปัญหาและพัฒนาคุณภาพการจัดการเรียนรู้ให้สูงขึ้น เพื่อให้ผู้เรียนมีความรู้ ทักษะ คุณลักษณะประจำวิชา   คุณลักษณะอันพึงประสงค์และสมรรถนะที่สำคัญ ตามหลักสูตร มีกระบวนการคิดและค้นพบองค์ความรู้ด้วยตนเอง และสร้างแรงบันดาลใจ เป็นแบบอย่างที่ดีและสามาร ให้คำปรึกษากับผู้อื่น ในการออกแบบการจัดการเรียนรู้					","ริเริ่ม คิดค้น ปรับเปลี่ยน การออกแบบการจัดการเรียนรู้ โดยเน้นผู้เรียนเป็นสำคัญ สามารถแก้ไขปัญหาและพัฒนาคุณภาพการจัดการเรียนรู้ให้สูงขึ้น เพื่อให้ผู้เรียนมีความรู้ ทักษะ คุณลักษณะประจำวิชา   คุณลักษณะอันพึงประสงค์และสมรรถนะที่สำคัญ ตามหลักสูตร มีกระบวนการคิดและค้นพบองค์ความรู้ด้วยตนเอง และสร้างแรงบันดาลใจ เป็นแบบอย่างที่ดีและสามาร ให้คำปรึกษากับผู้อื่น ในการออกแบบการจัดการเรียนรู้");
INSERT INTO pa_section3 VALUES("3","1","1","1","1.3 จัดกิจกรรมการเรียนรู้","มีการอำนวยความสะดวกในการเรียนรู้ และส่งเสริมผู้เรียนได้พัฒนาเต็มตามศักยภาพ เรียนรู้และทำงานร่วมกัน โดยมีการปรับประยุกต์ให้สอดคล้องกับความแตกต่างของผู้เรียน","มีการอำนวยความสะดวกในการเรียนรู้ และส่งเสริมผู้เรียนได้พัฒนาเต็มตามศักยภาพ เรียนรู้และทำงานร่วมกันโดยมีการจัดกิจกรรมการเรียนรู้ ที่สามารถแก้ไขปัญหาในการจัดการเรียนรู้ ทำให้ผู้เรียนมีกระบวนการคิดและค้นพบองค์ความรู้ด้วยตนเอง และสร้างแรงบันดาลใจ","มีการริเริ่ม คิดค้น และพัฒนานวัตกรรม การจัดกิจกรรมการเรียนรู้ ที่สามารถแก้ไขปัญหาในการจัดการเรียนรู้ ทำให้ผู้เรียนได้พัฒนาเต็มตามศักยภาพ เรียนรู้และทำงานร่วมกัน มีกระบวนการคิดและค้นพบองค์ความรู้ด้วยตนเอง และสร้างแรงบันดาลใจและเป็นแบบอย่างที่ดีในการจัดกิจกรรมการเรียนรู้","มีการริเริ่ม คิดค้น พัฒนา ปรับเปลี่ยน นวัตกรรม การจัดกิจกรรมการเรียนรู้ ที่สามารถแก้ไขปัญหาในการจัดการเรียนรู้ ทำให้ผู้เรียนได้พัฒนาเต็มตามศักยภาพ เรียนรู้และทำงานร่วมกัน มีกระบวนการคิดและค้นพบองค์ความรู้ด้วยตนเอง และสร้างแรงบันดาลใจ เป็นแบบอย่างที่ดีและสามารถ ให้คำปรึกษากับผู้อื่นในการจัดกิจกรรมการเรียนรู้","มีการริเริ่ม คิดค้น พัฒนา ปรับเปลี่ยน นวัตกรรมการจัดกิจกรรมการเรียนรู้ ที่สามารถแก้ไขปัญหาในการจัดการเรียนรู้ ทำให้ผู้เรียนได้พัฒนาเต็มตามศักยภาพ เรียนรู้และทำงานร่วมกัน มีกระบวนการคิดและค้นพบองค์ความรู้ด้วยตนเอง และสร้างแรงบันดาลใจ เผยแพร่และขยายผลนวัตกรรมการจัดกิจกรรมการเรียนรู้เป็นแบบอย่างที่ดี และสามารถให้คำปรึกษากับผู้อื่น สร้างการเปลี่ยนแปลงในการจัดกิจกรรมการเรียนรู้");
INSERT INTO pa_section3 VALUES("4","1","1","1","1.4 สร้างและหรือพัฒนาสื่อ นวัตกรรม เทคโนโลยีและแหล่งเรียนรู้","มีการสร้างและหรือพัฒนาสื่อ นวัตกรรม เทคโนโลยีและแหล่งเรียนรู้สอดคล้องกับกิจกรรมการเรียนรู้ โดยมีการปรับประยุกต์ให้สอดคล้องกับความแตกต่างของผู้เรียน และทำให้ผู้เรียนมีทักษะการคิดและสามารถสร้างนวัตกรรมได้","มีการสร้างและหรือพัฒนาสื่อ นวัตกรรม เทคโนโลยีและแหล่งเรียนรู้สอดคล้องกับกิจกรรมการเรียนรู้สามาร แก้ไขปัญหาในการเรียนรู้ของผู้เรียน และทำให้ผู้เรียนมีทักษะการคิดและสามารถสร้างนวัตกรรมได้","  มีการริเริ่ม คิดค้น และพัฒนาสื่อ นวัตกรรม เทคโนโลยีและแหล่งเรียนรู้สอดคล้องกับกิจกรรมการเรียนรู้สามารถแก้ไขปัญหาในการเรียนรู้ของผู้เรียน และทำให้ผู้เรียนมีทักษะการคิดและสามารถสร้างนวัตกรรมได้และเป็นแบบอย่างที่ดีในการสร้างและหรือพัฒนาสื่อ นวัตกรรม เทคโนโลยีและแหล่งเรียนรู้","มีการริเริ่ม คิดค้น พัฒนา ปรับเปลี่ยน สื่อ นวัตกรรม เทคโนโลยีและแหล่งเรียนรู้สอดคล้องกับกิจกรรมการเรียนรู้สามารถแก้ไขปัญหาในการเรียนรู้ของผู้เรียน และทำให้ผู้เรียนมีทักษะการคิดและสามารถสร้างนวัตกรรมได้ เป็นแบบอย่างที่ดีและสามารถ ให้คำปรึกษากับผู้อื่นในการสร้างและหรือพัฒนาสื่อ นวัตกรรม เทคโนโลยีและแหล่งเรียนรู้","มีีการริเริ่ม คิดค้น พัฒนา ปรับเปลี่ยน สื่อ นวัตกรรม เทคโนโลยีและแหล่งเรียนรู้สอดคล้องกับกิจกรรมการเรียนรู้สามารถแก้ไขปัญหาในการเรียนรู้ของผู้เรียน และทำให้ผู้เรียนมีทักษะการคิดและสามารถสร้างนวัตกรรมได้ เผยแพร่และขยายผลสื่อ นวัตกรรม และเทคโนโลยีเป็นแบบอย่างที่ดีและสามารถให้คำปรึกษากับผู้อื่นในการสร้างและหรือพัฒนาสื่อ นวัตกรรม เทคโนโลยีและแหล่งเรียนรู้");
INSERT INTO pa_section3 VALUES("5","1","1","1","1.5 วัดและประเมินผลการเรียนรู้","มีการวัดและประเมินผลการเรียนรู้ด้วยวิธีการที่หลากหลาย เหมาะสม และสอดคล้องกับมาตรฐานการเรียนรู้ ให้ผู้เรียนพัฒนาการเรียนรู้อย่างต่อเนื่อง","มีการวัดและประเมินผลการเรียนรู้ด้วยวิธีการที่หลากหลาย เหมาะสม และสอดคล้องกับมาตรฐานการเรียนรู้ ให้ผู้เรียนพัฒนาการเรียนรู้อย่างต่อเนื่อง ประเมินผลการเรียนรู้ตามสภาพจริง และนำผลการวัดและประเมินผลการเรียนรู้มาใช้แก้ไขปัญหาการจัดการเรียนรู้","มีการริเริ่ม คิดค้น และพัฒนารูปแบบการวัดและประเมินผลการเรียนรู้ตามสภาพจริง ด้วยวิธีการที่หลากหลายเหมาะสม และสอดคล้องกับมาตรฐานการเรียนรู้ และนำผลการวัดและประเมินผลการเรียนรู้ มาใช้แก้ไขปัญหาการจัดการเรียนรู้เพื่อให้ผู้เรียนพัฒนาการเรียนรู้อย่างต่อเนื่อง และเป็นแบบอย่างที่ดีในการวัดและประเมินผลการเรียนรู้","มีมีการริเริ่ม คิดค้น พัฒนา ปรับเปลี่ยน รูปแบบการวัดและประเมินผลการเรียนรู้ตามสภาพจริงด้วยวิธีการที่หลากหลายเหมาะสม และสอดคล้องกับมาตรฐานการเรียนรู้ และนำผลการวัดและประเมินผลการเรียนรู้ มาใช้แก้ไขปัญหาการจัดการเรียนรู้เพื่อให้ผู้เรียนพัฒนาการเรียนรู้อย่างต่อเนื่องเป็นแบบอย่างที่ดีและสามาร ให้คำปรึกษากับผู้อื่น ในการวัดและประเมินผลการเรียนรู้","มีการริเริ่ม คิดค้น พัฒนา ปรับเปลี่ยน รูปแบบการวัดและประเมินผลการเรียนรู้ตามสภาพจริงด้วยวิธีการที่หลากหลายเหมาะสม และสอดคล้องกับมาตรฐานการเรียนรู้ และนำผลการวัดและประเมินผลการเรียนรู้ มาใช้แก้ไขปัญหาการจัดการเรียนรู้ เพื่อให้ผู้เรียนพัฒนาการเรียนรู้อย่างต่อเนื่องเป็นแบบอย่างที่ดีและสามารถให้คำปรึกษากับผู้อื่นในการวัดและประเมินผลการเรียนรู้");
INSERT INTO pa_section3 VALUES("6","1","1","1","1.6 ศึกษา วิเคราะห์ และสังเคราะห์ เพื่อแก้ปัญหาหรือพัฒนาการเรียนรู้","มีการศึกษา วิเคราะห์ และสังเคราะห์ เพื่อแก้ปัญหาหรือพัฒนาการเรียนรู้ที่ส่งผลต่อคุณภาพผู้เรียน","มีการศึกษา วิเคราะห์ และสังเคราะห์ เพื่อแก้ไขปัญหาหรือพัฒนาการเรียนรู้ที่ส่งผลต่อคุณภาพผู้เรียนและนำผลการศึกษา วิเคราะห์ และสังเคราะห์ มาใช้แก้ไขปัญหาหรือพัฒนาการจัดการเรียนรู้","มีการริเริ่ม คิดค้น วิเคราะห์ และสังเคราะห์ เพื่อแก้ไขปัญหาหรือพัฒนาการเรียนรู้ที่ส่งผลต่อคุณภาพผู้เรียนและนำผลการศึกษาวิเคราะห์ และสังเคราะห์ มาใช้แก้ไขปัญหาหรือพัฒนาคุณภาพการจัดการเรียนรู้ให้สูงขึ้น และเป็นแบบอย่างที่ดีในการศึกษา วิเคราะห์ และสังเคราะห์ เพื่อแก้ไขปัญหาหรือพัฒนาการเรียนรู้","มีการริเริ่ม คิดค้น วิเคราะห์ สังเคราะห์ และหรือวิจัยเพื่อแก้ไขปัญหาหรือพัฒนาที่ส่งผลต่อคุณภาพผู้เรียนและนำผลการศึกษา วิเคราะห์ สังเคราะห์ และหรือวิจัยมาใช้แก้ไขปัญหาหรือพัฒนา ปรับเปลี่ยนนวัตกรรมการจัดการเรียนรู้เพื่อพัฒนาคุณภาพการจัดการเรียนรู้ให้สูงขึ้น เป นแบบอย่างที่ดีและสามาร คำปรึกษากับผู้อื่นในการ ศึกษา วิเคราะห์ สังเคราะห์ และหรือวิจัยเพื่อแก้ไขปัญหาหรือพัฒนาการเรียนรู้","มีการริเริ่ม คิดค้น วิเคราะห์ สังเคราะห์ และหรือวิจัยเพื่อแก้ไขปัญหาหรือพัฒนาที่ส่งผลต่อคุณภาพผู้เรียน และนำผลการศึกษา วิเคราะห์ สังเคราะห์ และหรือวิจัยมาใช้แก้ไขปัญหาหรือพัฒนา ปรับเปลี่ยนนวัตกรรมการจัดการเรียนรู้เพื่อพัฒนาคุณภาพการจัดการเรียนรู้ให้สูงขึ้น มีการเผยแพร่และขยายผลนวัตกรรมและงานวิจัยจนนำไปสู่การเปลี่ยนแปลง");
INSERT INTO pa_section3 VALUES("7","1","1","1","1.7 จัดบรรยากาศที่ส่งเสริมและพัฒนาผู้เรียน","มีการจัดบรรยากาศที่ส่งเสริมและพัฒนาผู้เรียน ให้เกิดกระบวนการคิด ทักษะชีวิต ทักษะการทำงาน ทักษะการเรียนรู้และนวัตกรรม ทักษะด้านสารสนเทศ สื่อ และเทคโนโลยี","มีการจัดบรรยากาศที่เหมาะสม สอดคล้องกับความแตกต่างผู้เรียนเป นรายบุคคล สามาร แก้ไขปัญหาการเรียนรู้ สร้างแรงบันดาลใจส่งเสริมและพัฒนาผู้เรียน ให้เกิดกระบวนการคิด ทักษะชีวิต ทักษะการทำงาน ทักษะการเรียนรู้และนวัตกรรม ทักษะด้านสารสนเทศ สื่อ และเทคโนโลย","มีการริเริ่ม คิดค้น และพัฒนาการจัดบรรยากาศ ที่เหมาะสม สอดคล้องกับความแตกต่างผู้เรียนเป็นรายบุคคล สามารถแก้ไขปัญหาการเรียนรู้ และสร้างแรงบันดาลใจส่งเสริมและพัฒนาผู้เรียนให้เกิดกระบวนการคิด ทักษะชีวิต ทักษะการทำงาน ทักษะการเรียนรู้และนวัตกรรม ทักษะด้านสารสนเทศ สื่อ และเทคโนโลยีและเป็นแบบอย่างที่ดีในการจัดบรรยากาศที่ส่งเสริมและพัฒนาผู้เรียนเรียนรู้และนวัตกรรม ทักษะด้านสารสนเทศ สื่อ และเทคโนโลยี","มีการริเริ่ม คิดค้น พัฒนา ปรับเปลี่ยน การจัดบรรยากาศที่เหมาะสม สอดคล้องกับความแตกต่างผู้เรียนเป็นรายบุคคล สามารถแก้ไขปัญหาการเรียนรู้ และสร้างแรงบันดาลใจ ส่งเสริมและพัฒนาผู้เรียน ให้เกิดกระบวนการคิด ทักษะชีวิต ทักษะการทำงานทักษะการเรียนรู้และนวัตกรรม ทักษะด้านสารสนเทศ สื่อ และเทคโนโลยี เป็นแบบอย่างที่ดีและสามารถ ให้คำปรึกษากับผู้อื่นในการจัดบรรยากาศที่ส่งเสริมและพัฒนาผู้เรียน","มีการริเริ่ม คิดค้น พัฒนา ปรับเปลี่ยน การจัดบรรยากาศที่เหมาะสม สอดคล้องกับความแตกต่างผู้เรียนเป็นรายบุคคล สามารถแก้ไขปัญหาการเรียนรู้ และสร้างแรงบันดาลใจส่งเสริมและพัฒนาผู้เรียน ให้เกิดกระบวนการคิด ทักษะชีวิต ทักษะการทำงานทักษะการเรียนรู้และนวัตกรรม ทักษะด้านสารสนเทศ สื่อ และเทคโนโลยี เป็นแบบอย่างที่ดีและสามารถให้คำปรึกษากับผู้อื่นในการจัดบรรยากาศที่ส่งเสริมและพัฒนาผู้เรียน");
INSERT INTO pa_section3 VALUES("8","1","1","1","1.8 อบรมและพัฒนาคุณลักษณะที่ดีของผู้เรียน","มีการอบรมบ่มนิสัยให้ผู้เรียนมีคุณธรรม จริยธรรม คุณลักษณะอันพึงประสงค์ และค่านิยมความเป็นไทยที่ดีงาม","มีการอบรมบ่มนิสัยให้ผู้เรียนมีคุณธรรม จริยธรรม คุณลักษณะอันพึงประสงค์ และค่านิยมความเป็นไทยที่ดีงาม โดยคำนึง ึงความแตกต่างของผู้เรียนเป นรายบุคคล และสามาร แก้ไขปัญหาผู้เรียนได้","มีการอบรมบ่มนิสัยให้ผู้เรียนมีคุณธรรม จริยธรรม คุณลักษณะอันพึงประสงค์ และค่านิยมความเป็นไทยที่ดีงาม โดยริเริ่ม คิดค้น และพัฒนารูปแบบการดำเนินการที่มีประสิทธิภาพ คำนึงถึงความแตกต่างของผู้เรียนเป็นรายบุคคล และสามารถแก้ไขปัญหาและพัฒนาผู้เรียนได้ และเป็นแบบอย่างที่ดีในการอบรมและพัฒนาคุณลักษณะที่ดีของผู้เรียน","มีการอบรมบ่มนิสัยให้ผู้เรียนมีคุณธรรม จริยธรรม คุณลักษณะอันพึงประสงค์ และค่านิยมความเป็นไทยที่ดีงาม โดยริเริ่ม คิดค้น พัฒนา ปรับเปลี่ยน รูปแบบ การดำเนินการที่มีประสิทธิภาพ คำนึงถึงความแตกต่างของผู้เรียนเป็นรายบุคคลและสามารถแก้ไขปัญหาและพัฒนาผู้เรียนได้ เป็นแบบอย่างที่ดีและสามาร ให้คำปรึกษากับผู้อื่นในการอบรมและพัฒนาคุณลักษณะที่ดีของผู้เรียน","มีการอบรมบ่มนิสัยให้ผู้เรียนมีคุณธรรม จริยธรรม คุณลักษณะอันพึงประสงค์ และค่านิยมความเป็นไทยที่ดีงาม โดยริเริ่ม คิดค้น พัฒนา ปรับเปลี่ยน รูปแบบ การดำเนินการที่มีประสิทธิภาพ คำนึงถึงความแตกต่างของผู้เรียนเป็นรายบุคคลและสามารถแก้ไขปัญหาและพัฒนาผู้เรียนได้ เป็นแบบอย่างที่ดีและสามารถให้คำปรึกษากับผู้อื่นในการอบรมและพัฒนาคุณลักษณะที่ดีของผู้เรียน");
INSERT INTO pa_section3 VALUES("9","2","1","1","2.1 จัดทำข้อมูลสารสนเทศของผู้เรียนและรายวิชา","มีการจัดทำข้อมูลสารสนเทศของผู้เรียนและรายวิชาเพื่อใช้ในการส่งเสริมสนับสนุนการเรียนรู้ และพัฒนาคุณภาพผู้เรียน","มีการจัดทำข้อมูลสารสนเทศของผู้เรียนและรายวิชาโดยมีข้อมูลเป นปัจจุบัน เพื่อใช้ในการส่งเสริมสนับสนุนการเรียนรู้ แก้ไขปัญหาและพัฒนาคุณภาพผู้เรียน","มีการริเริ่ม คิดค้น และพัฒนารูปแบบการจัดทำข้อมูลสารสนเทศของผู้เรียนและรายวิชา ให้มีข้อมูลเป็นปัจจุบัน เพื่อใช้ในการส่งเสริมสนับสนุนการเรียนรู้ แก้ไขปัญหาและพัฒนาคุณภาพผู้เรียน และเป็นแบบอย่างที่ดี","มีการริเริ่ม คิดค้น พัฒนา ปรับเปลี่ยน รูปแบบ การจัดทำข้อมูลสารสนเทศของผู้เรียนและรายวิชา ให้มีข้อมูลเป็นปัจจุบัน เพื่อใช้ในการส่งเสริมสนับสนุนการเรียนรู้ แก้ไขปัญหาและพัฒนาคุณภาพผู้เรียน เป็นแบบอย่างที่ดีและสามารถให้คำปรึกษากับผู้อื่นได้","มีการริเริ่ม คิดค้น พัฒนา ปรับเปลี่ยน รูปแบบ การจัดทำข้อมูลสารสนเทศของผู้เรียนและรายวิชา ให้มีข้อมูลเป็นปัจจุบัน เพื่อใช้ในการส่งเสริมสนับสนุนการเรียนรู้ แก้ไขปัญหาและพัฒนาคุณภาพผู้เรียน เป็นแบบอย่างที่ดีและสามารถให้คำปรึกษากับผู้อื่นได้");
INSERT INTO pa_section3 VALUES("10","2","1","1","2.2 ดำเนินการตามระบบดูแลช่วยเหลือผู้เรียน","มีการใช้ข้อมูลสารสนเทศเกี่ยวกับผู้เรียนรายบุคคล และประสานความร่วมมือกับผู้มีส่วนเกี่ยวข้อง เพื่อพัฒนา และแก้ปัญหาผู้เรียน","มีการใช้ข้อมูลสารสนเทศเกี่ยวกับผู้เรียนรายบุคคล และประสานความร่วมมือกับผู้มีส่วนเกี่ยวข้อง เพื่อพัฒนาและแก้ไขปัญหาผู้เรียน","มีการใช้ข้อมูลสารสนเทศเกี่ยวกับผู้เรียนรายบุคคล และประสานความร่วมมือกับผู้มีส่วนเกี่ยวข้อง เพื่อพัฒนาและแก้ไขปัญหาผู้เรียน และริเริ่มโครงการหรือจัดกิจกรรมเชิงสร้างสรรค์ด้วยวิธีการที่หลากหลายในการดูแลช่วยเหลือผู้เรียน และเป นแบบอย่างที่ดี","มีการใช้ข้อมูลสารสนเทศเกี่ยวกับผู้เรียนรายบุคคล และประสานความร่วมมือกับผู้มีส่วนเกี่ยวข้อง เพื่อพัฒนาและแก้ไขปัญหาผู้เรียน และริเริ่มโครงการหรือจัดกิจกรรมเชิงสร้างสรรค์ด้วยวิธีการที่หลากหลายในการดูแลช่วยเหลือผู้เรียนเป็นแบบอย่างที่ดีและสามาร ให้คำปรึกษากับผู้อื่นได้","มีการใช้ข้อมูลสารสนเทศเกี่ยวกับผู้เรียนรายบุคคล และประสานความร่วมมือกับผู้มีส่วนเกี่ยวข้อง เพื่อพัฒนาและแก้ไขปัญหาผู้เรียน และริเริ่มโครงการหรือจัดกิจกรรมเชิงสร้างสรรค์ด้วยวิธีการที่หลากหลายในการดูแลช่วยเหลือผู้เรียน เป็นแบบอย่างที่ดีและสามารถให้คำปรึกษากับผู้อื่นได้");
INSERT INTO pa_section3 VALUES("11","2","1","1","2.3 ปฏิบัติงานวิชาการ และงานอื่นๆ ของสถานศึกษา","ร่วมปฏิบัติงานทางวิชาการ และงานอื่น ๆ ของสถานศึกษาเพื่อยกระดับคุณภาพการจัดการศึกษาของสถานศึกษา","ร่วมปฏิบัติงานทางวิชาการ และงานอื่น ๆ ของสถานศึกษาเพื่อยกระดับคุณภาพการจัดการศึกษาของสถานศึกษา ","ร่วมปฏิบัติงานทางวิชาการ และงานอื่นๆ ของสถานศึกษาเพื่อยกระดับคุณภาพการจัดการศึกษาของสถานศึกษา โดยมีการพัฒนารูปแบบหรือแนวทางการดำเนินงานให้มีประสิทธิภาพสูงขึ้นและเป็นแบบอย่างที่ดี","ร่วมปฏิบัติงานทางวิชาการ และงานอื่น ๆ ของสถานศึกษาเพื่อยกระดับคุณภาพการจัดการศึกษาของสถานศึกษา โดยมีการพัฒนารูปแบบหรือแนวทางการดำเนินงานให้มีประสิทธิภาพสูงขึ้น เป็นแบบอย่างที่ดีและสามารถให้คำปรึกษากับผู้อื่นได้","ร่วมปฏิบัติงานทางวิชาการ และงานอื่น ๆ ของสถานศึกษาเพื่อยกระดับคุณภาพการจัดการศึกษาของสถานศึกษา โดยมีการพัฒนารูปแบบหรือแนวทางการดำเนินงานให้มีประสิทธิภาพสูงขึ้นเป็นแบบอย่างที่ดีและสามารถให้คำปรึกษากับผู้อื่นได้");
INSERT INTO pa_section3 VALUES("12","2","1","1","2.4 ประสานความร่วมมือกับผู้ปกครอง ภาคีเครือข่าย และหรือสถานประกอบการ ","ประสานความร่วมมือกับผู้ปกครอง ภาคีเครือข่าย และหรือสถานประกอบการ เพื่อร่วมกันพัฒนาผู้เรียน","ประสานความร่วมมือกับผู้ปกครอง ภาคีเครือข่าย และหรือสถานประกอบการ เพื่อร่วมกันแก้ไขปัญหาและพัฒนาผู้เรียน","การประสานความร่วมมือกับผู้ปกครอง ภาคีเครือข่าย และหรือสถานประกอบการ เพื่อร่วมกันแก้ไขปัญหาและพัฒนาผู้เรียน และเป็นแบบอย่างที่ดี","การประสานความร่วมมือกับผู้ปกครอง ภาคีเครือข่าย และหรือสถานประกอบการ เพื่อร่วมกันแก้ไขปัญหา และพัฒนาผู้เรียนเป็นแบบอย่างที่ดีและสามารถให้คำปรึกษากับผู้อื่นได้","การประสานความร่วมมือกับผู้ปกครอง ภาคีเครือข่าย และหรือสถานประกอบการ เพื่อร่วมกันแก้ไขปัญหาและพัฒนาผู้เรียนเป็นแบบอย่างที่ดีและสามารถให้คำปรึกษากับผู้อื่นได้");
INSERT INTO pa_section3 VALUES("13","3","1","1","3.1 พัฒนาตนเองอย่างเป็นระบบและต่อเนื่อง","เพื่อให้มีความรู้ความสามารถ ทักษะ โดยเฉพาะอย่างยิ่งการใช้ภาษาไทยและภาษาอังกฤษเพื่อการสื่อสาร และการใช้เทคโนโลยีดิจิทัล เพื่อการศึกษาสมรรถนะวิชาชีพครูและความรอบรู้ในเนื้อหาวิชาและวิธีการสอน","มีการพัฒนาตนเองอย่างเป็นระบบและต่อเนื่อง เพื่อให้มีความรู้ ความสามารถ ทักษะ โดยเฉพาะอย่างยิ่งการใช้ภาษาไทยและภาษาอังกฤษเพื่อการสื่อสาร และการใช้เทคโนโลยีดิจิทัลเพื่อการศึกษา สมรรถนะวิชาชีพครูและความรอบรู้ในเนื้อหาวิชาและวิธีการสอน และนำผลการพัฒนาตนเองและพัฒนาวิชาชีพมาใช้ในการจัดการเรียนรู้ที่มีผลต่อคุณภาพผู้เรียน","พัฒนาตนเองอย่างเป็นระบบและต่อเนื่อง เพื่อให้มีความรู้ ความสามารถ ทักษะ โดยเฉพาะอย่างยิ่ง การใช้ภาษาไทยและภาษาอังกฤษเพื่อการสื่อสาร และการใช้เทคโนโลยีดิจิทัลเพื่อการศึกษา สมรรถนะวิชาชีพครูและความรอบรู้ในเนื้อหาวิชาและวิธีการสอน และเป็นแบบอย่างที่ดี","พัฒนาตนเองอย่างเป็นระบบและต่อเนื่อง เพื่อให้มีความรู้ ความสามารถ ทักษะ โดยเฉพาะอย่างยิ่งการใช้ภาษาไทยและภาษาอังกฤษเพื่อการสื่อสาร และการใช้เทคโนโลยีดิจิทัลเพื่อการศึกษา สมรรถนะวิชาชีพครูและความรอบรู้ในเนื้อหาวิชาและวิธีการสอน เป็นแบบอย่างที่ดีและสามารถให้คำปรึกษากับผู้อื่นได้","เพื่อให้มีความรู้ ความสามารถ ทักษะ โดยเฉพาะอย่างยิ่งการใช้ภาษาไทยและภาษาอังกฤษเพื่อการสื่อสาร และการใช้เทคโนโลยีดิจิทัลเพื่อการศึกษา สมรรถนะวิชาชีพครูและความรอบรู้ในเนื้อหาวิชาและวิธีการสอน เป นแบบอย่างที่ดีสามาร ให้คำปรึกษากับผู้อื่น และเป นผู้นำในวงวิชาชีพ");
INSERT INTO pa_section3 VALUES("14","3","1","1","3.2 มีส่วนร่วมในการแลกเปลี่ยนเรียนรู้ทางวิชาชีพ","มีส่วนร่วมในการแลกเปลี่ยนเรียนรู้ทางวิชาชีพ เพื่อพัฒนาการจัดการเรียนรู้","มีส่วนร่วมในการแลกเปลี่ยนเรียนรู้ทางวิชาชีพ เพื่อแก้ไขปัญหาและพัฒนาการจัดการเรียนรู้","มีส่วนร่วม และเป็นผู้นำในการแลกเปลี่ยนเรียนรู้ทางวิชาชีพ เพื่อแก้ไขปัญหาและสร้างนวัตกรรมเพื่อพัฒนาการจัดการเรียนรู้และเป นแบบอย่างที่ดี","นำผลจากการแลกเปลี่ยนเรียนรู้ทางวิชาชีพมาใช้ เพื่อแก้ไขปัญหา และสร้างหรือปรับเปลี่ยนนวัตกรรมการจัดการเรียนรู้เพื่อพัฒนาการจัดการเรียนรู้ให้มีคุณภาพสูงขึ้น เป็นแบบอย่างที่ดีและสามารถให้คำปรึกษากับผู้อื่นได้","นำผลจากการแลกเปลี่ยนเรียนรู้ทางวิชาชีพมาใช้ เพื่อแก้ไขปัญหา และสร้างหรือปรับเปลี่ยนนวัตกรรมการจัดการเรียนรู้เพื่อพัฒนาการจัดการเรียนรู้ให้มีคุณภาพสูงขึ้น เป็นแบบอย่างที่ดีสามารถให้คำปรึกษากับผู้อื่น และเป็นผู้นำในวงวิชาชีพ");
INSERT INTO pa_section3 VALUES("15","3","1","1","3.3 นำความรู้ ความสามารถ ทักษะที่ได้จากการพัฒนาตนเองและวิชาชีพมาใช้","นำความรู้ ความสามารถ ทักษะที่ได้จากการพัฒนาตนเองและวิชาชีพมาใช้ในการพัฒนาการจัดการเรียนรู้ การพัฒนาคุณภาพผู้เรียน และการพัฒนานวัตกรรมการจัดการเรียนรู้","นำความรู้ ความสามารถ ทักษะที่ได้จากการพัฒนาตนเองและวิชาชีพมาใช้ในการพัฒนาการจัดการเรียนรู้ การพัฒนาคุณภาพผู้เรียน และการพัฒนานวัตกรรมการจัดการเรียนรู้ที่มีผลต่อคุณภาพผู้เรียน","นำความรู้ ความสามารถ ทักษะที่ได้จากการพัฒนาตนเองและวิชาชีพมาใช้ในการพัฒนาการจัดการเรียนรู้ การพัฒนาคุณภาพผู้เรียน รวมถึงการพัฒนานวัตกรรมการจัดการเรียนรู้ที่มีผลต่อคุณภาพผู้เรียน และเป็นแบบอย่างที่ดี","นำผลจากการแลกเปลี่ยนเรียนรู้ทางวิชาชีพมาใช้ เพื่อแก้ไขปัญหา และสร้างหรือปรับเปลี่ยนนวัตกรรมการจัดการเรียนรู้เพื่อพัฒนาการจัดการเรียนรู้ให้มีคุณภาพสูงขึ้น เป็นแบบอย่างที่ดีและสามารถให้คำปรึกษากับผู้อื่นได้
  3.3 นำความรู้ ความสามารถ ทักษะที่ได้จากการพัฒนาตนเองและวิชาชีพมาใช้ในการพัฒนาการจัดการเรียนรู้ การพัฒนาคุณภาพผู้เรียน และการพัฒนานวัตกรรมการจัดการเรียนรู้ที่มีผลต่อคุณภาพผู้เรียน เป็นแบบอย่างที่ดีและสามารถให้คำปรึกษากับผู้อื่นได้","นำความรู้ ความสามารถ ทักษะที่ได้จากการพัฒนาตนเองและวิชาชีพมาใช้ในการพัฒนาการจัดการเรียนรู้ การพัฒนาคุณภาพผู้เรียน และการพัฒนานวัตกรรมการจัดการเรียนรู้ที่มีผลต่อคุณภาพผู้เรียน เป็นแบบอย่างที่ดีสามารถให้คำปรึกษากับผู้อื่น เป็นผู้นำและสร้างการเปลี่ยนแปลงในวงวิชาชีพ");
INSERT INTO pa_section3 VALUES("16","4","2","2","1. วิธีดำเนินการ (20 คะแนน)","พิจารณาจากการดำเนินการที่ถูกต้อง ครบถ้วน เป็นไปตามระยะเวลาที่กำหนดไว้ในข้อตกลง และสะท้อนให้เห็นถึงระดับการปฏิบัติที่คาดหวังตามตำแหน่งและวิทยฐานะ","พิจารณาจากการดำเนินการที่ถูกต้อง ครบถ้วน เป็นไปตามระยะเวลาที่กำหนดไว้ในข้อตกลง และสะท้อนให้เห็นถึงระดับการปฏิบัติที่คาดหวังตามตำแหน่งและวิทยฐานะ","พิจารณาจากการดำเนินการที่ถูกต้อง ครบถ้วน เป็นไปตามระยะเวลาที่กำหนดไว้ในข้อตกลง และสะท้อนให้เห็นถึงระดับการปฏิบัติที่คาดหวังตามตำแหน่งและวิทยฐานะ","พิจารณาจากการดำเนินการที่ถูกต้อง ครบถ้วน เป็นไปตามระยะเวลาที่กำหนดไว้ในข้อตกลง และสะท้อนให้เห็นถึงระดับการปฏิบัติที่คาดหวังตามตำแหน่งและวิทยฐานะ","พิจารณาจากการดำเนินการที่ถูกต้อง ครบถ้วน เป็นไปตามระยะเวลาที่กำหนดไว้ในข้อตกลง และสะท้อนให้เห็นถึงระดับการปฏิบัติที่คาดหวังตามตำแหน่งและวิทยฐานะ");
INSERT INTO pa_section3 VALUES("17","5","2","3","2.1 เชิงปริมาณ (10 คะแนน)","พิจารณาจากการบรรลุเป้าหมายเชิงปริมาณได้ครบถ้วนตามข้อตกลง และมีความถูกต้อง เชื่อถือได้","พิจารณาจากการบรรลุเป้าหมายเชิงปริมาณได้ครบถ้วนตามข้อตกลง และมีความถูกต้อง เชื่อถือได้","พิจารณาจากการบรรลุเป้าหมายเชิงปริมาณได้ครบถ้วนตามข้อตกลง และมีความถูกต้อง เชื่อถือได้","พิจารณาจากการบรรลุเป้าหมายเชิงปริมาณได้ครบถ้วนตามข้อตกลง และมีความถูกต้อง เชื่อถือได้","พิจารณาจากการบรรลุเป้าหมายเชิงปริมาณได้ครบถ้วนตามข้อตกลง และมีความถูกต้อง เชื่อถือได้");
INSERT INTO pa_section3 VALUES("18","5","2","3","2.2 เชิงคุณภาพ (10 คะแนน)","พิจารณาจากการบรรลุเป้าหมายเชิงคุณภาพได้ครบถ้วน ถูกต้อง เชื่อถือได้และปรากฏผลต่อคุณภาพผู้เรียนได้ตามข้อตกลง","พิจารณาจากการบรรลุเป้าหมายเชิงคุณภาพได้ครบถ้วน ถูกต้อง เชื่อถือได้ และปรากฏผลต่อคุณภาพผู้เรียนได้ตามข้อตกลง","พิจารณาจากการบรรลุเป้าหมายเชิงคุณภาพได้ครบถ้วน ถูกต้อง เชื่อถือได้ และปรากฏผลต่อคุณภาพผู้เรียนได้ตามข้อตกลง","พิจารณาจากการบรรลุเป้าหมายเชิงคุณภาพได้ครบถ้วน ถูกต้อง เชื่อถือได้ และปรากฏผลต่อคุณภาพผู้เรียนได้ตามข้อตกลง","พิจารณาจากการบรรลุเป้าหมายเชิงปริมาณได้ครบถ้วนตามข้อตกลง และมีความถูกต้อง เชื่อถือได้");
INSERT INTO pa_section3 VALUES("19","1","1","0","1.0 ภาระงาน ตาม ที่ ก.ค.ศ. กำหนด","","","","","");



DROP TABLE pa_section4;

CREATE TABLE `pa_section4` (
  `id_sele4` int(2) DEFAULT NULL,
  `name_sele4` varchar(250) DEFAULT NULL
) ENGINE=InnoDB DEFAULT CHARSET=utf8;

INSERT INTO pa_section4 VALUES("1","จุดเด่น");
INSERT INTO pa_section4 VALUES("2","จุดที่ควรพัฒนา");
INSERT INTO pa_section4 VALUES("3","ข้อคิดเห็น");



DROP TABLE pa_summarize;

CREATE TABLE `pa_summarize` (
  `id_smr` int(9) NOT NULL AUTO_INCREMENT,
  `pcode` int(9) DEFAULT NULL,
  `id_sele4` int(1) DEFAULT NULL,
  `id_ass` int(9) DEFAULT NULL,
  `id_h_ass` int(9) DEFAULT NULL,
  `n_smr` text CHARACTER SET utf8,
  `ecode` int(9) DEFAULT NULL,
  `pa_year` int(4) DEFAULT NULL,
  `changat` timestamp NULL DEFAULT CURRENT_TIMESTAMP,
  PRIMARY KEY (`id_smr`)
) ENGINE=InnoDB DEFAULT CHARSET=latin1;




DROP TABLE pa_user_data;

CREATE TABLE `pa_user_data` (
  `id_us` int(9) NOT NULL AUTO_INCREMENT,
  `id_sele3` int(3) DEFAULT NULL,
  `pcode` int(9) DEFAULT NULL,
  `na_us` text CHARACTER SET utf8,
  `pa_year` int(4) DEFAULT NULL,
  PRIMARY KEY (`id_us`)
) ENGINE=InnoDB AUTO_INCREMENT=286 DEFAULT CHARSET=latin1;

INSERT INTO pa_user_data VALUES("1","19","34","https://drive.google.com/drive/u/0/home","2567");
INSERT INTO pa_user_data VALUES("2","1","34","https://drive.google.com/drive/u/0/home","2567");
INSERT INTO pa_user_data VALUES("3","2","34","https://ack.ac.th/pa_user/pa_user.php","2567");
INSERT INTO pa_user_data VALUES("4","3","34","https://ack.ac.th/pa_user/pa_user.php","2567");
INSERT INTO pa_user_data VALUES("5","1","58","https://drive.google.com/drive/folders/1mu_zHNYdpTOIJIHgDQmy4hUT9FVVCwxA?usp=sharing","2567");
INSERT INTO pa_user_data VALUES("6","2","58","https://drive.google.com/drive/folders/1hC_IfItyYitr6Pk7vinvqSHfoKMWxnRE?usp=sharing","2567");
INSERT INTO pa_user_data VALUES("7","3","58","https://drive.google.com/drive/folders/1-Ogap7ICEZlM7mq-iHMdxQ6S62pTzMdv?usp=sharing","2567");
INSERT INTO pa_user_data VALUES("8","4","58","https://drive.google.com/drive/folders/1908gCOEgH_RvxgIZyE_Ohkm8lLYq7_fX?usp=sharing","2567");
INSERT INTO pa_user_data VALUES("9","5","58","https://drive.google.com/drive/folders/1fLX8AxxMoKrMU99lEfzqiog1-yXg29F7?usp=sharing","2567");
INSERT INTO pa_user_data VALUES("10","6","58","https://drive.google.com/drive/folders/1lCZfKeQd10B6OH1cTOlcm9WsZg8aCT00?usp=sharing","2567");
INSERT INTO pa_user_data VALUES("11","7","58","https://drive.google.com/drive/folders/1frrTciBRV665xiVbcWCT_iUjX9Mukxbf?usp=sharing","2567");
INSERT INTO pa_user_data VALUES("12","8","58","https://drive.google.com/drive/folders/1S2B6gTx0pMPc0LFR_341FkGb7XEl-4Xp?usp=sharing","2567");
INSERT INTO pa_user_data VALUES("13","9","58","https://drive.google.com/drive/folders/1O5OxKpZTzNJF0tfK7ghvX-DPNJDqZ4GA?usp=sharing","2567");
INSERT INTO pa_user_data VALUES("14","10","58","https://drive.google.com/drive/folders/1Sc7hTHZeS2eKHy8gjzsXQmtE3SKPq5KP?usp=sharing","2567");
INSERT INTO pa_user_data VALUES("15","11","58","https://drive.google.com/drive/folders/1fuiSbzfiUjxQTUgeMCKCgMIRj1zTX3Xe?usp=sharing","2567");
INSERT INTO pa_user_data VALUES("16","12","58","https://drive.google.com/drive/folders/1ngN0gwWsvVITkEviwxA6RW08wUQxsdfN?usp=sharing","2567");
INSERT INTO pa_user_data VALUES("17","13","58","https://drive.google.com/drive/folders/1e_3tCUbGarnlDJhHsLucWUqVs5CpYJR0?usp=sharing","2567");
INSERT INTO pa_user_data VALUES("18","14","58","https://drive.google.com/drive/folders/1nBwh1czJU8BRZM9I0ybtgTMudr1Kf_s2?usp=sharing","2567");
INSERT INTO pa_user_data VALUES("19","15","58","https://drive.google.com/drive/folders/1P_lH4wKPA37oey3r4YW1eosumJiINClR?usp=sharing","2567");
INSERT INTO pa_user_data VALUES("20","19","58","https://drive.google.com/drive/folders/1RAICqLsl0k9ArImoewRHfyotHE-0EHp9?usp=sharing","2567");
INSERT INTO pa_user_data VALUES("21","16","58","https://drive.google.com/drive/folders/19e154lysR68Q1BRSnUT1ph_3_bWsiIJW?usp=sharing","2567");
INSERT INTO pa_user_data VALUES("22","19","51","https://drive.google.com/drive/folders/1930jcQdByZOEMwCdehJGe2ZBiKQQ5nLN?usp=drive_link","2567");
INSERT INTO pa_user_data VALUES("23","19","59","https://drive.google.com/drive/folders/1wY8BKHiYjvJi42bJTbXTbF8-P-7sdd6B?usp=sharing","2567");
INSERT INTO pa_user_data VALUES("24","1","46","https://drive.google.com/drive/folders/1NyT4I5wMmU7zlg3Wy0P5ejUgIfov1QtA?usp=share_link","2567");
INSERT INTO pa_user_data VALUES("25","2","46","https://drive.google.com/drive/folders/1w5ssYChRtX7uzfnuIKdfxa5yiL72V3Yg?usp=share_link","2567");
INSERT INTO pa_user_data VALUES("26","3","46","https://drive.google.com/drive/folders/18GeZv2ym7RydsnIRCm1W_G88XCOJw2_X?usp=sharing","2567");
INSERT INTO pa_user_data VALUES("27","4","46","https://drive.google.com/drive/folders/1KkBvqt0DGREPEMbrdSaF3LFzERT7ScBF?usp=sharing","2567");
INSERT INTO pa_user_data VALUES("28","5","46","https://drive.google.com/drive/folders/1GQ86FFbGXNPtgC7iCL7be1cuEjvEKv26?usp=sharing","2567");
INSERT INTO pa_user_data VALUES("29","6","46","https://drive.google.com/drive/folders/1KsfoMR1LiSqn59KOyhdWwgTPnECaZXgg?usp=sharing","2567");
INSERT INTO pa_user_data VALUES("30","7","46","https://drive.google.com/drive/folders/1DVcvRbBixIGFxd-RcrSOAo8ym8xVmMh4?usp=share_link","2567");
INSERT INTO pa_user_data VALUES("31","8","46","https://drive.google.com/drive/folders/1zjyCy6RsSIzOkmmScHuqaLgR9d-Mi-jP?usp=sharing","2567");
INSERT INTO pa_user_data VALUES("32","9","46","https://drive.google.com/drive/folders/1OvbvyHNUv6u-k1PDGJPugwrNpa6AZhB7?usp=sharing","2567");
INSERT INTO pa_user_data VALUES("33","10","46","https://drive.google.com/drive/folders/1TLb0vXw0gYuROzFWtz5ruyuccj4mukzP?usp=sharing","2567");
INSERT INTO pa_user_data VALUES("34","11","46","https://drive.google.com/drive/folders/1Kay90yPW3aVKN2oNrrxIJR6pnffgWnkl?usp=sharing","2567");
INSERT INTO pa_user_data VALUES("35","12","46","https://drive.google.com/drive/folders/11Z_6ugjxYmtjM5zEoodCq1eRxP3Cax99?usp=sharing","2567");
INSERT INTO pa_user_data VALUES("36","19","9","https://drive.google.com/drive/folders/12PTa4GG7IYFe-vvvGRHkXoNn6hxBeMVr","2567");
INSERT INTO pa_user_data VALUES("37","13","46","https://drive.google.com/drive/folders/1-_uiblQ6fV9-hp00EFORCoL00AnCyN9m?usp=sharing","2567");
INSERT INTO pa_user_data VALUES("38","1","39","https://drive.google.com/drive/folders/1I9M5oxg8mlctCbcf7hChiNes7KavUjLO?usp=sharing","2567");
INSERT INTO pa_user_data VALUES("39","14","46","https://drive.google.com/drive/folders/1AFR4AmCif0_JEK14s89Fb3tixToZ6lfg?usp=sharing","2567");
INSERT INTO pa_user_data VALUES("40","15","46","https://drive.google.com/drive/folders/1SbuJPm1BiWpfLBfKJ0819-NDQWVcRXYr?usp=sharing","2567");
INSERT INTO pa_user_data VALUES("41","19","6","https://drive.google.com/drive/folders/1irtlKa7fyKty7rPrBK1IVeceCqJ_yVaI?usp=sharing","2567");
INSERT INTO pa_user_data VALUES("42","19","46","https://drive.google.com/drive/folders/1rYttXbxLcDxGBNIjzZ8WXqScJMh07_bz?usp=sharing","2567");
INSERT INTO pa_user_data VALUES("43","19","39","https://drive.google.com/drive/folders/1B1HzM5FW4TxsGGBU9MkiZIBWvyxTiGET?usp=drive_link","2567");
INSERT INTO pa_user_data VALUES("44","19","52","https://drive.google.com/drive/folders/1aN5ZPRZlYFeMRnjcmO8KvbPmKYrDBuQ6?usp=drive_link","2567");
INSERT INTO pa_user_data VALUES("45","2","39","https://drive.google.com/drive/folders/1zG_yOabP1Zltx9GIToGRQ2grA41z5TfZ?usp=drive_link","2567");
INSERT INTO pa_user_data VALUES("46","3","39","https://drive.google.com/drive/folders/1AuGjEf8rQCwUxRIEoWSsvUpBb1gdhwb7?usp=drive_link","2567");
INSERT INTO pa_user_data VALUES("47","4","39","https://drive.google.com/drive/folders/1nqL45GUIsoEzxY6ZlOi6lR_jE0urdvwr?usp=drive_link","2567");
INSERT INTO pa_user_data VALUES("48","5","39","https://drive.google.com/drive/folders/1AX2U2gecuSnwytPxxImEyJ-KlW_EozAy?usp=drive_link","2567");
INSERT INTO pa_user_data VALUES("49","1","42","https://drive.google.com/drive/folders/1yC2bsvNZz-PvD7ijfKIYLxQ5fW60JOK4?usp=sharing","2567");
INSERT INTO pa_user_data VALUES("50","1","71","https://drive.google.com/drive/folders/1lJAUvkySIkCIjmXStphIdV2WhL0LWWbs?usp=sharing","2567");
INSERT INTO pa_user_data VALUES("51","1","84","https://drive.google.com/drive/folders/1u1mE3aX3dbg6Z7hSQLkHKJjTbMht042v?usp=sharing","2567");
INSERT INTO pa_user_data VALUES("52","19","40","https://drive.google.com/drive/folders/1siqH9-FUKxdBAPnx5rA1N1zHt6P5m4OJ?usp=sharing","2567");
INSERT INTO pa_user_data VALUES("53","1","55","https://drive.google.com/drive/folders/1OVBAx7Glm9mT_HXLO8UI7qbIfnniKfIB?usp=sharing","2567");
INSERT INTO pa_user_data VALUES("54","19","75","https://drive.google.com/drive/folders/1-fBjKWcokRWmjTPI4o5-j0PK-z4cGiiR?usp=sharing","2567");
INSERT INTO pa_user_data VALUES("55","1","77","https://drive.google.com/drive/folders/1-0Omm9p1rIiuKlmqnpcb_1izQC0d-Cg8","2567");
INSERT INTO pa_user_data VALUES("56","6","39","https://drive.google.com/drive/folders/1qw4N_wnRFdbI0-ToCPao6j6svUglKDXR?usp=drive_link","2567");
INSERT INTO pa_user_data VALUES("57","1","53","https://drive.google.com/drive/folders/1nBK7r0hzvbKAtf2ciTPYvgt29Vm0xo_k?usp=sharing","2567");
INSERT INTO pa_user_data VALUES("58","1","41","https://drive.google.com/drive/folders/13UGzGz5H6N3SqhYC-014JO-81mD0D82n?usp=sharing","2567");
INSERT INTO pa_user_data VALUES("59","1","67","https://drive.google.com/drive/folders/1jMdMvFE-wxSasTPum0Wpc81zQ-gUZEV-?usp=sharing","2567");
INSERT INTO pa_user_data VALUES("60","19","17","https://drive.google.com/drive/folders/1VOHr3evra-pDENmOBRd6OoUOwTOTSXzG?usp=sharing","2567");
INSERT INTO pa_user_data VALUES("61","1","19","https://drive.google.com/drive/folders/1FQ5E9kn98_jGxDK7P5nOHpyrI966ajv9?usp=sharing","2567");
INSERT INTO pa_user_data VALUES("62","1","33","https://drive.google.com/drive/folders/1UyRAcqpJTcvYm9dWcsy-bWnl7J748UWa?usp=sharing","2567");
INSERT INTO pa_user_data VALUES("63","2","42","https://drive.google.com/drive/folders/13mC_YWNHXTZiOWazt56OesK1yjuRRRW_?usp=sharing","2567");
INSERT INTO pa_user_data VALUES("64","1","45","https://drive.google.com/drive/folders/16k_URVASXeye6T8OKvWny8z82qIVIrW-?usp=sharing","2567");
INSERT INTO pa_user_data VALUES("65","1","57","https://drive.google.com/drive/folders/1zYxIVHmpSp3PvdsadCPJW20zcWWFFHn9?usp=sharing","2567");
INSERT INTO pa_user_data VALUES("66","7","39","https://drive.google.com/drive/folders/1W1ea3jsGr5tMAiBKTtlKguJO6y3HrKHT?usp=drive_link","2567");
INSERT INTO pa_user_data VALUES("67","1","43","https://drive.google.com/drive/folders/1Gr8D8Gxsrr7gWgJM0_bTyhDitCQUb_0t?usp=sharing","2567");
INSERT INTO pa_user_data VALUES("68","8","39","https://drive.google.com/drive/folders/1tjJEIfk5tHw2ntbKGfXhB79fRg8cYwGW?usp=drive_link","2567");
INSERT INTO pa_user_data VALUES("69","9","39","https://drive.google.com/drive/folders/17xHJQxeAmC8YCyF8p57njpAOdyPNUcF1?usp=drive_link","2567");
INSERT INTO pa_user_data VALUES("70","3","42","https://drive.google.com/drive/folders/13bh4ZZoS8jLu2_Q2oIns3pD-tJjq0hG8?usp=sharing","2567");
INSERT INTO pa_user_data VALUES("71","19","28","https://drive.google.com/drive/folders/1BR36NDu32PxgPGe5Lw-kwPXso4UolfQk?usp=sharing","2567");
INSERT INTO pa_user_data VALUES("72","10","39","https://drive.google.com/drive/folders/147IU4p33Q5D7PUwtCPpmoG0RlqdYB8Zx?usp=drive_link","2567");
INSERT INTO pa_user_data VALUES("73","4","42","https://drive.google.com/drive/folders/1F7u8d_7QsvPYxKfDgPNO8Md277Gp6VQ5?usp=sharing","2567");
INSERT INTO pa_user_data VALUES("74","1","28","https://drive.google.com/drive/folders/19-b-qS9jY5LM5X9N-VhRudjMofrrR7Sv?usp=sharing","2567");
INSERT INTO pa_user_data VALUES("75","11","39","https://drive.google.com/drive/folders/14VfzQc91RtYakrrLR3zz-BOZHQU34a5_?usp=drive_link","2567");
INSERT INTO pa_user_data VALUES("76","2","67","https://drive.google.com/drive/folders/1LtIapTNzbyXwjGDq8ltINvyiD4xXjh9N?usp=sharing","2567");
INSERT INTO pa_user_data VALUES("77","12","39","https://drive.google.com/drive/folders/1vTsFRXRL_LrcdtRtoMrd_zR64Nr4Hk-A?usp=drive_link","2567");
INSERT INTO pa_user_data VALUES("78","1","35","https://drive.google.com/drive/folders/1--qhgqO0WqsK21ykLD0KmgfePBsDm7YY","2567");
INSERT INTO pa_user_data VALUES("79","13","39","https://drive.google.com/drive/folders/18r_M-XCuxrwxIVhiwLij20Qg-yFzGpm3?usp=drive_link","2567");
INSERT INTO pa_user_data VALUES("80","5","42","https://drive.google.com/drive/folders/1CcujcjCk6U0UrY45OswbbzXmzGv7xIVE?usp=sharing","2567");
INSERT INTO pa_user_data VALUES("81","2","28","https://drive.google.com/drive/folders/1F-OQ76kDdRLIiHrOFgOpfaryqaBdoqnY?usp=sharing","2567");
INSERT INTO pa_user_data VALUES("82","14","39","https://drive.google.com/drive/folders/1cMiy6Df2Pm8QhHs_SXZ82btWCCJeJ--I?usp=drive_link","2567");
INSERT INTO pa_user_data VALUES("83","3","67","https://drive.google.com/drive/folders/1lSBa99BCsY6T2l98czUmxBkIePkh9GFc?usp=sharing","2567");
INSERT INTO pa_user_data VALUES("84","15","39","https://drive.google.com/drive/folders/16Nvkcymc4UtsH_7jT6tcQUQhaLkakeVB?usp=drive_link","2567");
INSERT INTO pa_user_data VALUES("85","16","46","https://drive.google.com/drive/folders/1TfAmUfjnR2DVPupIrYjb06Xjiq9K-MiL?usp=share_link","2567");
INSERT INTO pa_user_data VALUES("86","2","35","https://drive.google.com/drive/folders/1-5KDcTTmR2CnVqxgxFBPMEMSwmqSBY4z","2567");
INSERT INTO pa_user_data VALUES("87","3","28","https://drive.google.com/drive/folders/1aSoPyeZKQCxnaUJOosCUVAHMsliTg1jc?usp=sharing","2567");
INSERT INTO pa_user_data VALUES("88","6","42","https://drive.google.com/drive/folders/1IGz-HNh9-_hqJfLDRQ8Q0urG8ulf29_G?usp=sharing","2567");
INSERT INTO pa_user_data VALUES("89","4","67","https://drive.google.com/drive/folders/1l7G6jpvDlp4edJch8e2a6rKSYWxnHblq?usp=sharing","2567");
INSERT INTO pa_user_data VALUES("90","7","42","https://drive.google.com/drive/folders/1DYwlQ6_Xbj9o0W3ftn147jL2hzC0wwZY?usp=sharing","2567");
INSERT INTO pa_user_data VALUES("91","1","26","https://drive.google.com/drive/folders/1X4XnG3n_u_OvM9_b-38WLN7zt6uM6FJ5?usp=sharing","2567");
INSERT INTO pa_user_data VALUES("92","3","35","https://drive.google.com/drive/folders/1-5bQvoVOgHPoGD_maD__dRovGpydUN8k","2567");
INSERT INTO pa_user_data VALUES("93","1","17","https://drive.google.com/drive/folders/1ehgunY3J10Z9gLjfOJSdbE9cS6ULzlEX?usp=sharing","2567");
INSERT INTO pa_user_data VALUES("94","4","28","https://drive.google.com/drive/folders/1aOnLXdB-JVmNS8h_I0ML1qHDPebHrG4l?usp=sharing","2567");
INSERT INTO pa_user_data VALUES("95","5","67","https://drive.google.com/drive/folders/1jwO4wN4fF5CsB-MlOD1oGrH1iNQy9MD9?usp=sharing","2567");
INSERT INTO pa_user_data VALUES("96","8","42","https://drive.google.com/drive/folders/1F1WuV14rpas2yuMCpRUOCexlE5b4_7aa?usp=sharing","2567");
INSERT INTO pa_user_data VALUES("97","5","28","https://drive.google.com/drive/folders/1aOnLXdB-JVmNS8h_I0ML1qHDPebHrG4l?usp=sharing","2567");
INSERT INTO pa_user_data VALUES("98","6","67","https://drive.google.com/drive/folders/1zvDL6HKg1tu6babv9Dr77GPR7Ob6_twl?usp=sharing","2567");
INSERT INTO pa_user_data VALUES("99","4","35","https://drive.google.com/drive/folders/1-842r7w3NPZIHgpcSx1DF2kgZNHanI4e","2567");
INSERT INTO pa_user_data VALUES("100","9","42","https://drive.google.com/drive/folders/1bMvEG-pEhUkkFkhU1S7dF4utqWSGmmjD?usp=sharing","2567");
INSERT INTO pa_user_data VALUES("101","2","19","https://drive.google.com/drive/folders/1a2i__5ecU3K6m4QttbfOLz2DDIyzLDmW?usp=sharing","2567");
INSERT INTO pa_user_data VALUES("102","16","39","https://drive.google.com/drive/folders/1nbrVlap0TZyicO8db0XVWSaPn3ZiJ4wM?usp=drive_link","2567");
INSERT INTO pa_user_data VALUES("103","17","46","https://drive.google.com/drive/folders/1TfAmUfjnR2DVPupIrYjb06Xjiq9K-MiL?usp=share_link","2567");
INSERT INTO pa_user_data VALUES("104","18","46","https://drive.google.com/drive/folders/1TfAmUfjnR2DVPupIrYjb06Xjiq9K-MiL?usp=share_link","2567");
INSERT INTO pa_user_data VALUES("105","17","39","https://drive.google.com/drive/folders/1nbrVlap0TZyicO8db0XVWSaPn3ZiJ4wM?usp=drive_link","2567");
INSERT INTO pa_user_data VALUES("106","7","67","https://drive.google.com/drive/folders/1qP4304suhGcm32uFWJKYHNrTSTr6EF-w?usp=sharing","2567");
INSERT INTO pa_user_data VALUES("107","18","39","https://drive.google.com/drive/folders/1nbrVlap0TZyicO8db0XVWSaPn3ZiJ4wM?usp=drive_link","2567");
INSERT INTO pa_user_data VALUES("108","5","35","https://drive.google.com/drive/folders/1-CKWPZeOcFqlFzI_KpSAawJzbFq59VNF","2567");
INSERT INTO pa_user_data VALUES("109","10","42","https://drive.google.com/drive/folders/1l7g_5a8fIC0us9CnSwDj5UirGaj_OJUZ?usp=sharing","2567");
INSERT INTO pa_user_data VALUES("110","2","26","https://drive.google.com/drive/folders/1W_wfkKyiaPzLz0N2_eKWgC5xftshk6WM?usp=sharing","2567");
INSERT INTO pa_user_data VALUES("111","8","67","https://drive.google.com/drive/folders/1f5oz96msrIRpXAbQaBWaXR8WJJYOhIh_?usp=sharing","2567");
INSERT INTO pa_user_data VALUES("112","2","17","https://drive.google.com/drive/folders/1sTzuzL-ePFPT1UjJsY60ck6zM5qEq5nQ?usp=sharing","2567");
INSERT INTO pa_user_data VALUES("113","11","42","https://drive.google.com/drive/folders/1gzpeCaFkg6iz-6IJPa_dZujMpVw4iNWI?usp=sharing","2567");
INSERT INTO pa_user_data VALUES("114","6","35","https://drive.google.com/drive/folders/1-F6PvPE2WBJ-d8xoV51lAk1B6wOm6Omh","2567");
INSERT INTO pa_user_data VALUES("115","6","28","https://drive.google.com/drive/folders/1omfHDwsKGlivUXRp9_LOsu2qKZ6AskRy?usp=sharing","2567");
INSERT INTO pa_user_data VALUES("116","9","67","https://drive.google.com/drive/folders/1aNurt08LqVCYwi-gN-EP22NjMe11-hT_?usp=sharing","2567");
INSERT INTO pa_user_data VALUES("117","1","51","https://drive.google.com/drive/folders/1RNq-TrrYZ_QoxMcdlXVccb7g_LYaFOP3?usp=drive_link","2567");
INSERT INTO pa_user_data VALUES("118","12","42","https://drive.google.com/drive/folders/1hFUG36ukOdeVDdBsxGoQ4Ug0zyWVo821?usp=sharing","2567");
INSERT INTO pa_user_data VALUES("119","7","28","https://drive.google.com/drive/folders/11fz-KlBcVXCWHzzybAsPwji7vw9dMXpe?usp=sharing","2567");
INSERT INTO pa_user_data VALUES("120","10","67","https://drive.google.com/drive/folders/1kBIRf6e7EMp6hYh9kOUw8byE0Wc2MA2p?usp=sharing","2567");
INSERT INTO pa_user_data VALUES("121","7","35","https://drive.google.com/drive/folders/1-RGGs5DsxTY95wh-iz2Ef6vVImlkHG1u","2567");
INSERT INTO pa_user_data VALUES("122","3","19","https://drive.google.com/drive/folders/1XUoWXC8ll5ychCOzg9updx-_4pIgzSlq?usp=sharing","2567");
INSERT INTO pa_user_data VALUES("123","3","17","https://drive.google.com/drive/folders/1sTzuzL-ePFPT1UjJsY60ck6zM5qEq5nQ?usp=sharing","2567");
INSERT INTO pa_user_data VALUES("124","13","42","https://drive.google.com/drive/folders/1Gl0mXX2Hs41LmrLo8G8jff1pG_ShIv3m?usp=sharing","2567");
INSERT INTO pa_user_data VALUES("125","11","67","https://drive.google.com/drive/folders/12QShv0SQQvqe5-2V7HS8YCl0g6In7bjk?usp=sharing","2567");
INSERT INTO pa_user_data VALUES("126","1","20","https://drive.google.com/drive/folders/1qrTftAYFNCHpfH6QEamTaBCeadeN01TW?usp=sharing","2567");
INSERT INTO pa_user_data VALUES("127","8","35","https://drive.google.com/drive/folders/1-T0XboNqsQBNZoQX-mwX5KTrcXfxtCkG","2567");
INSERT INTO pa_user_data VALUES("128","2","57","https://drive.google.com/drive/folders/1wadZTY0ot6ZzG3hxlipkNQwi1Nh1fEsl?usp=sharing","2567");
INSERT INTO pa_user_data VALUES("129","14","42","https://drive.google.com/drive/folders/17OjypXF2Gj3t4YYdpNEo4CbJKnhxMfOL?usp=sharing","2567");
INSERT INTO pa_user_data VALUES("130","2","51","https://drive.google.com/drive/folders/1zI53xUZeHGHGJeEzv9vjJwzbxP_uDfx2?usp=sharing","2567");
INSERT INTO pa_user_data VALUES("131","3","26","https://drive.google.com/drive/folders/1_nSKtebu_MAsHp5eSgpOabXEx_b0GLfB?usp=sharing","2567");
INSERT INTO pa_user_data VALUES("132","12","67","https://drive.google.com/drive/folders/1yIx-jL2sefQFz0aDnN-Ly0RPEyWNf336?usp=sharing","2567");
INSERT INTO pa_user_data VALUES("133","15","42","https://drive.google.com/drive/folders/1hBA2Ri9T8AXXoRkYx0iAlRPLhAArBf2f?usp=sharing","2567");
INSERT INTO pa_user_data VALUES("134","2","20","https://drive.google.com/drive/folders/1XSTMFwO5moral17pIxaRAwtNHxM32cZj?usp=sharing","2567");
INSERT INTO pa_user_data VALUES("135","9","35","https://drive.google.com/drive/folders/1-UGojWqizFxpryB1DKpufs7pzzR_ZdGl","2567");
INSERT INTO pa_user_data VALUES("136","3","57","https://drive.google.com/drive/folders/1_wsoDQo2KdV4Z1WJj8jtZmSjI6baNDmY?usp=sharing","2567");
INSERT INTO pa_user_data VALUES("137","13","67","https://drive.google.com/drive/folders/1nvtvRVPSmT29NBPnwjPojNEIx0-zRXsO?usp=sharing","2567");
INSERT INTO pa_user_data VALUES("138","1","36","https://drive.google.com/drive/folders/1BQoGZyZN_EL_1zRrybA01VvGSZZjoqC0?usp=sharing","2567");
INSERT INTO pa_user_data VALUES("139","2","41","https://drive.google.com/drive/folders/1vD0hhnXWCsomUoRAx5A-XhRlkzV0vjW5?usp=sharing","2567");
INSERT INTO pa_user_data VALUES("140","4","17","https://drive.google.com/drive/folders/1RqmM0LuP_k638jvj4agqqlQ8j5Cz40AX?usp=sharing","2567");
INSERT INTO pa_user_data VALUES("141","3","51","https://drive.google.com/drive/folders/1scsZldPVo1OzRsbXJqi6gsOY93CX2pRM?usp=drive_link","2567");
INSERT INTO pa_user_data VALUES("142","14","67","https://drive.google.com/drive/folders/1hI1TkImJoSLm3MCh6ZpyBiL_qPZWL9qv?usp=sharing","2567");
INSERT INTO pa_user_data VALUES("143","3","20","https://drive.google.com/drive/folders/1CtKIRhHmeuC9GQdVyc6ynl9wSOHdiags?usp=sharing","2567");
INSERT INTO pa_user_data VALUES("144","4","57","https://drive.google.com/drive/folders/1vYPqG_aFx8KJ8PAeNGDmsvOtTf7yPPjV?usp=sharing","2567");
INSERT INTO pa_user_data VALUES("145","10","35","https://drive.google.com/drive/folders/1-Ywvb6icUxPlcslXJZ2f-SWhDDJjhtk4","2567");
INSERT INTO pa_user_data VALUES("146","2","36","https://drive.google.com/drive/folders/1VEHbINO-Qb4KsC8gb2iQCkD1RACcNEuU?usp=sharing","2567");
INSERT INTO pa_user_data VALUES("147","15","67","https://drive.google.com/drive/folders/144OA27dMTHB59SVPvyJR7d5281gxrr7e?usp=sharing","2567");
INSERT INTO pa_user_data VALUES("148","19","42","https://drive.google.com/drive/folders/1iwTQu_GVGwqp5kkFPJBKu3aZTHlmSg-t?usp=sharing","2567");
INSERT INTO pa_user_data VALUES("149","5","57","https://drive.google.com/drive/folders/1GJ9QPiqRpG81vQ1MvrUokMr7XFo2hFHt?usp=sharing","2567");
INSERT INTO pa_user_data VALUES("150","11","35","https://drive.google.com/drive/folders/1-e1Lk3VXh8_nem_T_4Q3JiFmnhdqXDl2","2567");
INSERT INTO pa_user_data VALUES("151","19","36","https://drive.google.com/drive/folders/1Fct3kel8_3KVOKhNCjGcDonWa8eJE7cx?usp=sharing","2567");
INSERT INTO pa_user_data VALUES("152","4","51","https://drive.google.com/drive/folders/11S3lP7RhrdjaucPWL4-xhjqPwQM3fSa7?usp=sharing","2567");
INSERT INTO pa_user_data VALUES("153","6","57","https://drive.google.com/drive/folders/1b-Nfm3xjBRMLR4oTbAaUk144J5KPXK0R?usp=sharing","2567");
INSERT INTO pa_user_data VALUES("154","12","35","https://drive.google.com/drive/folders/1-ii_fj2LfyJZacXbq4fGpdgo3usv0rzr","2567");
INSERT INTO pa_user_data VALUES("155","1","16","https://drive.google.com/drive/folders/1phYMypXVzQ-GpE4aEFiGJbip5LRST5_c?usp=sharing","2567");
INSERT INTO pa_user_data VALUES("156","3","36","https://drive.google.com/drive/folders/1QZlVcotrQvPs_4TNsFljUL7mcMorMP6m?usp=sharing","2567");
INSERT INTO pa_user_data VALUES("157","5","17","https://drive.google.com/drive/folders/1GLNOSt2PJzxwR0aqu6HMIooL44YxdvrR?usp=sharing","2567");
INSERT INTO pa_user_data VALUES("158","7","57","https://drive.google.com/drive/folders/1GQaZe8NOuvdytf0UiIRyIcT6ij9lF5qE?usp=sharing","2567");
INSERT INTO pa_user_data VALUES("159","4","36","https://drive.google.com/drive/folders/13rxfmm6-TqeWIOalm4QOv6fxK2FGnnBS?usp=sharing","2567");
INSERT INTO pa_user_data VALUES("160","13","35","https://drive.google.com/drive/folders/1-jjEL_01urRhuxsHzEgsuPXagfYSPX5B","2567");
INSERT INTO pa_user_data VALUES("161","5","36","https://drive.google.com/drive/folders/1c_MM_WnU_0JvkYRQB0n4tpGGtGeJNdT2?usp=sharing","2567");
INSERT INTO pa_user_data VALUES("162","8","57","https://drive.google.com/drive/folders/12NbkF1LsbFJ7HWflDCTEtIUS3qDqiM3Q?usp=sharing","2567");
INSERT INTO pa_user_data VALUES("163","19","5","https://drive.google.com/drive/folders/1YxuEsY3DPs6hdsq-2KvpIeGNMQfzWpCI?usp=sharing","2567");
INSERT INTO pa_user_data VALUES("164","19","67","https://drive.google.com/drive/folders/1lMao_rX11n8iQsfLLcantqiAgnARiYFR?usp=sharing","2567");
INSERT INTO pa_user_data VALUES("165","6","36","https://drive.google.com/drive/folders/1FzNYv3BmNLmefFEQN2e9fJewipQrB6_K?usp=sharing","2567");
INSERT INTO pa_user_data VALUES("166","9","57","https://drive.google.com/drive/folders/1YZhpaigBz8cg2iYFF6Z07DwW6I9fIn9U?usp=sharing","2567");
INSERT INTO pa_user_data VALUES("167","14","35","https://drive.google.com/drive/folders/1-rfSqp9en7Usm7_cs2fAJqDR2MLZFe9t","2567");
INSERT INTO pa_user_data VALUES("168","7","36","https://drive.google.com/drive/folders/1w_ZerECcqsKQ8eEBParr0nXp2NP_T-WB?usp=sharing","2567");
INSERT INTO pa_user_data VALUES("169","6","17","https://drive.google.com/drive/folders/129f_3FFWIuUj5ygpE5adp2ACsCaRsiv7?usp=sharing","2567");
INSERT INTO pa_user_data VALUES("170","15","35","https://drive.google.com/drive/folders/105Of4-tWX0PKka5R8mB_o0kXVpy0uDmS","2567");
INSERT INTO pa_user_data VALUES("171","10","57","https://drive.google.com/drive/folders/1j8rSJSvmqs-r4731oiR35FdHwHvA23ZL?usp=sharing","2567");
INSERT INTO pa_user_data VALUES("172","8","36","https://drive.google.com/drive/folders/1G5sguCR9caXzqfgVXfyW-Ih3SuufHMow?usp=sharing","2567");
INSERT INTO pa_user_data VALUES("173","1","59","https://drive.google.com/drive/folders/1lC87_cvbnIrDZEKYk2rdhzJgC7Y9r59m?usp=drive_link","2567");
INSERT INTO pa_user_data VALUES("174","9","36","https://drive.google.com/drive/folders/1kv5LoDgMbrH2zhvpTqekiqWIEqBWT6FS?usp=sharing","2567");
INSERT INTO pa_user_data VALUES("175","4","26","https://drive.google.com/drive/folders/1-uDvyhmMcSdr5oKyotiRsoISvmFRlXyl?usp=sharing","2567");
INSERT INTO pa_user_data VALUES("176","11","57","https://drive.google.com/drive/folders/1nMubIPGULd2bIpjl4DgOAZChszTxt3WA?usp=sharing","2567");
INSERT INTO pa_user_data VALUES("177","19","14","https://drive.google.com/drive/folders/1koPcXmDAGq2-yylqDFrteC1x5scDlFlz?usp=drive_link","2567");
INSERT INTO pa_user_data VALUES("178","2","59","https://drive.google.com/drive/folders/1jdzGSwD5e6KBbhY3lAVyQnV3G59XQhfL?usp=drive_link","2567");
INSERT INTO pa_user_data VALUES("179","12","57","https://drive.google.com/drive/folders/1fJB9a5R8DZIIyDPvxX4OxPvEOQuvOitd?usp=sharing","2567");
INSERT INTO pa_user_data VALUES("180","1","44","https://drive.google.com/drive/folders/1OmY6u-GUrLx9V7IvikSfb1ZiYZwSmfes?usp=sharing","2567");
INSERT INTO pa_user_data VALUES("181","19","35","https://drive.google.com/drive/folders/10CCkcJ6-CmYtDaOnLVpUi6NwVK-sJs87","2567");
INSERT INTO pa_user_data VALUES("182","10","36","https://drive.google.com/drive/folders/1pq1usnI956npX_1DrYrX4pogzXxBHp7v?usp=sharing","2567");
INSERT INTO pa_user_data VALUES("183","3","59","https://drive.google.com/drive/folders/1ZFE3du1w-j5Lt-Brb_ayihiAWxtYSKqV?usp=drive_link","2567");
INSERT INTO pa_user_data VALUES("184","13","57","https://drive.google.com/drive/folders/1VJEUkBHzDgT17DHRrUDvCU-PeuwXkd34?usp=sharing","2567");
INSERT INTO pa_user_data VALUES("185","11","36","https://drive.google.com/drive/folders/1cGJueRiGhBq5wTUf1h3YIBmFjgg-6It3?usp=sharing","2567");
INSERT INTO pa_user_data VALUES("186","14","57","https://drive.google.com/drive/folders/1xgx7EiDC5QNzhKaCXShW7hm9RLviwsfz?usp=sharing","2567");
INSERT INTO pa_user_data VALUES("187","12","36","https://drive.google.com/drive/folders/1FCsz4Q7J4aJmvp0OdZl3tGzcfQsREGLF?usp=sharing","2567");
INSERT INTO pa_user_data VALUES("188","15","57","https://drive.google.com/drive/folders/12aQIZGMGtw0_9NAn_VHpMK1iWiJxomSQ?usp=sharing","2567");
INSERT INTO pa_user_data VALUES("189","13","36","https://drive.google.com/drive/folders/1rc7x0y2ccIsqCpLb9SWKGKD7MK22ueAV?usp=sharing","2567");
INSERT INTO pa_user_data VALUES("190","19","57","https://drive.google.com/drive/folders/1xP0d3tGBJPyALWcSadFq1-nuPUnc4PtG?usp=sharing","2567");
INSERT INTO pa_user_data VALUES("191","14","36","https://drive.google.com/drive/folders/1kH6RE_Ya4ksVOyljfGQQ63QjKV17nhkO?usp=sharing","2567");
INSERT INTO pa_user_data VALUES("192","4","59","https://drive.google.com/drive/folders/1Tby4-E__LBAysD0lcQZu7tnW0TxVh651?usp=drive_link","2567");
INSERT INTO pa_user_data VALUES("193","15","36","https://drive.google.com/drive/folders/1zukYill9pNAzsjTWgbsiSvo8Bc7-e7GR?usp=sharing","2567");
INSERT INTO pa_user_data VALUES("194","5","59","https://drive.google.com/drive/folders/1kpIle_EePPjXpIUuD90dOJt5Ifman_8i?usp=drive_link","2567");
INSERT INTO pa_user_data VALUES("195","16","36","https://drive.google.com/drive/folders/1bNdWMwerO9rC_Cg39nA3zHm40MdUIl3o?usp=sharing","2567");
INSERT INTO pa_user_data VALUES("196","6","59","https://drive.google.com/drive/folders/19_p8o0WLM_uVf7gb_jAFtcOAmxCETKxp?usp=drive_link","2567");
INSERT INTO pa_user_data VALUES("197","7","59","https://drive.google.com/drive/folders/1LwoYzVexLkJMxHL5pDDVNGc89fQBX6_q?usp=drive_link","2567");
INSERT INTO pa_user_data VALUES("198","17","36","https://drive.google.com/drive/folders/1u7zioBAKLZnUm5Kcg5Rbj7rnTfxPNj4F?usp=sharing","2567");
INSERT INTO pa_user_data VALUES("199","18","36","https://drive.google.com/drive/folders/1u7zioBAKLZnUm5Kcg5Rbj7rnTfxPNj4F?usp=sharing","2567");
INSERT INTO pa_user_data VALUES("200","8","59","https://drive.google.com/drive/folders/1rFGtveBTy0Ej6iKvcfUAdYvowJst3YCE?usp=drive_link","2567");
INSERT INTO pa_user_data VALUES("201","9","59","https://drive.google.com/open?id=1g5mLG7TRx-PGp-ocwmXM2ceGfxCrM4p7&usp=drive_copy","2567");
INSERT INTO pa_user_data VALUES("202","8","17","https://drive.google.com/drive/folders/1BBMYsP9G3wA8RIL0HoPCvcW_S-2fefdI?usp=sharing","2567");
INSERT INTO pa_user_data VALUES("203","10","59","https://drive.google.com/drive/folders/1eMdOjpWFGJbGRmX4EY_49xf86cU428yZ?usp=drive_link","2567");
INSERT INTO pa_user_data VALUES("204","11","59","https://drive.google.com/drive/folders/182_ZsBeKd-apAjEkYFGYpsedwkGWZ54x?usp=drive_link","2567");
INSERT INTO pa_user_data VALUES("205","12","59","https://drive.google.com/drive/folders/1CroaZFyrjDyPy5JOhN-GfKbtV884XFe7?usp=drive_link","2567");
INSERT INTO pa_user_data VALUES("206","13","59","https://drive.google.com/drive/folders/1jYG-0G3KfewstYy60NVgcEf7db0oA6UC?usp=drive_link","2567");
INSERT INTO pa_user_data VALUES("207","5","51","https://drive.google.com/drive/folders/1sWTh0w1bil1X0SREwBLDq2_pB-LvpZMs?usp=drive_link","2567");
INSERT INTO pa_user_data VALUES("208","14","59","https://drive.google.com/drive/folders/1JKMgozBQhTp-aD4OtCE_GFo-7J-hQueg?usp=drive_link","2567");
INSERT INTO pa_user_data VALUES("209","6","51","https://drive.google.com/drive/folders/1B4ywD2P6T4TNLhaMBBh4U_GqrkblyEYF?usp=drive_link","2567");
INSERT INTO pa_user_data VALUES("210","15","59","https://drive.google.com/drive/folders/1ZleK1vi0JoSl2sQyMITN76fp4jpezdMa?usp=drive_link","2567");
INSERT INTO pa_user_data VALUES("211","7","51","https://drive.google.com/drive/folders/1lwmmSOlNXdu3Q3C3y4UVqRrRj1o-G2as?usp=drive_link","2567");
INSERT INTO pa_user_data VALUES("212","8","51","https://drive.google.com/drive/folders/1VlOwQ78HJZLIza7wtXpzLIFYG4z9MHIQ?usp=drive_link","2567");
INSERT INTO pa_user_data VALUES("213","9","51","https://drive.google.com/drive/folders/1uXtt0_Y4C2Gd8WYqeF0bDpxokA9xlmdY?usp=drive_link","2567");
INSERT INTO pa_user_data VALUES("214","10","51","https://drive.google.com/drive/folders/1wQ9iilZljlinmOq-TufWZQqIapU6Q6Xs?usp=drive_link","2567");
INSERT INTO pa_user_data VALUES("215","19","8","https://drive.google.com/drive/folders/18u0fudvs4ZnztWbtUmlmLB9yJ45xeSma?usp=sharing","2567");
INSERT INTO pa_user_data VALUES("216","11","51","https://drive.google.com/drive/folders/1HIrhS6ZOevabGdKoXPNx1ReAa_E0uPuT?usp=drive_link","2567");
INSERT INTO pa_user_data VALUES("217","12","51","https://drive.google.com/drive/folders/183eyn5VJ3l6diRW8Do0omEO_8yVRkbvn?usp=drive_link","2567");
INSERT INTO pa_user_data VALUES("218","19","60","https://drive.google.com/drive/folders/1M-CfuCs9gLnBEZ_sIXzw93xN_cZooArr?usp=drive_link","2567");
INSERT INTO pa_user_data VALUES("219","13","51","https://drive.google.com/drive/folders/19UzmqfTLgaiwVeAArdE4ywrpoVma6ODd?usp=drive_link","2567");
INSERT INTO pa_user_data VALUES("220","14","51","https://drive.google.com/drive/folders/1NBju2QlolmsWi0sXdQHbczmk6805z0UG?usp=drive_link","2567");
INSERT INTO pa_user_data VALUES("221","15","51","https://drive.google.com/drive/folders/1MvQr7f0E33WSSXY1Cl_sfd4hnj2ivbYo?usp=drive_link","2567");
INSERT INTO pa_user_data VALUES("222","5","16","https://drive.google.com/drive/folders/1rSloUG4ZaDRfZ7hF7_QPtVXJuMCQ3SgD?usp=sharing","2567");
INSERT INTO pa_user_data VALUES("223","16","51","https://drive.google.com/drive/folders/1cgFeTViWd8SES0EgUwoCD_bAnlENqaq7?usp=drive_link","2567");
INSERT INTO pa_user_data VALUES("224","17","51","https://drive.google.com/drive/folders/1cgFeTViWd8SES0EgUwoCD_bAnlENqaq7?usp=drive_link","2567");
INSERT INTO pa_user_data VALUES("225","18","51","https://drive.google.com/drive/folders/1cgFeTViWd8SES0EgUwoCD_bAnlENqaq7?usp=drive_link","2567");
INSERT INTO pa_user_data VALUES("226","16","57","https://drive.google.com/drive/folders/1U149oP_-DnhBBi7eHAAz0Gu78IUfF4ht?usp=sharing","2567");
INSERT INTO pa_user_data VALUES("227","17","57","https://drive.google.com/drive/folders/1U149oP_-DnhBBi7eHAAz0Gu78IUfF4ht?usp=sharing","2567");
INSERT INTO pa_user_data VALUES("228","18","57","https://drive.google.com/drive/folders/1U149oP_-DnhBBi7eHAAz0Gu78IUfF4ht?usp=sharing","2567");
INSERT INTO pa_user_data VALUES("229","19","54","https://drive.google.com/drive/folders/1_LoRTHLR6pWVMC1rye7QbDeCgElCmnFL?usp=sharing","2567");
INSERT INTO pa_user_data VALUES("230","1","54","https://drive.google.com/drive/folders/1BB6RTOTfAxAZA05ro016Mny5xsOvmJQm?usp=sharing","2567");
INSERT INTO pa_user_data VALUES("231","2","54","https://drive.google.com/drive/folders/1yuvc1kZMF6v9UlSxFjIyyEESQLThE3Ci?usp=sharing","2567");
INSERT INTO pa_user_data VALUES("232","3","54","https://drive.google.com/drive/folders/1hpjllRxRfHpRZK-XILgxgsDR4W3NJkR0?usp=sharing","2567");
INSERT INTO pa_user_data VALUES("233","4","54","https://drive.google.com/drive/folders/1CVFcK8WNjQzVeoW-lsggQU70pYu9geFe?usp=sharing","2567");
INSERT INTO pa_user_data VALUES("234","5","54","https://drive.google.com/drive/folders/1b-v2C_N-sVuzZHnzXZpBKcZAZQz3KnaN?usp=sharing","2567");
INSERT INTO pa_user_data VALUES("235","6","54","https://drive.google.com/drive/folders/1TJPKLLME03mCWNPCMD-KjHkDtY_aMHh0?usp=sharing","2567");
INSERT INTO pa_user_data VALUES("236","7","54","https://drive.google.com/drive/folders/10KA_cH4ln1jX3yV0FMcvStZGA7kJqJhB?usp=sharing","2567");
INSERT INTO pa_user_data VALUES("237","8","54","https://drive.google.com/drive/folders/1GxYd_UUx1w2jbd_QHvBG4Lhx2GiER_aB?usp=sharing","2567");
INSERT INTO pa_user_data VALUES("238","9","54","https://drive.google.com/drive/folders/1y50bry6z83VpybRmZ59Q7f9aY5KjOhid?usp=sharing","2567");
INSERT INTO pa_user_data VALUES("239","10","54","https://drive.google.com/drive/folders/1-tDo6CaV9ZV7jBN3uFdEH7gzZGwTyzw9?usp=sharing","2567");
INSERT INTO pa_user_data VALUES("240","11","54","https://drive.google.com/drive/folders/1M7nDN7CFa0HmwKqDbbRRCrm6sd-yZzKs?usp=sharing","2567");
INSERT INTO pa_user_data VALUES("241","12","54","https://drive.google.com/drive/folders/16_057f09ja_a4vxPfP6ipSKvBkRwzlL0?usp=sharing","2567");
INSERT INTO pa_user_data VALUES("242","13","54","https://drive.google.com/drive/folders/1ReQDq15ZsR6QLUGs5DUqDVeIeC9C8IhE?usp=sharing","2567");
INSERT INTO pa_user_data VALUES("243","14","54","https://drive.google.com/drive/folders/1pmYJUVDfxAKy4uu2pVTCCdmn_lctMRNm?usp=sharing","2567");
INSERT INTO pa_user_data VALUES("244","15","54","https://drive.google.com/drive/folders/1TcQ3omlTAGbU7KVLIeNlmfd0HY34Z_hg?usp=sharing","2567");
INSERT INTO pa_user_data VALUES("245","16","54","https://drive.google.com/drive/folders/17RsXk7SoYQDy0Dzahiee_FdHc4Ohqyky?usp=sharing","2567");
INSERT INTO pa_user_data VALUES("246","17","54","https://drive.google.com/drive/folders/1FSdVqhatDHtv2yFJYyBBZImdcjQAD4Ft?usp=sharing","2567");
INSERT INTO pa_user_data VALUES("247","18","54","https://drive.google.com/drive/folders/1WTsKh41vD_USCBJA9Df5OMf_0vPaMcu1?usp=sharing","2567");
INSERT INTO pa_user_data VALUES("248","19","68","https://drive.google.com/drive/folders/1XOocbB806aNsSmu3nY8UV7SBkyebUQwg?usp=sharing","2567");
INSERT INTO pa_user_data VALUES("249","1","68","https://drive.google.com/drive/folders/1s7dn_172OtsFTmGSyA4Tfsnl4DRphdI3?usp=sharing","2567");
INSERT INTO pa_user_data VALUES("250","2","68","https://drive.google.com/drive/folders/1Ib9lvHmiQBQzpLht8Fbyssnj8cym5RXS?usp=sharing","2567");
INSERT INTO pa_user_data VALUES("251","3","68","https://drive.google.com/drive/folders/1VWXbiVNsu_y6OoTS_tT7Bq-3Otb6omSC?usp=sharing","2567");
INSERT INTO pa_user_data VALUES("252","4","68","https://drive.google.com/drive/folders/16Ch_PiNkXdQJd_6hz19OKhqGbtamzW6d?usp=sharing","2567");
INSERT INTO pa_user_data VALUES("253","5","68","https://drive.google.com/drive/folders/1wdpYOSxlj6lghHj3txhfxNLFwP-h2akI?usp=sharing","2567");
INSERT INTO pa_user_data VALUES("254","6","68","https://drive.google.com/drive/folders/1objdcMpIbsLk1xzNCASZyOh8cGg_4eMz?usp=sharing","2567");
INSERT INTO pa_user_data VALUES("255","7","68","https://drive.google.com/drive/folders/1Z5xRPvavEsMfGWu9j8cCuwYjD9qfcd8v?usp=sharing","2567");
INSERT INTO pa_user_data VALUES("256","8","68","https://drive.google.com/drive/folders/1uHSO9bYnHHoKXZrWen1dgbvS4xaG3Uaa?usp=sharing","2567");
INSERT INTO pa_user_data VALUES("257","9","68","https://drive.google.com/drive/folders/1s1A4Pj-tsnRpnjuniMy-r1jrz6DLt2sy?usp=sharing","2567");
INSERT INTO pa_user_data VALUES("258","10","68","https://drive.google.com/drive/folders/1f3aLIA4AO26bUWzoaTslhePkXTKGUBo5?usp=sharing","2567");
INSERT INTO pa_user_data VALUES("259","11","68","https://drive.google.com/drive/folders/1Plk6VcJs-jstWWMSl8_Rhr9BiovB2vuI?usp=sharing","2567");
INSERT INTO pa_user_data VALUES("260","12","68","https://drive.google.com/drive/folders/1zFLOKhhf4fyVR-fFGFw5_FyTjP8GgBFn?usp=sharing","2567");
INSERT INTO pa_user_data VALUES("261","13","68","https://drive.google.com/drive/folders/1RVRAx4kH3jXERzuZmeqcGba01tpDaky3?usp=sharing","2567");
INSERT INTO pa_user_data VALUES("262","14","68","https://drive.google.com/drive/folders/1D0B7eaiMjCvSPLkXj2Cw0TLzj41pPMHQ?usp=sharing","2567");
INSERT INTO pa_user_data VALUES("263","15","68","https://drive.google.com/drive/folders/1loAUl_qnb3wFbtL2QL3TGJdkFsSzs7DR?usp=sharing","2567");
INSERT INTO pa_user_data VALUES("264","16","68","https://drive.google.com/file/d/1sBsyEeAeuNy6Tov24QHLSR8Lg1Fd5mYJ/view?usp=drive_link","2567");
INSERT INTO pa_user_data VALUES("265","17","68","https://drive.google.com/file/d/139VC0td2DzwyhrtNUkGwc_pfWlDaWsiO/view?usp=sharing","2567");
INSERT INTO pa_user_data VALUES("266","18","68","https://drive.google.com/file/d/139VC0td2DzwyhrtNUkGwc_pfWlDaWsiO/view?usp=sharing","2567");
INSERT INTO pa_user_data VALUES("267","19","33","https://drive.google.com/drive/folders/1X9Wx4ZKNTMqrUTtyWTtSKHE8OWckwOVj?usp=sharing","2567");
INSERT INTO pa_user_data VALUES("268","2","33","https://drive.google.com/drive/folders/1M5bLA3erFwNaSRRvLdbgqukqxHHM-XZ5?usp=sharing","2567");
INSERT INTO pa_user_data VALUES("269","3","33","https://drive.google.com/drive/folders/1YFDj6ro-v5FuL-PIKdxq7mQPJpzqKoRj?usp=drive_link","2567");
INSERT INTO pa_user_data VALUES("270","4","33","https://drive.google.com/drive/folders/12Rcljh5K_1P_zjcI6cSe-wrBJ6A2Z1Qs?usp=sharing","2567");
INSERT INTO pa_user_data VALUES("271","5","33","https://drive.google.com/drive/folders/1X7R8UYHUY0CQDxSHpp2Y1Z8EM_34qUw8?usp=sharing","2567");
INSERT INTO pa_user_data VALUES("272","6","33","https://drive.google.com/drive/folders/1QNrMy_hrB0EewFO4BrAnx3YDGI-lK_3A?usp=drive_link","2567");
INSERT INTO pa_user_data VALUES("273","7","33","https://drive.google.com/drive/folders/1UC9M4NUDHwosCideEt-smSdeiwpN4FiX?usp=sharing","2567");
INSERT INTO pa_user_data VALUES("274","8","33","https://drive.google.com/drive/folders/1xb2QnZtmN2npcf4aIyYr8FkgGeXJo46D?usp=sharing","2567");
INSERT INTO pa_user_data VALUES("275","9","33","https://drive.google.com/drive/folders/1yz5PFDF9ttQs-IZGdr22HpFdFoknJ1K-?usp=sharing","2567");
INSERT INTO pa_user_data VALUES("276","10","33","https://drive.google.com/drive/folders/1KHLUwUB-b0eH3whUly4FXBTtgfHFN6-u?usp=drive_link","2567");
INSERT INTO pa_user_data VALUES("277","11","33","https://drive.google.com/drive/folders/1IosrpHfj-VtvMxrSNfiRbHcRPp_mqGiT?usp=drive_link","2567");
INSERT INTO pa_user_data VALUES("278","12","33","https://drive.google.com/drive/folders/1HLXZNgbC2uvyO8CfDhNPpDYkM20ts8aL?usp=drive_link","2567");
INSERT INTO pa_user_data VALUES("279","13","33","https://drive.google.com/drive/folders/1Hf--WjoCWaO2K1s4z0O3cIleQO4zGEHw?usp=drive_link","2567");
INSERT INTO pa_user_data VALUES("280","14","33","https://drive.google.com/drive/folders/1XoswZJYmjPvczgREwTB8HVXTzxV7Ew8M?usp=drive_link","2567");
INSERT INTO pa_user_data VALUES("281","15","33","https://drive.google.com/drive/folders/1JHcjAVt7Q5sN5DWp60-9z8wS7EoH34tg?usp=drive_link","2567");
INSERT INTO pa_user_data VALUES("282","16","33","https://drive.google.com/drive/folders/13kTxYXVjimZBjnugELDFSJWFeoSZtB1Q?usp=sharing","2567");
INSERT INTO pa_user_data VALUES("283","17","33","https://drive.google.com/drive/folders/1IzsTNFyTkZ7SQBfXlOZE3dksnSfm3qV_?usp=sharing","2567");
INSERT INTO pa_user_data VALUES("284","18","33","https://drive.google.com/drive/folders/1pdHMNaikUn12RXbLP91rVB8Q0KD88B3W?usp=sharing","2567");
INSERT INTO pa_user_data VALUES("285","19","45","https://drive.google.com/drive/folders/1aXLfZZETLM2doMrmpsMqC6v4MI6oUK3N?usp=sharing","2567");



DROP TABLE pa_year;

CREATE TABLE `pa_year` (
  `pa_year` int(4) NOT NULL,
  `sta_year` int(1) DEFAULT '0',
  `st_date` date DEFAULT '0000-00-00',
  `end_date` date DEFAULT '0000-00-00',
  `sign_date` date DEFAULT '0000-00-00',
  PRIMARY KEY (`pa_year`)
) ENGINE=InnoDB DEFAULT CHARSET=latin1;

INSERT INTO pa_year VALUES("2567","1","2023-10-01","2024-09-30","2023-10-02");



DROP TABLE pic;

CREATE TABLE `pic` (
  `id_pic` char(6) NOT NULL DEFAULT '',
  `id_new` char(5) DEFAULT NULL,
  `pictuer` char(50) DEFAULT NULL,
  PRIMARY KEY (`id_pic`)
) ENGINE=MyISAM DEFAULT CHARSET=tis620;

INSERT INTO pic VALUES("000001","00001","000001.jpg");
INSERT INTO pic VALUES("000003","00001","000003.jpg");
INSERT INTO pic VALUES("000004","00001","000004.jpg");
INSERT INTO pic VALUES("000005","00001","000005.jpg");
INSERT INTO pic VALUES("000006","00001","000006.jpg");
INSERT INTO pic VALUES("000007","00002","000007.jpg");
INSERT INTO pic VALUES("000008","00002","000008.jpg");
INSERT INTO pic VALUES("000009","00002","000009.jpg");
INSERT INTO pic VALUES("000010","00002","000010.jpg");
INSERT INTO pic VALUES("000011","00002","000011.jpg");
INSERT INTO pic VALUES("000012","00003","000012.jpg");
INSERT INTO pic VALUES("000013","00003","000013.jpg");
INSERT INTO pic VALUES("000014","00003","000014.jpg");
INSERT INTO pic VALUES("000015","00003","000015.jpg");
INSERT INTO pic VALUES("000016","00003","000016.jpg");
INSERT INTO pic VALUES("000017","00004","000017.jpg");
INSERT INTO pic VALUES("000018","00004","000018.jpg");
INSERT INTO pic VALUES("000019","00004","000019.jpg");
INSERT INTO pic VALUES("000020","00004","000020.jpg");
INSERT INTO pic VALUES("000021","00004","000021.jpg");
INSERT INTO pic VALUES("000022","00005","000022.jpg");
INSERT INTO pic VALUES("000023","00005","000023.jpg");
INSERT INTO pic VALUES("000024","00005","000024.jpg");
INSERT INTO pic VALUES("000025","00005","000025.jpg");
INSERT INTO pic VALUES("000026","00005","000026.jpg");
INSERT INTO pic VALUES("000027","00006","000027.jpg");
INSERT INTO pic VALUES("000028","00006","000028.jpg");
INSERT INTO pic VALUES("000029","00006","000029.jpg");
INSERT INTO pic VALUES("000030","00006","000030.jpg");
INSERT INTO pic VALUES("000031","00006","000031.jpg");
INSERT INTO pic VALUES("000032","00007","000032.jpg");
INSERT INTO pic VALUES("000033","00007","000033.jpg");
INSERT INTO pic VALUES("000034","00007","000034.jpg");
INSERT INTO pic VALUES("000035","00007","000035.jpg");
INSERT INTO pic VALUES("000036","00007","000036.jpg");
INSERT INTO pic VALUES("000037","00008","000037.jpg");
INSERT INTO pic VALUES("000038","00008","000038.jpg");
INSERT INTO pic VALUES("000039","00008","000039.jpg");
INSERT INTO pic VALUES("000040","00008","000040.jpg");
INSERT INTO pic VALUES("000041","00008","000041.jpg");
INSERT INTO pic VALUES("000042","00008","000042.jpg");
INSERT INTO pic VALUES("000043","00008","000043.jpg");
INSERT INTO pic VALUES("000044","00009","000044.jpg");
INSERT INTO pic VALUES("000045","00009","000045.jpg");
INSERT INTO pic VALUES("000046","00009","000046.jpg");
INSERT INTO pic VALUES("000047","00009","000047.jpg");
INSERT INTO pic VALUES("000048","00009","000048.jpg");
INSERT INTO pic VALUES("000049","00009","000049.jpg");
INSERT INTO pic VALUES("000050","00009","000050.jpg");
INSERT INTO pic VALUES("000051","00010","000051.jpg");
INSERT INTO pic VALUES("000052","00010","000052.jpg");
INSERT INTO pic VALUES("000053","00010","000053.jpg");
INSERT INTO pic VALUES("000054","00010","000054.jpg");
INSERT INTO pic VALUES("000055","00010","000055.jpg");
INSERT INTO pic VALUES("000056","00010","000056.jpg");
INSERT INTO pic VALUES("000057","00011","000057.jpg");
INSERT INTO pic VALUES("000058","00011","000058.jpg");
INSERT INTO pic VALUES("000059","00011","000059.jpg");
INSERT INTO pic VALUES("000060","00011","000060.jpg");
INSERT INTO pic VALUES("000061","00011","000061.jpg");
INSERT INTO pic VALUES("000062","00011","000062.jpg");
INSERT INTO pic VALUES("000063","00011","000063.jpg");
INSERT INTO pic VALUES("000064","00012","000064.jpg");
INSERT INTO pic VALUES("000065","00012","000065.jpg");
INSERT INTO pic VALUES("000066","00012","000066.jpg");
INSERT INTO pic VALUES("000067","00012","000067.jpg");
INSERT INTO pic VALUES("000068","00012","000068.jpg");
INSERT INTO pic VALUES("000069","00012","000069.jpg");
INSERT INTO pic VALUES("000070","00013","000070.jpg");
INSERT INTO pic VALUES("000071","00013","000071.jpg");
INSERT INTO pic VALUES("000072","00013","000072.jpg");
INSERT INTO pic VALUES("000074","00013","000074.jpg");
INSERT INTO pic VALUES("000075","00013","000075.jpg");
INSERT INTO pic VALUES("000076","00013","000076.jpg");
INSERT INTO pic VALUES("000085","00015","000085.jpg");
INSERT INTO pic VALUES("000086","00015","000086.jpg");
INSERT INTO pic VALUES("000087","00015","000087.jpg");
INSERT INTO pic VALUES("000088","00015","000088.jpg");
INSERT INTO pic VALUES("000089","00015","000089.jpg");
INSERT INTO pic VALUES("000090","00015","000090.jpg");
INSERT INTO pic VALUES("000091","00015","000091.jpg");
INSERT INTO pic VALUES("000099","00017","000099.jpg");
INSERT INTO pic VALUES("000100","00017","000100.jpg");
INSERT INTO pic VALUES("000101","00017","000101.jpg");
INSERT INTO pic VALUES("000102","00017","000102.jpg");
INSERT INTO pic VALUES("000103","00017","000103.jpg");
INSERT INTO pic VALUES("000104","00017","000104.jpg");
INSERT INTO pic VALUES("000105","00017","000105.jpg");
INSERT INTO pic VALUES("000106","00018","000106.jpg");
INSERT INTO pic VALUES("000107","00018","000107.jpg");
INSERT INTO pic VALUES("000108","00018","000108.jpg");
INSERT INTO pic VALUES("000109","00018","000109.jpg");
INSERT INTO pic VALUES("000110","00018","000110.jpg");
INSERT INTO pic VALUES("000111","00018","000111.jpg");
INSERT INTO pic VALUES("000112","00018","000112.jpg");
INSERT INTO pic VALUES("000120","00020","000120.jpg");
INSERT INTO pic VALUES("000121","00020","000121.jpg");
INSERT INTO pic VALUES("000122","00020","000122.jpg");
INSERT INTO pic VALUES("000125","00020","000125.jpg");
INSERT INTO pic VALUES("000126","00020","000126.jpg");
INSERT INTO pic VALUES("000127","00020","000127.jpg");
INSERT INTO pic VALUES("000128","00020","000128.jpg");
INSERT INTO pic VALUES("000129","00021","000129.jpg");
INSERT INTO pic VALUES("000130","00021","000130.jpg");
INSERT INTO pic VALUES("000131","00021","000131.jpg");
INSERT INTO pic VALUES("000132","00021","000132.jpg");
INSERT INTO pic VALUES("000133","00021","000133.jpg");
INSERT INTO pic VALUES("000134","00021","000134.jpg");
INSERT INTO pic VALUES("000135","00021","000135.jpg");
INSERT INTO pic VALUES("000143","00023","000143.jpg");
INSERT INTO pic VALUES("000144","00023","000144.jpg");
INSERT INTO pic VALUES("000145","00023","000145.jpg");
INSERT INTO pic VALUES("000146","00023","000146.jpg");
INSERT INTO pic VALUES("000147","00023","000147.jpg");
INSERT INTO pic VALUES("000148","00023","000148.jpg");
INSERT INTO pic VALUES("000149","00023","000149.jpg");
INSERT INTO pic VALUES("000150","00024","000150.jpg");
INSERT INTO pic VALUES("000153","00024","000153.jpg");
INSERT INTO pic VALUES("000154","00024","000154.jpg");
INSERT INTO pic VALUES("000156","00024","000156.jpg");
INSERT INTO pic VALUES("000157","00024","000157.jpg");
INSERT INTO pic VALUES("000158","00024","000158.jpg");
INSERT INTO pic VALUES("000159","00024","000159.jpg");
INSERT INTO pic VALUES("000167","00028","000167.jpg");
INSERT INTO pic VALUES("000169","00030","000169.jpg");
INSERT INTO pic VALUES("000172","00029","000172.jpg");
INSERT INTO pic VALUES("000173","00027","000173.jpg");
INSERT INTO pic VALUES("000180","00044","000180.jpg");
INSERT INTO pic VALUES("000183","00029","000183.jpg");
INSERT INTO pic VALUES("000184","00027","000184.jpg");
INSERT INTO pic VALUES("000185","00027","000185.jpg");
INSERT INTO pic VALUES("000186","00030","000186.jpg");
INSERT INTO pic VALUES("000187","00030","000187.jpg");
INSERT INTO pic VALUES("000188","00039","000188.jpg");
INSERT INTO pic VALUES("000189","00039","000189.jpg");
INSERT INTO pic VALUES("000190","00039","000190.jpg");
INSERT INTO pic VALUES("000191","00039","000191.jpg");
INSERT INTO pic VALUES("000192","00044","000192.jpg");
INSERT INTO pic VALUES("000193","00044","000193.jpg");
INSERT INTO pic VALUES("000194","00044","000194.jpg");
INSERT INTO pic VALUES("000195","00044","000195.jpg");
INSERT INTO pic VALUES("000196","00044","000196.jpg");
INSERT INTO pic VALUES("000197","00045","000197.jpg");
INSERT INTO pic VALUES("000198","00045","000198.jpg");
INSERT INTO pic VALUES("000199","00045","000199.jpg");
INSERT INTO pic VALUES("000200","00045","000200.jpg");
INSERT INTO pic VALUES("000201","00045","000201.jpg");
INSERT INTO pic VALUES("000202","00045","000202.jpg");
INSERT INTO pic VALUES("000203","00045","000203.jpg");
INSERT INTO pic VALUES("000211","00051","000211.jpg");
INSERT INTO pic VALUES("000212","00051","000212.jpg");
INSERT INTO pic VALUES("000213","00051","000213.jpg");
INSERT INTO pic VALUES("000214","00051","000214.jpg");
INSERT INTO pic VALUES("000215","00051","000215.jpg");
INSERT INTO pic VALUES("000216","00051","000216.jpg");
INSERT INTO pic VALUES("000217","00051","000217.jpg");
INSERT INTO pic VALUES("000218","00052","000218.jpg");
INSERT INTO pic VALUES("000219","00052","000219.jpg");
INSERT INTO pic VALUES("000220","00052","000220.jpg");
INSERT INTO pic VALUES("000221","00052","000221.jpg");
INSERT INTO pic VALUES("000222","00052","000222.jpg");
INSERT INTO pic VALUES("000223","00052","000223.jpg");
INSERT INTO pic VALUES("000224","00052","000224.jpg");
INSERT INTO pic VALUES("000225","00055","000225.jpg");
INSERT INTO pic VALUES("000226","00055","000226.jpg");
INSERT INTO pic VALUES("000227","00055","000227.jpg");
INSERT INTO pic VALUES("000229","00055","000229.jpg");
INSERT INTO pic VALUES("000230","00055","000230.jpg");
INSERT INTO pic VALUES("000231","00055","000231.jpg");
INSERT INTO pic VALUES("000232","00055","000232.jpg");
INSERT INTO pic VALUES("000233","00054","000233.jpg");
INSERT INTO pic VALUES("000234","00054","000234.jpg");
INSERT INTO pic VALUES("000235","00054","000235.jpg");
INSERT INTO pic VALUES("000236","00054","000236.jpg");
INSERT INTO pic VALUES("000237","00054","000237.jpg");
INSERT INTO pic VALUES("000239","00054","000239.jpg");
INSERT INTO pic VALUES("000240","00054","000240.jpg");
INSERT INTO pic VALUES("000241","00050","000241.jpg");
INSERT INTO pic VALUES("000242","00050","000242.jpg");
INSERT INTO pic VALUES("000243","00050","000243.jpg");
INSERT INTO pic VALUES("000244","00050","000244.jpg");
INSERT INTO pic VALUES("000245","00050","000245.jpg");
INSERT INTO pic VALUES("000246","00050","000246.jpg");
INSERT INTO pic VALUES("000247","00050","000247.jpg");
INSERT INTO pic VALUES("000248","00057","000248.jpg");
INSERT INTO pic VALUES("000249","00057","000249.jpg");
INSERT INTO pic VALUES("000250","00057","000250.jpg");
INSERT INTO pic VALUES("000251","00057","000251.jpg");
INSERT INTO pic VALUES("000252","00057","000252.jpg");
INSERT INTO pic VALUES("000253","00057","000253.jpg");
INSERT INTO pic VALUES("000254","00057","000254.jpg");
INSERT INTO pic VALUES("000255","00060","000255.jpg");
INSERT INTO pic VALUES("000257","00060","000257.jpg");
INSERT INTO pic VALUES("000258","00060","000258.jpg");
INSERT INTO pic VALUES("000259","00060","000259.jpg");
INSERT INTO pic VALUES("000260","00060","000260.jpg");
INSERT INTO pic VALUES("000261","00060","000261.jpg");
INSERT INTO pic VALUES("000262","00060","000262.jpg");
INSERT INTO pic VALUES("000263","00056","000263.jpg");
INSERT INTO pic VALUES("000265","00056","000265.jpg");
INSERT INTO pic VALUES("000266","00056","000266.jpg");
INSERT INTO pic VALUES("000267","00056","000267.jpg");
INSERT INTO pic VALUES("000268","00056","000268.jpg");
INSERT INTO pic VALUES("000269","00056","000269.jpg");
INSERT INTO pic VALUES("000270","00056","000270.jpg");
INSERT INTO pic VALUES("000271","00058","000271.jpg");
INSERT INTO pic VALUES("000272","00058","000272.jpg");
INSERT INTO pic VALUES("000273","00058","000273.jpg");
INSERT INTO pic VALUES("000274","00058","000274.jpg");
INSERT INTO pic VALUES("000275","00058","000275.jpg");
INSERT INTO pic VALUES("000276","00058","000276.jpg");
INSERT INTO pic VALUES("000277","00058","000277.jpg");
INSERT INTO pic VALUES("000278","00059","000278.jpg");
INSERT INTO pic VALUES("000279","00059","000279.jpg");
INSERT INTO pic VALUES("000280","00059","000280.jpg");
INSERT INTO pic VALUES("000281","00059","000281.jpg");
INSERT INTO pic VALUES("000282","00059","000282.jpg");
INSERT INTO pic VALUES("000283","00059","000283.jpg");
INSERT INTO pic VALUES("000284","00059","000284.jpg");
INSERT INTO pic VALUES("000285","00061","000285.jpg");
INSERT INTO pic VALUES("000287","00061","000287.jpg");
INSERT INTO pic VALUES("000288","00061","000288.jpg");
INSERT INTO pic VALUES("000289","00061","000289.jpg");
INSERT INTO pic VALUES("000290","00061","000290.jpg");
INSERT INTO pic VALUES("000291","00061","000291.jpg");
INSERT INTO pic VALUES("000292","00061","000292.jpg");
INSERT INTO pic VALUES("000293","00062","000293.jpg");
INSERT INTO pic VALUES("000294","00062","000294.jpg");
INSERT INTO pic VALUES("000295","00062","000295.jpg");
INSERT INTO pic VALUES("000296","00062","000296.jpg");
INSERT INTO pic VALUES("000297","00062","000297.jpg");
INSERT INTO pic VALUES("000298","00062","000298.jpg");
INSERT INTO pic VALUES("000299","00062","000299.jpg");
INSERT INTO pic VALUES("000307","00063","000307.jpg");
INSERT INTO pic VALUES("000308","00063","000308.jpg");
INSERT INTO pic VALUES("000309","00063","000309.jpg");
INSERT INTO pic VALUES("000310","00063","000310.jpg");
INSERT INTO pic VALUES("000311","00063","000311.jpg");
INSERT INTO pic VALUES("000312","00063","000312.jpg");
INSERT INTO pic VALUES("000313","00063","000313.jpg");
INSERT INTO pic VALUES("000314","00064","000314.jpg");
INSERT INTO pic VALUES("000315","00064","000315.jpg");
INSERT INTO pic VALUES("000316","00064","000316.jpg");
INSERT INTO pic VALUES("000317","00064","000317.jpg");
INSERT INTO pic VALUES("000318","00064","000318.jpg");
INSERT INTO pic VALUES("000319","00064","000319.jpg");
INSERT INTO pic VALUES("000320","00064","000320.jpg");
INSERT INTO pic VALUES("000324","00065","000324.jpg");
INSERT INTO pic VALUES("000325","00065","000325.jpg");
INSERT INTO pic VALUES("000326","00065","000326.jpg");
INSERT INTO pic VALUES("000327","00065","000327.jpg");
INSERT INTO pic VALUES("000328","00065","000328.jpg");
INSERT INTO pic VALUES("000329","00065","000329.jpg");
INSERT INTO pic VALUES("000330","00065","000330.jpg");
INSERT INTO pic VALUES("000331","00069","000331.jpg");
INSERT INTO pic VALUES("000332","00067","000332.jpg");
INSERT INTO pic VALUES("000333","00069","000333.jpg");
INSERT INTO pic VALUES("000334","00067","000334.jpg");
INSERT INTO pic VALUES("000335","00067","000335.jpg");
INSERT INTO pic VALUES("000336","00069","000336.jpg");
INSERT INTO pic VALUES("000337","00066","000337.jpg");
INSERT INTO pic VALUES("000338","00067","000338.jpg");
INSERT INTO pic VALUES("000339","00069","000339.jpg");
INSERT INTO pic VALUES("000340","00067","000340.jpg");
INSERT INTO pic VALUES("000341","00066","000341.jpg");
INSERT INTO pic VALUES("000342","00069","000342.jpg");
INSERT INTO pic VALUES("000343","00067","000343.jpg");
INSERT INTO pic VALUES("000344","00069","000344.jpg");
INSERT INTO pic VALUES("000345","00066","000345.jpg");
INSERT INTO pic VALUES("000346","00067","000346.jpg");
INSERT INTO pic VALUES("000347","00069","000347.jpg");
INSERT INTO pic VALUES("000348","00066","000348.jpg");
INSERT INTO pic VALUES("000349","00068","000349.jpg");
INSERT INTO pic VALUES("000350","00066","000350.jpg");
INSERT INTO pic VALUES("000351","00068","000351.jpg");
INSERT INTO pic VALUES("000352","00068","000352.jpg");
INSERT INTO pic VALUES("000353","00068","000353.jpg");
INSERT INTO pic VALUES("000354","00066","000354.jpg");
INSERT INTO pic VALUES("000355","00068","000355.jpg");
INSERT INTO pic VALUES("000356","00068","000356.jpg");
INSERT INTO pic VALUES("000357","00066","000357.jpg");
INSERT INTO pic VALUES("000358","00070","000358.jpg");
INSERT INTO pic VALUES("000359","00070","000359.jpg");
INSERT INTO pic VALUES("000360","00070","000360.jpg");
INSERT INTO pic VALUES("000361","00070","000361.jpg");
INSERT INTO pic VALUES("000362","00070","000362.jpg");
INSERT INTO pic VALUES("000363","00070","000363.jpg");
INSERT INTO pic VALUES("000364","00070","000364.jpg");
INSERT INTO pic VALUES("000365","00071","000365.jpg");
INSERT INTO pic VALUES("000366","00071","000366.jpg");
INSERT INTO pic VALUES("000367","00071","000367.jpg");
INSERT INTO pic VALUES("000368","00071","000368.jpg");
INSERT INTO pic VALUES("000369","00071","000369.jpg");
INSERT INTO pic VALUES("000370","00071","000370.jpg");
INSERT INTO pic VALUES("000371","00071","000371.jpg");
INSERT INTO pic VALUES("000372","00072","000372.jpg");
INSERT INTO pic VALUES("000373","00072","000373.jpg");
INSERT INTO pic VALUES("000374","00072","000374.jpg");
INSERT INTO pic VALUES("000375","00072","000375.jpg");
INSERT INTO pic VALUES("000376","00072","000376.jpg");
INSERT INTO pic VALUES("000377","00072","000377.jpg");
INSERT INTO pic VALUES("000378","00072","000378.jpg");
INSERT INTO pic VALUES("000379","00073","000379.jpg");
INSERT INTO pic VALUES("000380","00073","000380.jpg");
INSERT INTO pic VALUES("000381","00073","000381.jpg");
INSERT INTO pic VALUES("000382","00073","000382.jpg");
INSERT INTO pic VALUES("000383","00073","000383.jpg");
INSERT INTO pic VALUES("000384","00073","000384.jpg");
INSERT INTO pic VALUES("000385","00073","000385.jpg");
INSERT INTO pic VALUES("000386","00074","000386.jpg");
INSERT INTO pic VALUES("000387","00074","000387.jpg");
INSERT INTO pic VALUES("000388","00074","000388.jpg");
INSERT INTO pic VALUES("000389","00074","000389.jpg");
INSERT INTO pic VALUES("000390","00074","000390.jpg");
INSERT INTO pic VALUES("000391","00074","000391.jpg");
INSERT INTO pic VALUES("000392","00074","000392.jpg");
INSERT INTO pic VALUES("000393","00075","000393.jpg");
INSERT INTO pic VALUES("000394","00075","000394.jpg");
INSERT INTO pic VALUES("000395","00075","000395.jpg");
INSERT INTO pic VALUES("000396","00075","000396.jpg");
INSERT INTO pic VALUES("000397","00077","000397.jpg");
INSERT INTO pic VALUES("000398","00077","000398.jpg");
INSERT INTO pic VALUES("000399","00077","000399.jpg");
INSERT INTO pic VALUES("000400","00077","000400.jpg");
INSERT INTO pic VALUES("000401","00077","000401.jpg");
INSERT INTO pic VALUES("000402","00077","000402.jpg");
INSERT INTO pic VALUES("000403","00077","000403.jpg");
INSERT INTO pic VALUES("000404","00078","000404.jpg");
INSERT INTO pic VALUES("000405","00078","000405.jpg");
INSERT INTO pic VALUES("000406","00078","000406.jpg");
INSERT INTO pic VALUES("000407","00078","000407.jpg");
INSERT INTO pic VALUES("000408","00078","000408.jpg");
INSERT INTO pic VALUES("000409","00078","000409.jpg");
INSERT INTO pic VALUES("000415","00081","000415.jpg");
INSERT INTO pic VALUES("000416","00081","000416.jpg");
INSERT INTO pic VALUES("000417","00081","000417.jpg");
INSERT INTO pic VALUES("000418","00081","000418.jpg");
INSERT INTO pic VALUES("000419","00081","000419.jpg");
INSERT INTO pic VALUES("000420","00081","000420.jpg");
INSERT INTO pic VALUES("000421","00082","000421.jpg");
INSERT INTO pic VALUES("000422","00082","000422.jpg");
INSERT INTO pic VALUES("000423","00082","000423.jpg");
INSERT INTO pic VALUES("000424","00082","000424.jpg");
INSERT INTO pic VALUES("000425","00082","000425.jpg");
INSERT INTO pic VALUES("000426","00082","000426.jpg");
INSERT INTO pic VALUES("000427","00079","000427.jpg");
INSERT INTO pic VALUES("000428","00079","000428.jpg");
INSERT INTO pic VALUES("000429","00079","000429.jpg");
INSERT INTO pic VALUES("000430","00079","000430.jpg");
INSERT INTO pic VALUES("000431","00079","000431.jpg");
INSERT INTO pic VALUES("000432","00079","000432.jpg");
INSERT INTO pic VALUES("000433","00079","000433.jpg");
INSERT INTO pic VALUES("000434","00083","000434.jpg");
INSERT INTO pic VALUES("000436","00083","000436.jpg");
INSERT INTO pic VALUES("000437","00083","000437.jpg");
INSERT INTO pic VALUES("000440","00083","000440.jpg");
INSERT INTO pic VALUES("000442","00083","000442.jpg");
INSERT INTO pic VALUES("000443","00083","000443.jpg");
INSERT INTO pic VALUES("000444","00083","000444.jpg");
INSERT INTO pic VALUES("000445","00084","000445.jpg");
INSERT INTO pic VALUES("000446","00084","000446.jpg");
INSERT INTO pic VALUES("000447","00084","000447.jpg");
INSERT INTO pic VALUES("000448","00084","000448.jpg");
INSERT INTO pic VALUES("000449","00084","000449.jpg");
INSERT INTO pic VALUES("000450","00084","000450.jpg");
INSERT INTO pic VALUES("000451","00084","000451.jpg");
INSERT INTO pic VALUES("000452","00085","000452.jpg");
INSERT INTO pic VALUES("000453","00085","000453.jpg");
INSERT INTO pic VALUES("000454","00085","000454.jpg");
INSERT INTO pic VALUES("000455","00085","000455.jpg");
INSERT INTO pic VALUES("000456","00085","000456.jpg");
INSERT INTO pic VALUES("000457","00085","000457.jpg");
INSERT INTO pic VALUES("000458","00085","000458.jpg");
INSERT INTO pic VALUES("000459","00086","000459.jpg");
INSERT INTO pic VALUES("000460","00086","000460.jpg");
INSERT INTO pic VALUES("000461","00086","000461.jpg");
INSERT INTO pic VALUES("000462","00086","000462.jpg");
INSERT INTO pic VALUES("000463","00086","000463.jpg");
INSERT INTO pic VALUES("000464","00086","000464.jpg");
INSERT INTO pic VALUES("000465","00086","000465.jpg");
INSERT INTO pic VALUES("000466","00087","000466.jpg");
INSERT INTO pic VALUES("000467","00087","000467.jpg");
INSERT INTO pic VALUES("000468","00087","000468.jpg");
INSERT INTO pic VALUES("000469","00087","000469.jpg");
INSERT INTO pic VALUES("000470","00087","000470.jpg");
INSERT INTO pic VALUES("000471","00087","000471.jpg");
INSERT INTO pic VALUES("000472","00087","000472.jpg");
INSERT INTO pic VALUES("000473","00089","000473.jpg");
INSERT INTO pic VALUES("000474","00089","000474.jpg");
INSERT INTO pic VALUES("000475","00089","000475.jpg");
INSERT INTO pic VALUES("000476","00089","000476.jpg");
INSERT INTO pic VALUES("000477","00089","000477.jpg");
INSERT INTO pic VALUES("000478","00089","000478.jpg");
INSERT INTO pic VALUES("000479","00089","000479.jpg");
INSERT INTO pic VALUES("000480","00090","000480.jpg");
INSERT INTO pic VALUES("000481","00090","000481.jpg");
INSERT INTO pic VALUES("000482","00090","000482.jpg");
INSERT INTO pic VALUES("000483","00090","000483.jpg");
INSERT INTO pic VALUES("000484","00090","000484.jpg");
INSERT INTO pic VALUES("000485","00090","000485.jpg");
INSERT INTO pic VALUES("000486","00090","000486.jpg");
INSERT INTO pic VALUES("000487","00088","000487.jpg");
INSERT INTO pic VALUES("000488","00088","000488.jpg");
INSERT INTO pic VALUES("000489","00088","000489.jpg");
INSERT INTO pic VALUES("000490","00088","000490.jpg");
INSERT INTO pic VALUES("000491","00088","000491.jpg");
INSERT INTO pic VALUES("000492","00088","000492.jpg");
INSERT INTO pic VALUES("000493","00088","000493.jpg");
INSERT INTO pic VALUES("000494","00091","000494.jpg");
INSERT INTO pic VALUES("000495","00091","000495.jpg");
INSERT INTO pic VALUES("000496","00091","000496.jpg");
INSERT INTO pic VALUES("000497","00091","000497.jpg");
INSERT INTO pic VALUES("000498","00091","000498.jpg");
INSERT INTO pic VALUES("000499","00091","000499.jpg");
INSERT INTO pic VALUES("000500","00091","000500.jpg");
INSERT INTO pic VALUES("000501","00092","000501.jpg");
INSERT INTO pic VALUES("000502","00092","000502.jpg");
INSERT INTO pic VALUES("000503","00092","000503.jpg");
INSERT INTO pic VALUES("000504","00092","000504.jpg");
INSERT INTO pic VALUES("000505","00092","000505.jpg");
INSERT INTO pic VALUES("000506","00092","000506.jpg");
INSERT INTO pic VALUES("000507","00092","000507.jpg");
INSERT INTO pic VALUES("000508","00094","000508.jpg");
INSERT INTO pic VALUES("000509","00094","000509.jpg");
INSERT INTO pic VALUES("000510","00094","000510.jpg");
INSERT INTO pic VALUES("000511","00094","000511.jpg");
INSERT INTO pic VALUES("000512","00094","000512.jpg");
INSERT INTO pic VALUES("000513","00094","000513.jpg");
INSERT INTO pic VALUES("000514","00094","000514.jpg");
INSERT INTO pic VALUES("000515","00093","000515.jpg");
INSERT INTO pic VALUES("000516","00093","000516.jpg");
INSERT INTO pic VALUES("000517","00093","000517.jpg");
INSERT INTO pic VALUES("000518","00093","000518.jpg");
INSERT INTO pic VALUES("000519","00093","000519.jpg");
INSERT INTO pic VALUES("000520","00093","000520.jpg");
INSERT INTO pic VALUES("000521","00093","000521.jpg");
INSERT INTO pic VALUES("000522","00095","000522.jpg");
INSERT INTO pic VALUES("000523","00095","000523.jpg");
INSERT INTO pic VALUES("000524","00095","000524.jpg");
INSERT INTO pic VALUES("000525","00095","000525.jpg");
INSERT INTO pic VALUES("000526","00095","000526.jpg");
INSERT INTO pic VALUES("000527","00095","000527.jpg");
INSERT INTO pic VALUES("000528","00095","000528.jpg");
INSERT INTO pic VALUES("000529","00100","000529.jpg");
INSERT INTO pic VALUES("000530","00100","000530.jpg");
INSERT INTO pic VALUES("000531","00100","000531.jpg");
INSERT INTO pic VALUES("000532","00100","000532.jpg");
INSERT INTO pic VALUES("000533","00100","000533.jpg");
INSERT INTO pic VALUES("000534","00100","000534.jpg");
INSERT INTO pic VALUES("000535","00100","000535.jpg");
INSERT INTO pic VALUES("000536","00101","000536.jpg");
INSERT INTO pic VALUES("000537","00101","000537.jpg");
INSERT INTO pic VALUES("000538","00101","000538.jpg");
INSERT INTO pic VALUES("000539","00101","000539.jpg");
INSERT INTO pic VALUES("000540","00101","000540.jpg");
INSERT INTO pic VALUES("000541","00101","000541.jpg");
INSERT INTO pic VALUES("000542","00101","000542.jpg");



DROP TABLE web_activity;

CREATE TABLE `web_activity` (
  `a_id` int(5) NOT NULL AUTO_INCREMENT,
  `a_name` char(200) DEFAULT NULL,
  `a_detail` text,
  `a_do` int(11) DEFAULT '0',
  `a_allro` int(1) DEFAULT '0',
  `a_format` char(2) DEFAULT '0',
  `a_date` date DEFAULT '0000-00-00',
  `a_order` int(9) DEFAULT '0',
  `a_news` int(1) DEFAULT '0',
  `ecode` int(9) DEFAULT NULL,
  `changat` timestamp NULL DEFAULT CURRENT_TIMESTAMP,
  PRIMARY KEY (`a_id`)
) ENGINE=MyISAM AUTO_INCREMENT=2 DEFAULT CHARSET=utf8;

INSERT INTO web_activity VALUES("1","werewr","","1","0","3","2024-08-01","1","0","41","2024-08-08 22:13:43");



DROP TABLE web_activity2;

CREATE TABLE `web_activity2` (
  `a_id` int(5) NOT NULL AUTO_INCREMENT,
  `a_name` char(200) DEFAULT NULL,
  `a_detail` text,
  `a_do` int(11) DEFAULT '0',
  `a_allro` int(1) DEFAULT '0',
  `a_format` char(2) DEFAULT '0',
  `a_date` date DEFAULT '0000-00-00',
  `a_order` int(9) DEFAULT '0',
  `a_news` int(1) DEFAULT '0',
  `ecode` int(9) DEFAULT NULL,
  `changat` timestamp NULL DEFAULT CURRENT_TIMESTAMP,
  PRIMARY KEY (`a_id`)
) ENGINE=MyISAM AUTO_INCREMENT=19 DEFAULT CHARSET=utf8;

INSERT INTO web_activity2 VALUES("8","การอบรมเชิงปฏิบัติการ การจัดการเรียนรู้และการวัดและการประเมินผล","<div color:=\"\" dir=\"auto\" font-size:=\"\" segoe=\"\" style=\"font-family: \" ui=\"\" white-space-collapse:=\"\">
	วันที่ 9 พฤษภาคม พ.ศ.2567คณะครูและบุคลากรทางการศึกษาโรงเรียนอนุบาลเชียงของ เข้าร่วมการอบรมเชิงปฏิบัติการ &ldquo;การจัดการเรียนรู้และการวัดและการประเมินผล ตามตัวชี้วัดปลายทาง ตัวชี้วัดระหว่างทาง ตามหลักสูตรแกนกลางการศึกษาขั้นพื้นฐาน พุทธศักราช 2551&ldquo; โดยท่าน ดร.ยุพิน บุญประเสริฐ และคณะศึกษานิเทศก์ จากสำนักงานเขตพื้นที่การศึกษาประถมศึกษาเชียงราย เขต 4 เป็นวิทยากรในการบรรยายและร่วมพัฒนาหลักสูตรสถานศึกษาโรงเรียนอนุบาลเชียงของ เพื่อนำไปสู่การจัดกิจกรรมการเรียนการสอนที่สอดคล้องกับหลักสูตรแกนกลางฯ สภาพบริบทของสถานศึกษา และการวัดและประเมินผลที่มีประสิทธิภาพ ที่จะส่งผลให้ผู้เรียนเกิดการพัฒนาศักยภาพในทุกๆ ด้านอย่างแท้จริง ณ ห้องประชุมประวัติอริเดช โรงเรียนอนุบาลเชียงของ</div>
","0","1","0","2024-05-09","0","0","41","2024-07-29 10:20:07");
INSERT INTO web_activity2 VALUES("13","ตรวจสุขภาพนักเรียน","<span style=\"color: rgb(5, 5, 5); font-family: &quot;Segoe UI Historic&quot;, &quot;Segoe UI&quot;, Helvetica, Arial, sans-serif; font-size: 15px; white-space-collapse: preserve;\">โรงเรียนอนุบาลเชียงของ ได้รับความอนุเคราะห์จากโรงพยาบาลสมเด็จพระยุพราชเชียงของ ตรวจสุขภาพนักเรียนตั้งแต่ระดับปฐมวัยจนถึงระดับมัธยมศึกษาปีที่ 3 เพื่อให้นักเรียนได้ตระหนักถึงความสำคัญของสุขภาพอนามัยและสามารถปฏิบัติตัวได้อย่างถูกวิธี ซึ่งจะส่งผลให้นักเรียนมีสุขอนามัยอยู่ในเกณฑ์ที่เหมาะสมและทำให้ผู้ปกครองมีความรู้ความเข้าใจ สามารถดูแลอนามัยของบุตรหลานได้ดียิ่งขึ้น</span>","0","1","0","2024-06-10","0","0","41","2024-07-29 14:11:00");
INSERT INTO web_activity2 VALUES("9","ค่าย ACK ร่วมใจส่งเสริมประชาธิปไตยในสถานศึกษา","<div dir=\"auto\" style=\"font-family: &quot;Segoe UI Historic&quot;, &quot;Segoe UI&quot;, Helvetica, Arial, sans-serif; color: rgb(5, 5, 5); font-size: 15px; white-space-collapse: preserve;\">
	วันที่ 11-12 พฤษภาคม 2567โรงเรียนอนุบาลเชียงของ จัดกิจกรรมค่าย ACK ร่วมใจส่งเสริมประชาธิปไตยในสถานศึกษา โดยมีนักเรียนที่เป็นสภานักเรียนและตัวแทนเครือข่ายนักเรียนระดับชั้นมัธยมศึกษาตอนต้นและตัวแทนสภานักเรียนระดับประถมศึกษาแต่ละระดับชั้นจำนวน 70 คน มีวัตถุประสงค์เพื่อให้นักเรียนมีความประพฤติดี มีระเบียบวินัย ฝึกการทำงานร่วมกับผู้อื่น รู้จักปรับตัว เสียสละ และเคารพในการตัดสินใจของผู้อื่น ในการจัดกิจกรรมครั้งนี้ได้รับเกียรติจากวิทยากรกลุ่ม GRAND D.Y.C. (แกรนด์ ดี.วาย.ซี.) <span class=\"html-span xdj266r x11i5rnm xat24cr x1mh8g0r xexx8yu x4uap5 x18d9i69 xkhd6sd x1hl2dhg x16tdsg8 x1vvkbs\" style=\"font-family: inherit; margin: 0px; text-align: inherit; overflow-wrap: break-word; padding: 0px;\"></span>ซึ่งมีความเชี่ยวชาญด้านการจัดกิจกรรมสภานักเรียนระดับประเทศ ดังนี้ 1. นายนราธิป อินทรปัญญา ตำแหน่ง ครูชำนาญการ โรงเรียนจักรคำคณาทร จังหวัดลำพูน สพม.ลำปาง ลำพูน 2. นางสาวกนกพร จิราภัทร์ ตำแหน่ง ครูชำนาญการ โรงเรียนบ้านมูเซอ 3. นายเอกอาทิตย์ ตาใจ ตำแหน่ง ครู โรงเรียนจักรคำคณาทร จังหวัดลำพูน สพม.ลำปาง ลำพูน 4. นายจิรานุวัฒน์ ใจพิมพ์สว่าง ตำแหน่ง ครูชำนาญการ โรงเรียนจักรคำคณาทร จังหวัดลำพูน สพม.ลำปาง ลำพูน และ 5. นายณัฐวัฒน์ ยาธิ</div>
","0","1","0","2024-05-11","0","0","41","2024-07-29 11:17:48");
INSERT INTO web_activity2 VALUES("10","การอบรมเชิงปฏิบัติการ การดำเนินโครงการเสริมสร้างคุณธรรม จริยธรรม และธรรมาภิบาลในสถานศึกษา","<div dir=\"auto\" style=\"font-family: &quot;Segoe UI Historic&quot;, &quot;Segoe UI&quot;, Helvetica, Arial, sans-serif; color: rgb(5, 5, 5); font-size: 15px; white-space-collapse: preserve;\">
	วันที่ 14 พฤษภาคม 2567 โรงเรียนอนุบาลเชียงของ โดยนางสาวขวัญจิรา กองสุข รองผู้อำนวยการฝ่ายบริหารงานวิชาการ และครูสิริรักษ์ หมอนเขื่อน ครูผู้สอนกลุ่มสาระสังคมศึกษา ศาสนา และวัฒนธรรม เข้าร่วมการอบรมเชิงปฏิบัติการ การดำเนินโครงการเสริมสร้างคุณธรรม จริยธรรม และธรรมาภิบาลในสถานศึกษา (โครงการโรงเรียนสุจริต) ประจำปีงบประมาณ 2567 เพื่อปรับปรุงโครงสร้างรายวิชาเพิ่มเติม &ldquo;การป้องกันการทุจริต&rdquo; ในหลักสูตรสถานศึกษา ณ ห้องประชุมจอมจ้อ สพป.เชียงราย เขต 4</div>
","0","1","0","2024-05-14","0","0","41","2024-07-29 11:23:42");
INSERT INTO web_activity2 VALUES("11","ขอแสดงความยินดีกับนักเรียนและครูผู้สอนที่มีคะแนนสูงสุดจากผลการทดสอบระดับชาติขั้นพื้นฐาน O-NET","<span style=\"color: rgb(5, 5, 5); font-family: &quot;Segoe UI Historic&quot;, &quot;Segoe UI&quot;, Helvetica, Arial, sans-serif; font-size: 15px; white-space-collapse: preserve;\">โรงเรียนอนุบาลเชียงของ ขอแสดงความยินดีกับนักเรียนและครูผู้สอนที่มีคะแนนสูงสุดจากผลการทดสอบระดับชาติขั้นพื้นฐาน O-NET ระดับชั้นประถมศึกษาปีที่ 6 และระดับชั้นมัธยมศึกษาปีที่ 3 ปีการศึกษา 2566</span>","0","1","0","2024-05-15","0","0","41","2024-07-29 11:28:22");
INSERT INTO web_activity2 VALUES("12","ต้อนรับนักศึกษาฝึกประสบการณ์วิชาชีพครูสอนภาษาจีน​","<div dir=\"auto\" style=\"font-family: &quot;Segoe UI Historic&quot;, &quot;Segoe UI&quot;, Helvetica, Arial, sans-serif; color: rgb(5, 5, 5); font-size: 15px; white-space-collapse: preserve;\">
	โรงเรียนอนุบาลเชียงของ นำโดยคณะกรรมการฝ่ายบริหารโรงเรียน ร่วมต้อนรับนักศึกษาฝึกประสบการณ์วิชาชีพครูสอนภาษาจีน​ จำนวน​ 2 ท่าน ได้แก่</div>
<div dir=\"auto\" style=\"font-family: &quot;Segoe UI Historic&quot;, &quot;Segoe UI&quot;, Helvetica, Arial, sans-serif; color: rgb(5, 5, 5); font-size: 15px; white-space-collapse: preserve;\">
	1. เหล่าซือ​ LU RUI</div>
<div dir=\"auto\" style=\"font-family: &quot;Segoe UI Historic&quot;, &quot;Segoe UI&quot;, Helvetica, Arial, sans-serif; color: rgb(5, 5, 5); font-size: 15px; white-space-collapse: preserve;\">
	2. เหล่าซือ​ PENG QING</div>
<div dir=\"auto\" style=\"font-family: &quot;Segoe UI Historic&quot;, &quot;Segoe UI&quot;, Helvetica, Arial, sans-serif; color: rgb(5, 5, 5); font-size: 15px; white-space-collapse: preserve;\">
	ในโครงการ​ Global Internship Program (GIP) จากมหาวิทยาลัย​ Chuxiong Normal University ประเทศจีน</div>
","0","1","0","2024-05-15","0","0","41","2024-07-29 11:36:49");
INSERT INTO web_activity2 VALUES("14","พิธีไหว้ครู ประจำปี 2567","<span style=\"color: rgb(5, 5, 5); font-family: &quot;Segoe UI Historic&quot;, &quot;Segoe UI&quot;, Helvetica, Arial, sans-serif; font-size: 15px; white-space-collapse: preserve;\">โรงเรียนอนุบาลเชียงของ จัดพิธีไหว้ครู ประจำปี 2567 เพื่อให้ศิษย์แสดงความเคารพ ยอมรับนับถือเป็นครูบาอาจารย์อย่างจริงใจว่าท่าน เพรียบพร้อมด้วยคุณธรรมความรู้ ศิษย์ในฐานะผู้สืบทอดมรดกทางวิชาการจึงพร้อมใจกันปวารณาตนรับการถ่ายทอดวิชาความรู้ด้วยความวิริยะ อุตสาหะ มานะ อดทน เพื่อให้บรรลุเป้าหมายปลายทางของการศึกษาตามที่ตั้งใจไว้ นอกจากจะเป็นธรรมเนียมอันดีงามที่มีส่วนโน้มน้าวจิตใจคนให้รักษาคุณความดี และช่วยธำรงรักษาวิทยาการให้สืบเนื่องต่อไปแล้ว </span><span class=\"html-span xdj266r x11i5rnm xat24cr x1mh8g0r xexx8yu x4uap5 x18d9i69 xkhd6sd x1hl2dhg x16tdsg8 x1vvkbs\" style=\"margin: 0px; overflow-wrap: break-word; padding: 0px; font-family: &quot;Segoe UI Historic&quot;, &quot;Segoe UI&quot;, Helvetica, Arial, sans-serif; color: rgb(5, 5, 5); font-size: 15px; white-space-collapse: preserve;\"></span><span style=\"color: rgb(5, 5, 5); font-family: &quot;Segoe UI Historic&quot;, &quot;Segoe UI&quot;, Helvetica, Arial, sans-serif; font-size: 15px; white-space-collapse: preserve;\">การที่ศิษย์แสดงความเคารพยอมรับนับถือครูตั้งแต่เบื้องต้น ก็มีส่วนทำให้ครูเกิดความรัก ความเมตตาต่อศิษย์ อยากมอบวิชาความรู้ให้อย่างเต็มที่ และศิษย์เองก็จะมีความรู้สึกผูกพันใกล้ชิด เกิดมั่นใจว่าตนจะมีผู้คุ้มครองดูแล สั่งสอนให้ไปสู่หนทางแห่งความดีงาม และความเจริญก้าวหน้าต่อไปในอนาคต</span>","0","1","0","2024-06-13","0","0","41","2024-07-29 14:13:37");
INSERT INTO web_activity2 VALUES("15","การประชุมวิชาการการพัฒนาเด็กและเยาวชนในถิ่นทุรกันดาร","<span style=\"color: rgb(5, 5, 5); font-family: &quot;Segoe UI Historic&quot;, &quot;Segoe UI&quot;, Helvetica, Arial, sans-serif; font-size: 15px; white-space-collapse: preserve;\">โรงเรียนอนุบาลเชียงของ เป็นสถานที่จัดการแข่งขันทักษะวิชาการนักเรียนในการประชุมวิชาการการพัฒนาเด็กและเยาวชนในถิ่นทุรกันดาร ตามพระราชดำริ สมเด็จพระกนิษฐาธิราชเจ้า กรมสมเด็จพระเทพรัตนราชสุดา ฯ สยามบรมราชกุมารี ประจำปี 2567 ระดับสำนักงานเขตพื้นที่การศึกษา โดยส่งคณะครูเข้าร่วมเป็นคณะกรรมการตัดสินผลงานนักเรียนจำนวน 5 ท่าน ในกิจกรรมการประกวดวาดภาพระบายสี การเขียนเรียงความภาษาไทย และการคัดลายมือภาษาไทย</span>","0","1","0","2024-07-16","0","0","41","2024-07-29 14:33:31");
INSERT INTO web_activity2 VALUES("16","ทำบุญและสวดเจริญพระพุทธมนต์ซุ้มพระพุทธรูปประจำโรงเรียน และถวายเทียนพรรษา","<span style=\"color: rgb(5, 5, 5); font-family: &quot;Segoe UI Historic&quot;, &quot;Segoe UI&quot;, Helvetica, Arial, sans-serif; font-size: 15px; white-space-collapse: preserve;\">โรงเรียนอนุบาลเชียงของ จัดทำบุญและสวดเจริญพระพุทธมนต์ซุ้มพระพุทธรูปประจำโรงเรียน และถวายเทียนพรรษา เนื่องในวันเข้าพรรษา ประจำปี 2567 ทางโรงเรียนขอขอบคุณชมรมผู้บริหาร คณะครูเกษียณอายุราชการ (ชมรมบัวบานอนุบาลเชียงของ) ศิษย์เก่า ผู้ปกครอง คณะกรรมการสถานศึกษาขั้นพื้นฐาน ชุมชน ผู้บริหาร คณะครู และนักเรียน ที่ร่วมทำบุญบริจาคกับทางโรงเรียนมา ณ โอกาสนี้ค่ะ</span>","0","1","0","2024-07-19","0","0","41","2024-07-29 14:35:02");
INSERT INTO web_activity2 VALUES("17","กิจกรรมวันสุนทรภู่ สู่วันภาษาไทย","<span style=\"color: rgb(5, 5, 5); font-family: &quot;Segoe UI Historic&quot;, &quot;Segoe UI&quot;, Helvetica, Arial, sans-serif; font-size: 15px; white-space-collapse: preserve;\">โรงเรียนอนุบาลเชียงของ ได้จัดกิจกรรมวันสุนทรภู่ สู่วันภาษาไทยขึ้น โดยมีกิจกรรมมากมาย เพื่อเป็นการกระตุ้นและปลุกจิตสำนึกของนักเรียน ให้ตระหนักถึงความสำคัญและคุณค่าของภาษาไทย ตลอดจนร่วมมือร่วมใจกันทำบุบำรุง ส่งเสริม และอนุรักษ์ภาษาไทย ณ หอประชุม หลวงพ่อเพชร โรงเรียนอนุบาลเชียงของ</span>","0","1","0","2024-07-26","0","0","41","2024-07-29 14:43:58");
INSERT INTO web_activity2 VALUES("18","พิธีลงนามถวายพระพรชัยมงคล เนื่องในโอกาสวันเฉลิมพระชนมพรรษาพระบาทสมเด็จพระเจ้าอยู่หัว","<font color=\"#050505\" face=\"Segoe UI Historic, Segoe UI, Helvetica, Arial, sans-serif\"><span style=\"font-size: 14px;\">โรงเรียนอนุบาลเชียงของ นำโดยนายเจริญ นันไชยวงค์ ผู้อำนวยการโรงเรียน พร้อมด้วยรองผู้อำนวยการ คณะครู บุคลากรทางการศึกษา และนักเรียน โรงเรียนอนุบาลเชียงของ ร่วมพิธีลงนามถวายพระพรชัยมงคล เนื่องในโอกาสวันเฉลิมพระชนมพรรษาพระบาทสมเด็จพระเจ้าอยู่หัว ด้วยสำนักในพระมหากรุณาธิคุณ ในการนี้นายเจริญ นันไชยวงค์ ผู้อำนวยการโรงเรียน เป็นประธานในพิธีวางพานพุ่มเงิน-พุ่มทอง ถวายราชสักการะ กล่าวถวายพระพรชัยมงคล และลงนามถวายสัตย์ปฏิญาณเพื่อเป็นข้าราชการที่ดีและพลังของแผ่นดิน ณ หอประชุมหลวงพ่อเพชร โรงเรียนอนุบาลเชียงของ</span></font>","0","1","0","2024-07-25","0","0","41","2024-07-29 14:45:41");



DROP TABLE web_activity_pic2;

CREATE TABLE `web_activity_pic2` (
  `ap_id` int(9) NOT NULL AUTO_INCREMENT,
  `a_id` int(5) DEFAULT NULL,
  `pic_name` varchar(50) DEFAULT NULL,
  `pic_order` int(2) DEFAULT NULL,
  `ecode` int(9) DEFAULT NULL,
  `changed_at` timestamp NULL DEFAULT CURRENT_TIMESTAMP,
  PRIMARY KEY (`ap_id`)
) ENGINE=MyISAM AUTO_INCREMENT=140 DEFAULT CHARSET=utf8;

INSERT INTO web_activity_pic2 VALUES("1","8","1.jpg","1","41","2024-07-29 10:22:57");
INSERT INTO web_activity_pic2 VALUES("2","8","2.jpg","2","41","2024-07-29 10:23:03");
INSERT INTO web_activity_pic2 VALUES("3","8","3.jpg","3","41","2024-07-29 10:23:09");
INSERT INTO web_activity_pic2 VALUES("4","8","4.jpg","4","41","2024-07-29 10:23:17");
INSERT INTO web_activity_pic2 VALUES("5","8","5.jpg","5","41","2024-07-29 10:23:22");
INSERT INTO web_activity_pic2 VALUES("6","8","6.jpg","6","41","2024-07-29 10:23:28");
INSERT INTO web_activity_pic2 VALUES("7","8","7.jpg","7","41","2024-07-29 10:23:34");
INSERT INTO web_activity_pic2 VALUES("8","8","8.jpg","8","41","2024-07-29 10:23:42");
INSERT INTO web_activity_pic2 VALUES("9","8","9.jpg","9","41","2024-07-29 10:23:46");
INSERT INTO web_activity_pic2 VALUES("10","8","10.jpg","10","41","2024-07-29 10:23:50");
INSERT INTO web_activity_pic2 VALUES("11","8","11.jpg","11","41","2024-07-29 10:23:59");
INSERT INTO web_activity_pic2 VALUES("12","8","12.jpg","12","41","2024-07-29 10:24:03");
INSERT INTO web_activity_pic2 VALUES("13","8","13.jpg","13","41","2024-07-29 10:24:10");
INSERT INTO web_activity_pic2 VALUES("14","8","14.jpg","14","41","2024-07-29 10:24:18");
INSERT INTO web_activity_pic2 VALUES("15","8","15.jpg","15","41","2024-07-29 10:24:25");
INSERT INTO web_activity_pic2 VALUES("16","9","16.jpg","1","41","2024-07-29 11:20:46");
INSERT INTO web_activity_pic2 VALUES("17","9","17.jpg","2","41","2024-07-29 11:20:52");
INSERT INTO web_activity_pic2 VALUES("18","9","18.jpg","3","41","2024-07-29 11:20:58");
INSERT INTO web_activity_pic2 VALUES("19","9","19.jpg","4","41","2024-07-29 11:21:03");
INSERT INTO web_activity_pic2 VALUES("20","9","20.jpg","5","41","2024-07-29 11:21:07");
INSERT INTO web_activity_pic2 VALUES("21","9","21.jpg","6","41","2024-07-29 11:21:12");
INSERT INTO web_activity_pic2 VALUES("22","9","22.jpg","7","41","2024-07-29 11:21:16");
INSERT INTO web_activity_pic2 VALUES("23","9","23.jpg","8","41","2024-07-29 11:21:23");
INSERT INTO web_activity_pic2 VALUES("24","9","24.jpg","9","41","2024-07-29 11:21:29");
INSERT INTO web_activity_pic2 VALUES("25","9","25.jpg","10","41","2024-07-29 11:21:36");
INSERT INTO web_activity_pic2 VALUES("26","9","26.jpg","11","41","2024-07-29 11:21:41");
INSERT INTO web_activity_pic2 VALUES("27","9","27.jpg","12","41","2024-07-29 11:21:46");
INSERT INTO web_activity_pic2 VALUES("28","9","28.jpg","13","41","2024-07-29 11:21:51");
INSERT INTO web_activity_pic2 VALUES("29","9","29.jpg","14","41","2024-07-29 11:21:59");
INSERT INTO web_activity_pic2 VALUES("30","9","30.jpg","15","41","2024-07-29 11:22:03");
INSERT INTO web_activity_pic2 VALUES("31","9","31.jpg","16","41","2024-07-29 11:22:08");
INSERT INTO web_activity_pic2 VALUES("32","9","32.jpg","17","41","2024-07-29 11:22:12");
INSERT INTO web_activity_pic2 VALUES("33","9","33.jpg","18","41","2024-07-29 11:22:19");
INSERT INTO web_activity_pic2 VALUES("34","10","34.jpg","1","41","2024-07-29 11:25:09");
INSERT INTO web_activity_pic2 VALUES("35","10","35.jpg","2","41","2024-07-29 11:25:13");
INSERT INTO web_activity_pic2 VALUES("36","10","36.jpg","3","41","2024-07-29 11:25:19");
INSERT INTO web_activity_pic2 VALUES("37","10","37.jpg","4","41","2024-07-29 11:25:23");
INSERT INTO web_activity_pic2 VALUES("38","10","38.jpg","5","41","2024-07-29 11:25:31");
INSERT INTO web_activity_pic2 VALUES("39","10","39.jpg","6","41","2024-07-29 11:25:34");
INSERT INTO web_activity_pic2 VALUES("40","10","40.jpg","7","41","2024-07-29 11:25:39");
INSERT INTO web_activity_pic2 VALUES("41","10","41.jpg","8","41","2024-07-29 11:25:43");
INSERT INTO web_activity_pic2 VALUES("42","11","42.jpg","1","41","2024-07-29 11:32:04");
INSERT INTO web_activity_pic2 VALUES("43","11","43.jpg","2","41","2024-07-29 11:32:09");
INSERT INTO web_activity_pic2 VALUES("44","11","44.jpg","3","41","2024-07-29 11:32:12");
INSERT INTO web_activity_pic2 VALUES("45","11","45.jpg","4","41","2024-07-29 11:32:16");
INSERT INTO web_activity_pic2 VALUES("46","11","46.jpg","5","41","2024-07-29 11:32:20");
INSERT INTO web_activity_pic2 VALUES("47","11","47.jpg","6","41","2024-07-29 11:32:24");
INSERT INTO web_activity_pic2 VALUES("48","11","48.jpg","7","41","2024-07-29 11:32:28");
INSERT INTO web_activity_pic2 VALUES("49","11","49.jpg","8","41","2024-07-29 11:32:32");
INSERT INTO web_activity_pic2 VALUES("50","11","50.jpg","9","41","2024-07-29 11:32:36");
INSERT INTO web_activity_pic2 VALUES("51","11","51.jpg","10","41","2024-07-29 11:32:40");
INSERT INTO web_activity_pic2 VALUES("52","12","52.jpg","1","41","2024-07-29 14:09:51");
INSERT INTO web_activity_pic2 VALUES("53","12","53.jpg","2","41","2024-07-29 14:09:56");
INSERT INTO web_activity_pic2 VALUES("54","12","54.jpg","3","41","2024-07-29 14:10:05");
INSERT INTO web_activity_pic2 VALUES("55","13","55.jpg","1","41","2024-07-29 14:17:40");
INSERT INTO web_activity_pic2 VALUES("56","13","56.jpg","2","41","2024-07-29 14:17:47");
INSERT INTO web_activity_pic2 VALUES("57","13","57.jpg","3","41","2024-07-29 14:17:52");
INSERT INTO web_activity_pic2 VALUES("58","13","58.jpg","4","41","2024-07-29 14:17:55");
INSERT INTO web_activity_pic2 VALUES("59","13","59.jpg","5","41","2024-07-29 14:18:00");
INSERT INTO web_activity_pic2 VALUES("60","13","60.jpg","6","41","2024-07-29 14:18:04");
INSERT INTO web_activity_pic2 VALUES("61","13","61.jpg","7","41","2024-07-29 14:18:11");
INSERT INTO web_activity_pic2 VALUES("62","13","62.jpg","8","41","2024-07-29 14:18:15");
INSERT INTO web_activity_pic2 VALUES("63","13","63.jpg","9","41","2024-07-29 14:18:24");
INSERT INTO web_activity_pic2 VALUES("64","13","64.jpg","10","41","2024-07-29 14:18:28");
INSERT INTO web_activity_pic2 VALUES("65","14","65.jpg","1","41","2024-07-29 14:18:58");
INSERT INTO web_activity_pic2 VALUES("66","14","66.jpg","2","41","2024-07-29 14:19:04");
INSERT INTO web_activity_pic2 VALUES("67","14","67.jpg","3","41","2024-07-29 14:19:10");
INSERT INTO web_activity_pic2 VALUES("68","14","68.jpg","4","41","2024-07-29 14:19:15");
INSERT INTO web_activity_pic2 VALUES("69","14","69.jpg","5","41","2024-07-29 14:19:24");
INSERT INTO web_activity_pic2 VALUES("70","14","70.jpg","6","41","2024-07-29 14:19:33");
INSERT INTO web_activity_pic2 VALUES("71","14","71.jpg","7","41","2024-07-29 14:19:37");
INSERT INTO web_activity_pic2 VALUES("72","14","72.jpg","8","41","2024-07-29 14:19:42");
INSERT INTO web_activity_pic2 VALUES("73","14","73.jpg","9","41","2024-07-29 14:19:48");
INSERT INTO web_activity_pic2 VALUES("74","14","74.jpg","10","41","2024-07-29 14:19:55");
INSERT INTO web_activity_pic2 VALUES("75","14","75.jpg","11","41","2024-07-29 14:20:01");
INSERT INTO web_activity_pic2 VALUES("76","15","76.jpg","1","41","2024-07-29 14:35:16");
INSERT INTO web_activity_pic2 VALUES("77","15","77.jpg","2","41","2024-07-29 14:35:20");
INSERT INTO web_activity_pic2 VALUES("78","15","78.jpg","3","41","2024-07-29 14:35:24");
INSERT INTO web_activity_pic2 VALUES("79","15","79.jpg","4","41","2024-07-29 14:35:31");
INSERT INTO web_activity_pic2 VALUES("80","15","80.jpg","5","41","2024-07-29 14:35:35");
INSERT INTO web_activity_pic2 VALUES("81","15","81.jpg","6","41","2024-07-29 14:35:40");
INSERT INTO web_activity_pic2 VALUES("82","15","82.jpg","7","41","2024-07-29 14:35:47");
INSERT INTO web_activity_pic2 VALUES("83","15","83.jpg","8","41","2024-07-29 14:35:51");
INSERT INTO web_activity_pic2 VALUES("84","16","84.jpg","1","41","2024-07-29 14:40:24");
INSERT INTO web_activity_pic2 VALUES("85","16","85.jpg","2","41","2024-07-29 14:40:29");
INSERT INTO web_activity_pic2 VALUES("86","16","86.jpg","3","41","2024-07-29 14:40:34");
INSERT INTO web_activity_pic2 VALUES("87","16","87.jpg","4","41","2024-07-29 14:40:38");
INSERT INTO web_activity_pic2 VALUES("88","16","88.jpg","5","41","2024-07-29 14:40:41");
INSERT INTO web_activity_pic2 VALUES("89","16","89.jpg","6","41","2024-07-29 14:40:45");
INSERT INTO web_activity_pic2 VALUES("90","16","90.jpg","7","41","2024-07-29 14:40:49");
INSERT INTO web_activity_pic2 VALUES("91","16","91.jpg","8","41","2024-07-29 14:40:53");
INSERT INTO web_activity_pic2 VALUES("92","16","92.jpg","9","41","2024-07-29 14:40:57");
INSERT INTO web_activity_pic2 VALUES("93","16","93.jpg","10","41","2024-07-29 14:41:01");
INSERT INTO web_activity_pic2 VALUES("94","16","94.jpg","11","41","2024-07-29 14:41:04");
INSERT INTO web_activity_pic2 VALUES("95","16","95.jpg","12","41","2024-07-29 14:41:09");
INSERT INTO web_activity_pic2 VALUES("96","16","96.jpg","13","41","2024-07-29 14:41:14");
INSERT INTO web_activity_pic2 VALUES("97","16","97.jpg","14","41","2024-07-29 14:41:19");
INSERT INTO web_activity_pic2 VALUES("98","16","98.jpg","15","41","2024-07-29 14:41:23");
INSERT INTO web_activity_pic2 VALUES("99","16","99.jpg","16","41","2024-07-29 14:41:31");
INSERT INTO web_activity_pic2 VALUES("100","16","100.jpg","17","41","2024-07-29 14:41:41");
INSERT INTO web_activity_pic2 VALUES("101","16","101.jpg","18","41","2024-07-29 14:41:45");
INSERT INTO web_activity_pic2 VALUES("102","16","102.jpg","19","41","2024-07-29 14:41:51");
INSERT INTO web_activity_pic2 VALUES("103","16","103.jpg","20","41","2024-07-29 14:41:54");
INSERT INTO web_activity_pic2 VALUES("104","16","104.jpg","21","41","2024-07-29 14:41:58");
INSERT INTO web_activity_pic2 VALUES("105","16","105.jpg","22","41","2024-07-29 14:42:01");
INSERT INTO web_activity_pic2 VALUES("106","16","106.jpg","23","41","2024-07-29 14:42:07");
INSERT INTO web_activity_pic2 VALUES("107","18","107.jpg","1","41","2024-07-29 14:47:43");
INSERT INTO web_activity_pic2 VALUES("108","18","108.jpg","2","41","2024-07-29 14:47:56");
INSERT INTO web_activity_pic2 VALUES("109","18","109.jpg","3","41","2024-07-29 14:48:00");
INSERT INTO web_activity_pic2 VALUES("110","18","110.jpg","4","41","2024-07-29 14:48:05");
INSERT INTO web_activity_pic2 VALUES("111","18","111.jpg","5","41","2024-07-29 14:48:12");
INSERT INTO web_activity_pic2 VALUES("112","18","112.jpg","6","41","2024-07-29 14:48:16");
INSERT INTO web_activity_pic2 VALUES("113","18","113.jpg","7","41","2024-07-29 14:48:20");
INSERT INTO web_activity_pic2 VALUES("114","18","114.jpg","8","41","2024-07-29 14:48:24");
INSERT INTO web_activity_pic2 VALUES("115","18","115.jpg","9","41","2024-07-29 14:48:32");
INSERT INTO web_activity_pic2 VALUES("116","18","116.jpg","10","41","2024-07-29 14:48:37");
INSERT INTO web_activity_pic2 VALUES("117","18","117.jpg","11","41","2024-07-29 14:48:43");
INSERT INTO web_activity_pic2 VALUES("118","18","118.jpg","12","41","2024-07-29 14:48:48");
INSERT INTO web_activity_pic2 VALUES("119","17","119.jpg","1","41","2024-07-29 14:52:30");
INSERT INTO web_activity_pic2 VALUES("120","17","120.jpg","2","41","2024-07-29 14:52:55");
INSERT INTO web_activity_pic2 VALUES("121","17","121.jpg","3","41","2024-07-29 14:52:59");
INSERT INTO web_activity_pic2 VALUES("122","17","122.jpg","4","41","2024-07-29 14:53:03");
INSERT INTO web_activity_pic2 VALUES("123","17","123.jpg","5","41","2024-07-29 14:53:07");
INSERT INTO web_activity_pic2 VALUES("124","17","124.jpg","6","41","2024-07-29 14:53:11");
INSERT INTO web_activity_pic2 VALUES("125","17","125.jpg","7","41","2024-07-29 14:53:15");
INSERT INTO web_activity_pic2 VALUES("126","17","126.jpg","8","41","2024-07-29 14:53:20");
INSERT INTO web_activity_pic2 VALUES("127","17","127.jpg","9","41","2024-07-29 14:53:23");
INSERT INTO web_activity_pic2 VALUES("128","17","128.jpg","10","41","2024-07-29 14:53:28");
INSERT INTO web_activity_pic2 VALUES("129","17","129.jpg","11","41","2024-07-29 14:53:31");
INSERT INTO web_activity_pic2 VALUES("130","17","130.jpg","12","41","2024-07-29 14:53:35");
INSERT INTO web_activity_pic2 VALUES("131","17","131.jpg","13","41","2024-07-29 14:53:40");
INSERT INTO web_activity_pic2 VALUES("132","17","132.jpg","14","41","2024-07-29 14:53:44");
INSERT INTO web_activity_pic2 VALUES("133","17","133.jpg","15","41","2024-07-29 14:53:47");
INSERT INTO web_activity_pic2 VALUES("134","17","134.jpg","16","41","2024-07-29 14:53:52");
INSERT INTO web_activity_pic2 VALUES("135","17","135.jpg","17","41","2024-07-29 14:53:56");
INSERT INTO web_activity_pic2 VALUES("136","17","136.jpg","18","41","2024-07-29 14:54:00");
INSERT INTO web_activity_pic2 VALUES("137","17","137.jpg","19","41","2024-07-29 14:54:04");
INSERT INTO web_activity_pic2 VALUES("138","17","138.jpg","20","41","2024-07-29 14:54:08");
INSERT INTO web_activity_pic2 VALUES("139","17","139.jpg","21","41","2024-07-29 14:54:12");



DROP TABLE web_agencies;

CREATE TABLE `web_agencies` (
  `agencies_id` int(9) NOT NULL AUTO_INCREMENT,
  `a_id` int(5) DEFAULT NULL,
  `soft_id` char(2) DEFAULT NULL,
  `ecode` int(9) DEFAULT NULL,
  `changed_at` timestamp NULL DEFAULT CURRENT_TIMESTAMP,
  PRIMARY KEY (`agencies_id`)
) ENGINE=MyISAM DEFAULT CHARSET=utf8;




DROP TABLE web_chat;

CREATE TABLE `web_chat` (
  `id` int(11) NOT NULL AUTO_INCREMENT,
  `queries` varchar(300) CHARACTER SET utf8 DEFAULT NULL,
  `replies` varchar(300) CHARACTER SET utf8 DEFAULT NULL,
  PRIMARY KEY (`id`)
) ENGINE=InnoDB AUTO_INCREMENT=10 DEFAULT CHARSET=latin1;

INSERT INTO web_chat VALUES("1","ติดต่อขอใช้สถานที่ ","อาคารสบสมสามัคคี ชั้น 1");
INSERT INTO web_chat VALUES("2","ฝ่ายปกครองของโรงเรียน    ","นายเสกสรร ช่วยแก้ไข , นายคมสัน สุสี");
INSERT INTO web_chat VALUES("3","ขอใบรับรอง ","อาคารสบสมสามัคคี ชั้น 1");
INSERT INTO web_chat VALUES("4","สอบถามเบอร์โทรโรงเรียน ","053727258");
INSERT INTO web_chat VALUES("5","ขอใบ ป.พ ที่ใหน","อาคารสบสมชั้นล่าง ");
INSERT INTO web_chat VALUES("6","เบอร์โทรผู้อำนวยการโรงเรียน","0985563648");
INSERT INTO web_chat VALUES("7","สอบถามการสมัครเรียน","053727258");
INSERT INTO web_chat VALUES("8","ฝาก ถอน ออมทรัพย์นักเรียน","อาคารสบสมสามัคคี ชั้น 1");
INSERT INTO web_chat VALUES("9","ติดต่อเบิกเงินประกันอุบ้ติเหตุ","อาคารสบสมสามัคคี ชั้น 1");



DROP TABLE web_con_new;

CREATE TABLE `web_con_new` (
  `id` char(1) NOT NULL DEFAULT '',
  `show_n1` char(2) DEFAULT NULL,
  `show_n2` char(2) DEFAULT NULL,
  `show_n3` char(2) DEFAULT NULL,
  `pic_n` char(2) DEFAULT NULL,
  PRIMARY KEY (`id`)
) ENGINE=MyISAM DEFAULT CHARSET=tis620;

INSERT INTO web_con_new VALUES("1","4","10","7","7");



DROP TABLE web_enew;

CREATE TABLE `web_enew` (
  `id` int(9) NOT NULL AUTO_INCREMENT,
  `n_name` varchar(255) DEFAULT NULL,
  `n_detail` text,
  `h_id` int(2) DEFAULT NULL,
  `n_doc` varchar(15) DEFAULT NULL,
  `n_date` datetime DEFAULT '0000-00-00 00:00:00',
  `n_link` varchar(200) DEFAULT NULL,
  `n_status` int(1) DEFAULT '0',
  `n_ecode` int(9) DEFAULT NULL,
  `n_count` int(4) DEFAULT NULL,
  PRIMARY KEY (`id`)
) ENGINE=MyISAM AUTO_INCREMENT=4 DEFAULT CHARSET=utf8;

INSERT INTO web_enew VALUES("1","sdsad","sadasdsadasdasdasdasdasdasdasdasdasdas","0","","2024-02-16 11:43:06","https://www.facebook.com/","0","1","0");
INSERT INTO web_enew VALUES("2","sdsad","sadasd","2","","2024-02-16 11:44:07","https://www.facebook.com/","0","1","0");
INSERT INTO web_enew VALUES("3","sdsad","sadasd","2","","2024-02-16 11:45:09","https://www.facebook.com/","0","1","0");



DROP TABLE web_gall_format;

CREATE TABLE `web_gall_format` (
  `fo_id` int(2) NOT NULL DEFAULT '0',
  `fo_name` text,
  PRIMARY KEY (`fo_id`)
) ENGINE=MyISAM DEFAULT CHARSET=tis620;

INSERT INTO web_gall_format VALUES("1","<script type=\"text/javascript\" src=\"highslide/highslide.js\"></script>
<link rel=\"stylesheet\" type=\"text/css\" href=\"highslide/highslide.css\" />
<!--[if lt IE 7]>
<link rel=\"stylesheet\" type=\"text/css\" href=\"highslide/highslide-ie6.css\" />
<![endif]-->



<!--
    2) Optionally override the settings defined at the top
    of the highslide.js file. The parameter hs.graphicsDir is important!
-->

<script type=\"text/javascript\">
hs.registerOverlay({
	overlayId: \'closebutton\',
	position: \'top right\',
	fade: 2 // fading the semi-transparent overlay looks bad in IE
});


hs.graphicsDir = \'highslide/graphics/\';
hs.wrapperClassName = \'borderless\';
</script>");
INSERT INTO web_gall_format VALUES("2","<script type=\"text/javascript\" src=\"highslide/highslide-with-gallery.js\"></script>
<link rel=\"stylesheet\" type=\"text/css\" href=\"highslide/highslide.css\" />

<!--
	2) Optionally override the settings defined at the top
	of the highslide.js file. The parameter hs.graphicsDir is important!
-->

<script type=\"text/javascript\">
	hs.graphicsDir = \'highslide/graphics/\';
	hs.align = \'center\';
	hs.transitions = [\'expand\', \'crossfade\'];
	hs.outlineType = \'glossy-dark\';
	hs.wrapperClassName = \'dark\';
	hs.fadeInOut = true;
	//hs.dimmingOpacity = 0.75;

	// Add the controlbar
	if (hs.addSlideshow) hs.addSlideshow({
		//slideshowGroup: \'group1\',
		interval: 5000,
		repeat: false,
		useControls: true,
		fixedControls: \'fit\',
		overlayOptions: {
			opacity: .6,
			position: \'bottom center\',
			hideOnMouseOut: true
		}
	});


</script>");
INSERT INTO web_gall_format VALUES("3","<!--
	1 ) Reference to the files containing the JavaScript and CSS.
	These files must be located on your server.
-->

<script type=\"text/javascript\" src=\"highslide/highslide-with-gallery.js\"></script>
<link rel=\"stylesheet\" type=\"text/css\" href=\"highslide/highslide.css\" />

<!--
	2) Optionally override the settings defined at the top
	of the highslide.js file. The parameter hs.graphicsDir is important!
-->

<script type=\"text/javascript\">
	hs.graphicsDir = \'highslide/graphics/\';
	hs.align = \'center\';
	hs.transitions = [\'expand\', \'crossfade\'];
	hs.wrapperClassName = \'dark borderless floating-caption\';
	hs.fadeInOut = true;
	hs.dimmingOpacity = .75;

	// Add the controlbar
	if (hs.addSlideshow) hs.addSlideshow({
		//slideshowGroup: \'group1\',
		interval: 5000,
		repeat: false,
		useControls: true,
		fixedControls: \'fit\',
		overlayOptions: {
			opacity: .6,
			position: \'bottom center\',
			hideOnMouseOut: true
		}
	});
</script>

");
INSERT INTO web_gall_format VALUES("4","<!--
	1 ) Reference to the files containing the JavaScript and CSS.
	These files must be located on your server.
-->

<script type=\"text/javascript\" src=\"highslide/highslide-with-gallery.js\"></script>
<link rel=\"stylesheet\" type=\"text/css\" href=\"highslide/highslide.css\" />

<!--
	2) Optionally override the settings defined at the top
	of the highslide.js file. The parameter hs.graphicsDir is important!
-->

<script type=\"text/javascript\">
	hs.graphicsDir = \'highslide/graphics/\';
	hs.align = \'center\';
	hs.transitions = [\'expand\', \'crossfade\'];
	hs.outlineType = \'rounded-white\';
	hs.wrapperClassName = \'controls-in-heading\';
	hs.fadeInOut = true;
	//hs.dimmingOpacity = 0.75;

	// Add the controlbar
	if (hs.addSlideshow) hs.addSlideshow({
		//slideshowGroup: \'group1\',
		interval: 5000,
		repeat: false,
		useControls: true,
		fixedControls: false,
		overlayOptions: {
			opacity: 1,
			position: \'top right\',
			hideOnMouseOut: false
		}
	});
</script>");
INSERT INTO web_gall_format VALUES("5","<!--
	1 ) Reference to the files containing the JavaScript and CSS.
	These files must be located on your server.
-->

<script type=\"text/javascript\" src=\"highslide/highslide-full.js\"></script>
<link rel=\"stylesheet\" type=\"text/css\" href=\"highslide/highslide.css\" />

<!--
	2) Optionally override the settings defined at the top
	of the highslide.js file. The parameter hs.graphicsDir is important!
-->

<script type=\"text/javascript\">
	hs.graphicsDir = \'highslide/graphics/\';
	hs.align = \'center\';
	hs.transitions = [\'expand\', \'crossfade\'];
	hs.outlineType = \'rounded-white\';
	hs.fadeInOut = true;
	hs.dimmingOpacity = 0.75;

	// define the restraining box
	hs.useBox = true;
	hs.width = 640;
	hs.height = 480;

	// Add the controlbar
	hs.addSlideshow({
		//slideshowGroup: \'group1\',
		interval: 5000,
		repeat: false,
		useControls: true,
		fixedControls: \'fit\',
		overlayOptions: {
			opacity: 1,
			position: \'bottom center\',
			hideOnMouseOut: true
		}
	});
</script>
");
INSERT INTO web_gall_format VALUES("6","<!--
	1 ) Reference to the files containing the JavaScript and CSS.
	These files must be located on your server.
-->

<script type=\"text/javascript\" src=\"highslide/highslide-full.js\"></script>
<link rel=\"stylesheet\" type=\"text/css\" href=\"highslide/highslide.css\" />

<!--
	2) Optionally override the settings defined at the top
	of the highslide.js file. The parameter hs.graphicsDir is important!
-->

<script type=\"text/javascript\">
	hs.graphicsDir = \'highslide/graphics/\';
	hs.align = \'center\';
	hs.transitions = [\'expand\', \'crossfade\'];
	hs.outlineType = \'rounded-white\';
	hs.fadeInOut = true;
	//hs.dimmingOpacity = 0.75;

	// Add the controlbar
	hs.addSlideshow({
		//slideshowGroup: \'group1\',
		interval: 5000,
		repeat: false,
		useControls: true,
		fixedControls: \'fit\',
		overlayOptions: {
			opacity: .75,
			position: \'bottom center\',
			hideOnMouseOut: true
		}
	});
</script>
");
INSERT INTO web_gall_format VALUES("7","<!--
	1 ) Reference to the files containing the JavaScript and CSS.
	These files must be located on your server.
-->

<script type=\"text/javascript\" src=\"highslide/highslide.js\"></script>
<link rel=\"stylesheet\" type=\"text/css\" href=\"highslide/highslide.css\" />
<!--[if lt IE 7]>
<link rel=\"stylesheet\" type=\"text/css\" href=\"highslide/highslide-ie6.css\" />
<![endif]-->



<!--
    2) Optionally override the settings defined at the top
    of the highslide.js file. The parameter hs.graphicsDir is important!
-->

<script type=\"text/javascript\">
hs.registerOverlay({
	overlayId: \'closebutton\',
	position: \'top right\',
	fade: 2 // fading the semi-transparent overlay looks bad in IE
});


hs.graphicsDir = \'highslide/graphics/\';
hs.wrapperClassName = \'borderless\';
</script>
");
INSERT INTO web_gall_format VALUES("8","<!--
	1 ) Reference to the files containing the JavaScript and CSS.
	These files must be located on your server.
-->

<script type=\"text/javascript\" src=\"highslide/highslide.js\"></script>
<link rel=\"stylesheet\" type=\"text/css\" href=\"highslide/highslide.css\" />


<!--
    2) Optionally override the settings defined at the top
    of the highslide.js file. The parameter hs.graphicsDir is important!
-->

<script type=\"text/javascript\">
    hs.graphicsDir = \'highslide/graphics/\';
    hs.outlineType = null;
    hs.wrapperClassName = \'colored-border\';
</script>");
INSERT INTO web_gall_format VALUES("9","<!--
	1 ) Reference to the files containing the JavaScript and CSS.
	These files must be located on your server.
-->

<script type=\"text/javascript\" src=\"highslide/highslide.js\"></script>
<link rel=\"stylesheet\" type=\"text/css\" href=\"highslide/highslide.css\" />


<!--
    2) Optionally override the settings defined at the top
    of the highslide.js file. The parameter hs.graphicsDir is important!
-->

<script type=\"text/javascript\">
    hs.graphicsDir = \'highslide/graphics/\';
    hs.outlineType = \'outer-glow\';
    hs.wrapperClassName = \'outer-glow\';
</script>");
INSERT INTO web_gall_format VALUES("10","<!--
	1 ) Reference to the files containing the JavaScript and CSS.
	These files must be located on your server.
-->

<script type=\"text/javascript\" src=\"highslide/highslide.js\"></script>
<link rel=\"stylesheet\" type=\"text/css\" href=\"highslide/highslide.css\" />


<!--
	2) Optionally override the settings defined at the top
	of the highslide.js file. The parameter hs.graphicsDir is important!
-->

<script type=\"text/javascript\">
	hs.graphicsDir = \'highslide/graphics/\';
	hs.wrapperClassName = \'wide-border\';
</script>
");



DROP TABLE web_ita;

CREATE TABLE `web_ita` (
  `a_id` int(5) NOT NULL AUTO_INCREMENT,
  `a_name` varchar(100) CHARACTER SET utf8 DEFAULT NULL,
  PRIMARY KEY (`a_id`)
) ENGINE=InnoDB AUTO_INCREMENT=8 DEFAULT CHARSET=latin1;

INSERT INTO web_ita VALUES("1","ข้อมูลพื้นฐาน");
INSERT INTO web_ita VALUES("2","การบริหารงานและการใช้จ่ายงบประมาณ");
INSERT INTO web_ita VALUES("3","การจัดซื้อจัดจ้าง");
INSERT INTO web_ita VALUES("4","การบริหารและพัฒนาทรัพยากรบุคคล");
INSERT INTO web_ita VALUES("5","การส่งเสริมความโปร่งใส");
INSERT INTO web_ita VALUES("6","การดําเนินการเพื่อป้องกันการทุจริตในประเด็นสินบน");
INSERT INTO web_ita VALUES("7","มาตรการส่งเสริมคุณธรรมและความโปร่งใสภายในหน่วยงาน");



DROP TABLE web_ita2;

CREATE TABLE `web_ita2` (
  `a2_id` int(11) NOT NULL AUTO_INCREMENT,
  `a_id` int(5) DEFAULT NULL,
  `a2_name` varchar(200) CHARACTER SET utf8 DEFAULT NULL,
  `a2_detail` text CHARACTER SET utf8,
  PRIMARY KEY (`a2_id`)
) ENGINE=InnoDB AUTO_INCREMENT=29 DEFAULT CHARSET=latin1;

INSERT INTO web_ita2 VALUES("1","2","แผนและความก้าวหน้าในการดำเนินงานและการใช้งบประมาณประจำปี","<center>
	<center>
		&lt;iframe src=&quot;https://drive.google.com/file/d/1G4rqYjUdgcm9h5SjqD0O12pzexjmk_o3/preview&quot; width=&quot;100%&quot; height=&quot;800&quot; allow=&quot;autoplay&quot;&gt;&lt;/iframe&gt;</center>
</center>
");
INSERT INTO web_ita2 VALUES("2","2"," รายงานผลการดําเนินงานประจําปี","<center>
	<p>
		<iframe allow=\"autoplay\" height=\"250\" src=\"https://drive.google.com/file/d/1ivfqTkV3jHmqhGOWu7cmGrFN0KBC_G7h/preview\" width=\"200\"></iframe><iframe allow=\"autoplay\" height=\"250\" src=\"https://drive.google.com/file/d/1GaQlF6hl1Yr_Xvf4GevU8s7t-l0LrwB-/preview\" width=\"200\"></iframe><iframe allow=\"autoplay\" height=\"250\" src=\"https://drive.google.com/file/d/1C4DJ1WTvG27UeO8fY_Wk61LlLGFuyoVG/preview\" width=\"200\"></iframe><br />
		<iframe allow=\"autoplay\" height=\"250\" src=\"https://drive.google.com/file/d/17x2np7R_b88IbKQ0XO7gqB1b8_DVqOqQ/preview\" width=\"200\"></iframe><iframe allow=\"autoplay\" height=\"250\" src=\"https://drive.google.com/file/d/1z9OdvymjDZkks_JUq1usbpotYYZCxAzG/preview\" width=\"200\"></iframe></p>
</center>
");
INSERT INTO web_ita2 VALUES("3","2"," คู่มือหรือมาตรฐานการปฏิบัติงานของเจ้าหน้าที่","<p style=\"text-align: center;\">
	<iframe allow=\"autoplay\" height=\"250\" src=\"https://drive.google.com/file/d/1WMCfENlc7xvAzcjB8o8pcpsttqw9m9M-/preview\" width=\"200\"></iframe><iframe allow=\"autoplay\" height=\"250\" src=\"https://drive.google.com/file/d/1ZZJFdsFOPyDaMtvBT2aRSoNv8YCr9Npy/preview\" width=\"200\"></iframe><iframe allow=\"autoplay\" height=\"250\" src=\"https://drive.google.com/file/d/1R-QCu6sqiS_X6mM8XdDYGmsOt9_mjFwZ/preview\" width=\"200\"></iframe><br />
	<iframe allow=\"autoplay\" height=\"250\" src=\"https://drive.google.com/file/d/1kDuTbNYdeeQ0D77uwfQIxQNoFyvweNZc/preview\" width=\"200\"></iframe><iframe allow=\"autoplay\" height=\"250\" src=\"https://drive.google.com/file/d/1BGgWnTbD-TSQUPGSPEy9Li_FN1lhhVBl/preview\" width=\"200\"></iframe><iframe allow=\"autoplay\" height=\"250\" src=\"https://drive.google.com/file/d/1jPtQdmHmT65f5vCJJ07h4sODzA6PuulJ/preview\" width=\"200\"></iframe></p>
");
INSERT INTO web_ita2 VALUES("4","2"," คู่มือหรือแนวทางการให้บริการสำหรับผู้รับบริการหรือผู้มาติดต่อ","<iframe allow=\"autoplay\" height=\"800\" src=\"https://drive.google.com/file/d/1TxwQ0Deo4gM6oQxiK-7EvWRBJSj5EaS3/preview\" width=\"100%\"></iframe>");
INSERT INTO web_ita2 VALUES("5","2"," ข้อมูลเชิงสถิติการให้บริการ","&lt;iframe src=&quot;https://drive.google.com/file/d/1ko39RYmLb5G1Bkr1g7p_j3C7QB0W9JbQ/preview&quot; width=&quot;640&quot; height=&quot;480&quot; allow=&quot;autoplay&quot;&gt;&lt;/iframe&gt;");
INSERT INTO web_ita2 VALUES("6","2"," E-Service","<iframe allow=\"autoplay\" height=\"800\" src=\"https://www.student.co.th/\" width=\"100%\"></iframe>");
INSERT INTO web_ita2 VALUES("7","3","รายการการจัดซื้อจัดจ้างหรือการจัดหาพัสดุ","<iframe allow=\"autoplay\" height=\"800\" src=\"https://drive.google.com/file/d/1QoKWZdOZIvIbwLz0pjtyghQrexzldS3O/preview\" width=\"100%\"></iframe>");
INSERT INTO web_ita2 VALUES("8","3","ประกาศต่าง ๆ เกี่ยวกับการจัดซื้อจัดจ้างหรือการจัดหาพัสดุ","&lt;iframe src=&quot;https://drive.google.com/file/d/1Vq-I6fuhLhmRR31eWy5-zgDlMHPZjYj1/preview&quot; width=&quot;100%&quot; height=&quot;800&quot; allow=&quot;autoplay&quot;&gt;&lt;/iframe&gt;");
INSERT INTO web_ita2 VALUES("9","3"," ความก้าวหน้าการจัดซื้อจัดจ้างหรือการจัดหาพัสดุ","<pre class=\"brush:java;ruler:true;\"></pre>&lt;iframe src=&quot;https://drive.google.com/file/d/1LqXMDf5Ny3uqCNWSxdr-mdCv9XlfbK0s/preview&quot; width=&quot;640&quot; height=&quot;480&quot; allow=&quot;autoplay&quot;&gt;&lt;/iframe&gt;");
INSERT INTO web_ita2 VALUES("10","3"," รายงานสรุปผลการจัดซื้อจัดจ้างหรือการจัดหาพัสดุประจำปี","<iframe allow=\"autoplay\" height=\"600\" src=\"https://drive.google.com/file/d/109sDEF4xDbHvqLACOxELydzVZNoBOZY2/preview\" width=\"800\"></iframe>");
INSERT INTO web_ita2 VALUES("11","4","แผนการบริหารและพัฒนาทรัพยากรบุคคล","<iframe allow=\"autoplay\" height=\"800\" src=\"https://drive.google.com/file/d/1B0y6OMZbqatdENX-rH8XpfVNfYS3A8vx/preview\" width=\"100%\"></iframe>");
INSERT INTO web_ita2 VALUES("12","4"," รายงานผลการบริหารและพัฒนาทรัพยากรบุคคลประจำปี","<iframe allow=\"autoplay\" height=\"800\" src=\"https://drive.google.com/file/d/17x2np7R_b88IbKQ0XO7gqB1b8_DVqOqQ/preview\" width=\"100%\"></iframe>");
INSERT INTO web_ita2 VALUES("13","4","ประมวลจริยธรรมสำหรับเจ้าหน้าที่ของรัฐ","<iframe src=\"https://drive.google.com/file/d/1NM3mFUVMJYmRF64EfXCLMI0JZMcOtjuf/preview\" width=\"100%\" height=\"800\" allow=\"autoplay\"></iframe>");
INSERT INTO web_ita2 VALUES("14","4"," การขับเคลื่อนจริยธรรม","&lt;iframe src=&quot;https://drive.google.com/file/d/12LSQKjKxqB_E1HZLsb6655KCEAnLqqyv/preview&quot; width=&quot;100%&quot; height=&quot;800&quot; allow=&quot;autoplay&quot;&gt;&lt;/iframe&gt;");
INSERT INTO web_ita2 VALUES("15","5","แนวปฏิบัติการจัดการเรื่องร้องเรียนการทุจริตและประพฤติมิชอบ","&lt;iframe src=&quot;https://drive.google.com/file/d/1TxwQ0Deo4gM6oQxiK-7EvWRBJSj5EaS3/preview&quot; width=&quot;100%&quot; height=&quot;800&quot; allow=&quot;autoplay&quot;&gt;&lt;/iframe&gt;");
INSERT INTO web_ita2 VALUES("16","5","ช่องทางแจ้งเรื่องร้องเรียนการทุจริตและประพฤติมิชอบ","<iframe allow=\"autoplay\" height=\"800\" src=\"https://ack.ac.th/contract03.php\" width=\"100%\"></iframe>");
INSERT INTO web_ita2 VALUES("17","5"," ข้อมูลสถิติเรื่องร้องเรียนการทุจริตและประพฤติมิชอบ","&lt;iframe src=&quot;https://drive.google.com/file/d/1CYCqMJIoxScwhBptDjtdgg-PZRKdD9WQ/preview&quot; width=&quot;100%&quot; height=&quot;800&quot; allow=&quot;autoplay&quot;&gt;&lt;/iframe&gt;");
INSERT INTO web_ita2 VALUES("18","5"," การเปิดโอกาสให้เกิดการมีส่วนร่วม","&lt;iframe src=&quot;https://drive.google.com/file/d/1QlDudvg3iG1BHAmfaqgJ9GMnADNKuPil/preview&quot; width=&quot;100%&quot; height=&quot;800&quot; allow=&quot;autoplay&quot;&gt;&lt;/iframe&gt;");
INSERT INTO web_ita2 VALUES("19","6"," ประกาศเจตนารมณ์นโยบาย No Gift Policyจากการปฏิบัติหน้าที่","<iframe allow=\"autoplay\" height=\"800\" src=\"https://drive.google.com/file/d/15ZiyU2CnCkKm8K7KWzoBgX64t5vvDBMN/preview\" width=\"100%\"></iframe>");
INSERT INTO web_ita2 VALUES("20","6","การสร้างวัฒนธรรมNo Gift Policy","<iframe allow=\"autoplay\" height=\"480\" src=\"https://drive.google.com/file/d/1H_7dwV_OghnXAPfre_G4UPJozMRypmLw/preview\" width=\"640\"></iframe>");
INSERT INTO web_ita2 VALUES("21","6"," รายงานผลตามนโยบาย No Gift Policy","&lt;iframe src=&quot;https://drive.google.com/file/d/1YkRZC4dy9I3-aJOSNeKdefyf6vL8KVtT/preview&quot; width=&quot;100%&quot; height=&quot;800&quot; allow=&quot;autoplay&quot;&gt;&lt;/iframe&gt;");
INSERT INTO web_ita2 VALUES("22","6"," รายงานการรับทรรัพย์สินหรือประโยชน์อื่นใดโดยธรรมจรรยา","&lt;iframe src=&quot;https://drive.google.com/file/d/1mxJMtE4MvbGbjKjCyN02XnLlgxmgnEIq/preview&quot; width=&quot;640&quot; height=&quot;480&quot; allow=&quot;autoplay&quot;&gt;&lt;/iframe&gt;");
INSERT INTO web_ita2 VALUES("23","6"," การประเมินความเสี่ยงการทุจริตในประเด็นที่เกี่ยวข้องกับสินบน","&lt;iframe src=&quot;https://drive.google.com/file/d/1QO0wP8DSWh8Jr7PxUKE5Qq45JJGHj1K-/preview&quot; width=&quot;100%&quot; height=&quot;800&quot; allow=&quot;autoplay&quot;&gt;&lt;/iframe&gt;");
INSERT INTO web_ita2 VALUES("24","6"," รายงานผลการดำเนินการป้องกันการทุจริตประจำปี","<iframe allow=\"autoplay\" height=\"640\" src=\"https://drive.google.com/file/d/1aoBkvM4h-Fm-28x2fIFFi4RcGNP6V9Me/preview\" width=\"800\"></iframe>");
INSERT INTO web_ita2 VALUES("25","6"," แผนปฏิบัติการป้องกันการทุจริต","&lt;iframe src=&quot;https://drive.google.com/file/d/1-X1ujY7N_3eQfH1AKH-lOJvfyW5jYc_Z/preview&quot; width=&quot;640&quot; height=&quot;480&quot; allow=&quot;autoplay&quot;&gt;&lt;/iframe&gt;");
INSERT INTO web_ita2 VALUES("26","6"," รายงานการกำกับติดตามการดำเนินการป้องกันการทุจริตประจำปี","&lt;iframe src=&quot;https://drive.google.com/file/d/1RviRtyIqNmNvvdkuepjs8-n4ZXlViVcD/preview&quot; width=&quot;100%&quot; height=&quot;800&quot; allow=&quot;autoplay&quot;&gt;&lt;/iframe&gt;");
INSERT INTO web_ita2 VALUES("27","7"," มาตรการส่งเสริมคุณธรรมและความโปร่งใสภายในหน่วยงาน","<iframe allow=\"autoplay\" height=\"600\" src=\"https://drive.google.com/file/d/1IFz_FTZQ2Lwdu8diFzMFv5ybxPJ5fBoN/preview\" width=\"800\"></iframe>");
INSERT INTO web_ita2 VALUES("28","7"," รายงานผลการดำเนินการเพื่อส่งเสริมคุณธรรมและความโปร่งใสภายในหน่วยงาน","<iframe src=\"https://drive.google.com/file/d/1tY_FrqgZQA4mvA0kdwO7KgBKOcQUgkkg/preview\" width=\"800\" height=\"600\" allow=\"autoplay\"></iframe>");



DROP TABLE web_journal;

CREATE TABLE `web_journal` (
  `jn_id` int(5) NOT NULL AUTO_INCREMENT,
  `jn_name` text,
  `jn_date` date DEFAULT '0000-00-00',
  `jn_allro` int(1) DEFAULT '0',
  `ecode` int(5) DEFAULT NULL,
  `changat` datetime DEFAULT CURRENT_TIMESTAMP,
  PRIMARY KEY (`jn_id`)
) ENGINE=InnoDB AUTO_INCREMENT=24 DEFAULT CHARSET=utf8;

INSERT INTO web_journal VALUES("8","&lt;iframe src=&quot;https://drive.google.com/file/d/1h25e5pkHjcSCELjQCfrfWDPBZ7kbF99P/preview&quot; width=&quot;150&quot; height=&quot;200&quot; allow=&quot;autoplay&quot;&gt;&lt;/iframe&gt;","2024-07-29","1","41","2024-07-29 19:29:57");
INSERT INTO web_journal VALUES("9","&lt;iframe src=&quot;https://drive.google.com/file/d/1yRZs0NbL6RriuTWBGj8PzztVq0xfW2X2/preview&quot; width=&quot;150&quot; height=&quot;200&quot; allow=&quot;autoplay&quot;&gt;&lt;/iframe&gt;","2024-07-29","1","41","2024-07-29 19:30:55");
INSERT INTO web_journal VALUES("10","&lt;iframe src=&quot;https://drive.google.com/file/d/1XAVex7VQuLe55PzuUZG7Y2u0xqghRmSz/preview&quot; width=&quot;150&quot; height=&quot;200&quot; allow=&quot;autoplay&quot;&gt;&lt;/iframe&gt;","2024-07-29","1","41","2024-07-29 19:31:37");
INSERT INTO web_journal VALUES("11","&lt;iframe src=&quot;https://drive.google.com/file/d/13KgTEtKbOaXnmmTeAgxDLNXymcpVc45N/preview&quot; width=&quot;150&quot; height=&quot;200&quot; allow=&quot;autoplay&quot;&gt;&lt;/iframe&gt;","2024-07-29","1","41","2024-07-29 19:32:25");
INSERT INTO web_journal VALUES("12","&lt;iframe src=&quot;https://drive.google.com/file/d/1pmYw_gqiXBfRjHneTgiGhP9u33m1fxND/preview&quot; width=&quot;150&quot; height=&quot;200&quot; allow=&quot;autoplay&quot;&gt;&lt;/iframe&gt;","2024-07-29","1","41","2024-07-29 19:33:27");
INSERT INTO web_journal VALUES("13","&lt;iframe src=&quot;https://drive.google.com/file/d/1pfl7wJI4FJNwQ6NGXTs7htQoOB1E-SuE/preview&quot; width=&quot;150&quot; height=&quot;200&quot; allow=&quot;autoplay&quot;&gt;&lt;/iframe&gt;","2024-07-29","1","41","2024-07-29 19:34:14");
INSERT INTO web_journal VALUES("14","&lt;iframe src=&quot;https://drive.google.com/file/d/15ZNhTJeg9IuwmYMoiaeuW_dJO48NmJUi/preview&quot; width=&quot;150&quot; height=&quot;200&quot; allow=&quot;autoplay&quot;&gt;&lt;/iframe&gt;","2024-07-29","1","41","2024-07-29 19:34:57");
INSERT INTO web_journal VALUES("15","&lt;iframe src=&quot;https://drive.google.com/file/d/1vD4JVvOKVxzGMZPUBlgB-iGOwkkmwXkw/preview&quot; width=&quot;150&quot; height=&quot;200&quot; allow=&quot;autoplay&quot;&gt;&lt;/iframe&gt;","2024-07-29","1","41","2024-07-29 19:35:33");
INSERT INTO web_journal VALUES("16","&lt;iframe src=&quot;https://drive.google.com/file/d/1QAvmWHwhB3oH1T6Z__nyDhtR0LkoMFxw/preview&quot; width=&quot;150&quot; height=&quot;200&quot; allow=&quot;autoplay&quot;&gt;&lt;/iframe&gt;","2024-07-29","1","41","2024-07-29 19:36:27");
INSERT INTO web_journal VALUES("17","&lt;iframe src=&quot;https://drive.google.com/file/d/1S8ashTrtQw2OZlTVYP1ofgWGtCz7y-pw/preview&quot; width=&quot;150&quot; height=&quot;200&quot; allow=&quot;autoplay&quot;&gt;&lt;/iframe&gt;","2024-07-29","1","41","2024-07-29 19:36:59");
INSERT INTO web_journal VALUES("18","&lt;iframe src=&quot;https://drive.google.com/file/d/1GV-p5mMHYP_U5sxUw7Lzjk4aZzQHh_rh/preview&quot; width=&quot;150&quot; height=&quot;200&quot; allow=&quot;autoplay&quot;&gt;&lt;/iframe&gt;","2024-07-29","1","41","2024-07-29 19:37:35");
INSERT INTO web_journal VALUES("19","&lt;iframe src=&quot;https://drive.google.com/file/d/1dQI6oLXW_xEv95KyUSYEPmwtdZRBgHhX/preview&quot; width=&quot;150&quot; height=&quot;200&quot; allow=&quot;autoplay&quot;&gt;&lt;/iframe&gt;","2024-08-05","1","41","2024-08-05 11:11:52");
INSERT INTO web_journal VALUES("20","&lt;iframe src=&quot;https://drive.google.com/file/d/1--lpgbz79DS8PS2XsrOFbkr3XctDg7ri/preview&quot; width=&quot;150&quot; height=&quot;200&quot; allow=&quot;autoplay&quot;&gt;&lt;/iframe&gt;","2024-08-30","1","41","2024-08-30 14:28:21");
INSERT INTO web_journal VALUES("21","&lt;iframe src=&quot;https://drive.google.com/file/d/1qCGHy7_MZTf__K2oUtJ1va8CNJEj_NLt/preview&quot; width=&quot;150&quot; height=&quot;200&quot; allow=&quot;autoplay&quot;&gt;&lt;/iframe&gt;","2024-08-30","1","41","2024-08-30 14:29:16");
INSERT INTO web_journal VALUES("22","&lt;iframe src=&quot;https://drive.google.com/file/d/1TacRUcy0i77yZMwjwA85hwOBpEA0m9R_/preview&quot; width=&quot;150&quot; height=&quot;200&quot; allow=&quot;autoplay&quot;&gt;&lt;/iframe&gt;","2024-08-30","1","41","2024-08-30 14:30:14");
INSERT INTO web_journal VALUES("23","&lt;iframe src=&quot;https://drive.google.com/file/d/1V0SBJ_3U7yNaSziBq8mMb1r-unFhJRPp/preview&quot; width=&quot;150&quot; height=&quot;200&quot; allow=&quot;autoplay&quot;&gt;&lt;/iframe&gt;","2024-08-30","1","41","2024-08-30 14:31:07");



DROP TABLE web_new;

CREATE TABLE `web_new` (
  `id_new` int(5) NOT NULL AUTO_INCREMENT,
  `new_name` varchar(100) DEFAULT NULL,
  `new_detail` text,
  `new_date` date DEFAULT '0000-00-00',
  `new_time` time DEFAULT '00:00:00',
  `new_sender` varchar(50) DEFAULT NULL,
  `allro` char(1) DEFAULT '0',
  `new_do` int(6) DEFAULT '0',
  `new_sen` char(1) DEFAULT NULL,
  `new_link` char(100) DEFAULT NULL,
  `new_file` char(100) DEFAULT NULL,
  PRIMARY KEY (`id_new`)
) ENGINE=MyISAM AUTO_INCREMENT=35 DEFAULT CHARSET=utf8;

INSERT INTO web_new VALUES("31","รับสมัครบุคคลเพื่อคัดเลือกเป็นลูกจ้างชั่วคราว ตำแหน่งผู้สนับสนุนการเรียนรู้ประจำห้องเรียน (LS)","<div color:=\"\" dir=\"auto\" font-size:=\"\" segoe=\"\" style=\"font-family: \" ui=\"\" white-space-collapse:=\"\">
	ประกาศโรงเรียนอนุบาลเชียงของรับสมัครบุคคลเพื่อคัดเลือกเป็นลูกจ้างชั่วคราว ตำแหน่งผู้สนับสนุนการเรียนรู้ประจำห้องเรียน (LS) ระหว่างวันที่ 18 ก.ค.- 30 ก.ค.67 รายละเอียดตามเอกสารแนบสามารถยื่นใบสมัครได้ด้วยตัวเอง ณ อาคารสบสมสามัคคี โรงเรียนอนุบาลเชียงของ สอบถามเพิ่มเติม 053-727258</div>
","2024-05-11","10:09:12","41","1","0","0","https://www.facebook.com/photo/?fbid=358073727340943&set=pcb.2565028583705441","");
INSERT INTO web_new VALUES("32","รับสมัครงาน ตำแหน่ง แม่บ้าน 6 อัตรา ตำแหน่ง เจ้าหน้าที่โสตทัศนูปกรณ์และขับรถ 1 อัตรา","<div dir=\"auto\" style=\"font-family: &quot;Segoe UI Historic&quot;, &quot;Segoe UI&quot;, Helvetica, Arial, sans-serif; color: rgb(5, 5, 5); font-size: 15px; white-space-collapse: preserve;\">
	<span style=\"font-size:14px;\">โรงเรียนอนุบาลเชียงของ เปิดรับสมัครงาน ตำแหน่ง แม่บ้าน 6 อัตรา ตำแหน่ง เจ้าหน้าที่โสตทัศนูปกรณ์และขับรถ 1 อัตรา</span></div>
<div dir=\"auto\" style=\"font-family: &quot;Segoe UI Historic&quot;, &quot;Segoe UI&quot;, Helvetica, Arial, sans-serif; color: rgb(5, 5, 5); font-size: 15px; white-space-collapse: preserve;\">
	<span style=\"font-size:14px;\">รับสมัครระหว่างวันที่ 13-23 พ.ค.67</span></div>
","2024-05-12","10:18:12","41","1","0","0","https://www.facebook.com/photo/?fbid=312140131934303&set=pcb.2512268998981400","");
INSERT INTO web_new VALUES("33","ประกาศรายชื่อผู้มีสิทธิ์สอบคัดเลือกบุคคลเพื่อจ้างเป็นลูกจ้างชั่วคราวทำหน้าที่แม่บ้าน","<div dir=\"auto\" style=\"font-family: &quot;Segoe UI Historic&quot;, &quot;Segoe UI&quot;, Helvetica, Arial, sans-serif; color: rgb(5, 5, 5); font-size: 15px; white-space-collapse: preserve;\">
	ประกาศรายชื่อผู้มีสิทธิ์สอบคัดเลือกบุคคลเพื่อจ้างเป็นลูกจ้างชั่วคราวทำหน้าที่แม่บ้านกำหนดวันสอบคัดเลือก วันที่ 27 พ.ค.2567 เวลา 09.00 น.เป็นต้นไป ณ อาคารสบสมสามัคคี โรงเรียนอนุบาลเชียงของ</div>
","2024-05-15","11:38:43","41","1","0","0","https://www.facebook.com/photo/?fbid=318952774586372&set=gm.2520283718179928&idorvanity=615946681946","");
INSERT INTO web_new VALUES("34","ประกาศผลการสอบคัดเลือกบุคคลเพื่อจ้างเป็นลูกจ้างชั่วคราว","<div class=\"xdj266r x11i5rnm xat24cr x1mh8g0r x1vvkbs x126k92a\" color:=\"\" font-size:=\"\" segoe=\"\" style=\"margin: 0px; overflow-wrap: break-word; white-space-collapse: preserve; font-family: \" ui=\"\">
	<div dir=\"auto\" style=\"font-family: inherit;\">
		ประกาศผลการสอบคัดเลือกบุคคลเพื่อจ้างเป็นลูกจ้างชั่วคราวทำหน้าที่แม่บ้าน ให้ผู้ที่ผ่านการสอบคัดเลือกลำดับที่ 1-6 มารายงานตัวและทำสัญญาจ้าง ในวันที่ 4 มิ.ย.67 เวลา 9.00 น. ณ อาคารสบสมสามัคคี โรงเรียนอนุบาลเชียงของ <span style=\"font-family: inherit;\">**หากไม่มารายงานตัวตามวัน เวลา ดังกล่าว ถือว่าสละสิทธิ์**</span></div>
</div>
","2024-05-18","11:45:06","41","1","0","0","https://www.facebook.com/photo/?fbid=321805710967745&set=gm.2523564204518546&idorvanity=615946681946","");



DROP TABLE web_news;

CREATE TABLE `web_news` (
  `new_id` int(9) NOT NULL AUTO_INCREMENT,
  `a_id` int(5) DEFAULT NULL,
  `pic_id` int(6) DEFAULT NULL,
  `pic_order` int(2) DEFAULT NULL,
  `ecode` int(9) DEFAULT NULL,
  `changed_at` timestamp NULL DEFAULT CURRENT_TIMESTAMP,
  PRIMARY KEY (`new_id`)
) ENGINE=MyISAM DEFAULT CHARSET=utf8;




DROP TABLE web_picture;

CREATE TABLE `web_picture` (
  `pic_id` int(6) NOT NULL AUTO_INCREMENT,
  `a_id` int(5) DEFAULT NULL,
  `pic_name` char(10) DEFAULT NULL,
  `pic_comment` varchar(40) DEFAULT NULL,
  `pic_head` int(1) DEFAULT '0',
  `ecode` int(9) DEFAULT NULL,
  `changed_at` timestamp NULL DEFAULT CURRENT_TIMESTAMP,
  PRIMARY KEY (`pic_id`)
) ENGINE=MyISAM AUTO_INCREMENT=134 DEFAULT CHARSET=utf8;

INSERT INTO web_picture VALUES("13","6","13.jpg","","0","41","2024-07-19 15:49:39");
INSERT INTO web_picture VALUES("12","6","12.jpg","","0","41","2024-07-19 15:49:37");
INSERT INTO web_picture VALUES("17","6","17.jpg","","0","41","2024-07-19 15:49:48");
INSERT INTO web_picture VALUES("16","6","16.jpg","","0","41","2024-07-19 15:49:45");
INSERT INTO web_picture VALUES("15","6","15.jpg","","0","41","2024-07-19 15:49:43");
INSERT INTO web_picture VALUES("14","6","14.jpg","","0","41","2024-07-19 15:49:41");
INSERT INTO web_picture VALUES("18","6","18.jpg","","0","41","2024-07-19 15:49:53");
INSERT INTO web_picture VALUES("19","6","19.jpg","","0","41","2024-07-19 15:49:55");
INSERT INTO web_picture VALUES("20","6","20.jpg","","0","41","2024-07-19 15:49:58");
INSERT INTO web_picture VALUES("21","6","21.jpg","","0","41","2024-07-19 15:50:00");
INSERT INTO web_picture VALUES("22","6","22.jpg","","0","41","2024-07-19 15:50:03");
INSERT INTO web_picture VALUES("23","6","23.jpg","","0","41","2024-07-19 15:50:05");
INSERT INTO web_picture VALUES("24","6","24.jpg","","0","41","2024-07-19 15:50:07");
INSERT INTO web_picture VALUES("25","6","25.jpg","","0","41","2024-07-19 15:50:09");
INSERT INTO web_picture VALUES("26","6","26.jpg","","0","41","2024-07-19 15:50:12");
INSERT INTO web_picture VALUES("27","6","27.jpg","","0","41","2024-07-19 15:50:14");
INSERT INTO web_picture VALUES("28","6","28.jpg","","0","41","2024-07-19 15:50:16");
INSERT INTO web_picture VALUES("29","6","29.jpg","","0","41","2024-07-19 15:50:18");
INSERT INTO web_picture VALUES("30","6","30.jpg","","0","41","2024-07-19 15:50:20");
INSERT INTO web_picture VALUES("31","6","31.jpg","","0","41","2024-07-19 15:50:22");
INSERT INTO web_picture VALUES("32","6","32.jpg","","0","41","2024-07-19 15:50:25");
INSERT INTO web_picture VALUES("33","6","33.jpg","","0","41","2024-07-19 15:50:27");
INSERT INTO web_picture VALUES("34","6","34.jpg","","0","41","2024-07-19 15:50:29");
INSERT INTO web_picture VALUES("35","6","35.jpg","","0","41","2024-07-19 15:50:31");
INSERT INTO web_picture VALUES("36","6","36.jpg","","0","41","2024-07-19 15:50:33");
INSERT INTO web_picture VALUES("37","6","37.jpg","","0","41","2024-07-19 15:50:36");
INSERT INTO web_picture VALUES("38","6","38.jpg","","0","41","2024-07-19 15:50:38");
INSERT INTO web_picture VALUES("39","6","39.jpg","","0","41","2024-07-19 15:50:40");
INSERT INTO web_picture VALUES("40","6","40.jpg","","0","41","2024-07-19 15:50:42");
INSERT INTO web_picture VALUES("41","6","41.jpg","","0","41","2024-07-19 15:50:44");
INSERT INTO web_picture VALUES("42","6","42.jpg","","0","41","2024-07-19 15:50:47");
INSERT INTO web_picture VALUES("43","6","43.jpg","","0","41","2024-07-19 15:50:50");
INSERT INTO web_picture VALUES("44","6","44.jpg","","0","41","2024-07-19 15:50:52");
INSERT INTO web_picture VALUES("45","6","45.jpg","","0","41","2024-07-19 15:50:54");
INSERT INTO web_picture VALUES("46","6","46.jpg","","0","41","2024-07-19 15:50:56");
INSERT INTO web_picture VALUES("47","6","47.jpg","","0","41","2024-07-19 15:50:58");
INSERT INTO web_picture VALUES("48","6","48.jpg","","0","41","2024-07-19 15:51:02");
INSERT INTO web_picture VALUES("49","6","49.jpg","","0","41","2024-07-19 15:51:04");
INSERT INTO web_picture VALUES("50","6","50.jpg","","0","41","2024-07-19 15:51:06");
INSERT INTO web_picture VALUES("51","6","51.jpg","","0","41","2024-07-19 15:51:08");
INSERT INTO web_picture VALUES("52","7","52.jpg","","0","41","2024-07-19 15:52:34");
INSERT INTO web_picture VALUES("53","7","53.jpg","","0","41","2024-07-19 15:52:36");
INSERT INTO web_picture VALUES("54","7","54.jpg","","0","41","2024-07-19 15:52:38");
INSERT INTO web_picture VALUES("55","7","55.jpg","","0","41","2024-07-19 15:52:41");
INSERT INTO web_picture VALUES("56","7","56.jpg","","0","41","2024-07-19 15:52:45");
INSERT INTO web_picture VALUES("57","7","57.jpg","","0","41","2024-07-19 15:52:47");
INSERT INTO web_picture VALUES("58","7","58.jpg","","0","41","2024-07-19 15:52:50");
INSERT INTO web_picture VALUES("59","7","59.jpg","","0","41","2024-07-19 15:52:52");
INSERT INTO web_picture VALUES("60","7","60.jpg","","0","41","2024-07-19 15:52:54");
INSERT INTO web_picture VALUES("61","7","61.jpg","","0","41","2024-07-19 15:52:56");
INSERT INTO web_picture VALUES("62","7","62.jpg","","0","41","2024-07-19 15:52:58");
INSERT INTO web_picture VALUES("63","7","63.jpg","","0","41","2024-07-19 15:53:00");
INSERT INTO web_picture VALUES("64","7","64.jpg","","0","41","2024-07-19 15:53:02");
INSERT INTO web_picture VALUES("65","7","65.jpg","","0","41","2024-07-19 15:53:05");
INSERT INTO web_picture VALUES("66","7","66.jpg","","0","41","2024-07-19 15:53:07");
INSERT INTO web_picture VALUES("67","7","67.jpg","","0","41","2024-07-19 15:53:09");
INSERT INTO web_picture VALUES("68","7","68.jpg","","0","41","2024-07-19 15:53:14");
INSERT INTO web_picture VALUES("69","7","69.jpg","","0","41","2024-07-19 15:53:16");
INSERT INTO web_picture VALUES("70","7","70.jpg","","0","41","2024-07-19 15:53:18");
INSERT INTO web_picture VALUES("71","7","71.jpg","","0","41","2024-07-19 15:53:20");
INSERT INTO web_picture VALUES("72","7","72.jpg","","0","41","2024-07-19 15:53:23");
INSERT INTO web_picture VALUES("73","7","73.jpg","","0","41","2024-07-19 15:53:25");
INSERT INTO web_picture VALUES("74","7","74.jpg","","0","41","2024-07-19 15:53:27");
INSERT INTO web_picture VALUES("75","7","75.jpg","","0","41","2024-07-19 15:53:29");
INSERT INTO web_picture VALUES("76","7","76.jpg","","0","41","2024-07-19 15:53:32");
INSERT INTO web_picture VALUES("77","7","77.jpg","","0","41","2024-07-19 15:53:34");
INSERT INTO web_picture VALUES("78","7","78.jpg","","0","41","2024-07-19 15:53:36");
INSERT INTO web_picture VALUES("79","7","79.jpg","","0","41","2024-07-19 15:53:38");
INSERT INTO web_picture VALUES("80","7","80.jpg","","0","41","2024-07-19 15:53:40");
INSERT INTO web_picture VALUES("81","7","81.jpg","","0","41","2024-07-19 15:53:43");
INSERT INTO web_picture VALUES("82","7","82.jpg","","0","41","2024-07-19 15:53:45");
INSERT INTO web_picture VALUES("83","7","83.jpg","","0","41","2024-07-19 15:53:47");
INSERT INTO web_picture VALUES("84","7","84.jpg","","0","41","2024-07-19 15:53:49");
INSERT INTO web_picture VALUES("85","7","85.jpg","","0","41","2024-07-19 15:53:51");
INSERT INTO web_picture VALUES("86","7","86.jpg","","0","41","2024-07-19 15:53:54");
INSERT INTO web_picture VALUES("87","7","87.jpg","","0","41","2024-07-19 15:53:57");
INSERT INTO web_picture VALUES("88","7","88.jpg","","0","41","2024-07-19 15:53:59");
INSERT INTO web_picture VALUES("89","7","89.jpg","","0","41","2024-07-19 15:54:01");
INSERT INTO web_picture VALUES("90","7","90.jpg","","0","41","2024-07-19 15:54:03");
INSERT INTO web_picture VALUES("91","7","91.jpg","","0","41","2024-07-19 15:54:05");
INSERT INTO web_picture VALUES("92","7","92.jpg","","0","41","2024-07-19 15:54:07");
INSERT INTO web_picture VALUES("93","7","93.jpg","","0","41","2024-07-19 15:54:10");
INSERT INTO web_picture VALUES("94","7","94.jpg","","0","41","2024-07-19 15:54:12");
INSERT INTO web_picture VALUES("95","7","95.jpg","","0","41","2024-07-19 15:54:14");
INSERT INTO web_picture VALUES("96","7","96.jpg","","0","41","2024-07-19 15:54:16");
INSERT INTO web_picture VALUES("97","7","97.jpg","","0","41","2024-07-19 15:54:18");
INSERT INTO web_picture VALUES("98","7","98.jpg","","0","41","2024-07-19 15:54:21");
INSERT INTO web_picture VALUES("99","7","99.jpg","","0","41","2024-07-19 15:54:23");
INSERT INTO web_picture VALUES("100","7","100.jpg","","0","41","2024-07-19 15:54:25");
INSERT INTO web_picture VALUES("101","7","101.jpg","","0","41","2024-07-19 15:54:27");
INSERT INTO web_picture VALUES("102","7","102.jpg","","0","41","2024-07-19 15:54:29");
INSERT INTO web_picture VALUES("103","7","103.jpg","","0","41","2024-07-19 15:54:32");
INSERT INTO web_picture VALUES("104","7","104.jpg","","0","41","2024-07-19 15:54:34");
INSERT INTO web_picture VALUES("105","7","105.jpg","","0","41","2024-07-19 15:54:36");
INSERT INTO web_picture VALUES("106","7","106.jpg","","0","41","2024-07-19 15:54:38");
INSERT INTO web_picture VALUES("107","7","107.jpg","","0","41","2024-07-19 15:54:40");
INSERT INTO web_picture VALUES("108","7","108.jpg","","0","41","2024-07-19 15:54:43");
INSERT INTO web_picture VALUES("109","7","109.jpg","","0","41","2024-07-19 15:54:45");
INSERT INTO web_picture VALUES("110","7","110.jpg","","0","41","2024-07-19 15:54:47");
INSERT INTO web_picture VALUES("111","7","111.jpg","","0","41","2024-07-19 15:54:49");
INSERT INTO web_picture VALUES("112","7","112.jpg","","0","41","2024-07-19 15:54:53");
INSERT INTO web_picture VALUES("113","7","113.jpg","","0","41","2024-07-19 15:54:55");
INSERT INTO web_picture VALUES("114","7","114.jpg","","0","41","2024-07-19 15:54:57");
INSERT INTO web_picture VALUES("115","7","115.jpg","","0","41","2024-07-19 15:54:59");
INSERT INTO web_picture VALUES("116","7","116.jpg","","0","41","2024-07-19 15:55:02");
INSERT INTO web_picture VALUES("117","7","117.jpg","","0","41","2024-07-19 15:55:05");
INSERT INTO web_picture VALUES("118","7","118.jpg","","0","41","2024-07-19 15:55:07");
INSERT INTO web_picture VALUES("119","7","119.jpg","","0","41","2024-07-19 15:55:09");
INSERT INTO web_picture VALUES("120","1","1_66b4e0b6","","0","0","2024-08-08 22:13:58");
INSERT INTO web_picture VALUES("121","1","1_66b4e0b9","","0","0","2024-08-08 22:14:01");
INSERT INTO web_picture VALUES("122","1","1_66b4e0b9","","0","0","2024-08-08 22:14:01");
INSERT INTO web_picture VALUES("123","1","1_66b553fd","","0","0","2024-08-09 06:25:49");
INSERT INTO web_picture VALUES("124","1","1_66b553fd","","0","0","2024-08-09 06:25:49");
INSERT INTO web_picture VALUES("125","1","1_66b553fe","","0","0","2024-08-09 06:25:50");
INSERT INTO web_picture VALUES("126","1","1_66b553ff","","0","0","2024-08-09 06:25:51");
INSERT INTO web_picture VALUES("127","1","1_66b553ff","","0","0","2024-08-09 06:25:51");
INSERT INTO web_picture VALUES("128","1","1_66b553ff","","0","0","2024-08-09 06:25:51");
INSERT INTO web_picture VALUES("129","1","1_66b553ff","","0","0","2024-08-09 06:25:51");
INSERT INTO web_picture VALUES("130","1","1_66b55400","","0","0","2024-08-09 06:25:52");
INSERT INTO web_picture VALUES("131","1","1_66b55400","","0","0","2024-08-09 06:25:52");
INSERT INTO web_picture VALUES("132","1","1_66b55400","","0","0","2024-08-09 06:25:52");
INSERT INTO web_picture VALUES("133","1","1_66b55400","","0","0","2024-08-09 06:25:52");



DROP TABLE web_question;

CREATE TABLE `web_question` (
  `q_id` int(2) NOT NULL AUTO_INCREMENT,
  `q_name` varchar(100) CHARACTER SET utf8 DEFAULT NULL,
  `q_group` int(1) DEFAULT NULL,
  PRIMARY KEY (`q_id`)
) ENGINE=InnoDB AUTO_INCREMENT=7 DEFAULT CHARSET=latin1;

INSERT INTO web_question VALUES("1","ติดต่อสอบถาม","1");
INSERT INTO web_question VALUES("2","ชมเชย","1");
INSERT INTO web_question VALUES("3","เสนอแนะ","1");
INSERT INTO web_question VALUES("4","อื่น ๆ","1");
INSERT INTO web_question VALUES("5","ช่องทางแจ้งเรื่องร้องเรียนทั่วไป","2");
INSERT INTO web_question VALUES("6","แจ้งเรื่องร้องเรียนการทุจริตและประพฤติมิชอบ","3");



DROP TABLE web_question2;

CREATE TABLE `web_question2` (
  `q2_id` int(5) NOT NULL AUTO_INCREMENT,
  `q_id` int(1) DEFAULT NULL,
  `q2_name` varchar(100) CHARACTER SET ucs2 DEFAULT NULL,
  `q2_email` varchar(100) CHARACTER SET utf8 DEFAULT NULL,
  `q2_phon` varchar(50) CHARACTER SET utf8 DEFAULT NULL,
  `q2_subject` varchar(200) CHARACTER SET utf8 DEFAULT NULL,
  `q2_bodyx` text CHARACTER SET utf8,
  `changat` timestamp NULL DEFAULT CURRENT_TIMESTAMP,
  PRIMARY KEY (`q2_id`)
) ENGINE=InnoDB AUTO_INCREMENT=4 DEFAULT CHARSET=latin1;

INSERT INTO web_question2 VALUES("1","1","อดิเรก","adirek.yodmuang@gmail.com","0891357557","ทดสอบ","ทดสอบ","2024-09-01 10:15:21");
INSERT INTO web_question2 VALUES("2","1","อดิเรก","adirek.yodmuang@gmail.com","0891357557","ทดสอบ","ทดสอบ","2024-09-01 10:15:22");
INSERT INTO web_question2 VALUES("3","1","อดิเรก","adirek.yodmuang@gmail.com","0891357557","ทดสอบ","ทดสอบ","2024-09-01 10:15:26");



DROP TABLE web_relations;

CREATE TABLE `web_relations` (
  `re_id` int(5) NOT NULL AUTO_INCREMENT,
  `re_name` varchar(200) CHARACTER SET utf8 DEFAULT NULL,
  `re_detail` text CHARACTER SET utf8,
  `re_accach` varchar(30) CHARACTER SET utf8 DEFAULT NULL,
  `re_date` date DEFAULT '0000-00-00',
  `re_sta` int(1) DEFAULT '0',
  `ecode` int(9) DEFAULT NULL,
  `changat` datetime DEFAULT CURRENT_TIMESTAMP,
  PRIMARY KEY (`re_id`)
) ENGINE=InnoDB DEFAULT CHARSET=latin1;




DROP TABLE web_show;

CREATE TABLE `web_show` (
  `id_w` int(5) NOT NULL AUTO_INCREMENT,
  `pic_w` char(20) CHARACTER SET utf8 DEFAULT NULL,
  `text1_w` char(200) CHARACTER SET utf8 DEFAULT NULL,
  `text2_w` char(200) CHARACTER SET utf8 DEFAULT NULL,
  `link_w` char(200) CHARACTER SET utf8 DEFAULT NULL,
  `ecode` int(9) DEFAULT NULL,
  `changat` datetime DEFAULT CURRENT_TIMESTAMP,
  PRIMARY KEY (`id_w`)
) ENGINE=InnoDB DEFAULT CHARSET=latin1;




DROP TABLE xmoodle5;

CREATE TABLE `xmoodle5` (
  `a` int(3) NOT NULL AUTO_INCREMENT,
  `a1` varchar(200) DEFAULT NULL,
  `a2` varchar(200) DEFAULT NULL,
  `a3` varchar(200) DEFAULT NULL,
  `a4` varchar(200) DEFAULT NULL,
  `a5` varchar(200) DEFAULT NULL,
  `a6` varchar(200) DEFAULT NULL,
  `a7` varchar(200) DEFAULT NULL,
  `a8` varchar(200) DEFAULT NULL,
  `a9` varchar(200) DEFAULT NULL,
  `a10` varchar(200) DEFAULT NULL,
  `a11` varchar(200) DEFAULT NULL,
  `a12` varchar(200) DEFAULT NULL,
  `a13` varchar(200) DEFAULT NULL,
  `a14` varchar(200) DEFAULT NULL,
  `a15` varchar(200) DEFAULT NULL,
  `a16` varchar(200) DEFAULT NULL,
  `a17` varchar(200) DEFAULT NULL,
  `a18` varchar(200) DEFAULT NULL,
  `a19` varchar(200) DEFAULT NULL,
  `a20` varchar(200) DEFAULT NULL,
  `a21` varchar(200) DEFAULT NULL,
  `a22` varchar(200) DEFAULT NULL,
  `a23` varchar(200) DEFAULT NULL,
  `a24` varchar(200) DEFAULT NULL,
  `a25` varchar(200) DEFAULT NULL,
  `a26` varchar(200) DEFAULT NULL,
  `a27` varchar(200) DEFAULT NULL,
  `a28` varchar(200) DEFAULT NULL,
  `a29` varchar(200) DEFAULT NULL,
  `a30` varchar(200) DEFAULT NULL,
  `a31` varchar(200) DEFAULT NULL,
  `a32` varchar(200) DEFAULT NULL,
  `a33` varchar(200) DEFAULT NULL,
  `a34` varchar(200) DEFAULT NULL,
  `a35` varchar(200) DEFAULT NULL,
  `a36` varchar(200) DEFAULT NULL,
  `a37` varchar(200) DEFAULT NULL,
  `a38` varchar(200) DEFAULT NULL,
  `a39` varchar(200) DEFAULT NULL,
  `a40` varchar(200) DEFAULT NULL,
  `a41` varchar(200) DEFAULT NULL,
  `a42` varchar(200) DEFAULT NULL,
  `a43` date DEFAULT '0000-00-00',
  `a44` int(1) DEFAULT '0',
  PRIMARY KEY (`a`)
) ENGINE=MyISAM AUTO_INCREMENT=1067 DEFAULT CHARSET=utf8 ROW_FORMAT=DYNAMIC;

INSERT INTO xmoodle5 VALUES("1","﻿ACK001","1","3","นาย","เจริญ","นันไชยวงค์","นายเจริญ  นันไชยวงค์","ผู้อำนวยการ","1","คศ.3","3","บริหาร","9","ข้าราชการ","1","","","","","","","","","","","","","","","","","","","","","","","","","","","","0000-00-00","0");
INSERT INTO xmoodle5 VALUES("2","ACK002","2","4","นางสาว","ขวัญจิรา","กองสุข","นางสาวขวัญจิรา  กองสุข","รองผู้อำนวยการ","2","คศ.3","3","บริหาร","9","ข้าราชการ","1","","","","","","","","","","","","","","","","","","","","","","","","","","","","0000-00-00","0");
INSERT INTO xmoodle5 VALUES("3","ACK003","1","3","นาย","อดิเรก","ยอดเมือง","นายอดิเรก  ยอดเมือง","รองผู้อำนวยการ","2","คศ.3","3","บริหาร","9","ข้าราชการ","1","","","","","","","","","","","","","","","","","","","","","","","","","","","","0000-00-00","0");
INSERT INTO xmoodle5 VALUES("4","ACK004","2","5","นาง","อัญชลี","ยอดบุญเรือง","นางอัญชลี  ยอดบุญเรือง","ครู","3","คศ.3","3","ปฐมวัย ","12","ข้าราชการ","1","","","","","","","","","","","","","","","","","","","","","","","","","","","","0000-00-00","0");
INSERT INTO xmoodle5 VALUES("5","ACK005","2","5","นาง","ธิดารัตน์","ฮงประยูร","นางธิดารัตน์  ฮงประยูร","ครู","3","คศ.3","3","ปฐมวัย ","12","ข้าราชการ","1","","","","","","","","","","","","","","","","","","","","","","","","","","","","0000-00-00","0");
INSERT INTO xmoodle5 VALUES("6","ACK006","2","5","นาง","ดวงพร","วิเศษ","นางดวงพร  วิเศษ","ครู","3","คศ.2","2","ปฐมวัย ","12","ข้าราชการ","1","","","","","","","","","","","","","","","","","","","","","","","","","","","","0000-00-00","0");
INSERT INTO xmoodle5 VALUES("7","ACK007","2","5","นาง","ภัทริญาภรณ์","ทิศพรม","นางภัทริญาภรณ์  ทิศพรม","ครู","3","ครู","1","ปฐมวัย ","12","ข้าราชการ","1","","","","","","","","","","","","","","","","","","","","","","","","","","","","0000-00-00","0");
INSERT INTO xmoodle5 VALUES("8","ACK008","2","4","นางสาว","ชรินรัตน์","วงศ์มา","นางสาวชรินรัตน์  วงศ์มา","ครู","4","ครูผู้ช่วย","1","ปฐมวัย ","12","ลูกจ้าง","2","","","","","","","","","","","","","","","","","","","","","","","","","","","","0000-00-00","0");
INSERT INTO xmoodle5 VALUES("9","ACK009","2","4","นางสาว","กมลชนก","วุฒิโอสถ","นางสาวกมลชนก  วุฒิโอสถ","ครู","5","พนักงานราชการ","6","ปฐมวัย ","12","ลูกจ้าง","2","","","","","","","","","","","","","","","","","","","","","","","","","","","","0000-00-00","0");
INSERT INTO xmoodle5 VALUES("10","ACK010","2","4","นางสาว","เพ็ญพิสุทธิ์","ขันสล่า","นางสาวเพ็ญพิสุทธิ์  ขันสล่า","ครู","6","ครูอัตราจ้าง","7","ปฐมวัย ","12","ลูกจ้าง","2","","","","","","","","","","","","","","","","","","","","","","","","","","","","0000-00-00","0");
INSERT INTO xmoodle5 VALUES("11","ACK011","2","9","Miss","JessaGutang","Madera","MissJessaGutang  Madera","ครู","7","ครูจ้างสอน","8","ปฐมวัย ","12","ลูกจ้าง","2","","","","","","","","","","","","","","","","","","","","","","","","","","","","0000-00-00","0");
INSERT INTO xmoodle5 VALUES("12","ACK012","2","9","Miss","VanessaFaustino","Baustista","MissVanessaFaustino  Baustista","ครู","7","ครูจ้างสอน","8","ปฐมวัย ","12","ลูกจ้าง","2","","","","","","","","","","","","","","","","","","","","","","","","","","","","0000-00-00","0");
INSERT INTO xmoodle5 VALUES("13","ACK013","2","4","นางสาว","บัณฑิตา","ยอดวงค์","นางสาวบัณฑิตา  ยอดวงค์","ครู","3","ครู ","1","ปฐมวัย ","12","ข้าราชการ","1","","","","","","","","","","","","","","","","","","","","","","","","","","","","0000-00-00","0");
INSERT INTO xmoodle5 VALUES("14","ACK014","1","3","นาย","นฤเดช","สุริยะวงค์","นายนฤเดช  สุริยะวงค์","ครู","3","ครู","1","ภาษาไทย","2","ข้าราชการ","1","","","","","","","","","","","","","","","","","","","","","","","","","","","","0000-00-00","0");
INSERT INTO xmoodle5 VALUES("15","ACK015","2","5","นาง","จรรยา","ณ น่าน","นางจรรยา  ณ น่าน","ครู","3","คศ.3","3","ภาษาไทย","2","ข้าราชการ","1","","","","","","","","","","","","","","","","","","","","","","","","","","","","0000-00-00","0");
INSERT INTO xmoodle5 VALUES("16","ACK016","2","5","นาง","นันท์นภัส","อนันตสิทธิพงศ์ ","นางนันท์นภัส  อนันตสิทธิพงศ์ ","ครู","3","คศ.3    ","3","ภาษาไทย","2","ข้าราชการ","1","","","","","","","","","","","","","","","","","","","","","","","","","","","","0000-00-00","0");
INSERT INTO xmoodle5 VALUES("17","ACK017","2","5","นาง","ประวีณา","ไชยพุฒิ","นางประวีณา  ไชยพุฒิ","ครู","3","คศ.3","3","ภาษาไทย","2","ข้าราชการ","1","","","","","","","","","","","","","","","","","","","","","","","","","","","","0000-00-00","0");
INSERT INTO xmoodle5 VALUES("18","ACK018","2","4","นางสาว","สรัญญา","ปุกปินกาศ","นางสาวสรัญญา  ปุกปินกาศ","ครู","3","คศ.3","3","ภาษาไทย","2","ข้าราชการ","1","","","","","","","","","","","","","","","","","","","","","","","","","","","","0000-00-00","0");
INSERT INTO xmoodle5 VALUES("19","ACK019","2","4","นางสาว","ทิพวรรณ","สุรินแก้ว","นางสาวทิพวรรณ  สุรินแก้ว","ครู","3","คศ.2","2","ภาษาไทย","2","ข้าราชการ","1","","","","","","","","","","","","","","","","","","","","","","","","","","","","0000-00-00","0");
INSERT INTO xmoodle5 VALUES("20","ACK020","1","3","นาย","ณัฐวัฒน์","อ่อนน้อม","นายณัฐวัฒน์  อ่อนน้อม","ครู","4","ครูผู้ช่วย","1","ภาษาไทย","2","ข้าราชการ","1","","","","","","","","","","","","","","","","","","","","","","","","","","","","0000-00-00","0");
INSERT INTO xmoodle5 VALUES("21","ACK021","2","4","นางสาว","ชลธิชา","บุญสูง","นางสาวชลธิชา  บุญสูง","ครู","4","ครูผู้ช่วย","1","ภาษาไทย","2","ข้าราชการ","1","","","","","","","","","","","","","","","","","","","","","","","","","","","","0000-00-00","0");
INSERT INTO xmoodle5 VALUES("22","ACK022","2","4","นางสาว","มณีรัตน์","สาระรัตน์","นางสาวมณีรัตน์  สาระรัตน์","ครู","4","ครูผู้ช่วย","1","ภาษาไทย","2","ข้าราชการ","1","","","","","","","","","","","","","","","","","","","","","","","","","","","","0000-00-00","0");
INSERT INTO xmoodle5 VALUES("23","ACK023","2","4","นางสาว","สุทธิรา","คำวัง","นางสาวสุทธิรา  คำวัง","ครู","3","ครู","1","ภาษาไทย","2","ข้าราชการ","1","","","","","","","","","","","","","","","","","","","","","","","","","","","","0000-00-00","0");
INSERT INTO xmoodle5 VALUES("24","ACK024","2","5","นาง","ณปภัช","จันระวัง","นางณปภัช  จันระวัง","ครู","3","คศ.3","3","คณิตศาสตร์","1","ข้าราชการ","1","","","","","","","","","","","","","","","","","","","","","","","","","","","","0000-00-00","0");
INSERT INTO xmoodle5 VALUES("25","ACK025","2","5","นาง","ชุติภา","บริบูรณ์","นางชุติภา  บริบูรณ์","ครู","3","คศ.3","3","คณิตศาสตร์","1","ข้าราชการ","1","","","","","","","","","","","","","","","","","","","","","","","","","","","","0000-00-00","0");
INSERT INTO xmoodle5 VALUES("26","ACK026","2","5","นาง","กันธณา","ศิริมังคลากุล","นางกันธณา  ศิริมังคลากุล","ครู","3","คศ.2","2","คณิตศาสตร์","1","ข้าราชการ","1","","","","","","","","","","","","","","","","","","","","","","","","","","","","0000-00-00","0");
INSERT INTO xmoodle5 VALUES("27","ACK027","2","4","นางสาว","ธิดารัตน์","ใจซื่อ","นางสาวธิดารัตน์  ใจซื่อ","ครู","3","          ครู","1","คณิตศาสตร์","1","ข้าราชการ","1","","","","","","","","","","","","","","","","","","","","","","","","","","","","0000-00-00","0");
INSERT INTO xmoodle5 VALUES("28","ACK028","1","3","นาย","ณัฐวุฒิ","ภักดีภัทรสกุล","นายณัฐวุฒิ  ภักดีภัทรสกุล","ครู","4","ครูผู้ช่วย","1","คณิตศาสตร์","1","ข้าราชการ","1","","","","","","","","","","","","","","","","","","","","","","","","","","","","0000-00-00","0");
INSERT INTO xmoodle5 VALUES("29","ACK029","1","3","นาย","กิตติศักดิ์","สุวรรณทา","นายกิตติศักดิ์  สุวรรณทา","ครู","3","ครูจ้างสอน","7","คณิตศาสตร์","1","ลูกจ้าง","2","","","","","","","","","","","","","","","","","","","","","","","","","","","","0000-00-00","0");
INSERT INTO xmoodle5 VALUES("30","ACK030","1","8"," Mr.","Jayson","Huiso Dupit"," Mr.Jayson  Huiso Dupit","ครู","3","ครูจ้างสอน","8","คณิตศาสตร์","1","ลูกจ้าง","2","","","","","","","","","","","","","","","","","","","","","","","","","","","","0000-00-00","0");
INSERT INTO xmoodle5 VALUES("31","ACK031","2","4","นางสาว","จิดาภา","จันทิมา","นางสาวจิดาภา  จันทิมา","ครู","3","ครู ","1","คณิตศาสตร์","1","ข้าราชการ","1","","","","","","","","","","","","","","","","","","","","","","","","","","","","0000-00-00","0");
INSERT INTO xmoodle5 VALUES("32","ACK032","2","4","นางสาว","อุไรวรรณ","ทวิชัย","นางสาวอุไรวรรณ  ทวิชัย","ครู","3","คศ.3","3","วิทยาศาสตร์และเทคโนโลยี","3","ข้าราชการ","1","","","","","","","","","","","","","","","","","","","","","","","","","","","","0000-00-00","0");
INSERT INTO xmoodle5 VALUES("33","ACK033","1","3","นาย","ไพรัตน์","คำปา","นายไพรัตน์  คำปา","ครู","3","คศ.3","3","วิทยาศาสตร์และเทคโนโลยี","3","ข้าราชการ","1","","","","","","","","","","","","","","","","","","","","","","","","","","","","0000-00-00","0");
INSERT INTO xmoodle5 VALUES("34","ACK034","2","4","นางสาว","ทิวาพร","โพธิ์โต","นางสาวทิวาพร  โพธิ์โต","ครู","3","ครู","1","วิทยาศาสตร์และเทคโนโลยี","3","ข้าราชการ","1","","","","","","","","","","","","","","","","","","","","","","","","","","","","0000-00-00","0");
INSERT INTO xmoodle5 VALUES("35","ACK035","1","3","นาย","จีระพงศ์","ฝาเรือนดี","นายจีระพงศ์  ฝาเรือนดี","ครู","3","ครู","1","วิทยาศาสตร์และเทคโนโลยี","3","ข้าราชการ","1","","","","","","","","","","","","","","","","","","","","","","","","","","","","0000-00-00","0");
INSERT INTO xmoodle5 VALUES("36","ACK036","2","4","นางสาว","ปุญชรัศมิ์","ชัยวรรณะ","นางสาวปุญชรัศมิ์  ชัยวรรณะ","ครู","6","ครูจ้างสอน","7","วิทยาศาสตร์และเทคโนโลยี","3","ลูกจ้าง","2","","","","","","","","","","","","","","","","","","","","","","","","","","","","0000-00-00","0");
INSERT INTO xmoodle5 VALUES("37","ACK037","2","11","Mrs. ","Venus","Ampo Dupit","Mrs. Venus  Ampo Dupit","ครู","7","ครูจ้างสอน","8","วิทยาศาสตร์และเทคโนโลยี","3","ลูกจ้าง","2","","","","","","","","","","","","","","","","","","","","","","","","","","","","0000-00-00","0");
INSERT INTO xmoodle5 VALUES("38","ACK038","2","4","นางสาว","ณัฐธิดา","ไชยทน","นางสาวณัฐธิดา  ไชยทน","ครู","3","ครู","1","วิทยาศาสตร์และเทคโนโลยี","3","ข้าราชการ","1","","","","","","","","","","","","","","","","","","","","","","","","","","","","0000-00-00","0");
INSERT INTO xmoodle5 VALUES("39","ACK039","2","5","นาง","ฐิติพร","กันทะสอน","นางฐิติพร  กันทะสอน","ครู","3","ครู","1","วิทยาศาสตร์และเทคโนโลยี","3","ข้าราชการ","1","","","","","","","","","","","","","","","","","","","","","","","","","","","","0000-00-00","0");
INSERT INTO xmoodle5 VALUES("40","ACK040","1","3","นาย","มนต์ชัย","สีปิน","นายมนต์ชัย  สีปิน","ครู","3","คศ.3","3","วิทยาศาสตร์และเทคโนโลยี","3","ข้าราชการ","1","","","","","","","","","","","","","","","","","","","","","","","","","","","","0000-00-00","0");
INSERT INTO xmoodle5 VALUES("41","ACK041","2","4","นางสาว","ชลิตตา","คำมูล","นางสาวชลิตตา  คำมูล","ครู","3","ครู","1","วิทยาศาสตร์และเทคโนโลยี","3","ข้าราชการ","1","","","","","","","","","","","","","","","","","","","","","","","","","","","","0000-00-00","0");
INSERT INTO xmoodle5 VALUES("42","ACK042","2","5","นาง","วิริยา","ทาโน","นางวิริยา  ทาโน","ครู","3","ครู","1","วิทยาศาสตร์และเทคโนโลยี","3","ข้าราชการ","1","","","","","","","","","","","","","","","","","","","","","","","","","","","","0000-00-00","0");
INSERT INTO xmoodle5 VALUES("43","ACK043","1","3","นาย","สิทธิชัย","อุทธิยา","นายสิทธิชัย  อุทธิยา","ครู","3","ครู","1","สังคมศึกษา  ศาสนา และวัฒนธรรม","4","ข้าราชการ","1","","","","","","","","","","","","","","","","","","","","","","","","","","","","0000-00-00","0");
INSERT INTO xmoodle5 VALUES("44","ACK044","2","5","นาง","จิตรการ","สายยืด","นางจิตรการ  สายยืด","ครู","3","คศ.3","3","สังคมศึกษา  ศาสนา และวัฒนธรรม","4","ข้าราชการ","1","","","","","","","","","","","","","","","","","","","","","","","","","","","","0000-00-00","0");
INSERT INTO xmoodle5 VALUES("45","ACK045","2","4","นางสาว","วทันยา","วงศ์ชัย","นางสาววทันยา  วงศ์ชัย","ครู","3","ครู","1","สังคมศึกษา  ศาสนา และวัฒนธรรม","4","ข้าราชการ","1","","","","","","","","","","","","","","","","","","","","","","","","","","","","0000-00-00","0");
INSERT INTO xmoodle5 VALUES("46","ACK046","1","3","นาย","สิทธิชัย","อุทธิยา","นายสิทธิชัย  อุทธิยา","ครู","3","ครู","1","สังคมศึกษา  ศาสนา และวัฒนธรรม","4","ข้าราชการ","1","","","","","","","","","","","","","","","","","","","","","","","","","","","","0000-00-00","0");
INSERT INTO xmoodle5 VALUES("47","ACK047","2","5","นาง","สิรินรักษ์","หมอนเขื่อน","นางสิรินรักษ์  หมอนเขื่อน","ครู","4","ครูผู้ช่วย","1","สังคมศึกษา  ศาสนา และวัฒนธรรม","4","ข้าราชการ","1","","","","","","","","","","","","","","","","","","","","","","","","","","","","0000-00-00","0");
INSERT INTO xmoodle5 VALUES("48","ACK048","1","3","นาย","อภิสิทธิ์","นวลคำวัง","นายอภิสิทธิ์  นวลคำวัง","ครู","4","ครูผู้ช่วย","1","สังคมศึกษา  ศาสนา และวัฒนธรรม","4","ข้าราชการ","1","","","","","","","","","","","","","","","","","","","","","","","","","","","","0000-00-00","0");
INSERT INTO xmoodle5 VALUES("49","ACK049","2","4","นางสาว","วทันยา","วงศ์ชัย","นางสาววทันยา  วงศ์ชัย","ครู","3","ครู","1","สังคมศึกษา  ศาสนา และวัฒนธรรม","4","ข้าราชการ","1","","","","","","","","","","","","","","","","","","","","","","","","","","","","0000-00-00","0");
INSERT INTO xmoodle5 VALUES("50","ACK050","2","5","นาง","นิศากร","นวลแจ่ม","นางนิศากร  นวลแจ่ม","ครู","3","คศ.2","2","สุขศึกษาและพลศึกษา","5","ข้าราชการ","1","","","","","","","","","","","","","","","","","","","","","","","","","","","","0000-00-00","0");
INSERT INTO xmoodle5 VALUES("51","ACK051","1","3","นาย","สันหวัช","จันทอง","นายสันหวัช  จันทอง","ครู","4","ครูผู้ช่วย","1","สุขศึกษาและพลศึกษา","5","ข้าราชการ","1","","","","","","","","","","","","","","","","","","","","","","","","","","","","0000-00-00","0");
INSERT INTO xmoodle5 VALUES("52","ACK052","1","3","นาย","คมสัน","สุสี","นายคมสัน  สุสี","ครู","3","ครู","1","สุขศึกษาและพลศึกษา","5","ข้าราชการ","1","","","","","","","","","","","","","","","","","","","","","","","","","","","","0000-00-00","0");
INSERT INTO xmoodle5 VALUES("53","ACK053","1","3","นาย","สามารถ","คัญทัพ","นายสามารถ  คัญทัพ","ครู","3","คศ.3","3","ศิลปะ ","6","ข้าราชการ","1","","","","","","","","","","","","","","","","","","","","","","","","","","","","0000-00-00","0");
INSERT INTO xmoodle5 VALUES("54","ACK054","2","4","นางสาว","อภิญญา","อิ่นติ๊บ","นางสาวอภิญญา  อิ่นติ๊บ","ครู","4","ครูผู้ช่วย","1","ศิลปะ ","6","ข้าราชการ","1","","","","","","","","","","","","","","","","","","","","","","","","","","","","0000-00-00","0");
INSERT INTO xmoodle5 VALUES("55","ACK055","2","5","นาง","อรุณี","สุรินธรรม","นางอรุณี  สุรินธรรม","ครู","3","ครู","1","ศิลปะ ","6","ข้าราชการ","1","","","","","","","","","","","","","","","","","","","","","","","","","","","","0000-00-00","0");
INSERT INTO xmoodle5 VALUES("56","ACK056","1","3","นาย","จักรพงษ์","เกษมศรี","นายจักรพงษ์  เกษมศรี","ครู","3","คศ.2","2","ภาษาต่างประเทศ (ภาษาอังกฤษ)","8","ข้าราชการ","1","","","","","","","","","","","","","","","","","","","","","","","","","","","","0000-00-00","0");
INSERT INTO xmoodle5 VALUES("57","ACK057","1","3","นาย","รพีภัทร","กมลสิทธิ์สิริกุล","นายรพีภัทร  กมลสิทธิ์สิริกุล","ครู","3","คศ.2","2","ภาษาต่างประเทศ (ภาษาอังกฤษ)","8","ข้าราชการ","1","","","","","","","","","","","","","","","","","","","","","","","","","","","","0000-00-00","0");
INSERT INTO xmoodle5 VALUES("58","ACK058","2","4","นางสาว","เมธาวดี","วิฑูรย์","นางสาวเมธาวดี  วิฑูรย์","ครู","3","คศ.2","2","ภาษาต่างประเทศ (ภาษาอังกฤษ)","8","ข้าราชการ","1","","","","","","","","","","","","","","","","","","","","","","","","","","","","0000-00-00","0");
INSERT INTO xmoodle5 VALUES("59","ACK059","1","3","นาย","เสกสรร","ช่วยแก้ไข","นายเสกสรร  ช่วยแก้ไข","ครู","3","คศ.2","2","ภาษาต่างประเทศ (ภาษาอังกฤษ)","8","ข้าราชการ","1","","","","","","","","","","","","","","","","","","","","","","","","","","","","0000-00-00","0");
INSERT INTO xmoodle5 VALUES("60","ACK060","2","4","นางสาว","ภัทรดา","จินะราช","นางสาวภัทรดา  จินะราช","ครู","3","ครู","1","ภาษาต่างประเทศ (ภาษาอังกฤษ)","8","ข้าราชการ","1","","","","","","","","","","","","","","","","","","","","","","","","","","","","0000-00-00","0");
INSERT INTO xmoodle5 VALUES("61","ACK061","2","4","นางสาว","วรรณศิกา","พรมมินทร์","นางสาววรรณศิกา  พรมมินทร์","ครู","3","ครู","1","ภาษาต่างประเทศ (ภาษาอังกฤษ)","8","ข้าราชการ","1","","","","","","","","","","","","","","","","","","","","","","","","","","","","0000-00-00","0");
INSERT INTO xmoodle5 VALUES("62","ACK062","2","8","Mr.","T.Heloise","Engelbrecht","Mr.T.Heloise  Engelbrecht","ครู","7","ครูจ้างสอน","8","ภาษาต่างประเทศ (ภาษาอังกฤษ)","8","ลูกจ้าง","2","","","","","","","","","","","","","","","","","","","","","","","","","","","","0000-00-00","0");
INSERT INTO xmoodle5 VALUES("63","ACK063","2","11","Mrs. ","T.NeandreStefan","Engelbrecht","Mrs. T.NeandreStefan  Engelbrecht","ครู","7","ครูจ้างสอน","8","ภาษาต่างประเทศ (ภาษาอังกฤษ)","8","ลูกจ้าง","2","","","","","","","","","","","","","","","","","","","","","","","","","","","","0000-00-00","0");
INSERT INTO xmoodle5 VALUES("64","ACK064","2","11","Mrs. ","T.Karma","Dubjur","Mrs. T.Karma  Dubjur","ครู","7","ครูจ้างสอน","8","ภาษาต่างประเทศ (ภาษาอังกฤษ)","8","ลูกจ้าง","2","","","","","","","","","","","","","","","","","","","","","","","","","","","","0000-00-00","0");
INSERT INTO xmoodle5 VALUES("65","ACK065","2","8","Mr.","T.Peter","Jr. C. Binawe","Mr.T.Peter  Jr. C. Binawe","ครู","7","ครูจ้างสอน","8","ภาษาต่างประเทศ (ภาษาอังกฤษ)","8","ลูกจ้าง","2","","","","","","","","","","","","","","","","","","","","","","","","","","","","0000-00-00","0");
INSERT INTO xmoodle5 VALUES("66","ACK066","2","4","นางสาว","จุฑามาศ","ประดับ","นางสาวจุฑามาศ  ประดับ","ครู","3","ครู","1","ภาษาต่างประเทศ (ภาษาอังกฤษ)","8","ข้าราชการ","1","","","","","","","","","","","","","","","","","","","","","","","","","","","","0000-00-00","0");
INSERT INTO xmoodle5 VALUES("67","ACK067","2","4","นางสาว","มารีย์","ชัยกุลธวัช","นางสาวมารีย์  ชัยกุลธวัช","ครู","4","ครูผู้ช่วย","1","1.      ภาษาต่างประเทศ (ภาษาจีน)","8","ข้าราชการ","1","","","","","","","","","","","","","","","","","","","","","","","","","","","","0000-00-00","0");
INSERT INTO xmoodle5 VALUES("68","ACK068","2","4","นางสาว","รสสุคนธ์","นันตา","นางสาวรสสุคนธ์  นันตา","ครู","4","ครูผู้ช่วย","1","1.      ภาษาต่างประเทศ (ภาษาจีน)","8","ข้าราชการ","1","","","","","","","","","","","","","","","","","","","","","","","","","","","","0000-00-00","0");
INSERT INTO xmoodle5 VALUES("69","ACK069","2","4","นางสาว","สัญญา","เจริญศุภมิต","นางสาวสัญญา  เจริญศุภมิต","ครู","6","ครูอัตราจ้าง","7","1.      ภาษาต่างประเทศ (ภาษาจีน)","8","ลูกจ้าง","2","","","","","","","","","","","","","","","","","","","","","","","","","","","","0000-00-00","0");
INSERT INTO xmoodle5 VALUES("70","ACK070","2","4","นางสาว","จิราพร","แซ่ฟ้า","นางสาวจิราพร  แซ่ฟ้า","ครู","3","ครู","1","1.      ภาษาต่างประเทศ (ภาษาจีน)","8","ข้าราชการ","1","","","","","","","","","","","","","","","","","","","","","","","","","","","","0000-00-00","0");
INSERT INTO xmoodle5 VALUES("71","ACK071","2","5","นาง","ชุติภา","บริบูรณ์","นางชุติภา  บริบูรณ์","ครู","3","คศ.3","3","1.      กิจกรรมพัฒนาผู้เรียน","14","ข้าราชการ","1","","","","","","","","","","","","","","","","","","","","","","","","","","","","0000-00-00","0");
INSERT INTO xmoodle5 VALUES("72","ACK072","2","5","นาง","นันท์นภัส","อนันตสิทธิพงศ์ ","นางนันท์นภัส  อนันตสิทธิพงศ์ ","ครู","3","คศ.3    ","3","1.      กิจกรรมพัฒนาผู้เรียน","14","ข้าราชการ","1","","","","","","","","","","","","","","","","","","","","","","","","","","","","0000-00-00","0");
INSERT INTO xmoodle5 VALUES("73","ACK073","2","5","นาง","ชุติภา","บริบูรณ์","นางชุติภา  บริบูรณ์","ครู","3","คศ.3","3","1.      กิจกรรมพัฒนาผู้เรียน","14","ข้าราชการ","1","","","","","","","","","","","","","","","","","","","","","","","","","","","","0000-00-00","0");
INSERT INTO xmoodle5 VALUES("74","ACK074","2","5","นาง","จินตนา","เหล็มโสะ","นางจินตนา  เหล็มโสะ","ครู","3","ครู","1","1.      กิจกรรมพัฒนาผู้เรียน","14","ข้าราชการ","1","","","","","","","","","","","","","","","","","","","","","","","","","","","","0000-00-00","0");
INSERT INTO xmoodle5 VALUES("75","ACK075","1","3","นาย","คมสัน","สุสี","นายคมสัน  สุสี","ครู","3","ครู","1","1.      กิจกรรมพัฒนาผู้เรียน","14","ข้าราชการ","1","","","","","","","","","","","","","","","","","","","","","","","","","","","","0000-00-00","0");
INSERT INTO xmoodle5 VALUES("76","ACK076","2","5","นาง","มัทนา","กุลชัย","นางมัทนา  กุลชัย","ครู","4","ครูผู้ช่วย","1","1.      กิจกรรมพัฒนาผู้เรียน","14","ข้าราชการ","1","","","","","","","","","","","","","","","","","","","","","","","","","","","","0000-00-00","0");
INSERT INTO xmoodle5 VALUES("77","ACK077","2","4","นางสาว","สรัญญา","ปุกปินกาศ","นางสาวสรัญญา  ปุกปินกาศ","ครู","3","คศ.3","3","1.      กิจกรรมพัฒนาผู้เรียน","14","ข้าราชการ","1","","","","","","","","","","","","","","","","","","","","","","","","","","","","0000-00-00","0");
INSERT INTO xmoodle5 VALUES("78","﻿ACK001","1","3","นาย","เจริญ","นันไชยวงค์","นายเจริญ  นันไชยวงค์","ผู้อำนวยการ","1","คศ.3","3","บริหาร","9","ข้าราชการ","1","","","","","","","","","","","","","","","","","","","","","","","","","","","","0000-00-00","0");
INSERT INTO xmoodle5 VALUES("79","ACK002","2","4","นางสาว","ขวัญจิรา","กองสุข","นางสาวขวัญจิรา  กองสุข","รองผู้อำนวยการ","2","คศ.3","3","บริหาร","9","ข้าราชการ","1","","","","","","","","","","","","","","","","","","","","","","","","","","","","0000-00-00","0");
INSERT INTO xmoodle5 VALUES("80","ACK003","1","3","นาย","อดิเรก","ยอดเมือง","นายอดิเรก  ยอดเมือง","รองผู้อำนวยการ","2","คศ.3","3","บริหาร","9","ข้าราชการ","1","","","","","","","","","","","","","","","","","","","","","","","","","","","","0000-00-00","0");
INSERT INTO xmoodle5 VALUES("81","ACK004","2","5","นาง","อัญชลี","ยอดบุญเรือง","นางอัญชลี  ยอดบุญเรือง","ครู","3","คศ.3","3","ปฐมวัย ","12","ข้าราชการ","1","","","","","","","","","","","","","","","","","","","","","","","","","","","","0000-00-00","0");
INSERT INTO xmoodle5 VALUES("82","ACK005","2","5","นาง","ธิดารัตน์","ฮงประยูร","นางธิดารัตน์  ฮงประยูร","ครู","3","คศ.3","3","ปฐมวัย ","12","ข้าราชการ","1","","","","","","","","","","","","","","","","","","","","","","","","","","","","0000-00-00","0");
INSERT INTO xmoodle5 VALUES("83","ACK006","2","5","นาง","ดวงพร","วิเศษ","นางดวงพร  วิเศษ","ครู","3","คศ.2","2","ปฐมวัย ","12","ข้าราชการ","1","","","","","","","","","","","","","","","","","","","","","","","","","","","","0000-00-00","0");
INSERT INTO xmoodle5 VALUES("84","ACK007","2","5","นาง","ภัทริญาภรณ์","ทิศพรม","นางภัทริญาภรณ์  ทิศพรม","ครู","3","ครู","1","ปฐมวัย ","12","ข้าราชการ","1","","","","","","","","","","","","","","","","","","","","","","","","","","","","0000-00-00","0");
INSERT INTO xmoodle5 VALUES("85","ACK008","2","4","นางสาว","ชรินรัตน์","วงศ์มา","นางสาวชรินรัตน์  วงศ์มา","ครู","4","ครูผู้ช่วย","1","ปฐมวัย ","12","ลูกจ้าง","2","","","","","","","","","","","","","","","","","","","","","","","","","","","","0000-00-00","0");
INSERT INTO xmoodle5 VALUES("86","ACK009","2","4","นางสาว","กมลชนก","วุฒิโอสถ","นางสาวกมลชนก  วุฒิโอสถ","ครู","5","พนักงานราชการ","6","ปฐมวัย ","12","ลูกจ้าง","2","","","","","","","","","","","","","","","","","","","","","","","","","","","","0000-00-00","0");
INSERT INTO xmoodle5 VALUES("87","ACK010","2","4","นางสาว","เพ็ญพิสุทธิ์","ขันสล่า","นางสาวเพ็ญพิสุทธิ์  ขันสล่า","ครู","6","ครูอัตราจ้าง","7","ปฐมวัย ","12","ลูกจ้าง","2","","","","","","","","","","","","","","","","","","","","","","","","","","","","0000-00-00","0");
INSERT INTO xmoodle5 VALUES("88","ACK011","2","9","Miss","JessaGutang","Madera","MissJessaGutang  Madera","ครู","7","ครูจ้างสอน","8","ปฐมวัย ","12","ลูกจ้าง","2","","","","","","","","","","","","","","","","","","","","","","","","","","","","0000-00-00","0");
INSERT INTO xmoodle5 VALUES("89","ACK012","2","9","Miss","VanessaFaustino","Baustista","MissVanessaFaustino  Baustista","ครู","7","ครูจ้างสอน","8","ปฐมวัย ","12","ลูกจ้าง","2","","","","","","","","","","","","","","","","","","","","","","","","","","","","0000-00-00","0");
INSERT INTO xmoodle5 VALUES("90","ACK013","2","4","นางสาว","บัณฑิตา","ยอดวงค์","นางสาวบัณฑิตา  ยอดวงค์","ครู","3","ครู ","1","ปฐมวัย ","12","ข้าราชการ","1","","","","","","","","","","","","","","","","","","","","","","","","","","","","0000-00-00","0");
INSERT INTO xmoodle5 VALUES("91","ACK014","1","3","นาย","นฤเดช","สุริยะวงค์","นายนฤเดช  สุริยะวงค์","ครู","3","ครู","1","ภาษาไทย","2","ข้าราชการ","1","","","","","","","","","","","","","","","","","","","","","","","","","","","","0000-00-00","0");
INSERT INTO xmoodle5 VALUES("92","ACK015","2","5","นาง","จรรยา","ณ น่าน","นางจรรยา  ณ น่าน","ครู","3","คศ.3","3","ภาษาไทย","2","ข้าราชการ","1","","","","","","","","","","","","","","","","","","","","","","","","","","","","0000-00-00","0");
INSERT INTO xmoodle5 VALUES("93","ACK016","2","5","นาง","นันท์นภัส","อนันตสิทธิพงศ์ ","นางนันท์นภัส  อนันตสิทธิพงศ์ ","ครู","3","คศ.3    ","3","ภาษาไทย","2","ข้าราชการ","1","","","","","","","","","","","","","","","","","","","","","","","","","","","","0000-00-00","0");
INSERT INTO xmoodle5 VALUES("94","ACK017","2","5","นาง","ประวีณา","ไชยพุฒิ","นางประวีณา  ไชยพุฒิ","ครู","3","คศ.3","3","ภาษาไทย","2","ข้าราชการ","1","","","","","","","","","","","","","","","","","","","","","","","","","","","","0000-00-00","0");
INSERT INTO xmoodle5 VALUES("95","ACK018","2","4","นางสาว","สรัญญา","ปุกปินกาศ","นางสาวสรัญญา  ปุกปินกาศ","ครู","3","คศ.3","3","ภาษาไทย","2","ข้าราชการ","1","","","","","","","","","","","","","","","","","","","","","","","","","","","","0000-00-00","0");
INSERT INTO xmoodle5 VALUES("96","ACK019","2","4","นางสาว","ทิพวรรณ","สุรินแก้ว","นางสาวทิพวรรณ  สุรินแก้ว","ครู","3","คศ.2","2","ภาษาไทย","2","ข้าราชการ","1","","","","","","","","","","","","","","","","","","","","","","","","","","","","0000-00-00","0");
INSERT INTO xmoodle5 VALUES("97","ACK020","1","3","นาย","ณัฐวัฒน์","อ่อนน้อม","นายณัฐวัฒน์  อ่อนน้อม","ครู","4","ครูผู้ช่วย","1","ภาษาไทย","2","ข้าราชการ","1","","","","","","","","","","","","","","","","","","","","","","","","","","","","0000-00-00","0");
INSERT INTO xmoodle5 VALUES("98","ACK021","2","4","นางสาว","ชลธิชา","บุญสูง","นางสาวชลธิชา  บุญสูง","ครู","4","ครูผู้ช่วย","1","ภาษาไทย","2","ข้าราชการ","1","","","","","","","","","","","","","","","","","","","","","","","","","","","","0000-00-00","0");
INSERT INTO xmoodle5 VALUES("99","ACK022","2","4","นางสาว","มณีรัตน์","สาระรัตน์","นางสาวมณีรัตน์  สาระรัตน์","ครู","4","ครูผู้ช่วย","1","ภาษาไทย","2","ข้าราชการ","1","","","","","","","","","","","","","","","","","","","","","","","","","","","","0000-00-00","0");
INSERT INTO xmoodle5 VALUES("100","ACK023","2","4","นางสาว","สุทธิรา","คำวัง","นางสาวสุทธิรา  คำวัง","ครู","3","ครู","1","ภาษาไทย","2","ข้าราชการ","1","","","","","","","","","","","","","","","","","","","","","","","","","","","","0000-00-00","0");
INSERT INTO xmoodle5 VALUES("101","ACK024","2","5","นาง","ณปภัช","จันระวัง","นางณปภัช  จันระวัง","ครู","3","คศ.3","3","คณิตศาสตร์","1","ข้าราชการ","1","","","","","","","","","","","","","","","","","","","","","","","","","","","","0000-00-00","0");
INSERT INTO xmoodle5 VALUES("102","ACK025","2","5","นาง","ชุติภา","บริบูรณ์","นางชุติภา  บริบูรณ์","ครู","3","คศ.3","3","คณิตศาสตร์","1","ข้าราชการ","1","","","","","","","","","","","","","","","","","","","","","","","","","","","","0000-00-00","0");
INSERT INTO xmoodle5 VALUES("103","ACK026","2","5","นาง","กันธณา","ศิริมังคลากุล","นางกันธณา  ศิริมังคลากุล","ครู","3","คศ.2","2","คณิตศาสตร์","1","ข้าราชการ","1","","","","","","","","","","","","","","","","","","","","","","","","","","","","0000-00-00","0");
INSERT INTO xmoodle5 VALUES("104","ACK027","2","4","นางสาว","ธิดารัตน์","ใจซื่อ","นางสาวธิดารัตน์  ใจซื่อ","ครู","3","          ครู","1","คณิตศาสตร์","1","ข้าราชการ","1","","","","","","","","","","","","","","","","","","","","","","","","","","","","0000-00-00","0");
INSERT INTO xmoodle5 VALUES("105","ACK028","1","3","นาย","ณัฐวุฒิ","ภักดีภัทรสกุล","นายณัฐวุฒิ  ภักดีภัทรสกุล","ครู","4","ครูผู้ช่วย","1","คณิตศาสตร์","1","ข้าราชการ","1","","","","","","","","","","","","","","","","","","","","","","","","","","","","0000-00-00","0");
INSERT INTO xmoodle5 VALUES("106","ACK029","1","3","นาย","กิตติศักดิ์","สุวรรณทา","นายกิตติศักดิ์  สุวรรณทา","ครู","3","ครูจ้างสอน","7","คณิตศาสตร์","1","ลูกจ้าง","2","","","","","","","","","","","","","","","","","","","","","","","","","","","","0000-00-00","0");
INSERT INTO xmoodle5 VALUES("107","ACK030","1","8"," Mr.","Jayson","Huiso Dupit"," Mr.Jayson  Huiso Dupit","ครู","3","ครูจ้างสอน","8","คณิตศาสตร์","1","ลูกจ้าง","2","","","","","","","","","","","","","","","","","","","","","","","","","","","","0000-00-00","0");
INSERT INTO xmoodle5 VALUES("108","ACK031","2","4","นางสาว","จิดาภา","จันทิมา","นางสาวจิดาภา  จันทิมา","ครู","3","ครู ","1","คณิตศาสตร์","1","ข้าราชการ","1","","","","","","","","","","","","","","","","","","","","","","","","","","","","0000-00-00","0");
INSERT INTO xmoodle5 VALUES("109","ACK032","2","4","นางสาว","อุไรวรรณ","ทวิชัย","นางสาวอุไรวรรณ  ทวิชัย","ครู","3","คศ.3","3","วิทยาศาสตร์และเทคโนโลยี","3","ข้าราชการ","1","","","","","","","","","","","","","","","","","","","","","","","","","","","","0000-00-00","0");
INSERT INTO xmoodle5 VALUES("110","ACK033","1","3","นาย","ไพรัตน์","คำปา","นายไพรัตน์  คำปา","ครู","3","คศ.3","3","วิทยาศาสตร์และเทคโนโลยี","3","ข้าราชการ","1","","","","","","","","","","","","","","","","","","","","","","","","","","","","0000-00-00","0");
INSERT INTO xmoodle5 VALUES("111","ACK034","2","4","นางสาว","ทิวาพร","โพธิ์โต","นางสาวทิวาพร  โพธิ์โต","ครู","3","ครู","1","วิทยาศาสตร์และเทคโนโลยี","3","ข้าราชการ","1","","","","","","","","","","","","","","","","","","","","","","","","","","","","0000-00-00","0");
INSERT INTO xmoodle5 VALUES("112","ACK035","1","3","นาย","จีระพงศ์","ฝาเรือนดี","นายจีระพงศ์  ฝาเรือนดี","ครู","3","ครู","1","วิทยาศาสตร์และเทคโนโลยี","3","ข้าราชการ","1","","","","","","","","","","","","","","","","","","","","","","","","","","","","0000-00-00","0");
INSERT INTO xmoodle5 VALUES("113","ACK036","2","4","นางสาว","ปุญชรัศมิ์","ชัยวรรณะ","นางสาวปุญชรัศมิ์  ชัยวรรณะ","ครู","6","ครูจ้างสอน","7","วิทยาศาสตร์และเทคโนโลยี","3","ลูกจ้าง","2","","","","","","","","","","","","","","","","","","","","","","","","","","","","0000-00-00","0");
INSERT INTO xmoodle5 VALUES("114","ACK037","2","11","Mrs. ","Venus","Ampo Dupit","Mrs. Venus  Ampo Dupit","ครู","7","ครูจ้างสอน","8","วิทยาศาสตร์และเทคโนโลยี","3","ลูกจ้าง","2","","","","","","","","","","","","","","","","","","","","","","","","","","","","0000-00-00","0");
INSERT INTO xmoodle5 VALUES("115","ACK038","2","4","นางสาว","ณัฐธิดา","ไชยทน","นางสาวณัฐธิดา  ไชยทน","ครู","3","ครู","1","วิทยาศาสตร์และเทคโนโลยี","3","ข้าราชการ","1","","","","","","","","","","","","","","","","","","","","","","","","","","","","0000-00-00","0");
INSERT INTO xmoodle5 VALUES("116","ACK039","2","5","นาง","ฐิติพร","กันทะสอน","นางฐิติพร  กันทะสอน","ครู","3","ครู","1","วิทยาศาสตร์และเทคโนโลยี","3","ข้าราชการ","1","","","","","","","","","","","","","","","","","","","","","","","","","","","","0000-00-00","0");
INSERT INTO xmoodle5 VALUES("117","ACK040","1","3","นาย","มนต์ชัย","สีปิน","นายมนต์ชัย  สีปิน","ครู","3","คศ.3","3","วิทยาศาสตร์และเทคโนโลยี","3","ข้าราชการ","1","","","","","","","","","","","","","","","","","","","","","","","","","","","","0000-00-00","0");
INSERT INTO xmoodle5 VALUES("118","ACK041","2","4","นางสาว","ชลิตตา","คำมูล","นางสาวชลิตตา  คำมูล","ครู","3","ครู","1","วิทยาศาสตร์และเทคโนโลยี","3","ข้าราชการ","1","","","","","","","","","","","","","","","","","","","","","","","","","","","","0000-00-00","0");
INSERT INTO xmoodle5 VALUES("119","ACK042","2","5","นาง","วิริยา","ทาโน","นางวิริยา  ทาโน","ครู","3","ครู","1","วิทยาศาสตร์และเทคโนโลยี","3","ข้าราชการ","1","","","","","","","","","","","","","","","","","","","","","","","","","","","","0000-00-00","0");
INSERT INTO xmoodle5 VALUES("120","ACK043","1","3","นาย","สิทธิชัย","อุทธิยา","นายสิทธิชัย  อุทธิยา","ครู","3","ครู","1","สังคมศึกษา  ศาสนา และวัฒนธรรม","4","ข้าราชการ","1","","","","","","","","","","","","","","","","","","","","","","","","","","","","0000-00-00","0");
INSERT INTO xmoodle5 VALUES("121","ACK044","2","5","นาง","จิตรการ","สายยืด","นางจิตรการ  สายยืด","ครู","3","คศ.3","3","สังคมศึกษา  ศาสนา และวัฒนธรรม","4","ข้าราชการ","1","","","","","","","","","","","","","","","","","","","","","","","","","","","","0000-00-00","0");
INSERT INTO xmoodle5 VALUES("122","ACK045","2","4","นางสาว","วทันยา","วงศ์ชัย","นางสาววทันยา  วงศ์ชัย","ครู","3","ครู","1","สังคมศึกษา  ศาสนา และวัฒนธรรม","4","ข้าราชการ","1","","","","","","","","","","","","","","","","","","","","","","","","","","","","0000-00-00","0");
INSERT INTO xmoodle5 VALUES("123","ACK046","1","3","นาย","สิทธิชัย","อุทธิยา","นายสิทธิชัย  อุทธิยา","ครู","3","ครู","1","สังคมศึกษา  ศาสนา และวัฒนธรรม","4","ข้าราชการ","1","","","","","","","","","","","","","","","","","","","","","","","","","","","","0000-00-00","0");
INSERT INTO xmoodle5 VALUES("124","ACK047","2","5","นาง","สิรินรักษ์","หมอนเขื่อน","นางสิรินรักษ์  หมอนเขื่อน","ครู","4","ครูผู้ช่วย","1","สังคมศึกษา  ศาสนา และวัฒนธรรม","4","ข้าราชการ","1","","","","","","","","","","","","","","","","","","","","","","","","","","","","0000-00-00","0");
INSERT INTO xmoodle5 VALUES("125","ACK048","1","3","นาย","อภิสิทธิ์","นวลคำวัง","นายอภิสิทธิ์  นวลคำวัง","ครู","4","ครูผู้ช่วย","1","สังคมศึกษา  ศาสนา และวัฒนธรรม","4","ข้าราชการ","1","","","","","","","","","","","","","","","","","","","","","","","","","","","","0000-00-00","0");
INSERT INTO xmoodle5 VALUES("126","ACK049","2","4","นางสาว","วทันยา","วงศ์ชัย","นางสาววทันยา  วงศ์ชัย","ครู","3","ครู","1","สังคมศึกษา  ศาสนา และวัฒนธรรม","4","ข้าราชการ","1","","","","","","","","","","","","","","","","","","","","","","","","","","","","0000-00-00","0");
INSERT INTO xmoodle5 VALUES("127","ACK050","2","5","นาง","นิศากร","นวลแจ่ม","นางนิศากร  นวลแจ่ม","ครู","3","คศ.2","2","สุขศึกษาและพลศึกษา","5","ข้าราชการ","1","","","","","","","","","","","","","","","","","","","","","","","","","","","","0000-00-00","0");
INSERT INTO xmoodle5 VALUES("128","ACK051","1","3","นาย","สันหวัช","จันทอง","นายสันหวัช  จันทอง","ครู","4","ครูผู้ช่วย","1","สุขศึกษาและพลศึกษา","5","ข้าราชการ","1","","","","","","","","","","","","","","","","","","","","","","","","","","","","0000-00-00","0");
INSERT INTO xmoodle5 VALUES("129","ACK052","1","3","นาย","คมสัน","สุสี","นายคมสัน  สุสี","ครู","3","ครู","1","สุขศึกษาและพลศึกษา","5","ข้าราชการ","1","","","","","","","","","","","","","","","","","","","","","","","","","","","","0000-00-00","0");
INSERT INTO xmoodle5 VALUES("130","ACK053","1","3","นาย","สามารถ","คัญทัพ","นายสามารถ  คัญทัพ","ครู","3","คศ.3","3","ศิลปะ ","6","ข้าราชการ","1","","","","","","","","","","","","","","","","","","","","","","","","","","","","0000-00-00","0");
INSERT INTO xmoodle5 VALUES("131","ACK054","2","4","นางสาว","อภิญญา","อิ่นติ๊บ","นางสาวอภิญญา  อิ่นติ๊บ","ครู","4","ครูผู้ช่วย","1","ศิลปะ ","6","ข้าราชการ","1","","","","","","","","","","","","","","","","","","","","","","","","","","","","0000-00-00","0");
INSERT INTO xmoodle5 VALUES("132","ACK055","2","5","นาง","อรุณี","สุรินธรรม","นางอรุณี  สุรินธรรม","ครู","3","ครู","1","ศิลปะ ","6","ข้าราชการ","1","","","","","","","","","","","","","","","","","","","","","","","","","","","","0000-00-00","0");
INSERT INTO xmoodle5 VALUES("133","ACK056","1","3","นาย","จักรพงษ์","เกษมศรี","นายจักรพงษ์  เกษมศรี","ครู","3","คศ.2","2","ภาษาต่างประเทศ (ภาษาอังกฤษ)","8","ข้าราชการ","1","","","","","","","","","","","","","","","","","","","","","","","","","","","","0000-00-00","0");
INSERT INTO xmoodle5 VALUES("134","ACK057","1","3","นาย","รพีภัทร","กมลสิทธิ์สิริกุล","นายรพีภัทร  กมลสิทธิ์สิริกุล","ครู","3","คศ.2","2","ภาษาต่างประเทศ (ภาษาอังกฤษ)","8","ข้าราชการ","1","","","","","","","","","","","","","","","","","","","","","","","","","","","","0000-00-00","0");
INSERT INTO xmoodle5 VALUES("135","ACK058","2","4","นางสาว","เมธาวดี","วิฑูรย์","นางสาวเมธาวดี  วิฑูรย์","ครู","3","คศ.2","2","ภาษาต่างประเทศ (ภาษาอังกฤษ)","8","ข้าราชการ","1","","","","","","","","","","","","","","","","","","","","","","","","","","","","0000-00-00","0");
INSERT INTO xmoodle5 VALUES("136","ACK059","1","3","นาย","เสกสรร","ช่วยแก้ไข","นายเสกสรร  ช่วยแก้ไข","ครู","3","คศ.2","2","ภาษาต่างประเทศ (ภาษาอังกฤษ)","8","ข้าราชการ","1","","","","","","","","","","","","","","","","","","","","","","","","","","","","0000-00-00","0");
INSERT INTO xmoodle5 VALUES("137","ACK060","2","4","นางสาว","ภัทรดา","จินะราช","นางสาวภัทรดา  จินะราช","ครู","3","ครู","1","ภาษาต่างประเทศ (ภาษาอังกฤษ)","8","ข้าราชการ","1","","","","","","","","","","","","","","","","","","","","","","","","","","","","0000-00-00","0");
INSERT INTO xmoodle5 VALUES("138","ACK061","2","4","นางสาว","วรรณศิกา","พรมมินทร์","นางสาววรรณศิกา  พรมมินทร์","ครู","3","ครู","1","ภาษาต่างประเทศ (ภาษาอังกฤษ)","8","ข้าราชการ","1","","","","","","","","","","","","","","","","","","","","","","","","","","","","0000-00-00","0");
INSERT INTO xmoodle5 VALUES("139","ACK062","2","8","Mr.","T.Heloise","Engelbrecht","Mr.T.Heloise  Engelbrecht","ครู","7","ครูจ้างสอน","8","ภาษาต่างประเทศ (ภาษาอังกฤษ)","8","ลูกจ้าง","2","","","","","","","","","","","","","","","","","","","","","","","","","","","","0000-00-00","0");
INSERT INTO xmoodle5 VALUES("140","ACK063","2","11","Mrs. ","T.NeandreStefan","Engelbrecht","Mrs. T.NeandreStefan  Engelbrecht","ครู","7","ครูจ้างสอน","8","ภาษาต่างประเทศ (ภาษาอังกฤษ)","8","ลูกจ้าง","2","","","","","","","","","","","","","","","","","","","","","","","","","","","","0000-00-00","0");
INSERT INTO xmoodle5 VALUES("141","ACK064","2","11","Mrs. ","T.Karma","Dubjur","Mrs. T.Karma  Dubjur","ครู","7","ครูจ้างสอน","8","ภาษาต่างประเทศ (ภาษาอังกฤษ)","8","ลูกจ้าง","2","","","","","","","","","","","","","","","","","","","","","","","","","","","","0000-00-00","0");
INSERT INTO xmoodle5 VALUES("142","ACK065","2","8","Mr.","T.Peter","Jr. C. Binawe","Mr.T.Peter  Jr. C. Binawe","ครู","7","ครูจ้างสอน","8","ภาษาต่างประเทศ (ภาษาอังกฤษ)","8","ลูกจ้าง","2","","","","","","","","","","","","","","","","","","","","","","","","","","","","0000-00-00","0");
INSERT INTO xmoodle5 VALUES("143","ACK066","2","4","นางสาว","จุฑามาศ","ประดับ","นางสาวจุฑามาศ  ประดับ","ครู","3","ครู","1","ภาษาต่างประเทศ (ภาษาอังกฤษ)","8","ข้าราชการ","1","","","","","","","","","","","","","","","","","","","","","","","","","","","","0000-00-00","0");
INSERT INTO xmoodle5 VALUES("144","ACK067","2","4","นางสาว","มารีย์","ชัยกุลธวัช","นางสาวมารีย์  ชัยกุลธวัช","ครู","4","ครูผู้ช่วย","1","1.      ภาษาต่างประเทศ (ภาษาจีน)","8","ข้าราชการ","1","","","","","","","","","","","","","","","","","","","","","","","","","","","","0000-00-00","0");
INSERT INTO xmoodle5 VALUES("145","ACK068","2","4","นางสาว","รสสุคนธ์","นันตา","นางสาวรสสุคนธ์  นันตา","ครู","4","ครูผู้ช่วย","1","1.      ภาษาต่างประเทศ (ภาษาจีน)","8","ข้าราชการ","1","","","","","","","","","","","","","","","","","","","","","","","","","","","","0000-00-00","0");
INSERT INTO xmoodle5 VALUES("146","ACK069","2","4","นางสาว","สัญญา","เจริญศุภมิต","นางสาวสัญญา  เจริญศุภมิต","ครู","6","ครูอัตราจ้าง","7","1.      ภาษาต่างประเทศ (ภาษาจีน)","8","ลูกจ้าง","2","","","","","","","","","","","","","","","","","","","","","","","","","","","","0000-00-00","0");
INSERT INTO xmoodle5 VALUES("147","ACK070","2","4","นางสาว","จิราพร","แซ่ฟ้า","นางสาวจิราพร  แซ่ฟ้า","ครู","3","ครู","1","1.      ภาษาต่างประเทศ (ภาษาจีน)","8","ข้าราชการ","1","","","","","","","","","","","","","","","","","","","","","","","","","","","","0000-00-00","0");
INSERT INTO xmoodle5 VALUES("148","ACK071","2","5","นาง","ชุติภา","บริบูรณ์","นางชุติภา  บริบูรณ์","ครู","3","คศ.3","3","1.      กิจกรรมพัฒนาผู้เรียน","14","ข้าราชการ","1","","","","","","","","","","","","","","","","","","","","","","","","","","","","0000-00-00","0");
INSERT INTO xmoodle5 VALUES("149","ACK072","2","5","นาง","นันท์นภัส","อนันตสิทธิพงศ์ ","นางนันท์นภัส  อนันตสิทธิพงศ์ ","ครู","3","คศ.3    ","3","1.      กิจกรรมพัฒนาผู้เรียน","14","ข้าราชการ","1","","","","","","","","","","","","","","","","","","","","","","","","","","","","0000-00-00","0");
INSERT INTO xmoodle5 VALUES("150","ACK073","2","5","นาง","ชุติภา","บริบูรณ์","นางชุติภา  บริบูรณ์","ครู","3","คศ.3","3","1.      กิจกรรมพัฒนาผู้เรียน","14","ข้าราชการ","1","","","","","","","","","","","","","","","","","","","","","","","","","","","","0000-00-00","0");
INSERT INTO xmoodle5 VALUES("151","ACK074","2","5","นาง","จินตนา","เหล็มโสะ","นางจินตนา  เหล็มโสะ","ครู","3","ครู","1","1.      กิจกรรมพัฒนาผู้เรียน","14","ข้าราชการ","1","","","","","","","","","","","","","","","","","","","","","","","","","","","","0000-00-00","0");
INSERT INTO xmoodle5 VALUES("152","ACK075","1","3","นาย","คมสัน","สุสี","นายคมสัน  สุสี","ครู","3","ครู","1","1.      กิจกรรมพัฒนาผู้เรียน","14","ข้าราชการ","1","","","","","","","","","","","","","","","","","","","","","","","","","","","","0000-00-00","0");
INSERT INTO xmoodle5 VALUES("153","ACK076","2","5","นาง","มัทนา","กุลชัย","นางมัทนา  กุลชัย","ครู","4","ครูผู้ช่วย","1","1.      กิจกรรมพัฒนาผู้เรียน","14","ข้าราชการ","1","","","","","","","","","","","","","","","","","","","","","","","","","","","","0000-00-00","0");
INSERT INTO xmoodle5 VALUES("154","ACK077","2","4","นางสาว","สรัญญา","ปุกปินกาศ","นางสาวสรัญญา  ปุกปินกาศ","ครู","3","คศ.3","3","1.      กิจกรรมพัฒนาผู้เรียน","14","ข้าราชการ","1","","","","","","","","","","","","","","","","","","","","","","","","","","","","0000-00-00","0");
INSERT INTO xmoodle5 VALUES("155","﻿ACK001","1","3","นาย","เจริญ","นันไชยวงค์","นายเจริญ  นันไชยวงค์","ผู้อำนวยการ","1","คศ.3","3","บริหาร","9","ข้าราชการ","1","","","","","","","","","","","","","","","","","","","","","","","","","","","","0000-00-00","0");
INSERT INTO xmoodle5 VALUES("156","ACK002","2","4","นางสาว","ขวัญจิรา","กองสุข","นางสาวขวัญจิรา  กองสุข","รองผู้อำนวยการ","2","คศ.3","3","บริหาร","9","ข้าราชการ","1","","","","","","","","","","","","","","","","","","","","","","","","","","","","0000-00-00","0");
INSERT INTO xmoodle5 VALUES("157","ACK003","1","3","นาย","อดิเรก","ยอดเมือง","นายอดิเรก  ยอดเมือง","รองผู้อำนวยการ","2","คศ.3","3","บริหาร","9","ข้าราชการ","1","","","","","","","","","","","","","","","","","","","","","","","","","","","","0000-00-00","0");
INSERT INTO xmoodle5 VALUES("158","ACK004","2","5","นาง","อัญชลี","ยอดบุญเรือง","นางอัญชลี  ยอดบุญเรือง","ครู","3","คศ.3","3","ปฐมวัย ","12","ข้าราชการ","1","","","","","","","","","","","","","","","","","","","","","","","","","","","","0000-00-00","0");
INSERT INTO xmoodle5 VALUES("159","ACK005","2","5","นาง","ธิดารัตน์","ฮงประยูร","นางธิดารัตน์  ฮงประยูร","ครู","3","คศ.3","3","ปฐมวัย ","12","ข้าราชการ","1","","","","","","","","","","","","","","","","","","","","","","","","","","","","0000-00-00","0");
INSERT INTO xmoodle5 VALUES("160","ACK006","2","5","นาง","ดวงพร","วิเศษ","นางดวงพร  วิเศษ","ครู","3","คศ.2","2","ปฐมวัย ","12","ข้าราชการ","1","","","","","","","","","","","","","","","","","","","","","","","","","","","","0000-00-00","0");
INSERT INTO xmoodle5 VALUES("161","ACK007","2","5","นาง","ภัทริญาภรณ์","ทิศพรม","นางภัทริญาภรณ์  ทิศพรม","ครู","3","ครู","1","ปฐมวัย ","12","ข้าราชการ","1","","","","","","","","","","","","","","","","","","","","","","","","","","","","0000-00-00","0");
INSERT INTO xmoodle5 VALUES("162","ACK008","2","4","นางสาว","ชรินรัตน์","วงศ์มา","นางสาวชรินรัตน์  วงศ์มา","ครู","4","ครูผู้ช่วย","1","ปฐมวัย ","12","ลูกจ้าง","2","","","","","","","","","","","","","","","","","","","","","","","","","","","","0000-00-00","0");
INSERT INTO xmoodle5 VALUES("163","ACK009","2","4","นางสาว","กมลชนก","วุฒิโอสถ","นางสาวกมลชนก  วุฒิโอสถ","ครู","5","พนักงานราชการ","6","ปฐมวัย ","12","ลูกจ้าง","2","","","","","","","","","","","","","","","","","","","","","","","","","","","","0000-00-00","0");
INSERT INTO xmoodle5 VALUES("164","ACK010","2","4","นางสาว","เพ็ญพิสุทธิ์","ขันสล่า","นางสาวเพ็ญพิสุทธิ์  ขันสล่า","ครู","6","ครูอัตราจ้าง","7","ปฐมวัย ","12","ลูกจ้าง","2","","","","","","","","","","","","","","","","","","","","","","","","","","","","0000-00-00","0");
INSERT INTO xmoodle5 VALUES("165","ACK011","2","9","Miss","JessaGutang","Madera","MissJessaGutang  Madera","ครู","7","ครูจ้างสอน","8","ปฐมวัย ","12","ลูกจ้าง","2","","","","","","","","","","","","","","","","","","","","","","","","","","","","0000-00-00","0");
INSERT INTO xmoodle5 VALUES("166","ACK012","2","9","Miss","VanessaFaustino","Baustista","MissVanessaFaustino  Baustista","ครู","7","ครูจ้างสอน","8","ปฐมวัย ","12","ลูกจ้าง","2","","","","","","","","","","","","","","","","","","","","","","","","","","","","0000-00-00","0");
INSERT INTO xmoodle5 VALUES("167","ACK013","2","4","นางสาว","บัณฑิตา","ยอดวงค์","นางสาวบัณฑิตา  ยอดวงค์","ครู","3","ครู ","1","ปฐมวัย ","12","ข้าราชการ","1","","","","","","","","","","","","","","","","","","","","","","","","","","","","0000-00-00","0");
INSERT INTO xmoodle5 VALUES("168","ACK014","1","3","นาย","นฤเดช","สุริยะวงค์","นายนฤเดช  สุริยะวงค์","ครู","3","ครู","1","ภาษาไทย","2","ข้าราชการ","1","","","","","","","","","","","","","","","","","","","","","","","","","","","","0000-00-00","0");
INSERT INTO xmoodle5 VALUES("169","ACK015","2","5","นาง","จรรยา","ณ น่าน","นางจรรยา  ณ น่าน","ครู","3","คศ.3","3","ภาษาไทย","2","ข้าราชการ","1","","","","","","","","","","","","","","","","","","","","","","","","","","","","0000-00-00","0");
INSERT INTO xmoodle5 VALUES("170","ACK016","2","5","นาง","นันท์นภัส","อนันตสิทธิพงศ์ ","นางนันท์นภัส  อนันตสิทธิพงศ์ ","ครู","3","คศ.3    ","3","ภาษาไทย","2","ข้าราชการ","1","","","","","","","","","","","","","","","","","","","","","","","","","","","","0000-00-00","0");
INSERT INTO xmoodle5 VALUES("171","ACK017","2","5","นาง","ประวีณา","ไชยพุฒิ","นางประวีณา  ไชยพุฒิ","ครู","3","คศ.3","3","ภาษาไทย","2","ข้าราชการ","1","","","","","","","","","","","","","","","","","","","","","","","","","","","","0000-00-00","0");
INSERT INTO xmoodle5 VALUES("172","ACK018","2","4","นางสาว","สรัญญา","ปุกปินกาศ","นางสาวสรัญญา  ปุกปินกาศ","ครู","3","คศ.3","3","ภาษาไทย","2","ข้าราชการ","1","","","","","","","","","","","","","","","","","","","","","","","","","","","","0000-00-00","0");
INSERT INTO xmoodle5 VALUES("173","ACK019","2","4","นางสาว","ทิพวรรณ","สุรินแก้ว","นางสาวทิพวรรณ  สุรินแก้ว","ครู","3","คศ.2","2","ภาษาไทย","2","ข้าราชการ","1","","","","","","","","","","","","","","","","","","","","","","","","","","","","0000-00-00","0");
INSERT INTO xmoodle5 VALUES("174","ACK020","1","3","นาย","ณัฐวัฒน์","อ่อนน้อม","นายณัฐวัฒน์  อ่อนน้อม","ครู","4","ครูผู้ช่วย","1","ภาษาไทย","2","ข้าราชการ","1","","","","","","","","","","","","","","","","","","","","","","","","","","","","0000-00-00","0");
INSERT INTO xmoodle5 VALUES("175","ACK021","2","4","นางสาว","ชลธิชา","บุญสูง","นางสาวชลธิชา  บุญสูง","ครู","4","ครูผู้ช่วย","1","ภาษาไทย","2","ข้าราชการ","1","","","","","","","","","","","","","","","","","","","","","","","","","","","","0000-00-00","0");
INSERT INTO xmoodle5 VALUES("176","ACK022","2","4","นางสาว","มณีรัตน์","สาระรัตน์","นางสาวมณีรัตน์  สาระรัตน์","ครู","4","ครูผู้ช่วย","1","ภาษาไทย","2","ข้าราชการ","1","","","","","","","","","","","","","","","","","","","","","","","","","","","","0000-00-00","0");
INSERT INTO xmoodle5 VALUES("177","ACK023","2","4","นางสาว","สุทธิรา","คำวัง","นางสาวสุทธิรา  คำวัง","ครู","3","ครู","1","ภาษาไทย","2","ข้าราชการ","1","","","","","","","","","","","","","","","","","","","","","","","","","","","","0000-00-00","0");
INSERT INTO xmoodle5 VALUES("178","ACK024","2","5","นาง","ณปภัช","จันระวัง","นางณปภัช  จันระวัง","ครู","3","คศ.3","3","คณิตศาสตร์","1","ข้าราชการ","1","","","","","","","","","","","","","","","","","","","","","","","","","","","","0000-00-00","0");
INSERT INTO xmoodle5 VALUES("179","ACK025","2","5","นาง","ชุติภา","บริบูรณ์","นางชุติภา  บริบูรณ์","ครู","3","คศ.3","3","คณิตศาสตร์","1","ข้าราชการ","1","","","","","","","","","","","","","","","","","","","","","","","","","","","","0000-00-00","0");
INSERT INTO xmoodle5 VALUES("180","ACK026","2","5","นาง","กันธณา","ศิริมังคลากุล","นางกันธณา  ศิริมังคลากุล","ครู","3","คศ.2","2","คณิตศาสตร์","1","ข้าราชการ","1","","","","","","","","","","","","","","","","","","","","","","","","","","","","0000-00-00","0");
INSERT INTO xmoodle5 VALUES("181","ACK027","2","4","นางสาว","ธิดารัตน์","ใจซื่อ","นางสาวธิดารัตน์  ใจซื่อ","ครู","3","          ครู","1","คณิตศาสตร์","1","ข้าราชการ","1","","","","","","","","","","","","","","","","","","","","","","","","","","","","0000-00-00","0");
INSERT INTO xmoodle5 VALUES("182","ACK028","1","3","นาย","ณัฐวุฒิ","ภักดีภัทรสกุล","นายณัฐวุฒิ  ภักดีภัทรสกุล","ครู","4","ครูผู้ช่วย","1","คณิตศาสตร์","1","ข้าราชการ","1","","","","","","","","","","","","","","","","","","","","","","","","","","","","0000-00-00","0");
INSERT INTO xmoodle5 VALUES("183","ACK029","1","3","นาย","กิตติศักดิ์","สุวรรณทา","นายกิตติศักดิ์  สุวรรณทา","ครู","3","ครูจ้างสอน","7","คณิตศาสตร์","1","ลูกจ้าง","2","","","","","","","","","","","","","","","","","","","","","","","","","","","","0000-00-00","0");
INSERT INTO xmoodle5 VALUES("184","ACK030","1","8"," Mr.","Jayson","Huiso Dupit"," Mr.Jayson  Huiso Dupit","ครู","3","ครูจ้างสอน","8","คณิตศาสตร์","1","ลูกจ้าง","2","","","","","","","","","","","","","","","","","","","","","","","","","","","","0000-00-00","0");
INSERT INTO xmoodle5 VALUES("185","ACK031","2","4","นางสาว","จิดาภา","จันทิมา","นางสาวจิดาภา  จันทิมา","ครู","3","ครู ","1","คณิตศาสตร์","1","ข้าราชการ","1","","","","","","","","","","","","","","","","","","","","","","","","","","","","0000-00-00","0");
INSERT INTO xmoodle5 VALUES("186","ACK032","2","4","นางสาว","อุไรวรรณ","ทวิชัย","นางสาวอุไรวรรณ  ทวิชัย","ครู","3","คศ.3","3","วิทยาศาสตร์และเทคโนโลยี","3","ข้าราชการ","1","","","","","","","","","","","","","","","","","","","","","","","","","","","","0000-00-00","0");
INSERT INTO xmoodle5 VALUES("187","ACK033","1","3","นาย","ไพรัตน์","คำปา","นายไพรัตน์  คำปา","ครู","3","คศ.3","3","วิทยาศาสตร์และเทคโนโลยี","3","ข้าราชการ","1","","","","","","","","","","","","","","","","","","","","","","","","","","","","0000-00-00","0");
INSERT INTO xmoodle5 VALUES("188","ACK034","2","4","นางสาว","ทิวาพร","โพธิ์โต","นางสาวทิวาพร  โพธิ์โต","ครู","3","ครู","1","วิทยาศาสตร์และเทคโนโลยี","3","ข้าราชการ","1","","","","","","","","","","","","","","","","","","","","","","","","","","","","0000-00-00","0");
INSERT INTO xmoodle5 VALUES("189","ACK035","1","3","นาย","จีระพงศ์","ฝาเรือนดี","นายจีระพงศ์  ฝาเรือนดี","ครู","3","ครู","1","วิทยาศาสตร์และเทคโนโลยี","3","ข้าราชการ","1","","","","","","","","","","","","","","","","","","","","","","","","","","","","0000-00-00","0");
INSERT INTO xmoodle5 VALUES("190","ACK036","2","4","นางสาว","ปุญชรัศมิ์","ชัยวรรณะ","นางสาวปุญชรัศมิ์  ชัยวรรณะ","ครู","6","ครูจ้างสอน","7","วิทยาศาสตร์และเทคโนโลยี","3","ลูกจ้าง","2","","","","","","","","","","","","","","","","","","","","","","","","","","","","0000-00-00","0");
INSERT INTO xmoodle5 VALUES("191","ACK037","2","11","Mrs. ","Venus","Ampo Dupit","Mrs. Venus  Ampo Dupit","ครู","7","ครูจ้างสอน","8","วิทยาศาสตร์และเทคโนโลยี","3","ลูกจ้าง","2","","","","","","","","","","","","","","","","","","","","","","","","","","","","0000-00-00","0");
INSERT INTO xmoodle5 VALUES("192","ACK038","2","4","นางสาว","ณัฐธิดา","ไชยทน","นางสาวณัฐธิดา  ไชยทน","ครู","3","ครู","1","วิทยาศาสตร์และเทคโนโลยี","3","ข้าราชการ","1","","","","","","","","","","","","","","","","","","","","","","","","","","","","0000-00-00","0");
INSERT INTO xmoodle5 VALUES("193","ACK039","2","5","นาง","ฐิติพร","กันทะสอน","นางฐิติพร  กันทะสอน","ครู","3","ครู","1","วิทยาศาสตร์และเทคโนโลยี","3","ข้าราชการ","1","","","","","","","","","","","","","","","","","","","","","","","","","","","","0000-00-00","0");
INSERT INTO xmoodle5 VALUES("194","ACK040","1","3","นาย","มนต์ชัย","สีปิน","นายมนต์ชัย  สีปิน","ครู","3","คศ.3","3","วิทยาศาสตร์และเทคโนโลยี","3","ข้าราชการ","1","","","","","","","","","","","","","","","","","","","","","","","","","","","","0000-00-00","0");
INSERT INTO xmoodle5 VALUES("195","ACK041","2","4","นางสาว","ชลิตตา","คำมูล","นางสาวชลิตตา  คำมูล","ครู","3","ครู","1","วิทยาศาสตร์และเทคโนโลยี","3","ข้าราชการ","1","","","","","","","","","","","","","","","","","","","","","","","","","","","","0000-00-00","0");
INSERT INTO xmoodle5 VALUES("196","ACK042","2","5","นาง","วิริยา","ทาโน","นางวิริยา  ทาโน","ครู","3","ครู","1","วิทยาศาสตร์และเทคโนโลยี","3","ข้าราชการ","1","","","","","","","","","","","","","","","","","","","","","","","","","","","","0000-00-00","0");
INSERT INTO xmoodle5 VALUES("197","ACK043","1","3","นาย","สิทธิชัย","อุทธิยา","นายสิทธิชัย  อุทธิยา","ครู","3","ครู","1","สังคมศึกษา  ศาสนา และวัฒนธรรม","4","ข้าราชการ","1","","","","","","","","","","","","","","","","","","","","","","","","","","","","0000-00-00","0");
INSERT INTO xmoodle5 VALUES("198","ACK044","2","5","นาง","จิตรการ","สายยืด","นางจิตรการ  สายยืด","ครู","3","คศ.3","3","สังคมศึกษา  ศาสนา และวัฒนธรรม","4","ข้าราชการ","1","","","","","","","","","","","","","","","","","","","","","","","","","","","","0000-00-00","0");
INSERT INTO xmoodle5 VALUES("199","ACK045","2","4","นางสาว","วทันยา","วงศ์ชัย","นางสาววทันยา  วงศ์ชัย","ครู","3","ครู","1","สังคมศึกษา  ศาสนา และวัฒนธรรม","4","ข้าราชการ","1","","","","","","","","","","","","","","","","","","","","","","","","","","","","0000-00-00","0");
INSERT INTO xmoodle5 VALUES("200","ACK046","1","3","นาย","สิทธิชัย","อุทธิยา","นายสิทธิชัย  อุทธิยา","ครู","3","ครู","1","สังคมศึกษา  ศาสนา และวัฒนธรรม","4","ข้าราชการ","1","","","","","","","","","","","","","","","","","","","","","","","","","","","","0000-00-00","0");
INSERT INTO xmoodle5 VALUES("201","ACK047","2","5","นาง","สิรินรักษ์","หมอนเขื่อน","นางสิรินรักษ์  หมอนเขื่อน","ครู","4","ครูผู้ช่วย","1","สังคมศึกษา  ศาสนา และวัฒนธรรม","4","ข้าราชการ","1","","","","","","","","","","","","","","","","","","","","","","","","","","","","0000-00-00","0");
INSERT INTO xmoodle5 VALUES("202","ACK048","1","3","นาย","อภิสิทธิ์","นวลคำวัง","นายอภิสิทธิ์  นวลคำวัง","ครู","4","ครูผู้ช่วย","1","สังคมศึกษา  ศาสนา และวัฒนธรรม","4","ข้าราชการ","1","","","","","","","","","","","","","","","","","","","","","","","","","","","","0000-00-00","0");
INSERT INTO xmoodle5 VALUES("203","ACK049","2","4","นางสาว","วทันยา","วงศ์ชัย","นางสาววทันยา  วงศ์ชัย","ครู","3","ครู","1","สังคมศึกษา  ศาสนา และวัฒนธรรม","4","ข้าราชการ","1","","","","","","","","","","","","","","","","","","","","","","","","","","","","0000-00-00","0");
INSERT INTO xmoodle5 VALUES("204","ACK050","2","5","นาง","นิศากร","นวลแจ่ม","นางนิศากร  นวลแจ่ม","ครู","3","คศ.2","2","สุขศึกษาและพลศึกษา","5","ข้าราชการ","1","","","","","","","","","","","","","","","","","","","","","","","","","","","","0000-00-00","0");
INSERT INTO xmoodle5 VALUES("205","ACK051","1","3","นาย","สันหวัช","จันทอง","นายสันหวัช  จันทอง","ครู","4","ครูผู้ช่วย","1","สุขศึกษาและพลศึกษา","5","ข้าราชการ","1","","","","","","","","","","","","","","","","","","","","","","","","","","","","0000-00-00","0");
INSERT INTO xmoodle5 VALUES("206","ACK052","1","3","นาย","คมสัน","สุสี","นายคมสัน  สุสี","ครู","3","ครู","1","สุขศึกษาและพลศึกษา","5","ข้าราชการ","1","","","","","","","","","","","","","","","","","","","","","","","","","","","","0000-00-00","0");
INSERT INTO xmoodle5 VALUES("207","ACK053","1","3","นาย","สามารถ","คัญทัพ","นายสามารถ  คัญทัพ","ครู","3","คศ.3","3","ศิลปะ ","6","ข้าราชการ","1","","","","","","","","","","","","","","","","","","","","","","","","","","","","0000-00-00","0");
INSERT INTO xmoodle5 VALUES("208","ACK054","2","4","นางสาว","อภิญญา","อิ่นติ๊บ","นางสาวอภิญญา  อิ่นติ๊บ","ครู","4","ครูผู้ช่วย","1","ศิลปะ ","6","ข้าราชการ","1","","","","","","","","","","","","","","","","","","","","","","","","","","","","0000-00-00","0");
INSERT INTO xmoodle5 VALUES("209","ACK055","2","5","นาง","อรุณี","สุรินธรรม","นางอรุณี  สุรินธรรม","ครู","3","ครู","1","ศิลปะ ","6","ข้าราชการ","1","","","","","","","","","","","","","","","","","","","","","","","","","","","","0000-00-00","0");
INSERT INTO xmoodle5 VALUES("210","ACK056","1","3","นาย","จักรพงษ์","เกษมศรี","นายจักรพงษ์  เกษมศรี","ครู","3","คศ.2","2","ภาษาต่างประเทศ (ภาษาอังกฤษ)","8","ข้าราชการ","1","","","","","","","","","","","","","","","","","","","","","","","","","","","","0000-00-00","0");
INSERT INTO xmoodle5 VALUES("211","ACK057","1","3","นาย","รพีภัทร","กมลสิทธิ์สิริกุล","นายรพีภัทร  กมลสิทธิ์สิริกุล","ครู","3","คศ.2","2","ภาษาต่างประเทศ (ภาษาอังกฤษ)","8","ข้าราชการ","1","","","","","","","","","","","","","","","","","","","","","","","","","","","","0000-00-00","0");
INSERT INTO xmoodle5 VALUES("212","ACK058","2","4","นางสาว","เมธาวดี","วิฑูรย์","นางสาวเมธาวดี  วิฑูรย์","ครู","3","คศ.2","2","ภาษาต่างประเทศ (ภาษาอังกฤษ)","8","ข้าราชการ","1","","","","","","","","","","","","","","","","","","","","","","","","","","","","0000-00-00","0");
INSERT INTO xmoodle5 VALUES("213","ACK059","1","3","นาย","เสกสรร","ช่วยแก้ไข","นายเสกสรร  ช่วยแก้ไข","ครู","3","คศ.2","2","ภาษาต่างประเทศ (ภาษาอังกฤษ)","8","ข้าราชการ","1","","","","","","","","","","","","","","","","","","","","","","","","","","","","0000-00-00","0");
INSERT INTO xmoodle5 VALUES("214","ACK060","2","4","นางสาว","ภัทรดา","จินะราช","นางสาวภัทรดา  จินะราช","ครู","3","ครู","1","ภาษาต่างประเทศ (ภาษาอังกฤษ)","8","ข้าราชการ","1","","","","","","","","","","","","","","","","","","","","","","","","","","","","0000-00-00","0");
INSERT INTO xmoodle5 VALUES("215","ACK061","2","4","นางสาว","วรรณศิกา","พรมมินทร์","นางสาววรรณศิกา  พรมมินทร์","ครู","3","ครู","1","ภาษาต่างประเทศ (ภาษาอังกฤษ)","8","ข้าราชการ","1","","","","","","","","","","","","","","","","","","","","","","","","","","","","0000-00-00","0");
INSERT INTO xmoodle5 VALUES("216","ACK062","2","8","Mr.","T.Heloise","Engelbrecht","Mr.T.Heloise  Engelbrecht","ครู","7","ครูจ้างสอน","8","ภาษาต่างประเทศ (ภาษาอังกฤษ)","8","ลูกจ้าง","2","","","","","","","","","","","","","","","","","","","","","","","","","","","","0000-00-00","0");
INSERT INTO xmoodle5 VALUES("217","ACK063","2","11","Mrs. ","T.NeandreStefan","Engelbrecht","Mrs. T.NeandreStefan  Engelbrecht","ครู","7","ครูจ้างสอน","8","ภาษาต่างประเทศ (ภาษาอังกฤษ)","8","ลูกจ้าง","2","","","","","","","","","","","","","","","","","","","","","","","","","","","","0000-00-00","0");
INSERT INTO xmoodle5 VALUES("218","ACK064","2","11","Mrs. ","T.Karma","Dubjur","Mrs. T.Karma  Dubjur","ครู","7","ครูจ้างสอน","8","ภาษาต่างประเทศ (ภาษาอังกฤษ)","8","ลูกจ้าง","2","","","","","","","","","","","","","","","","","","","","","","","","","","","","0000-00-00","0");
INSERT INTO xmoodle5 VALUES("219","ACK065","2","8","Mr.","T.Peter","Jr. C. Binawe","Mr.T.Peter  Jr. C. Binawe","ครู","7","ครูจ้างสอน","8","ภาษาต่างประเทศ (ภาษาอังกฤษ)","8","ลูกจ้าง","2","","","","","","","","","","","","","","","","","","","","","","","","","","","","0000-00-00","0");
INSERT INTO xmoodle5 VALUES("220","ACK066","2","4","นางสาว","จุฑามาศ","ประดับ","นางสาวจุฑามาศ  ประดับ","ครู","3","ครู","1","ภาษาต่างประเทศ (ภาษาอังกฤษ)","8","ข้าราชการ","1","","","","","","","","","","","","","","","","","","","","","","","","","","","","0000-00-00","0");
INSERT INTO xmoodle5 VALUES("221","ACK067","2","4","นางสาว","มารีย์","ชัยกุลธวัช","นางสาวมารีย์  ชัยกุลธวัช","ครู","4","ครูผู้ช่วย","1","1.      ภาษาต่างประเทศ (ภาษาจีน)","8","ข้าราชการ","1","","","","","","","","","","","","","","","","","","","","","","","","","","","","0000-00-00","0");
INSERT INTO xmoodle5 VALUES("222","ACK068","2","4","นางสาว","รสสุคนธ์","นันตา","นางสาวรสสุคนธ์  นันตา","ครู","4","ครูผู้ช่วย","1","1.      ภาษาต่างประเทศ (ภาษาจีน)","8","ข้าราชการ","1","","","","","","","","","","","","","","","","","","","","","","","","","","","","0000-00-00","0");
INSERT INTO xmoodle5 VALUES("223","ACK069","2","4","นางสาว","สัญญา","เจริญศุภมิต","นางสาวสัญญา  เจริญศุภมิต","ครู","6","ครูอัตราจ้าง","7","1.      ภาษาต่างประเทศ (ภาษาจีน)","8","ลูกจ้าง","2","","","","","","","","","","","","","","","","","","","","","","","","","","","","0000-00-00","0");
INSERT INTO xmoodle5 VALUES("224","ACK070","2","4","นางสาว","จิราพร","แซ่ฟ้า","นางสาวจิราพร  แซ่ฟ้า","ครู","3","ครู","1","1.      ภาษาต่างประเทศ (ภาษาจีน)","8","ข้าราชการ","1","","","","","","","","","","","","","","","","","","","","","","","","","","","","0000-00-00","0");
INSERT INTO xmoodle5 VALUES("225","ACK071","2","5","นาง","ชุติภา","บริบูรณ์","นางชุติภา  บริบูรณ์","ครู","3","คศ.3","3","1.      กิจกรรมพัฒนาผู้เรียน","14","ข้าราชการ","1","","","","","","","","","","","","","","","","","","","","","","","","","","","","0000-00-00","0");
INSERT INTO xmoodle5 VALUES("226","ACK072","2","5","นาง","นันท์นภัส","อนันตสิทธิพงศ์ ","นางนันท์นภัส  อนันตสิทธิพงศ์ ","ครู","3","คศ.3    ","3","1.      กิจกรรมพัฒนาผู้เรียน","14","ข้าราชการ","1","","","","","","","","","","","","","","","","","","","","","","","","","","","","0000-00-00","0");
INSERT INTO xmoodle5 VALUES("227","ACK073","2","5","นาง","ชุติภา","บริบูรณ์","นางชุติภา  บริบูรณ์","ครู","3","คศ.3","3","1.      กิจกรรมพัฒนาผู้เรียน","14","ข้าราชการ","1","","","","","","","","","","","","","","","","","","","","","","","","","","","","0000-00-00","0");
INSERT INTO xmoodle5 VALUES("228","ACK074","2","5","นาง","จินตนา","เหล็มโสะ","นางจินตนา  เหล็มโสะ","ครู","3","ครู","1","1.      กิจกรรมพัฒนาผู้เรียน","14","ข้าราชการ","1","","","","","","","","","","","","","","","","","","","","","","","","","","","","0000-00-00","0");
INSERT INTO xmoodle5 VALUES("229","ACK075","1","3","นาย","คมสัน","สุสี","นายคมสัน  สุสี","ครู","3","ครู","1","1.      กิจกรรมพัฒนาผู้เรียน","14","ข้าราชการ","1","","","","","","","","","","","","","","","","","","","","","","","","","","","","0000-00-00","0");
INSERT INTO xmoodle5 VALUES("230","ACK076","2","5","นาง","มัทนา","กุลชัย","นางมัทนา  กุลชัย","ครู","4","ครูผู้ช่วย","1","1.      กิจกรรมพัฒนาผู้เรียน","14","ข้าราชการ","1","","","","","","","","","","","","","","","","","","","","","","","","","","","","0000-00-00","0");
INSERT INTO xmoodle5 VALUES("231","ACK077","2","4","นางสาว","สรัญญา","ปุกปินกาศ","นางสาวสรัญญา  ปุกปินกาศ","ครู","3","คศ.3","3","1.      กิจกรรมพัฒนาผู้เรียน","14","ข้าราชการ","1","","","","","","","","","","","","","","","","","","","","","","","","","","","","0000-00-00","0");
INSERT INTO xmoodle5 VALUES("232","﻿emp001","2","5","นาง","รุ่งรัตน์","ปัทมาลัย","นางรุ่งรัตน์  ปัทมาลัย","เจ้าหน้าที่ปฎิบัติงาน","8","พนักงานธุรการ","6","งานสารบรรณ","","","","","","","","","","","","","","","","","","","","","","","","","","","","","","","0000-00-00","0");
INSERT INTO xmoodle5 VALUES("233","emp002","1","3","นาย","มงคล","ปันติบุญ","นายมงคล  ปันติบุญ","เจ้าหน้าที่ปฎิบัติงาน","8","พนักงานธุรการ","6","งานสารบรรณ","","","","","","","","","","","","","","","","","","","","","","","","","","","","","","","0000-00-00","0");
INSERT INTO xmoodle5 VALUES("234","emp003","2","4","นางสาว","เอมมิกา","อินถาใจยา","นางสาวเอมมิกา  อินถาใจยา","เจ้าหน้าที่ปฎิบัติงาน","8","พนักงานธุรการ","6","งานบุคคล","","","","","","","","","","","","","","","","","","","","","","","","","","","","","","","0000-00-00","0");
INSERT INTO xmoodle5 VALUES("235","emp004","2","4","นางสาว","ปรายฟ้า","ณลำปาง","นางสาวปรายฟ้า  ณลำปาง","เจ้าหน้าที่ปฎิบัติงาน","8","พนักงานธุรการ","6","งานบุคคล","","","","","","","","","","","","","","","","","","","","","","","","","","","","","","","0000-00-00","0");
INSERT INTO xmoodle5 VALUES("236","emp005","2","4","นางสาว","ทองเพียร","สุริยา","นางสาวทองเพียร  สุริยา","เจ้าหน้าที่ปฎิบัติงาน","8","พนักงานทั่วไป ","7","ฝ่ายอำนวยการ","","","","","","","","","","","","","","","","","","","","","","","","","","","","","","","0000-00-00","0");
INSERT INTO xmoodle5 VALUES("237","emp006","2","4","นางสาว","ชนัญธิดา","ฝั้นก๋า","นางสาวชนัญธิดา  ฝั้นก๋า","เจ้าหน้าที่ปฎิบัติงาน","8","พนักงานธุรการ","6","สำนักงาน ผอ","","","","","","","","","","","","","","","","","","","","","","","","","","","","","","","0000-00-00","0");
INSERT INTO xmoodle5 VALUES("238","emp007","2","4","นางสาว","ฉัตรลัดดา","ยอดยา","นางสาวฉัตรลัดดา  ยอดยา","เจ้าหน้าที่ปฎิบัติงาน","8","พนักงานทั่วไป ","7","ฝ่ายบริหารทั่วไป","","","","","","","","","","","","","","","","","","","","","","","","","","","","","","","0000-00-00","0");
INSERT INTO xmoodle5 VALUES("239","emp008","2","4","นางสาว","นิชนันท์","กันทอน","นางสาวนิชนันท์  กันทอน","เจ้าหน้าที่ปฎิบัติงาน","8","พนักงานการเงินและบัญชี","8","","","","","","","","","","","","","","","","","","","","","","","","","","","","","","","","0000-00-00","0");
INSERT INTO xmoodle5 VALUES("240","emp009","2","4","นางสาว","ชฎาพร","มะโนสมบัติ","นางสาวชฎาพร  มะโนสมบัติ","เจ้าหน้าที่ปฎิบัติงาน","8","พนักงานการเงินและบัญชี","8","","","","","","","","","","","","","","","","","","","","","","","","","","","","","","","","0000-00-00","0");
INSERT INTO xmoodle5 VALUES("241","emp010","2","4","นางสาว","เรวิกา","กาบทอง","นางสาวเรวิกา  กาบทอง","เจ้าหน้าที่ปฎิบัติงาน","8","พนักงานการเงินและบัญชี","8","","","","","","","","","","","","","","","","","","","","","","","","","","","","","","","","0000-00-00","0");
INSERT INTO xmoodle5 VALUES("242","emp011","2","5","นาง","รัชนีกร","ราชคม","นางรัชนีกร  ราชคม","เจ้าหน้าที่ปฎิบัติงาน","8","พนักงานการเงินและบัญชี","8","","","","","","","","","","","","","","","","","","","","","","","","","","","","","","","","0000-00-00","0");
INSERT INTO xmoodle5 VALUES("243","emp012","1","3","นาย","ปภังกร","บุญวงค์","นายปภังกร  บุญวงค์","เจ้าหน้าที่ปฎิบัติงาน","8","พนักงานการเงินและบัญชี","8","","","","","","","","","","","","","","","","","","","","","","","","","","","","","","","","0000-00-00","0");
INSERT INTO xmoodle5 VALUES("244","emp013","2","4","นางสาว","บวรรัตน์","เตวิน","นางสาวบวรรัตน์  เตวิน","เจ้าหน้าที่ปฎิบัติงาน","8","พนักงานการเงินและบัญชี","8","","","","","","","","","","","","","","","","","","","","","","","","","","","","","","","","0000-00-00","0");
INSERT INTO xmoodle5 VALUES("245","emp014","1","3","นาย","กฤตนัน","บุรากลางกุล","นายกฤตนัน  บุรากลางกุล","เจ้าหน้าที่ปฎิบัติงาน","8","พนักงานการเงินและบัญชี","8","","","","","","","","","","","","","","","","","","","","","","","","","","","","","","","","0000-00-00","0");
INSERT INTO xmoodle5 VALUES("246","emp015","2","5","นาง","ศิริพร","เคลือบหิรัญ","นางศิริพร  เคลือบหิรัญ","เจ้าหน้าที่ปฎิบัติงาน","8","พนักงานพัสดุ","9","","","","","","","","","","","","","","","","","","","","","","","","","","","","","","","","0000-00-00","0");
INSERT INTO xmoodle5 VALUES("247","emp016","2","4","นางสาว","ศิริรัตน์","เดชายุทธวงศ์","นางสาวศิริรัตน์  เดชายุทธวงศ์","เจ้าหน้าที่ปฎิบัติงาน","8","พนักงานพัสดุ","9","","","","","","","","","","","","","","","","","","","","","","","","","","","","","","","","0000-00-00","0");
INSERT INTO xmoodle5 VALUES("248","emp017","2","4","นางสาว","กาญจนา","แก้วดำ","นางสาวกาญจนา  แก้วดำ","เจ้าหน้าที่ปฎิบัติงาน","8","พนักงานพัสดุ","9","","","","","","","","","","","","","","","","","","","","","","","","","","","","","","","","0000-00-00","0");
INSERT INTO xmoodle5 VALUES("249","emp018","1","3","นาย","ยศ","แก้วทา","นายยศ  แก้วทา","เจ้าหน้าที่ปฎิบัติงาน","8","พนักงานขับรถยนต์","10","","","","","","","","","","","","","","","","","","","","","","","","","","","","","","","","0000-00-00","0");
INSERT INTO xmoodle5 VALUES("250","emp019","1","3","นาย","ยรรยง","วิลา","นายยรรยง  วิลา","เจ้าหน้าที่ปฎิบัติงาน","8","พนักงานขับรถยนต์","10","","","","","","","","","","","","","","","","","","","","","","","","","","","","","","","","0000-00-00","0");
INSERT INTO xmoodle5 VALUES("251","emp020","1","3","นาย","ชวลิต","อูปแก้ว","นายชวลิต  อูปแก้ว","เจ้าหน้าที่ปฎิบัติงาน","8","พนักงานขับรถยนต์","10","","","","","","","","","","","","","","","","","","","","","","","","","","","","","","","","0000-00-00","0");
INSERT INTO xmoodle5 VALUES("252","emp021","1","3","นาย","ศาสตรา","บุบผาชาติ","นายศาสตรา  บุบผาชาติ","เจ้าหน้าที่ปฎิบัติงาน","8","พนักงานขับรถยนต์","10","","","","","","","","","","","","","","","","","","","","","","","","","","","","","","","","0000-00-00","0");
INSERT INTO xmoodle5 VALUES("253","emp022","1","3","นาย","ถวิล","ม้าทอง","นายถวิล  ม้าทอง","เจ้าหน้าที่ปฎิบัติงาน","8","พนักงานขับรถยนต์","10","","","","","","","","","","","","","","","","","","","","","","","","","","","","","","","","0000-00-00","0");
INSERT INTO xmoodle5 VALUES("254","emp023","ว่าที่ร.ต.หญิง","ว่าที่ร.ต.หญิง","ว่าที่ร.ต.หญิง","อรศิริ","ตาวิโรจน์","ว่าที่ร.ต.หญิงอรศิริ  ตาวิโรจน์","เจ้าหน้าที่ปฎิบัติงาน","8","พนักงานธุรการ ","6","งานงบประมาณ","","","","","","","","","","","","","","","","","","","","","","","","","","","","","","","0000-00-00","0");
INSERT INTO xmoodle5 VALUES("255","emp024","2","4","นางสาว","รัชนี","จิระพงษ์สุวรรณ","นางสาวรัชนี  จิระพงษ์สุวรรณ","เจ้าหน้าที่ปฎิบัติงาน","8","พนักงานธุรการ ","6","งานประกันคุณภาพการศึกษา","","","","","","","","","","","","","","","","","","","","","","","","","","","","","","","0000-00-00","0");
INSERT INTO xmoodle5 VALUES("256","emp025","2","5","นาง","อรรถพร","ไชยะป๋าน","นางอรรถพร  ไชยะป๋าน","เจ้าหน้าที่ปฎิบัติงาน","8","พนักงานธุรการ ","6","งานวิชาการ","","","","","","","","","","","","","","","","","","","","","","","","","","","","","","","0000-00-00","0");
INSERT INTO xmoodle5 VALUES("257","emp026","2","4","นางสาว","นิโลบล","กันมุข","นางสาวนิโลบล  กันมุข","เจ้าหน้าที่ปฎิบัติงาน","8","พนักงานห้องปฏิบัติการ ","11","คอมพิวเตอร์","","","","","","","","","","","","","","","","","","","","","","","","","","","","","","","0000-00-00","0");
INSERT INTO xmoodle5 VALUES("258","emp027","1","3","นาย","ธีระวัฒน์","แซ่จ๋าว","นายธีระวัฒน์  แซ่จ๋าว","เจ้าหน้าที่ปฎิบัติงาน","8","พนักงานห้องปฏิบัติการ","11","","","","","","","","","","","","","","","","","","","","","","","","","","","","","","","","0000-00-00","0");
INSERT INTO xmoodle5 VALUES("259","emp028","1","3","นาย","อภิวัฒน์","กันทะวงศ์","นายอภิวัฒน์  กันทะวงศ์","เจ้าหน้าที่ปฎิบัติงาน","8","พนักงานห้องปฏิบัติการ ","11","คอมพิวเตอร์","","","","","","","","","","","","","","","","","","","","","","","","","","","","","","","0000-00-00","0");
INSERT INTO xmoodle5 VALUES("260","emp029","1","3","นาย","อนุสรณ์","อุปรัตน์","นายอนุสรณ์  อุปรัตน์","เจ้าหน้าที่ปฎิบัติงาน","8","พนักงานห้องปฏิบัติการ","11","คอมพิวเตอร์","","","","","","","","","","","","","","","","","","","","","","","","","","","","","","","0000-00-00","0");
INSERT INTO xmoodle5 VALUES("261","emp030","2","4","นางสาว","สุนทรา","ชายา","นางสาวสุนทรา  ชายา","ครูอัตราจ้าง","5","ครูสอนวิชาคอมพิวเตอร์","12","","","","","","","","","","","","","","","","","","","","","","","","","","","","","","","","0000-00-00","0");
INSERT INTO xmoodle5 VALUES("262","emp031","1","3","นาย","สุทธิพจน์","สถานปัน","นายสุทธิพจน์  สถานปัน","ครูอัตราจ้าง","5","ครูสอนวิชาคอมพิวเตอร์","12","","","","","","","","","","","","","","","","","","","","","","","","","","","","","","","","0000-00-00","0");
INSERT INTO xmoodle5 VALUES("263","emp032","1","3","นาย","อานนท์","วงค์กาวิน","นายอานนท์  วงค์กาวิน","เจ้าหน้าที่ปฎิบัติงาน","8","พนักงานประจำห้องทดลอง ","13","Fablab","","","","","","","","","","","","","","","","","","","","","","","","","","","","","","","0000-00-00","0");
INSERT INTO xmoodle5 VALUES("264","emp033","2","4","นางสาว","กวินทิพย์","รวมสุข","นางสาวกวินทิพย์  รวมสุข","ครูอัตราจ้าง","5","ครูสอนวิชาสังคมศึกษา","14","","","","","","","","","","","","","","","","","","","","","","","","","","","","","","","","0000-00-00","0");
INSERT INTO xmoodle5 VALUES("265","emp034","1","3","นาย","เกียรติศักดิ์","มาไกล","นายเกียรติศักดิ์  มาไกล","ครูอัตราจ้าง","5","ครูสอนวิชาภาษาไทย","15","","","","","","","","","","","","","","","","","","","","","","","","","","","","","","","","0000-00-00","0");
INSERT INTO xmoodle5 VALUES("266","emp035","2","4","นางสาว","สโรธร","เต็มอุ่น","นางสาวสโรธร  เต็มอุ่น","ครูอัตราจ้าง","5","ครูสอนวิชาภาษาไทย","15","","","","","","","","","","","","","","","","","","","","","","","","","","","","","","","","0000-00-00","0");
INSERT INTO xmoodle5 VALUES("267","emp036","1","8","Mr.","FrankPaul","Verschuur","Mr.FrankPaul  Verschuur","ครููชาวต่างชาติ EP","6","ครูสอนภาษาต่างประเทศ","16","EP","","","","","","","","","","","","","","","","","","","","","","","","","","","","","","","0000-00-00","0");
INSERT INTO xmoodle5 VALUES("268","emp037","2","9","Miss","EvangelineAlferez","Verschuur","MissEvangelineAlferez  Verschuur","ครููชาวต่างชาติ EP","6","ครูสอนสังคมศึกษา/สุขศึกษา ","17","EP","","","","","","","","","","","","","","","","","","","","","","","","","","","","","","","0000-00-00","0");
INSERT INTO xmoodle5 VALUES("269","emp038","1","8","Mr.","DannyJames","Wonish","Mr.DannyJames  Wonish","ครููชาวต่างชาติ EP","6","ครูสอนคอมพิวเตอร์ ","12","EP","","","","","","","","","","","","","","","","","","","","","","","","","","","","","","","0000-00-00","0");
INSERT INTO xmoodle5 VALUES("270","emp039","1","8","Mr.","Edward","Hart","Mr.Edward  Hart","ครููชาวต่างชาติ EP","6","ครูสอนภาษาต่างประเทศ ","16","EP","","","","","","","","","","","","","","","","","","","","","","","","","","","","","","","0000-00-00","0");
INSERT INTO xmoodle5 VALUES("271","emp040","1","8","Mr.","BorneaMichael","Salvan","Mr.BorneaMichael  Salvan","ครููชาวต่างชาติ EP","6","ครูสอนภาษาต่างประเทศ ","16","EP","","","","","","","","","","","","","","","","","","","","","","","","","","","","","","","0000-00-00","0");
INSERT INTO xmoodle5 VALUES("272","emp041","1","8","Mr.","AndyLaurent","Grosbois","Mr.AndyLaurent  Grosbois","ครููชาวต่างชาติ EP","6","ครูสอนวิชาภาษาอังกฤษ ","18","EP","","","","","","","","","","","","","","","","","","","","","","","","","","","","","","","0000-00-00","0");
INSERT INTO xmoodle5 VALUES("273","emp042","1","8","Mr.","AnthonyCortes","Cruan","Mr.AnthonyCortes  Cruan","ครููชาวต่างชาติ EP","6","ครูสอนวิชาวิทยาศาสตร์ ","25","EP","","","","","","","","","","","","","","","","","","","","","","","","","","","","","","","0000-00-00","0");
INSERT INTO xmoodle5 VALUES("274","emp043","1","8","Mr.","JerryDa","Silva","Mr.JerryDa  Silva","ครููชาวต่างชาติ EP","6","ครูสอนวิชาวิทยาศาสตร์/สุขศึกษา ","25","EP","","","","","","","","","","","","","","","","","","","","","","","","","","","","","","","0000-00-00","0");
INSERT INTO xmoodle5 VALUES("275","emp044","1","3","นาย","ปวิช","รุ่งฟ้าวรกุล","นายปวิช  รุ่งฟ้าวรกุล","ครููชาวต่างชาติ EP","6","ครูสอนคณิตศาสตร์ ","ครูสอนคณิตศาสตร์ ","EP","","","","","","","","","","","","","","","","","","","","","","","","","","","","","","","0000-00-00","0");
INSERT INTO xmoodle5 VALUES("276","emp045","1","8","Mr.","Mageland Bah","Nih","Mr.Mageland Bah  Nih","ครููชาวต่างชาติ EP","6","ครูสอนวิชาคณิตศาสตร์ ","20","EP","","","","","","","","","","","","","","","","","","","","","","","","","","","","","","","0000-00-00","0");
INSERT INTO xmoodle5 VALUES("277","emp046","1","8","Mr.","WangYuan","Peng","Mr.WangYuan  Peng","ครููชาวต่างชาติ EP","6","ครูสอนวิชาภาษาจีน ","22","EP","","","","","","","","","","","","","","","","","","","","","","","","","","","","","","","0000-00-00","0");
INSERT INTO xmoodle5 VALUES("278","emp047","1","3","นาย","สพลดนัย","ชมพูเขา","นายสพลดนัย  ชมพูเขา","ครููชาวต่างชาติ EP","6","พนักงานห้องปฏิบัติการ ","11","EP","","","","","","","","","","","","","","","","","","","","","","","","","","","","","","","0000-00-00","0");
INSERT INTO xmoodle5 VALUES("279","emp048","2","5","นาง","รัชนีวรรณ","อ่อนนวล","นางรัชนีวรรณ  อ่อนนวล","ครููชาวต่างชาติ EP","6","พนักงานธุรการ (โครงการ EP)","6 (โครงการ EP)","EP","","","","","","","","","","","","","","","","","","","","","","","","","","","","","","","0000-00-00","0");
INSERT INTO xmoodle5 VALUES("280","emp049","1","3","นาย","ทวีวัฒน์","นันต๊ะวงค์","นายทวีวัฒน์  นันต๊ะวงค์","ครููชาวต่างชาติ EP","6","พนักงานห้องปฏิบัติการ ","11","EP","","","","","","","","","","","","","","","","","","","","","","","","","","","","","","","0000-00-00","0");
INSERT INTO xmoodle5 VALUES("281","emp050","1","3","นาย","ชัยพิชิต","สุริยะคำวงค์","นายชัยพิชิต  สุริยะคำวงค์","ครููชาวต่างชาติ EP","6","ครูสอนวิชาคอมพิวเตอร์ ","12","EP","","","","","","","","","","","","","","","","","","","","","","","","","","","","","","","0000-00-00","0");
INSERT INTO xmoodle5 VALUES("282","emp051","2","4","นางสาว","ปนัดดา","ดู่คำ","นางสาวปนัดดา  ดู่คำ","ครููชาวต่างชาติ EP","6","ครูช่วยสอนวิชาวิทยาศาสตร์ ","28","EP","","","","","","","","","","","","","","","","","","","","","","","","","","","","","","","0000-00-00","0");
INSERT INTO xmoodle5 VALUES("283","emp052","2","4","นางสาว","มณฑิตา","มังษา","นางสาวมณฑิตา  มังษา","ครููชาวต่างชาติ EP","6","ครูช่วยสอนวิชาวิทยาศาสตร์ ","28","EP","","","","","","","","","","","","","","","","","","","","","","","","","","","","","","","0000-00-00","0");
INSERT INTO xmoodle5 VALUES("284","emp053","2","4","นางสาว","หทัยพร","เจริญศักดิ์","นางสาวหทัยพร  เจริญศักดิ์","ครููชาวต่างชาติ EP","6","ครูช่วยสอนวิชาคณิตศาสตร์ ","28","EP","","","","","","","","","","","","","","","","","","","","","","","","","","","","","","","0000-00-00","0");
INSERT INTO xmoodle5 VALUES("285","emp054","1","8","Mr.","PaulSteven","Gray","Mr.PaulSteven  Gray","ครูชาวต่างชาติ FLD","9","ครูสอนภาษาต่างประเทศ","16","","","","","","","","","","","","","","","","","","","","","","","","","","","","","","","","0000-00-00","0");
INSERT INTO xmoodle5 VALUES("286","emp055","1","8","Mr.","JitendraK.","Kakkar","Mr.JitendraK.  Kakkar","ครูชาวต่างชาติ FLD","9","ครูสอนภาษาต่างประเทศ","16","","","","","","","","","","","","","","","","","","","","","","","","","","","","","","","","0000-00-00","0");
INSERT INTO xmoodle5 VALUES("287","emp056","2","9","Miss","Susu","Phyo","MissSusu  Phyo","ครูชาวต่างชาติ FLD","9","ครูสอนภาษาต่างประเทศ","16","","","","","","","","","","","","","","","","","","","","","","","","","","","","","","","","0000-00-00","0");
INSERT INTO xmoodle5 VALUES("288","emp057","2","9","Miss","Alice","Thejane","MissAlice  Thejane","ครูชาวต่างชาติ FLD","9","ครูสอนภาษาต่างประเทศ","16","","","","","","","","","","","","","","","","","","","","","","","","","","","","","","","","0000-00-00","0");
INSERT INTO xmoodle5 VALUES("289","emp058","1","8","Mr.","GallagherDermot","Peter","Mr.GallagherDermot  Peter","ครูชาวต่างชาติ FLD","9","ครูสอนภาษาต่างประเทศ","16","","","","","","","","","","","","","","","","","","","","","","","","","","","","","","","","0000-00-00","0");
INSERT INTO xmoodle5 VALUES("290","emp059","2","9","Miss","DezzaLee","Manato","MissDezzaLee  Manato","ครูชาวต่างชาติ FLD","9","ครูสอนภาษาต่างประเทศ","16","","","","","","","","","","","","","","","","","","","","","","","","","","","","","","","","0000-00-00","0");
INSERT INTO xmoodle5 VALUES("291","emp060","1","3","นาย","วรวัฒน์","กองสุข","นายวรวัฒน์  กองสุข","ครูอัตราจ้าง","5","ครูสอนภาษาอังกฤษ","18","","","","","","","","","","","","","","","","","","","","","","","","","","","","","","","","0000-00-00","0");
INSERT INTO xmoodle5 VALUES("292","emp061","2","4","นางสาว","ธนภรณ์","นาวิน","นางสาวธนภรณ์  นาวิน","ครูอัตราจ้าง","5","ครูสอนภาษาอังกฤษ","18","","","","","","","","","","","","","","","","","","","","","","","","","","","","","","","","0000-00-00","0");
INSERT INTO xmoodle5 VALUES("293","emp062","2","4","นางสาว","ภัทรสุดา","สุริยะไชย","นางสาวภัทรสุดา  สุริยะไชย","ครูอัตราจ้าง","5","ครูสอนภาษาอังกฤษ","18","","","","","","","","","","","","","","","","","","","","","","","","","","","","","","","","0000-00-00","0");
INSERT INTO xmoodle5 VALUES("294","emp063","1","3","นาย","ธนัตถ์","เตชะ","นายธนัตถ์  เตชะ","ครูอัตราจ้าง","5","พนักงานห้องปฏิบัติการ","11","ห้อง SEAR","","","","","","","","","","","","","","","","","","","","","","","","","","","","","","","0000-00-00","0");
INSERT INTO xmoodle5 VALUES("295","emp064","1","3","นาย","นนทวัฒน์","ดาอินวงค์","นายนนทวัฒน์  ดาอินวงค์","ครูอัตราจ้าง","5","ครูสอนวิชาคหกรรม","19","","","","","","","","","","","","","","","","","","","","","","","","","","","","","","","","0000-00-00","0");
INSERT INTO xmoodle5 VALUES("296","emp065","2","9","Miss","MaebelynKaye","Tobias","MissMaebelynKaye  Tobias","ครููชาวต่างชาติ IP","7","ครูสอนวิชาคณิตศาสตร์ ","20","IP","","","","","","","","","","","","","","","","","","","","","","","","","","","","","","","0000-00-00","0");
INSERT INTO xmoodle5 VALUES("297","emp066","1","8","Mr.","RyanJames","Bonggo","Mr.RyanJames  Bonggo","ครููชาวต่างชาติ IP","7","ครูสอนภาษาอังกฤษ","18","IP","","","","","","","","","","","","","","","","","","","","","","","","","","","","","","","0000-00-00","0");
INSERT INTO xmoodle5 VALUES("298","emp067","2","9","Miss","NatalieJane","FetizananFiestada","MissNatalieJane  FetizananFiestada","ครููชาวต่างชาติ IP","7","ครูสอนวิชาคณิตศาสตร์","20","IP","","","","","","","","","","","","","","","","","","","","","","","","","","","","","","","0000-00-00","0");
INSERT INTO xmoodle5 VALUES("299","emp068","1","8","Mr.","Baptiste","MAUERHAN","Mr.Baptiste  MAUERHAN","ครููชาวต่างชาติ IP","7","ครูสอนภาษาอังกฤษ","18","IP","","","","","","","","","","","","","","","","","","","","","","","","","","","","","","","0000-00-00","0");
INSERT INTO xmoodle5 VALUES("300","emp069","1","8","Mr.","Manoj","Yadav","Mr.Manoj  Yadav","ครููชาวต่างชาติ IP","7","ครูสอนภาษาอังกฤษ","18","IP","","","","","","","","","","","","","","","","","","","","","","","","","","","","","","","0000-00-00","0");
INSERT INTO xmoodle5 VALUES("301","emp070","1","8","Mr.","KarlDouglas","Pederick","Mr.KarlDouglas  Pederick","ครููชาวต่างชาติ IP","7","ครูสอนภาษาอังกฤษ","18","IP","","","","","","","","","","","","","","","","","","","","","","","","","","","","","","","0000-00-00","0");
INSERT INTO xmoodle5 VALUES("302","emp071","1","8","Mr.","Keiya","Taniguchi","Mr.Keiya  Taniguchi","ครููชาวต่างชาติ IP","7","ครูสอนภาษาญี่ปุ่น","21","IP","","","","","","","","","","","","","","","","","","","","","","","","","","","","","","","0000-00-00","0");
INSERT INTO xmoodle5 VALUES("303","emp072","Mrs.","Mrs.","Mrs.","AnaisClaire","Christine","Mrs.AnaisClaire  Christine","ครููชาวต่างชาติ IP","7","ครูสอนภาษาอังกฤษ","18","IP","","","","","","","","","","","","","","","","","","","","","","","","","","","","","","","0000-00-00","0");
INSERT INTO xmoodle5 VALUES("304","emp073","1","8","Mr.","BankoleOluwakorede","Ogunkoya","Mr.BankoleOluwakorede  Ogunkoya","ครููชาวต่างชาติ IP","7","ครูสอนภาษาอังกฤษ","18","IP","","","","","","","","","","","","","","","","","","","","","","","","","","","","","","","0000-00-00","0");
INSERT INTO xmoodle5 VALUES("305","emp074","1","8","Mr.","SaiYa","HtetKhaing","Mr.SaiYa  HtetKhaing","ครููชาวต่างชาติ IP","7","ครูสอนวิชาคอมพิวเตอร์","12","IP","","","","","","","","","","","","","","","","","","","","","","","","","","","","","","","0000-00-00","0");
INSERT INTO xmoodle5 VALUES("306","emp075","1","8","Mr.","JohnCharles","Charpie","Mr.JohnCharles  Charpie","ครููชาวต่างชาติ IP","7","ครูสอนภาษาอังกฤษ","18","IP","","","","","","","","","","","","","","","","","","","","","","","","","","","","","","","0000-00-00","0");
INSERT INTO xmoodle5 VALUES("307","emp076","1","8","Mr.","JeffreyP.","Polido","Mr.JeffreyP.  Polido","ครููชาวต่างชาติ IP","7","ครูสอนภาษาอังกฤษ","18","IP","","","","","","","","","","","","","","","","","","","","","","","","","","","","","","","0000-00-00","0");
INSERT INTO xmoodle5 VALUES("308","emp077","2","10","Ms.","JannieRose","G.Pareja","Ms.JannieRose  G.Pareja","ครููชาวต่างชาติ IP","7","ครูสอนภาษาอังกฤษ","18","IP","","","","","","","","","","","","","","","","","","","","","","","","","","","","","","","0000-00-00","0");
INSERT INTO xmoodle5 VALUES("309","emp078","1","8","Mr.","Deepanka","Williams","Mr.Deepanka  Williams","ครููชาวต่างชาติ IP","7","ครูสอนภาษาอังกฤษ","18","IP","","","","","","","","","","","","","","","","","","","","","","","","","","","","","","","0000-00-00","0");
INSERT INTO xmoodle5 VALUES("310","emp079","1","8","Mr.","Denny","Susanto","Mr.Denny  Susanto","ครููชาวต่างชาติ IP","7","ครูสอนวิชาสังคมศึกษา","14","IP","","","","","","","","","","","","","","","","","","","","","","","","","","","","","","","0000-00-00","0");
INSERT INTO xmoodle5 VALUES("311","emp080","1","8","Mr.","Feng","Zijian","Mr.Feng  Zijian","ครููชาวต่างชาติ IP","7","ครูสอนวิชาภาษาจีน","22","IP","","","","","","","","","","","","","","","","","","","","","","","","","","","","","","","0000-00-00","0");
INSERT INTO xmoodle5 VALUES("312","emp081","1","8","Mr.","Zhang","Jiayu","Mr.Zhang  Jiayu","ครููชาวต่างชาติ IP","7","ครูสอนวิชาภาษาจีน","22","IP","","","","","","","","","","","","","","","","","","","","","","","","","","","","","","","0000-00-00","0");
INSERT INTO xmoodle5 VALUES("313","emp082","2","10","Ms.","MaryAnn","DalidaPadua","Ms.MaryAnn  DalidaPadua","ครููชาวต่างชาติ IP","7","ครูสอนวิชาเคมี ","23","CIP","","","","","","","","","","","","","","","","","","","","","","","","","","","","","","","0000-00-00","0");
INSERT INTO xmoodle5 VALUES("314","emp083","2","9","Miss","AimeeFaye","CabarobiasPaid","MissAimeeFaye  CabarobiasPaid","ครููชาวต่างชาติ IP","7","ครูสอนวิชาศิลปะ","24","IP","","","","","","","","","","","","","","","","","","","","","","","","","","","","","","","0000-00-00","0");
INSERT INTO xmoodle5 VALUES("315","emp084","2","9","Miss","DemiDivino","Dinageba","MissDemiDivino  Dinageba","ครููชาวต่างชาติ IP","7","ครูสอนวิทยาศาสตร์และสังคมศึกษา ","25","CIP","","","","","","","","","","","","","","","","","","","","","","","","","","","","","","","0000-00-00","0");
INSERT INTO xmoodle5 VALUES("316","emp085","1","8","Mr.","Murray","HunterIV","Mr.Murray  HunterIV","ครููชาวต่างชาติ IP","7","ครูสอนสังคมศึกษา","14","IP","","","","","","","","","","","","","","","","","","","","","","","","","","","","","","","0000-00-00","0");
INSERT INTO xmoodle5 VALUES("317","emp086","2","4","นางสาว","วิลัดดา","หอมนาน","นางสาววิลัดดา  หอมนาน","ครููชาวต่างชาติ IP","7","พนักงานธุรการ","6","IP","","","","","","","","","","","","","","","","","","","","","","","","","","","","","","","0000-00-00","0");
INSERT INTO xmoodle5 VALUES("318","emp087","2","4","นางสาว","รักษณาลี","บุญมาก","นางสาวรักษณาลี  บุญมาก","เจ้าหน้าที่ปฎิบัติงาน","8","พนักงานธุรการ","6","IP","","","","","","","","","","","","","","","","","","","","","","","","","","","","","","","0000-00-00","0");
INSERT INTO xmoodle5 VALUES("319","emp088","2","4","นางสาว","ภรณ์นิพัทธ์","อินทะชัย","นางสาวภรณ์นิพัทธ์  อินทะชัย","เจ้าหน้าที่ปฎิบัติงาน","8","พนักงานธุรการ","6","IP","","","","","","","","","","","","","","","","","","","","","","","","","","","","","","","0000-00-00","0");
INSERT INTO xmoodle5 VALUES("320","emp089","2","4","นางสาว","พิมชนก","แก้วจำปา","นางสาวพิมชนก  แก้วจำปา","เจ้าหน้าที่ปฎิบัติงาน","8","พนักงานธุรการ","6","IP","","","","","","","","","","","","","","","","","","","","","","","","","","","","","","","0000-00-00","0");
INSERT INTO xmoodle5 VALUES("321","emp090","2","4","นางสาว","ปภิญญา","ยืนยงแสน","นางสาวปภิญญา  ยืนยงแสน","เจ้าหน้าที่ปฎิบัติงาน","8","พนักงานธุรการ","6","IP","","","","","","","","","","","","","","","","","","","","","","","","","","","","","","","0000-00-00","0");
INSERT INTO xmoodle5 VALUES("322","emp091","1","3","นาย","ภูวดล","อุดทา","นายภูวดล  อุดทา","ครููชาวต่างชาติ IP","7","ผู้ช่วยครูสอนภาษาอังกฤษ","29","IP","","","","","","","","","","","","","","","","","","","","","","","","","","","","","","","0000-00-00","0");
INSERT INTO xmoodle5 VALUES("323","emp092","2","4","นางสาว","นฤนารถ","วงค์เอ้ย","นางสาวนฤนารถ  วงค์เอ้ย","ครูอัตราจ้าง","5","ครูสอนวิชาพลศึกษา","26","","","","","","","","","","","","","","","","","","","","","","","","","","","","","","","","0000-00-00","0");
INSERT INTO xmoodle5 VALUES("324","emp093","1","3","นาย","อรรณพ","กันทะเนตร","นายอรรณพ  กันทะเนตร","ครูอัตราจ้าง","5","ครูสอนวิชาพลศึกษา","26","","","","","","","","","","","","","","","","","","","","","","","","","","","","","","","","0000-00-00","0");
INSERT INTO xmoodle5 VALUES("325","emp094","1","3","นาย","อภิศักดิ์","ต้าวคำ","นายอภิศักดิ์  ต้าวคำ","ครูอัตราจ้าง","5","ครูสอนวิชาพลศึกษา","26","","","","","","","","","","","","","","","","","","","","","","","","","","","","","","","","0000-00-00","0");
INSERT INTO xmoodle5 VALUES("326","emp095","2","4","นางสาว","ศศิวิมล","เฉลิมจิตร","นางสาวศศิวิมล  เฉลิมจิตร","เจ้าหน้าที่ปฎิบัติงาน","8","พนักงานห้องสมุด","31","","","","","","","","","","","","","","","","","","","","","","","","","","","","","","","","0000-00-00","0");
INSERT INTO xmoodle5 VALUES("327","emp096","2","5","นาง","นันทญา","เรือนทอง","นางนันทญา  เรือนทอง","เจ้าหน้าที่ปฎิบัติงาน","8","พนักงานห้องสมุด","31","","","","","","","","","","","","","","","","","","","","","","","","","","","","","","","","0000-00-00","0");
INSERT INTO xmoodle5 VALUES("328","emp097","2","4","นางสาว","อุไร","ธรรมชัย","นางสาวอุไร  ธรรมชัย","เจ้าหน้าที่ปฎิบัติงาน","8","พนักงานห้องสมุด","31","","","","","","","","","","","","","","","","","","","","","","","","","","","","","","","","0000-00-00","0");
INSERT INTO xmoodle5 VALUES("329","emp098","2","4","นางสาว","ชญานิศ","อารินทร์","นางสาวชญานิศ  อารินทร์","เจ้าหน้าที่ปฎิบัติงาน","8","พนักงานธุรการ ","6","งานทะเบียน-วัดผล","","","","","","","","","","","","","","","","","","","","","","","","","","","","","","","0000-00-00","0");
INSERT INTO xmoodle5 VALUES("330","emp099","1","3","นาย","ปานณวัฒน์","วิชัยศิริ","นายปานณวัฒน์  วิชัยศิริ","เจ้าหน้าที่ปฎิบัติงาน","8","พนักงานธุรการ ","6","งานทะเบียน-วัดผล","","","","","","","","","","","","","","","","","","","","","","","","","","","","","","","0000-00-00","0");
INSERT INTO xmoodle5 VALUES("331","emp100","2","4","นางสาว","พิภาพร","สุตัน","นางสาวพิภาพร  สุตัน","ครูอัตราจ้าง","5","ครูสอนนาฎศิลป์","27","","","","","","","","","","","","","","","","","","","","","","","","","","","","","","","","0000-00-00","0");
INSERT INTO xmoodle5 VALUES("332","emp101","1","3","นาย","ปรเมศวร์","เมฆขยาย","นายปรเมศวร์  เมฆขยาย","เจ้าหน้าที่ปฎิบัติงาน","8","พนักงานบริการเอกสารทั่วไป","30","","","","","","","","","","","","","","","","","","","","","","","","","","","","","","","","0000-00-00","0");
INSERT INTO xmoodle5 VALUES("333","emp102","1","3","นาย","ประดิษฐ์","ไชยชมภู","นายประดิษฐ์  ไชยชมภู","เจ้าหน้าที่ปฎิบัติงาน","8","พนักงานบริการเอกสารทั่วไป","30","","","","","","","","","","","","","","","","","","","","","","","","","","","","","","","","0000-00-00","0");
INSERT INTO xmoodle5 VALUES("334","emp103","2","4","นางสาว","ลิศราพร","ตินาอุด","นางสาวลิศราพร  ตินาอุด","เจ้าหน้าที่ปฎิบัติงาน","8","พนักงานธุรการ ","6","งานบริหารทั่วไป","","","","","","","","","","","","","","","","","","","","","","","","","","","","","","","0000-00-00","0");
INSERT INTO xmoodle5 VALUES("335","emp104","2","5","นาง","วารุณี","ม้าทอง","นางวารุณี  ม้าทอง","เจ้าหน้าที่ปฎิบัติงาน","8","พนักงานธุรการ ","6","งานอนามัย","","","","","","","","","","","","","","","","","","","","","","","","","","","","","","","0000-00-00","0");
INSERT INTO xmoodle5 VALUES("336","emp105","1","3","นาย","บูรณพันธ์","บุญมา","นายบูรณพันธ์  บุญมา","เจ้าหน้าที่ปฎิบัติงาน","8","พนักงานห้องปฏิบัติการ","32","สื่อการเรียนรู้","","","","","","","","","","","","","","","","","","","","","","","","","","","","","","","0000-00-00","0");
INSERT INTO xmoodle5 VALUES("337","emp106","1","3","นาย","จีราพัชร์","รุ่งโรจน์ชนะกุล","นายจีราพัชร์  รุ่งโรจน์ชนะกุล","เจ้าหน้าที่ปฎิบัติงาน","8","พนักงานโสตทัศนศึกษา","33","","","","","","","","","","","","","","","","","","","","","","","","","","","","","","","","0000-00-00","0");
INSERT INTO xmoodle5 VALUES("338","emp107","1","3","นาย","มานิตย์","คำดา","นายมานิตย์  คำดา","เจ้าหน้าที่ปฎิบัติงาน","8","พนักงานทั่วไป","7","","","","","","","","","","","","","","","","","","","","","","","","","","","","","","","","0000-00-00","0");
INSERT INTO xmoodle5 VALUES("339","emp108","1","3","นาย","โมบ๊ะ","ปอสาย","นายโมบ๊ะ  ปอสาย","เจ้าหน้าที่ปฎิบัติงาน","8","พนักงานทั่วไป","7","","","","","","","","","","","","","","","","","","","","","","","","","","","","","","","","0000-00-00","0");
INSERT INTO xmoodle5 VALUES("340","emp109","1","3","นาย","ปาแล","ฉินหลง","นายปาแล  ฉินหลง","เจ้าหน้าที่ปฎิบัติงาน","8","คนสวน","34","","","","","","","","","","","","","","","","","","","","","","","","","","","","","","","","0000-00-00","0");
INSERT INTO xmoodle5 VALUES("341","emp110","2","5","นาง","อิโมหละ","แสหาร","นางอิโมหละ  แสหาร","เจ้าหน้าที่ปฎิบัติงาน","8","คนสวน","34","","","","","","","","","","","","","","","","","","","","","","","","","","","","","","","","0000-00-00","0");
INSERT INTO xmoodle5 VALUES("342","emp111","2","4","นางสาว","นาอือ","ปฐมการ","นางสาวนาอือ  ปฐมการ","เจ้าหน้าที่ปฎิบัติงาน","8","คนสวน","34","","","","","","","","","","","","","","","","","","","","","","","","","","","","","","","","0000-00-00","0");
INSERT INTO xmoodle5 VALUES("343","emp112","1","3","นาย","แสนไทย","นาอูกะ","นายแสนไทย  นาอูกะ","เจ้าหน้าที่ปฎิบัติงาน","8","คนสวน","34","","","","","","","","","","","","","","","","","","","","","","","","","","","","","","","","0000-00-00","0");
INSERT INTO xmoodle5 VALUES("344","emp113","2","4","นางสาว","นามู","นาก๋า","นางสาวนามู  นาก๋า","เจ้าหน้าที่ปฎิบัติงาน","8","คนสวน","34","","","","","","","","","","","","","","","","","","","","","","","","","","","","","","","","0000-00-00","0");
INSERT INTO xmoodle5 VALUES("345","emp114","1","3","นาย","สิระ","นาก๋า","นายสิระ  นาก๋า","เจ้าหน้าที่ปฎิบัติงาน","8","คนสวน","34","","","","","","","","","","","","","","","","","","","","","","","","","","","","","","","","0000-00-00","0");
INSERT INTO xmoodle5 VALUES("346","emp115","1","3","นาย","ประดิษฐ์","วงค์สร้อยเงิน","นายประดิษฐ์  วงค์สร้อยเงิน","เจ้าหน้าที่ปฎิบัติงาน","8","ช่างไฟฟ้า","35","","","","","","","","","","","","","","","","","","","","","","","","","","","","","","","","0000-00-00","0");
INSERT INTO xmoodle5 VALUES("347","emp116","1","3","นาย","ศรีทัน","เมืองวงค์","นายศรีทัน  เมืองวงค์","เจ้าหน้าที่ปฎิบัติงาน","8","พนักงานทั่วไป","7","","","","","","","","","","","","","","","","","","","","","","","","","","","","","","","","0000-00-00","0");
INSERT INTO xmoodle5 VALUES("348","emp117","1","3","นาย","วัศพล","ยารังษี","นายวัศพล  ยารังษี","เจ้าหน้าที่ปฎิบัติงาน","8","ช่างประปา","36","","","","","","","","","","","","","","","","","","","","","","","","","","","","","","","","0000-00-00","0");
INSERT INTO xmoodle5 VALUES("349","emp118","1","3","นาย","คนิช","ยิ้มคำ","นายคนิช  ยิ้มคำ","เจ้าหน้าที่ปฎิบัติงาน","8","ช่างปูน","37","","","","","","","","","","","","","","","","","","","","","","","","","","","","","","","","0000-00-00","0");
INSERT INTO xmoodle5 VALUES("350","emp119","1","3","นาย","ทรงกลด","จันทราพูน","นายทรงกลด  จันทราพูน","เจ้าหน้าที่ปฎิบัติงาน","8","ช่างทั่วไป","38","","","","","","","","","","","","","","","","","","","","","","","","","","","","","","","","0000-00-00","0");
INSERT INTO xmoodle5 VALUES("351","emp120","2","4","นางสาว","สิริจันทร์","วรธารากุล","นางสาวสิริจันทร์  วรธารากุล","เจ้าหน้าที่ปฎิบัติงาน","8","พนักงานทั่วไป","7","ฝ่ายบริหารทั่วไป","","","","","","","","","","","","","","","","","","","","","","","","","","","","","","","0000-00-00","0");
INSERT INTO xmoodle5 VALUES("352","emp121","2","4","นางสาว","เอื้องพร","มะโนเรือง","นางสาวเอื้องพร  มะโนเรือง","เจ้าหน้าที่ปฎิบัติงาน","8","พนักงานทั่วไป ","7","ฝ่ายบริหารทั่วไป","","","","","","","","","","","","","","","","","","","","","","","","","","","","","","","0000-00-00","0");
INSERT INTO xmoodle5 VALUES("353","emp122","2","5","นาง","บานดี","ไชยวรรณ์","นางบานดี  ไชยวรรณ์","เจ้าหน้าที่ปฎิบัติงาน","8","แม่บ้าน","39","","","","","","","","","","","","","","","","","","","","","","","","","","","","","","","","0000-00-00","0");
INSERT INTO xmoodle5 VALUES("354","emp123","2","4","นางสาว","จินตนา","จะทอ","นางสาวจินตนา  จะทอ","เจ้าหน้าที่ปฎิบัติงาน","8","แม่บ้าน","39","","","","","","","","","","","","","","","","","","","","","","","","","","","","","","","","0000-00-00","0");
INSERT INTO xmoodle5 VALUES("355","emp124","2","5","นาง","ปราณี","ชมภูศรี","นางปราณี  ชมภูศรี","เจ้าหน้าที่ปฎิบัติงาน","8","แม่บ้าน","39","","","","","","","","","","","","","","","","","","","","","","","","","","","","","","","","0000-00-00","0");
INSERT INTO xmoodle5 VALUES("356","emp125","2","5","นาง","ราญทม","ขันแก้วบุญเรือง","นางราญทม  ขันแก้วบุญเรือง","เจ้าหน้าที่ปฎิบัติงาน","8","แม่บ้าน","39","","","","","","","","","","","","","","","","","","","","","","","","","","","","","","","","0000-00-00","0");
INSERT INTO xmoodle5 VALUES("357","emp126","2","5","นาง","นาไท","ปอสาย","นางนาไท  ปอสาย","เจ้าหน้าที่ปฎิบัติงาน","8","แม่บ้าน","39","","","","","","","","","","","","","","","","","","","","","","","","","","","","","","","","0000-00-00","0");
INSERT INTO xmoodle5 VALUES("358","emp127","2","5","นาง","สายใจ","คำอุ่น","นางสายใจ  คำอุ่น","เจ้าหน้าที่ปฎิบัติงาน","8","แม่บ้าน","39","","","","","","","","","","","","","","","","","","","","","","","","","","","","","","","","0000-00-00","0");
INSERT INTO xmoodle5 VALUES("359","emp128","2","5","นาง","สุมาลี","ชัยวงษ์","นางสุมาลี  ชัยวงษ์","เจ้าหน้าที่ปฎิบัติงาน","8","แม่บ้าน","39","","","","","","","","","","","","","","","","","","","","","","","","","","","","","","","","0000-00-00","0");
INSERT INTO xmoodle5 VALUES("360","emp129","2","4","นางสาว","สาวิกา","แสหาร","นางสาวสาวิกา  แสหาร","เจ้าหน้าที่ปฎิบัติงาน","8","แม่บ้าน","39","","","","","","","","","","","","","","","","","","","","","","","","","","","","","","","","0000-00-00","0");
INSERT INTO xmoodle5 VALUES("361","emp130","2","4","นางสาว","บังอร","ค่ายคำ","นางสาวบังอร  ค่ายคำ","เจ้าหน้าที่ปฎิบัติงาน","8","แม่บ้าน","39","","","","","","","","","","","","","","","","","","","","","","","","","","","","","","","","0000-00-00","0");
INSERT INTO xmoodle5 VALUES("362","emp131","2","5","นาง","มาลี","สุวรรณจักร","นางมาลี  สุวรรณจักร","เจ้าหน้าที่ปฎิบัติงาน","8","แม่บ้าน","39","","","","","","","","","","","","","","","","","","","","","","","","","","","","","","","","0000-00-00","0");
INSERT INTO xmoodle5 VALUES("363","emp132","2","5","นาง","ทัศนีย์","ในคำ","นางทัศนีย์  ในคำ","เจ้าหน้าที่ปฎิบัติงาน","8","แม่บ้าน","39","","","","","","","","","","","","","","","","","","","","","","","","","","","","","","","","0000-00-00","0");
INSERT INTO xmoodle5 VALUES("364","emp133","2","4","นางสาว","เกษรา","เครือทอง","นางสาวเกษรา  เครือทอง","เจ้าหน้าที่ปฎิบัติงาน","8","แม่บ้าน","39","","","","","","","","","","","","","","","","","","","","","","","","","","","","","","","","0000-00-00","0");
INSERT INTO xmoodle5 VALUES("365","emp134","2","4","นางสาว","นภวรรณ","โนระ","นางสาวนภวรรณ  โนระ","เจ้าหน้าที่ปฎิบัติงาน","8","แม่บ้าน","39","","","","","","","","","","","","","","","","","","","","","","","","","","","","","","","","0000-00-00","0");
INSERT INTO xmoodle5 VALUES("366","emp135","2","5","นาง","จันทร์หล้า","ใจเปี้ย","นางจันทร์หล้า  ใจเปี้ย","เจ้าหน้าที่ปฎิบัติงาน","8","แม่บ้าน","39","","","","","","","","","","","","","","","","","","","","","","","","","","","","","","","","0000-00-00","0");
INSERT INTO xmoodle5 VALUES("367","emp136","2","4","นางสาว","บานเย็น","คงเจริญ","นางสาวบานเย็น  คงเจริญ","เจ้าหน้าที่ปฎิบัติงาน","8","แม่บ้าน","39","","","","","","","","","","","","","","","","","","","","","","","","","","","","","","","","0000-00-00","0");
INSERT INTO xmoodle5 VALUES("368","emp137","2","4","นางสาว","พวงลักษณ์","วงค์เครือใต้","นางสาวพวงลักษณ์  วงค์เครือใต้","เจ้าหน้าที่ปฎิบัติงาน","8","แม่บ้าน","39","","","","","","","","","","","","","","","","","","","","","","","","","","","","","","","","0000-00-00","0");
INSERT INTO xmoodle5 VALUES("369","emp138","2","5","นาง","นาติ","ฉินหลง","นางนาติ  ฉินหลง","เจ้าหน้าที่ปฎิบัติงาน","8","แม่บ้าน","39","","","","","","","","","","","","","","","","","","","","","","","","","","","","","","","","0000-00-00","0");
INSERT INTO xmoodle5 VALUES("370","emp139","2","5","นาง","ดารินทร์","ฉินหลง","นางดารินทร์  ฉินหลง","เจ้าหน้าที่ปฎิบัติงาน","8","แม่บ้าน","39","","","","","","","","","","","","","","","","","","","","","","","","","","","","","","","","0000-00-00","0");
INSERT INTO xmoodle5 VALUES("371","emp140","2","4","นางสาว","อัญมณี","อุทัยกาญจน์","นางสาวอัญมณี  อุทัยกาญจน์","เจ้าหน้าที่ปฎิบัติงาน","8","แม่บ้าน","39","","","","","","","","","","","","","","","","","","","","","","","","","","","","","","","","0000-00-00","0");
INSERT INTO xmoodle5 VALUES("372","emp141","2","4","นางสาว","เซเม","ลิจัน","นางสาวเซเม  ลิจัน","เจ้าหน้าที่ปฎิบัติงาน","8","แม่บ้าน","39","","","","","","","","","","","","","","","","","","","","","","","","","","","","","","","","0000-00-00","0");
INSERT INTO xmoodle5 VALUES("373","emp142","2","4","นางสาว","พิกุล","วิริโล","นางสาวพิกุล  วิริโล","เจ้าหน้าที่ปฎิบัติงาน","8","แม่บ้าน","39","","","","","","","","","","","","","","","","","","","","","","","","","","","","","","","","0000-00-00","0");
INSERT INTO xmoodle5 VALUES("374","emp143","2","4","นางสาว","วารีรัตน์","ขอมุ่งกลาง","นางสาววารีรัตน์  ขอมุ่งกลาง","เจ้าหน้าที่ปฎิบัติงาน","8","แม่บ้าน","39","","","","","","","","","","","","","","","","","","","","","","","","","","","","","","","","0000-00-00","0");
INSERT INTO xmoodle5 VALUES("375","emp144","2","4","นางสาว","นาวรี","ป่อแสนคำ","นางสาวนาวรี  ป่อแสนคำ","เจ้าหน้าที่ปฎิบัติงาน","8","แม่บ้าน","39","","","","","","","","","","","","","","","","","","","","","","","","","","","","","","","","0000-00-00","0");
INSERT INTO xmoodle5 VALUES("376","emp145","1","3","นาย","สมพงษ์","อภิวงค์ษา","นายสมพงษ์  อภิวงค์ษา","เจ้าหน้าที่ปฎิบัติงาน","8","พนักงานทั่วไป","7","","","","","","","","","","","","","","","","","","","","","","","","","","","","","","","","0000-00-00","0");
INSERT INTO xmoodle5 VALUES("377","emp146","1","3","นาย","ขจร","อภิวงค์ษา","นายขจร  อภิวงค์ษา","เจ้าหน้าที่ปฎิบัติงาน","8","พนักงานทั่วไป","7","","","","","","","","","","","","","","","","","","","","","","","","","","","","","","","","0000-00-00","0");
INSERT INTO xmoodle5 VALUES("378","emp147","2","5","นาง","ศิริโสภา","ทารัตน์","นางศิริโสภา  ทารัตน์","เจ้าหน้าที่ปฎิบัติงาน","8","พนักงานทั่วไป","7","","","","","","","","","","","","","","","","","","","","","","","","","","","","","","","","0000-00-00","0");
INSERT INTO xmoodle5 VALUES("379","emp148","2","4","นางสาว","ปราณี","เทพอุดม","นางสาวปราณี  เทพอุดม","เจ้าหน้าที่ปฎิบัติงาน","8","พนักงานธุรการ","6","งานกิจการนักเรียน","","","","","","","","","","","","","","","","","","","","","","","","","","","","","","","0000-00-00","0");
INSERT INTO xmoodle5 VALUES("380","emp149","2","4","นางสาว","ธิติพร","ธรรมจักร","นางสาวธิติพร  ธรรมจักร","เจ้าหน้าที่ปฎิบัติงาน","8","พนักงานธุรการ","6","งานกิจการนักเรียน","","","","","","","","","","","","","","","","","","","","","","","","","","","","","","","0000-00-00","0");
INSERT INTO xmoodle5 VALUES("381","emp150","1","3","นาย","สุริยันต์","ศรีจักร์","นายสุริยันต์  ศรีจักร์","เจ้าหน้าที่ปฎิบัติงาน","8","พนักงานรักษาความปลอดภัย","40","","","","","","","","","","","","","","","","","","","","","","","","","","","","","","","","0000-00-00","0");
INSERT INTO xmoodle5 VALUES("382","emp151","1","3","นาย","ชน","พุทธวงค์","นายชน  พุทธวงค์","เจ้าหน้าที่ปฎิบัติงาน","8","พนักงานรักษาความปลอดภัย","40","","","","","","","","","","","","","","","","","","","","","","","","","","","","","","","","0000-00-00","0");
INSERT INTO xmoodle5 VALUES("383","﻿emp001","2","5","นาง","รุ่งรัตน์","ปัทมาลัย","นางรุ่งรัตน์  ปัทมาลัย","เจ้าหน้าที่ปฎิบัติงาน","8","พนักงานธุรการ","6","งานสารบรรณ","","","","","","","","","","","","","","","","","","","","","","","","","","","","","","","0000-00-00","0");
INSERT INTO xmoodle5 VALUES("384","emp002","1","3","นาย","มงคล","ปันติบุญ","นายมงคล  ปันติบุญ","เจ้าหน้าที่ปฎิบัติงาน","8","พนักงานธุรการ","6","งานสารบรรณ","","","","","","","","","","","","","","","","","","","","","","","","","","","","","","","0000-00-00","0");
INSERT INTO xmoodle5 VALUES("385","emp003","2","4","นางสาว","เอมมิกา","อินถาใจยา","นางสาวเอมมิกา  อินถาใจยา","เจ้าหน้าที่ปฎิบัติงาน","8","พนักงานธุรการ","6","งานบุคคล","","","","","","","","","","","","","","","","","","","","","","","","","","","","","","","0000-00-00","0");
INSERT INTO xmoodle5 VALUES("386","emp004","2","4","นางสาว","ปรายฟ้า","ณลำปาง","นางสาวปรายฟ้า  ณลำปาง","เจ้าหน้าที่ปฎิบัติงาน","8","พนักงานธุรการ","6","งานบุคคล","","","","","","","","","","","","","","","","","","","","","","","","","","","","","","","0000-00-00","0");
INSERT INTO xmoodle5 VALUES("387","emp005","2","4","นางสาว","ทองเพียร","สุริยา","นางสาวทองเพียร  สุริยา","เจ้าหน้าที่ปฎิบัติงาน","8","พนักงานทั่วไป ","7","ฝ่ายอำนวยการ","","","","","","","","","","","","","","","","","","","","","","","","","","","","","","","0000-00-00","0");
INSERT INTO xmoodle5 VALUES("388","emp006","2","4","นางสาว","ชนัญธิดา","ฝั้นก๋า","นางสาวชนัญธิดา  ฝั้นก๋า","เจ้าหน้าที่ปฎิบัติงาน","8","พนักงานธุรการ","6","สำนักงาน ผอ","","","","","","","","","","","","","","","","","","","","","","","","","","","","","","","0000-00-00","0");
INSERT INTO xmoodle5 VALUES("389","emp007","2","4","นางสาว","ฉัตรลัดดา","ยอดยา","นางสาวฉัตรลัดดา  ยอดยา","เจ้าหน้าที่ปฎิบัติงาน","8","พนักงานทั่วไป ","7","ฝ่ายบริหารทั่วไป","","","","","","","","","","","","","","","","","","","","","","","","","","","","","","","0000-00-00","0");
INSERT INTO xmoodle5 VALUES("390","emp008","2","4","นางสาว","นิชนันท์","กันทอน","นางสาวนิชนันท์  กันทอน","เจ้าหน้าที่ปฎิบัติงาน","8","พนักงานการเงินและบัญชี","8","","","","","","","","","","","","","","","","","","","","","","","","","","","","","","","","0000-00-00","0");
INSERT INTO xmoodle5 VALUES("391","emp009","2","4","นางสาว","ชฎาพร","มะโนสมบัติ","นางสาวชฎาพร  มะโนสมบัติ","เจ้าหน้าที่ปฎิบัติงาน","8","พนักงานการเงินและบัญชี","8","","","","","","","","","","","","","","","","","","","","","","","","","","","","","","","","0000-00-00","0");
INSERT INTO xmoodle5 VALUES("392","emp010","2","4","นางสาว","เรวิกา","กาบทอง","นางสาวเรวิกา  กาบทอง","เจ้าหน้าที่ปฎิบัติงาน","8","พนักงานการเงินและบัญชี","8","","","","","","","","","","","","","","","","","","","","","","","","","","","","","","","","0000-00-00","0");
INSERT INTO xmoodle5 VALUES("393","emp011","2","5","นาง","รัชนีกร","ราชคม","นางรัชนีกร  ราชคม","เจ้าหน้าที่ปฎิบัติงาน","8","พนักงานการเงินและบัญชี","8","","","","","","","","","","","","","","","","","","","","","","","","","","","","","","","","0000-00-00","0");
INSERT INTO xmoodle5 VALUES("394","emp012","1","3","นาย","ปภังกร","บุญวงค์","นายปภังกร  บุญวงค์","เจ้าหน้าที่ปฎิบัติงาน","8","พนักงานการเงินและบัญชี","8","","","","","","","","","","","","","","","","","","","","","","","","","","","","","","","","0000-00-00","0");
INSERT INTO xmoodle5 VALUES("395","emp013","2","4","นางสาว","บวรรัตน์","เตวิน","นางสาวบวรรัตน์  เตวิน","เจ้าหน้าที่ปฎิบัติงาน","8","พนักงานการเงินและบัญชี","8","","","","","","","","","","","","","","","","","","","","","","","","","","","","","","","","0000-00-00","0");
INSERT INTO xmoodle5 VALUES("396","emp014","1","3","นาย","กฤตนัน","บุรากลางกุล","นายกฤตนัน  บุรากลางกุล","เจ้าหน้าที่ปฎิบัติงาน","8","พนักงานการเงินและบัญชี","8","","","","","","","","","","","","","","","","","","","","","","","","","","","","","","","","0000-00-00","0");
INSERT INTO xmoodle5 VALUES("397","emp015","2","5","นาง","ศิริพร","เคลือบหิรัญ","นางศิริพร  เคลือบหิรัญ","เจ้าหน้าที่ปฎิบัติงาน","8","พนักงานพัสดุ","9","","","","","","","","","","","","","","","","","","","","","","","","","","","","","","","","0000-00-00","0");
INSERT INTO xmoodle5 VALUES("398","emp016","2","4","นางสาว","ศิริรัตน์","เดชายุทธวงศ์","นางสาวศิริรัตน์  เดชายุทธวงศ์","เจ้าหน้าที่ปฎิบัติงาน","8","พนักงานพัสดุ","9","","","","","","","","","","","","","","","","","","","","","","","","","","","","","","","","0000-00-00","0");
INSERT INTO xmoodle5 VALUES("399","emp017","2","4","นางสาว","กาญจนา","แก้วดำ","นางสาวกาญจนา  แก้วดำ","เจ้าหน้าที่ปฎิบัติงาน","8","พนักงานพัสดุ","9","","","","","","","","","","","","","","","","","","","","","","","","","","","","","","","","0000-00-00","0");
INSERT INTO xmoodle5 VALUES("400","emp018","1","3","นาย","ยศ","แก้วทา","นายยศ  แก้วทา","เจ้าหน้าที่ปฎิบัติงาน","8","พนักงานขับรถยนต์","10","","","","","","","","","","","","","","","","","","","","","","","","","","","","","","","","0000-00-00","0");
INSERT INTO xmoodle5 VALUES("401","emp019","1","3","นาย","ยรรยง","วิลา","นายยรรยง  วิลา","เจ้าหน้าที่ปฎิบัติงาน","8","พนักงานขับรถยนต์","10","","","","","","","","","","","","","","","","","","","","","","","","","","","","","","","","0000-00-00","0");
INSERT INTO xmoodle5 VALUES("402","emp020","1","3","นาย","ชวลิต","อูปแก้ว","นายชวลิต  อูปแก้ว","เจ้าหน้าที่ปฎิบัติงาน","8","พนักงานขับรถยนต์","10","","","","","","","","","","","","","","","","","","","","","","","","","","","","","","","","0000-00-00","0");
INSERT INTO xmoodle5 VALUES("403","emp021","1","3","นาย","ศาสตรา","บุบผาชาติ","นายศาสตรา  บุบผาชาติ","เจ้าหน้าที่ปฎิบัติงาน","8","พนักงานขับรถยนต์","10","","","","","","","","","","","","","","","","","","","","","","","","","","","","","","","","0000-00-00","0");
INSERT INTO xmoodle5 VALUES("404","emp022","1","3","นาย","ถวิล","ม้าทอง","นายถวิล  ม้าทอง","เจ้าหน้าที่ปฎิบัติงาน","8","พนักงานขับรถยนต์","10","","","","","","","","","","","","","","","","","","","","","","","","","","","","","","","","0000-00-00","0");
INSERT INTO xmoodle5 VALUES("405","emp023","ว่าที่ร.ต.หญิง","ว่าที่ร.ต.หญิง","ว่าที่ร.ต.หญิง","อรศิริ","ตาวิโรจน์","ว่าที่ร.ต.หญิงอรศิริ  ตาวิโรจน์","เจ้าหน้าที่ปฎิบัติงาน","8","พนักงานธุรการ ","6","งานงบประมาณ","","","","","","","","","","","","","","","","","","","","","","","","","","","","","","","0000-00-00","0");
INSERT INTO xmoodle5 VALUES("406","emp024","2","4","นางสาว","รัชนี","จิระพงษ์สุวรรณ","นางสาวรัชนี  จิระพงษ์สุวรรณ","เจ้าหน้าที่ปฎิบัติงาน","8","พนักงานธุรการ ","6","งานประกันคุณภาพการศึกษา","","","","","","","","","","","","","","","","","","","","","","","","","","","","","","","0000-00-00","0");
INSERT INTO xmoodle5 VALUES("407","emp025","2","5","นาง","อรรถพร","ไชยะป๋าน","นางอรรถพร  ไชยะป๋าน","เจ้าหน้าที่ปฎิบัติงาน","8","พนักงานธุรการ ","6","งานวิชาการ","","","","","","","","","","","","","","","","","","","","","","","","","","","","","","","0000-00-00","0");
INSERT INTO xmoodle5 VALUES("408","emp026","2","4","นางสาว","นิโลบล","กันมุข","นางสาวนิโลบล  กันมุข","เจ้าหน้าที่ปฎิบัติงาน","8","พนักงานห้องปฏิบัติการ ","11","คอมพิวเตอร์","","","","","","","","","","","","","","","","","","","","","","","","","","","","","","","0000-00-00","0");
INSERT INTO xmoodle5 VALUES("409","emp027","1","3","นาย","ธีระวัฒน์","แซ่จ๋าว","นายธีระวัฒน์  แซ่จ๋าว","เจ้าหน้าที่ปฎิบัติงาน","8","พนักงานห้องปฏิบัติการ","11","","","","","","","","","","","","","","","","","","","","","","","","","","","","","","","","0000-00-00","0");
INSERT INTO xmoodle5 VALUES("410","emp028","1","3","นาย","อภิวัฒน์","กันทะวงศ์","นายอภิวัฒน์  กันทะวงศ์","เจ้าหน้าที่ปฎิบัติงาน","8","พนักงานห้องปฏิบัติการ ","11","คอมพิวเตอร์","","","","","","","","","","","","","","","","","","","","","","","","","","","","","","","0000-00-00","0");
INSERT INTO xmoodle5 VALUES("411","emp029","1","3","นาย","อนุสรณ์","อุปรัตน์","นายอนุสรณ์  อุปรัตน์","เจ้าหน้าที่ปฎิบัติงาน","8","พนักงานห้องปฏิบัติการ","11","คอมพิวเตอร์","","","","","","","","","","","","","","","","","","","","","","","","","","","","","","","0000-00-00","0");
INSERT INTO xmoodle5 VALUES("412","emp030","2","4","นางสาว","สุนทรา","ชายา","นางสาวสุนทรา  ชายา","ครูอัตราจ้าง","5","ครูสอนวิชาคอมพิวเตอร์","12","","","","","","","","","","","","","","","","","","","","","","","","","","","","","","","","0000-00-00","0");
INSERT INTO xmoodle5 VALUES("413","emp031","1","3","นาย","สุทธิพจน์","สถานปัน","นายสุทธิพจน์  สถานปัน","ครูอัตราจ้าง","5","ครูสอนวิชาคอมพิวเตอร์","12","","","","","","","","","","","","","","","","","","","","","","","","","","","","","","","","0000-00-00","0");
INSERT INTO xmoodle5 VALUES("414","emp032","1","3","นาย","อานนท์","วงค์กาวิน","นายอานนท์  วงค์กาวิน","เจ้าหน้าที่ปฎิบัติงาน","8","พนักงานประจำห้องทดลอง ","13","Fablab","","","","","","","","","","","","","","","","","","","","","","","","","","","","","","","0000-00-00","0");
INSERT INTO xmoodle5 VALUES("415","emp033","2","4","นางสาว","กวินทิพย์","รวมสุข","นางสาวกวินทิพย์  รวมสุข","ครูอัตราจ้าง","5","ครูสอนวิชาสังคมศึกษา","14","","","","","","","","","","","","","","","","","","","","","","","","","","","","","","","","0000-00-00","0");
INSERT INTO xmoodle5 VALUES("416","emp034","1","3","นาย","เกียรติศักดิ์","มาไกล","นายเกียรติศักดิ์  มาไกล","ครูอัตราจ้าง","5","ครูสอนวิชาภาษาไทย","15","","","","","","","","","","","","","","","","","","","","","","","","","","","","","","","","0000-00-00","0");
INSERT INTO xmoodle5 VALUES("417","emp035","2","4","นางสาว","สโรธร","เต็มอุ่น","นางสาวสโรธร  เต็มอุ่น","ครูอัตราจ้าง","5","ครูสอนวิชาภาษาไทย","15","","","","","","","","","","","","","","","","","","","","","","","","","","","","","","","","0000-00-00","0");
INSERT INTO xmoodle5 VALUES("418","emp036","1","8","Mr.","FrankPaul","Verschuur","Mr.FrankPaul  Verschuur","ครููชาวต่างชาติ EP","6","ครูสอนภาษาต่างประเทศ","16","EP","","","","","","","","","","","","","","","","","","","","","","","","","","","","","","","0000-00-00","0");
INSERT INTO xmoodle5 VALUES("419","emp037","2","9","Miss","EvangelineAlferez","Verschuur","MissEvangelineAlferez  Verschuur","ครููชาวต่างชาติ EP","6","ครูสอนสังคมศึกษา/สุขศึกษา ","17","EP","","","","","","","","","","","","","","","","","","","","","","","","","","","","","","","0000-00-00","0");
INSERT INTO xmoodle5 VALUES("420","emp038","1","8","Mr.","DannyJames","Wonish","Mr.DannyJames  Wonish","ครููชาวต่างชาติ EP","6","ครูสอนคอมพิวเตอร์ ","12","EP","","","","","","","","","","","","","","","","","","","","","","","","","","","","","","","0000-00-00","0");
INSERT INTO xmoodle5 VALUES("421","emp039","1","8","Mr.","Edward","Hart","Mr.Edward  Hart","ครููชาวต่างชาติ EP","6","ครูสอนภาษาต่างประเทศ ","16","EP","","","","","","","","","","","","","","","","","","","","","","","","","","","","","","","0000-00-00","0");
INSERT INTO xmoodle5 VALUES("422","emp040","1","8","Mr.","BorneaMichael","Salvan","Mr.BorneaMichael  Salvan","ครููชาวต่างชาติ EP","6","ครูสอนภาษาต่างประเทศ ","16","EP","","","","","","","","","","","","","","","","","","","","","","","","","","","","","","","0000-00-00","0");
INSERT INTO xmoodle5 VALUES("423","emp041","1","8","Mr.","AndyLaurent","Grosbois","Mr.AndyLaurent  Grosbois","ครููชาวต่างชาติ EP","6","ครูสอนวิชาภาษาอังกฤษ ","18","EP","","","","","","","","","","","","","","","","","","","","","","","","","","","","","","","0000-00-00","0");
INSERT INTO xmoodle5 VALUES("424","emp042","1","8","Mr.","AnthonyCortes","Cruan","Mr.AnthonyCortes  Cruan","ครููชาวต่างชาติ EP","6","ครูสอนวิชาวิทยาศาสตร์ ","25","EP","","","","","","","","","","","","","","","","","","","","","","","","","","","","","","","0000-00-00","0");
INSERT INTO xmoodle5 VALUES("425","emp043","1","8","Mr.","JerryDa","Silva","Mr.JerryDa  Silva","ครููชาวต่างชาติ EP","6","ครูสอนวิชาวิทยาศาสตร์/สุขศึกษา ","25","EP","","","","","","","","","","","","","","","","","","","","","","","","","","","","","","","0000-00-00","0");
INSERT INTO xmoodle5 VALUES("426","emp044","1","3","นาย","ปวิช","รุ่งฟ้าวรกุล","นายปวิช  รุ่งฟ้าวรกุล","ครููชาวต่างชาติ EP","6","ครูสอนคณิตศาสตร์ ","ครูสอนคณิตศาสตร์ ","EP","","","","","","","","","","","","","","","","","","","","","","","","","","","","","","","0000-00-00","0");
INSERT INTO xmoodle5 VALUES("427","emp045","1","8","Mr.","Mageland Bah","Nih","Mr.Mageland Bah  Nih","ครููชาวต่างชาติ EP","6","ครูสอนวิชาคณิตศาสตร์ ","20","EP","","","","","","","","","","","","","","","","","","","","","","","","","","","","","","","0000-00-00","0");
INSERT INTO xmoodle5 VALUES("428","emp046","1","8","Mr.","WangYuan","Peng","Mr.WangYuan  Peng","ครููชาวต่างชาติ EP","6","ครูสอนวิชาภาษาจีน ","22","EP","","","","","","","","","","","","","","","","","","","","","","","","","","","","","","","0000-00-00","0");
INSERT INTO xmoodle5 VALUES("429","emp047","1","3","นาย","สพลดนัย","ชมพูเขา","นายสพลดนัย  ชมพูเขา","ครููชาวต่างชาติ EP","6","พนักงานห้องปฏิบัติการ ","11","EP","","","","","","","","","","","","","","","","","","","","","","","","","","","","","","","0000-00-00","0");
INSERT INTO xmoodle5 VALUES("430","emp048","2","5","นาง","รัชนีวรรณ","อ่อนนวล","นางรัชนีวรรณ  อ่อนนวล","ครููชาวต่างชาติ EP","6","พนักงานธุรการ (โครงการ EP)","6 (โครงการ EP)","EP","","","","","","","","","","","","","","","","","","","","","","","","","","","","","","","0000-00-00","0");
INSERT INTO xmoodle5 VALUES("431","emp049","1","3","นาย","ทวีวัฒน์","นันต๊ะวงค์","นายทวีวัฒน์  นันต๊ะวงค์","ครููชาวต่างชาติ EP","6","พนักงานห้องปฏิบัติการ ","11","EP","","","","","","","","","","","","","","","","","","","","","","","","","","","","","","","0000-00-00","0");
INSERT INTO xmoodle5 VALUES("432","emp050","1","3","นาย","ชัยพิชิต","สุริยะคำวงค์","นายชัยพิชิต  สุริยะคำวงค์","ครููชาวต่างชาติ EP","6","ครูสอนวิชาคอมพิวเตอร์ ","12","EP","","","","","","","","","","","","","","","","","","","","","","","","","","","","","","","0000-00-00","0");
INSERT INTO xmoodle5 VALUES("433","emp051","2","4","นางสาว","ปนัดดา","ดู่คำ","นางสาวปนัดดา  ดู่คำ","ครููชาวต่างชาติ EP","6","ครูช่วยสอนวิชาวิทยาศาสตร์ ","28","EP","","","","","","","","","","","","","","","","","","","","","","","","","","","","","","","0000-00-00","0");
INSERT INTO xmoodle5 VALUES("434","emp052","2","4","นางสาว","มณฑิตา","มังษา","นางสาวมณฑิตา  มังษา","ครููชาวต่างชาติ EP","6","ครูช่วยสอนวิชาวิทยาศาสตร์ ","28","EP","","","","","","","","","","","","","","","","","","","","","","","","","","","","","","","0000-00-00","0");
INSERT INTO xmoodle5 VALUES("435","emp053","2","4","นางสาว","หทัยพร","เจริญศักดิ์","นางสาวหทัยพร  เจริญศักดิ์","ครููชาวต่างชาติ EP","6","ครูช่วยสอนวิชาคณิตศาสตร์ ","28","EP","","","","","","","","","","","","","","","","","","","","","","","","","","","","","","","0000-00-00","0");
INSERT INTO xmoodle5 VALUES("436","emp054","1","8","Mr.","PaulSteven","Gray","Mr.PaulSteven  Gray","ครูชาวต่างชาติ FLD","9","ครูสอนภาษาต่างประเทศ","16","","","","","","","","","","","","","","","","","","","","","","","","","","","","","","","","0000-00-00","0");
INSERT INTO xmoodle5 VALUES("437","emp055","1","8","Mr.","JitendraK.","Kakkar","Mr.JitendraK.  Kakkar","ครูชาวต่างชาติ FLD","9","ครูสอนภาษาต่างประเทศ","16","","","","","","","","","","","","","","","","","","","","","","","","","","","","","","","","0000-00-00","0");
INSERT INTO xmoodle5 VALUES("438","emp056","2","9","Miss","Susu","Phyo","MissSusu  Phyo","ครูชาวต่างชาติ FLD","9","ครูสอนภาษาต่างประเทศ","16","","","","","","","","","","","","","","","","","","","","","","","","","","","","","","","","0000-00-00","0");
INSERT INTO xmoodle5 VALUES("439","emp057","2","9","Miss","Alice","Thejane","MissAlice  Thejane","ครูชาวต่างชาติ FLD","9","ครูสอนภาษาต่างประเทศ","16","","","","","","","","","","","","","","","","","","","","","","","","","","","","","","","","0000-00-00","0");
INSERT INTO xmoodle5 VALUES("440","emp058","1","8","Mr.","GallagherDermot","Peter","Mr.GallagherDermot  Peter","ครูชาวต่างชาติ FLD","9","ครูสอนภาษาต่างประเทศ","16","","","","","","","","","","","","","","","","","","","","","","","","","","","","","","","","0000-00-00","0");
INSERT INTO xmoodle5 VALUES("441","emp059","2","9","Miss","DezzaLee","Manato","MissDezzaLee  Manato","ครูชาวต่างชาติ FLD","9","ครูสอนภาษาต่างประเทศ","16","","","","","","","","","","","","","","","","","","","","","","","","","","","","","","","","0000-00-00","0");
INSERT INTO xmoodle5 VALUES("442","emp060","1","3","นาย","วรวัฒน์","กองสุข","นายวรวัฒน์  กองสุข","ครูอัตราจ้าง","5","ครูสอนภาษาอังกฤษ","18","","","","","","","","","","","","","","","","","","","","","","","","","","","","","","","","0000-00-00","0");
INSERT INTO xmoodle5 VALUES("443","emp061","2","4","นางสาว","ธนภรณ์","นาวิน","นางสาวธนภรณ์  นาวิน","ครูอัตราจ้าง","5","ครูสอนภาษาอังกฤษ","18","","","","","","","","","","","","","","","","","","","","","","","","","","","","","","","","0000-00-00","0");
INSERT INTO xmoodle5 VALUES("444","emp062","2","4","นางสาว","ภัทรสุดา","สุริยะไชย","นางสาวภัทรสุดา  สุริยะไชย","ครูอัตราจ้าง","5","ครูสอนภาษาอังกฤษ","18","","","","","","","","","","","","","","","","","","","","","","","","","","","","","","","","0000-00-00","0");
INSERT INTO xmoodle5 VALUES("445","emp063","1","3","นาย","ธนัตถ์","เตชะ","นายธนัตถ์  เตชะ","ครูอัตราจ้าง","5","พนักงานห้องปฏิบัติการ","11","ห้อง SEAR","","","","","","","","","","","","","","","","","","","","","","","","","","","","","","","0000-00-00","0");
INSERT INTO xmoodle5 VALUES("446","emp064","1","3","นาย","นนทวัฒน์","ดาอินวงค์","นายนนทวัฒน์  ดาอินวงค์","ครูอัตราจ้าง","5","ครูสอนวิชาคหกรรม","19","","","","","","","","","","","","","","","","","","","","","","","","","","","","","","","","0000-00-00","0");
INSERT INTO xmoodle5 VALUES("447","emp065","2","9","Miss","MaebelynKaye","Tobias","MissMaebelynKaye  Tobias","ครููชาวต่างชาติ IP","7","ครูสอนวิชาคณิตศาสตร์ ","20","IP","","","","","","","","","","","","","","","","","","","","","","","","","","","","","","","0000-00-00","0");
INSERT INTO xmoodle5 VALUES("448","emp066","1","8","Mr.","RyanJames","Bonggo","Mr.RyanJames  Bonggo","ครููชาวต่างชาติ IP","7","ครูสอนภาษาอังกฤษ","18","IP","","","","","","","","","","","","","","","","","","","","","","","","","","","","","","","0000-00-00","0");
INSERT INTO xmoodle5 VALUES("449","emp067","2","9","Miss","NatalieJane","FetizananFiestada","MissNatalieJane  FetizananFiestada","ครููชาวต่างชาติ IP","7","ครูสอนวิชาคณิตศาสตร์","20","IP","","","","","","","","","","","","","","","","","","","","","","","","","","","","","","","0000-00-00","0");
INSERT INTO xmoodle5 VALUES("450","emp068","1","8","Mr.","Baptiste","MAUERHAN","Mr.Baptiste  MAUERHAN","ครููชาวต่างชาติ IP","7","ครูสอนภาษาอังกฤษ","18","IP","","","","","","","","","","","","","","","","","","","","","","","","","","","","","","","0000-00-00","0");
INSERT INTO xmoodle5 VALUES("451","emp069","1","8","Mr.","Manoj","Yadav","Mr.Manoj  Yadav","ครููชาวต่างชาติ IP","7","ครูสอนภาษาอังกฤษ","18","IP","","","","","","","","","","","","","","","","","","","","","","","","","","","","","","","0000-00-00","0");
INSERT INTO xmoodle5 VALUES("452","emp070","1","8","Mr.","KarlDouglas","Pederick","Mr.KarlDouglas  Pederick","ครููชาวต่างชาติ IP","7","ครูสอนภาษาอังกฤษ","18","IP","","","","","","","","","","","","","","","","","","","","","","","","","","","","","","","0000-00-00","0");
INSERT INTO xmoodle5 VALUES("453","emp071","1","8","Mr.","Keiya","Taniguchi","Mr.Keiya  Taniguchi","ครููชาวต่างชาติ IP","7","ครูสอนภาษาญี่ปุ่น","21","IP","","","","","","","","","","","","","","","","","","","","","","","","","","","","","","","0000-00-00","0");
INSERT INTO xmoodle5 VALUES("454","emp072","Mrs.","Mrs.","Mrs.","AnaisClaire","Christine","Mrs.AnaisClaire  Christine","ครููชาวต่างชาติ IP","7","ครูสอนภาษาอังกฤษ","18","IP","","","","","","","","","","","","","","","","","","","","","","","","","","","","","","","0000-00-00","0");
INSERT INTO xmoodle5 VALUES("455","emp073","1","8","Mr.","BankoleOluwakorede","Ogunkoya","Mr.BankoleOluwakorede  Ogunkoya","ครููชาวต่างชาติ IP","7","ครูสอนภาษาอังกฤษ","18","IP","","","","","","","","","","","","","","","","","","","","","","","","","","","","","","","0000-00-00","0");
INSERT INTO xmoodle5 VALUES("456","emp074","1","8","Mr.","SaiYa","HtetKhaing","Mr.SaiYa  HtetKhaing","ครููชาวต่างชาติ IP","7","ครูสอนวิชาคอมพิวเตอร์","12","IP","","","","","","","","","","","","","","","","","","","","","","","","","","","","","","","0000-00-00","0");
INSERT INTO xmoodle5 VALUES("457","emp075","1","8","Mr.","JohnCharles","Charpie","Mr.JohnCharles  Charpie","ครููชาวต่างชาติ IP","7","ครูสอนภาษาอังกฤษ","18","IP","","","","","","","","","","","","","","","","","","","","","","","","","","","","","","","0000-00-00","0");
INSERT INTO xmoodle5 VALUES("458","emp076","1","8","Mr.","JeffreyP.","Polido","Mr.JeffreyP.  Polido","ครููชาวต่างชาติ IP","7","ครูสอนภาษาอังกฤษ","18","IP","","","","","","","","","","","","","","","","","","","","","","","","","","","","","","","0000-00-00","0");
INSERT INTO xmoodle5 VALUES("459","emp077","2","10","Ms.","JannieRose","G.Pareja","Ms.JannieRose  G.Pareja","ครููชาวต่างชาติ IP","7","ครูสอนภาษาอังกฤษ","18","IP","","","","","","","","","","","","","","","","","","","","","","","","","","","","","","","0000-00-00","0");
INSERT INTO xmoodle5 VALUES("460","emp078","1","8","Mr.","Deepanka","Williams","Mr.Deepanka  Williams","ครููชาวต่างชาติ IP","7","ครูสอนภาษาอังกฤษ","18","IP","","","","","","","","","","","","","","","","","","","","","","","","","","","","","","","0000-00-00","0");
INSERT INTO xmoodle5 VALUES("461","emp079","1","8","Mr.","Denny","Susanto","Mr.Denny  Susanto","ครููชาวต่างชาติ IP","7","ครูสอนวิชาสังคมศึกษา","14","IP","","","","","","","","","","","","","","","","","","","","","","","","","","","","","","","0000-00-00","0");
INSERT INTO xmoodle5 VALUES("462","emp080","1","8","Mr.","Feng","Zijian","Mr.Feng  Zijian","ครููชาวต่างชาติ IP","7","ครูสอนวิชาภาษาจีน","22","IP","","","","","","","","","","","","","","","","","","","","","","","","","","","","","","","0000-00-00","0");
INSERT INTO xmoodle5 VALUES("463","emp081","1","8","Mr.","Zhang","Jiayu","Mr.Zhang  Jiayu","ครููชาวต่างชาติ IP","7","ครูสอนวิชาภาษาจีน","22","IP","","","","","","","","","","","","","","","","","","","","","","","","","","","","","","","0000-00-00","0");
INSERT INTO xmoodle5 VALUES("464","emp082","2","10","Ms.","MaryAnn","DalidaPadua","Ms.MaryAnn  DalidaPadua","ครููชาวต่างชาติ IP","7","ครูสอนวิชาเคมี ","23","CIP","","","","","","","","","","","","","","","","","","","","","","","","","","","","","","","0000-00-00","0");
INSERT INTO xmoodle5 VALUES("465","emp083","2","9","Miss","AimeeFaye","CabarobiasPaid","MissAimeeFaye  CabarobiasPaid","ครููชาวต่างชาติ IP","7","ครูสอนวิชาศิลปะ","24","IP","","","","","","","","","","","","","","","","","","","","","","","","","","","","","","","0000-00-00","0");
INSERT INTO xmoodle5 VALUES("466","emp084","2","9","Miss","DemiDivino","Dinageba","MissDemiDivino  Dinageba","ครููชาวต่างชาติ IP","7","ครูสอนวิทยาศาสตร์และสังคมศึกษา ","25","CIP","","","","","","","","","","","","","","","","","","","","","","","","","","","","","","","0000-00-00","0");
INSERT INTO xmoodle5 VALUES("467","emp085","1","8","Mr.","Murray","HunterIV","Mr.Murray  HunterIV","ครููชาวต่างชาติ IP","7","ครูสอนสังคมศึกษา","14","IP","","","","","","","","","","","","","","","","","","","","","","","","","","","","","","","0000-00-00","0");
INSERT INTO xmoodle5 VALUES("468","emp086","2","4","นางสาว","วิลัดดา","หอมนาน","นางสาววิลัดดา  หอมนาน","ครููชาวต่างชาติ IP","7","พนักงานธุรการ","6","IP","","","","","","","","","","","","","","","","","","","","","","","","","","","","","","","0000-00-00","0");
INSERT INTO xmoodle5 VALUES("469","emp087","2","4","นางสาว","รักษณาลี","บุญมาก","นางสาวรักษณาลี  บุญมาก","เจ้าหน้าที่ปฎิบัติงาน","8","พนักงานธุรการ","6","IP","","","","","","","","","","","","","","","","","","","","","","","","","","","","","","","0000-00-00","0");
INSERT INTO xmoodle5 VALUES("470","emp088","2","4","นางสาว","ภรณ์นิพัทธ์","อินทะชัย","นางสาวภรณ์นิพัทธ์  อินทะชัย","เจ้าหน้าที่ปฎิบัติงาน","8","พนักงานธุรการ","6","IP","","","","","","","","","","","","","","","","","","","","","","","","","","","","","","","0000-00-00","0");
INSERT INTO xmoodle5 VALUES("471","emp089","2","4","นางสาว","พิมชนก","แก้วจำปา","นางสาวพิมชนก  แก้วจำปา","เจ้าหน้าที่ปฎิบัติงาน","8","พนักงานธุรการ","6","IP","","","","","","","","","","","","","","","","","","","","","","","","","","","","","","","0000-00-00","0");
INSERT INTO xmoodle5 VALUES("472","emp090","2","4","นางสาว","ปภิญญา","ยืนยงแสน","นางสาวปภิญญา  ยืนยงแสน","เจ้าหน้าที่ปฎิบัติงาน","8","พนักงานธุรการ","6","IP","","","","","","","","","","","","","","","","","","","","","","","","","","","","","","","0000-00-00","0");
INSERT INTO xmoodle5 VALUES("473","emp091","1","3","นาย","ภูวดล","อุดทา","นายภูวดล  อุดทา","ครููชาวต่างชาติ IP","7","ผู้ช่วยครูสอนภาษาอังกฤษ","29","IP","","","","","","","","","","","","","","","","","","","","","","","","","","","","","","","0000-00-00","0");
INSERT INTO xmoodle5 VALUES("474","emp092","2","4","นางสาว","นฤนารถ","วงค์เอ้ย","นางสาวนฤนารถ  วงค์เอ้ย","ครูอัตราจ้าง","5","ครูสอนวิชาพลศึกษา","26","","","","","","","","","","","","","","","","","","","","","","","","","","","","","","","","0000-00-00","0");
INSERT INTO xmoodle5 VALUES("475","emp093","1","3","นาย","อรรณพ","กันทะเนตร","นายอรรณพ  กันทะเนตร","ครูอัตราจ้าง","5","ครูสอนวิชาพลศึกษา","26","","","","","","","","","","","","","","","","","","","","","","","","","","","","","","","","0000-00-00","0");
INSERT INTO xmoodle5 VALUES("476","emp094","1","3","นาย","อภิศักดิ์","ต้าวคำ","นายอภิศักดิ์  ต้าวคำ","ครูอัตราจ้าง","5","ครูสอนวิชาพลศึกษา","26","","","","","","","","","","","","","","","","","","","","","","","","","","","","","","","","0000-00-00","0");
INSERT INTO xmoodle5 VALUES("477","emp095","2","4","นางสาว","ศศิวิมล","เฉลิมจิตร","นางสาวศศิวิมล  เฉลิมจิตร","เจ้าหน้าที่ปฎิบัติงาน","8","พนักงานห้องสมุด","31","","","","","","","","","","","","","","","","","","","","","","","","","","","","","","","","0000-00-00","0");
INSERT INTO xmoodle5 VALUES("478","emp096","2","5","นาง","นันทญา","เรือนทอง","นางนันทญา  เรือนทอง","เจ้าหน้าที่ปฎิบัติงาน","8","พนักงานห้องสมุด","31","","","","","","","","","","","","","","","","","","","","","","","","","","","","","","","","0000-00-00","0");
INSERT INTO xmoodle5 VALUES("479","emp097","2","4","นางสาว","อุไร","ธรรมชัย","นางสาวอุไร  ธรรมชัย","เจ้าหน้าที่ปฎิบัติงาน","8","พนักงานห้องสมุด","31","","","","","","","","","","","","","","","","","","","","","","","","","","","","","","","","0000-00-00","0");
INSERT INTO xmoodle5 VALUES("480","emp098","2","4","นางสาว","ชญานิศ","อารินทร์","นางสาวชญานิศ  อารินทร์","เจ้าหน้าที่ปฎิบัติงาน","8","พนักงานธุรการ ","6","งานทะเบียน-วัดผล","","","","","","","","","","","","","","","","","","","","","","","","","","","","","","","0000-00-00","0");
INSERT INTO xmoodle5 VALUES("481","emp099","1","3","นาย","ปานณวัฒน์","วิชัยศิริ","นายปานณวัฒน์  วิชัยศิริ","เจ้าหน้าที่ปฎิบัติงาน","8","พนักงานธุรการ ","6","งานทะเบียน-วัดผล","","","","","","","","","","","","","","","","","","","","","","","","","","","","","","","0000-00-00","0");
INSERT INTO xmoodle5 VALUES("482","emp100","2","4","นางสาว","พิภาพร","สุตัน","นางสาวพิภาพร  สุตัน","ครูอัตราจ้าง","5","ครูสอนนาฎศิลป์","27","","","","","","","","","","","","","","","","","","","","","","","","","","","","","","","","0000-00-00","0");
INSERT INTO xmoodle5 VALUES("483","emp101","1","3","นาย","ปรเมศวร์","เมฆขยาย","นายปรเมศวร์  เมฆขยาย","เจ้าหน้าที่ปฎิบัติงาน","8","พนักงานบริการเอกสารทั่วไป","30","","","","","","","","","","","","","","","","","","","","","","","","","","","","","","","","0000-00-00","0");
INSERT INTO xmoodle5 VALUES("484","emp102","1","3","นาย","ประดิษฐ์","ไชยชมภู","นายประดิษฐ์  ไชยชมภู","เจ้าหน้าที่ปฎิบัติงาน","8","พนักงานบริการเอกสารทั่วไป","30","","","","","","","","","","","","","","","","","","","","","","","","","","","","","","","","0000-00-00","0");
INSERT INTO xmoodle5 VALUES("485","emp103","2","4","นางสาว","ลิศราพร","ตินาอุด","นางสาวลิศราพร  ตินาอุด","เจ้าหน้าที่ปฎิบัติงาน","8","พนักงานธุรการ ","6","งานบริหารทั่วไป","","","","","","","","","","","","","","","","","","","","","","","","","","","","","","","0000-00-00","0");
INSERT INTO xmoodle5 VALUES("486","emp104","2","5","นาง","วารุณี","ม้าทอง","นางวารุณี  ม้าทอง","เจ้าหน้าที่ปฎิบัติงาน","8","พนักงานธุรการ ","6","งานอนามัย","","","","","","","","","","","","","","","","","","","","","","","","","","","","","","","0000-00-00","0");
INSERT INTO xmoodle5 VALUES("487","emp105","1","3","นาย","บูรณพันธ์","บุญมา","นายบูรณพันธ์  บุญมา","เจ้าหน้าที่ปฎิบัติงาน","8","พนักงานห้องปฏิบัติการ","32","สื่อการเรียนรู้","","","","","","","","","","","","","","","","","","","","","","","","","","","","","","","0000-00-00","0");
INSERT INTO xmoodle5 VALUES("488","emp106","1","3","นาย","จีราพัชร์","รุ่งโรจน์ชนะกุล","นายจีราพัชร์  รุ่งโรจน์ชนะกุล","เจ้าหน้าที่ปฎิบัติงาน","8","พนักงานโสตทัศนศึกษา","33","","","","","","","","","","","","","","","","","","","","","","","","","","","","","","","","0000-00-00","0");
INSERT INTO xmoodle5 VALUES("489","emp107","1","3","นาย","มานิตย์","คำดา","นายมานิตย์  คำดา","เจ้าหน้าที่ปฎิบัติงาน","8","พนักงานทั่วไป","7","","","","","","","","","","","","","","","","","","","","","","","","","","","","","","","","0000-00-00","0");
INSERT INTO xmoodle5 VALUES("490","emp108","1","3","นาย","โมบ๊ะ","ปอสาย","นายโมบ๊ะ  ปอสาย","เจ้าหน้าที่ปฎิบัติงาน","8","พนักงานทั่วไป","7","","","","","","","","","","","","","","","","","","","","","","","","","","","","","","","","0000-00-00","0");
INSERT INTO xmoodle5 VALUES("491","emp109","1","3","นาย","ปาแล","ฉินหลง","นายปาแล  ฉินหลง","เจ้าหน้าที่ปฎิบัติงาน","8","คนสวน","34","","","","","","","","","","","","","","","","","","","","","","","","","","","","","","","","0000-00-00","0");
INSERT INTO xmoodle5 VALUES("492","emp110","2","5","นาง","อิโมหละ","แสหาร","นางอิโมหละ  แสหาร","เจ้าหน้าที่ปฎิบัติงาน","8","คนสวน","34","","","","","","","","","","","","","","","","","","","","","","","","","","","","","","","","0000-00-00","0");
INSERT INTO xmoodle5 VALUES("493","emp111","2","4","นางสาว","นาอือ","ปฐมการ","นางสาวนาอือ  ปฐมการ","เจ้าหน้าที่ปฎิบัติงาน","8","คนสวน","34","","","","","","","","","","","","","","","","","","","","","","","","","","","","","","","","0000-00-00","0");
INSERT INTO xmoodle5 VALUES("494","emp112","1","3","นาย","แสนไทย","นาอูกะ","นายแสนไทย  นาอูกะ","เจ้าหน้าที่ปฎิบัติงาน","8","คนสวน","34","","","","","","","","","","","","","","","","","","","","","","","","","","","","","","","","0000-00-00","0");
INSERT INTO xmoodle5 VALUES("495","emp113","2","4","นางสาว","นามู","นาก๋า","นางสาวนามู  นาก๋า","เจ้าหน้าที่ปฎิบัติงาน","8","คนสวน","34","","","","","","","","","","","","","","","","","","","","","","","","","","","","","","","","0000-00-00","0");
INSERT INTO xmoodle5 VALUES("496","emp114","1","3","นาย","สิระ","นาก๋า","นายสิระ  นาก๋า","เจ้าหน้าที่ปฎิบัติงาน","8","คนสวน","34","","","","","","","","","","","","","","","","","","","","","","","","","","","","","","","","0000-00-00","0");
INSERT INTO xmoodle5 VALUES("497","emp115","1","3","นาย","ประดิษฐ์","วงค์สร้อยเงิน","นายประดิษฐ์  วงค์สร้อยเงิน","เจ้าหน้าที่ปฎิบัติงาน","8","ช่างไฟฟ้า","35","","","","","","","","","","","","","","","","","","","","","","","","","","","","","","","","0000-00-00","0");
INSERT INTO xmoodle5 VALUES("498","emp116","1","3","นาย","ศรีทัน","เมืองวงค์","นายศรีทัน  เมืองวงค์","เจ้าหน้าที่ปฎิบัติงาน","8","พนักงานทั่วไป","7","","","","","","","","","","","","","","","","","","","","","","","","","","","","","","","","0000-00-00","0");
INSERT INTO xmoodle5 VALUES("499","emp117","1","3","นาย","วัศพล","ยารังษี","นายวัศพล  ยารังษี","เจ้าหน้าที่ปฎิบัติงาน","8","ช่างประปา","36","","","","","","","","","","","","","","","","","","","","","","","","","","","","","","","","0000-00-00","0");
INSERT INTO xmoodle5 VALUES("500","emp118","1","3","นาย","คนิช","ยิ้มคำ","นายคนิช  ยิ้มคำ","เจ้าหน้าที่ปฎิบัติงาน","8","ช่างปูน","37","","","","","","","","","","","","","","","","","","","","","","","","","","","","","","","","0000-00-00","0");
INSERT INTO xmoodle5 VALUES("501","emp119","1","3","นาย","ทรงกลด","จันทราพูน","นายทรงกลด  จันทราพูน","เจ้าหน้าที่ปฎิบัติงาน","8","ช่างทั่วไป","38","","","","","","","","","","","","","","","","","","","","","","","","","","","","","","","","0000-00-00","0");
INSERT INTO xmoodle5 VALUES("502","emp120","2","4","นางสาว","สิริจันทร์","วรธารากุล","นางสาวสิริจันทร์  วรธารากุล","เจ้าหน้าที่ปฎิบัติงาน","8","พนักงานทั่วไป","7","ฝ่ายบริหารทั่วไป","","","","","","","","","","","","","","","","","","","","","","","","","","","","","","","0000-00-00","0");
INSERT INTO xmoodle5 VALUES("503","emp121","2","4","นางสาว","เอื้องพร","มะโนเรือง","นางสาวเอื้องพร  มะโนเรือง","เจ้าหน้าที่ปฎิบัติงาน","8","พนักงานทั่วไป ","7","ฝ่ายบริหารทั่วไป","","","","","","","","","","","","","","","","","","","","","","","","","","","","","","","0000-00-00","0");
INSERT INTO xmoodle5 VALUES("504","emp122","2","5","นาง","บานดี","ไชยวรรณ์","นางบานดี  ไชยวรรณ์","เจ้าหน้าที่ปฎิบัติงาน","8","แม่บ้าน","39","","","","","","","","","","","","","","","","","","","","","","","","","","","","","","","","0000-00-00","0");
INSERT INTO xmoodle5 VALUES("505","emp123","2","4","นางสาว","จินตนา","จะทอ","นางสาวจินตนา  จะทอ","เจ้าหน้าที่ปฎิบัติงาน","8","แม่บ้าน","39","","","","","","","","","","","","","","","","","","","","","","","","","","","","","","","","0000-00-00","0");
INSERT INTO xmoodle5 VALUES("506","emp124","2","5","นาง","ปราณี","ชมภูศรี","นางปราณี  ชมภูศรี","เจ้าหน้าที่ปฎิบัติงาน","8","แม่บ้าน","39","","","","","","","","","","","","","","","","","","","","","","","","","","","","","","","","0000-00-00","0");
INSERT INTO xmoodle5 VALUES("507","emp125","2","5","นาง","ราญทม","ขันแก้วบุญเรือง","นางราญทม  ขันแก้วบุญเรือง","เจ้าหน้าที่ปฎิบัติงาน","8","แม่บ้าน","39","","","","","","","","","","","","","","","","","","","","","","","","","","","","","","","","0000-00-00","0");
INSERT INTO xmoodle5 VALUES("508","emp126","2","5","นาง","นาไท","ปอสาย","นางนาไท  ปอสาย","เจ้าหน้าที่ปฎิบัติงาน","8","แม่บ้าน","39","","","","","","","","","","","","","","","","","","","","","","","","","","","","","","","","0000-00-00","0");
INSERT INTO xmoodle5 VALUES("509","emp127","2","5","นาง","สายใจ","คำอุ่น","นางสายใจ  คำอุ่น","เจ้าหน้าที่ปฎิบัติงาน","8","แม่บ้าน","39","","","","","","","","","","","","","","","","","","","","","","","","","","","","","","","","0000-00-00","0");
INSERT INTO xmoodle5 VALUES("510","emp128","2","5","นาง","สุมาลี","ชัยวงษ์","นางสุมาลี  ชัยวงษ์","เจ้าหน้าที่ปฎิบัติงาน","8","แม่บ้าน","39","","","","","","","","","","","","","","","","","","","","","","","","","","","","","","","","0000-00-00","0");
INSERT INTO xmoodle5 VALUES("511","emp129","2","4","นางสาว","สาวิกา","แสหาร","นางสาวสาวิกา  แสหาร","เจ้าหน้าที่ปฎิบัติงาน","8","แม่บ้าน","39","","","","","","","","","","","","","","","","","","","","","","","","","","","","","","","","0000-00-00","0");
INSERT INTO xmoodle5 VALUES("512","emp130","2","4","นางสาว","บังอร","ค่ายคำ","นางสาวบังอร  ค่ายคำ","เจ้าหน้าที่ปฎิบัติงาน","8","แม่บ้าน","39","","","","","","","","","","","","","","","","","","","","","","","","","","","","","","","","0000-00-00","0");
INSERT INTO xmoodle5 VALUES("513","emp131","2","5","นาง","มาลี","สุวรรณจักร","นางมาลี  สุวรรณจักร","เจ้าหน้าที่ปฎิบัติงาน","8","แม่บ้าน","39","","","","","","","","","","","","","","","","","","","","","","","","","","","","","","","","0000-00-00","0");
INSERT INTO xmoodle5 VALUES("514","emp132","2","5","นาง","ทัศนีย์","ในคำ","นางทัศนีย์  ในคำ","เจ้าหน้าที่ปฎิบัติงาน","8","แม่บ้าน","39","","","","","","","","","","","","","","","","","","","","","","","","","","","","","","","","0000-00-00","0");
INSERT INTO xmoodle5 VALUES("515","emp133","2","4","นางสาว","เกษรา","เครือทอง","นางสาวเกษรา  เครือทอง","เจ้าหน้าที่ปฎิบัติงาน","8","แม่บ้าน","39","","","","","","","","","","","","","","","","","","","","","","","","","","","","","","","","0000-00-00","0");
INSERT INTO xmoodle5 VALUES("516","emp134","2","4","นางสาว","นภวรรณ","โนระ","นางสาวนภวรรณ  โนระ","เจ้าหน้าที่ปฎิบัติงาน","8","แม่บ้าน","39","","","","","","","","","","","","","","","","","","","","","","","","","","","","","","","","0000-00-00","0");
INSERT INTO xmoodle5 VALUES("517","emp135","2","5","นาง","จันทร์หล้า","ใจเปี้ย","นางจันทร์หล้า  ใจเปี้ย","เจ้าหน้าที่ปฎิบัติงาน","8","แม่บ้าน","39","","","","","","","","","","","","","","","","","","","","","","","","","","","","","","","","0000-00-00","0");
INSERT INTO xmoodle5 VALUES("518","emp136","2","4","นางสาว","บานเย็น","คงเจริญ","นางสาวบานเย็น  คงเจริญ","เจ้าหน้าที่ปฎิบัติงาน","8","แม่บ้าน","39","","","","","","","","","","","","","","","","","","","","","","","","","","","","","","","","0000-00-00","0");
INSERT INTO xmoodle5 VALUES("519","emp137","2","4","นางสาว","พวงลักษณ์","วงค์เครือใต้","นางสาวพวงลักษณ์  วงค์เครือใต้","เจ้าหน้าที่ปฎิบัติงาน","8","แม่บ้าน","39","","","","","","","","","","","","","","","","","","","","","","","","","","","","","","","","0000-00-00","0");
INSERT INTO xmoodle5 VALUES("520","emp138","2","5","นาง","นาติ","ฉินหลง","นางนาติ  ฉินหลง","เจ้าหน้าที่ปฎิบัติงาน","8","แม่บ้าน","39","","","","","","","","","","","","","","","","","","","","","","","","","","","","","","","","0000-00-00","0");
INSERT INTO xmoodle5 VALUES("521","emp139","2","5","นาง","ดารินทร์","ฉินหลง","นางดารินทร์  ฉินหลง","เจ้าหน้าที่ปฎิบัติงาน","8","แม่บ้าน","39","","","","","","","","","","","","","","","","","","","","","","","","","","","","","","","","0000-00-00","0");
INSERT INTO xmoodle5 VALUES("522","emp140","2","4","นางสาว","อัญมณี","อุทัยกาญจน์","นางสาวอัญมณี  อุทัยกาญจน์","เจ้าหน้าที่ปฎิบัติงาน","8","แม่บ้าน","39","","","","","","","","","","","","","","","","","","","","","","","","","","","","","","","","0000-00-00","0");
INSERT INTO xmoodle5 VALUES("523","emp141","2","4","นางสาว","เซเม","ลิจัน","นางสาวเซเม  ลิจัน","เจ้าหน้าที่ปฎิบัติงาน","8","แม่บ้าน","39","","","","","","","","","","","","","","","","","","","","","","","","","","","","","","","","0000-00-00","0");
INSERT INTO xmoodle5 VALUES("524","emp142","2","4","นางสาว","พิกุล","วิริโล","นางสาวพิกุล  วิริโล","เจ้าหน้าที่ปฎิบัติงาน","8","แม่บ้าน","39","","","","","","","","","","","","","","","","","","","","","","","","","","","","","","","","0000-00-00","0");
INSERT INTO xmoodle5 VALUES("525","emp143","2","4","นางสาว","วารีรัตน์","ขอมุ่งกลาง","นางสาววารีรัตน์  ขอมุ่งกลาง","เจ้าหน้าที่ปฎิบัติงาน","8","แม่บ้าน","39","","","","","","","","","","","","","","","","","","","","","","","","","","","","","","","","0000-00-00","0");
INSERT INTO xmoodle5 VALUES("526","emp144","2","4","นางสาว","นาวรี","ป่อแสนคำ","นางสาวนาวรี  ป่อแสนคำ","เจ้าหน้าที่ปฎิบัติงาน","8","แม่บ้าน","39","","","","","","","","","","","","","","","","","","","","","","","","","","","","","","","","0000-00-00","0");
INSERT INTO xmoodle5 VALUES("527","emp145","1","3","นาย","สมพงษ์","อภิวงค์ษา","นายสมพงษ์  อภิวงค์ษา","เจ้าหน้าที่ปฎิบัติงาน","8","พนักงานทั่วไป","7","","","","","","","","","","","","","","","","","","","","","","","","","","","","","","","","0000-00-00","0");
INSERT INTO xmoodle5 VALUES("528","emp146","1","3","นาย","ขจร","อภิวงค์ษา","นายขจร  อภิวงค์ษา","เจ้าหน้าที่ปฎิบัติงาน","8","พนักงานทั่วไป","7","","","","","","","","","","","","","","","","","","","","","","","","","","","","","","","","0000-00-00","0");
INSERT INTO xmoodle5 VALUES("529","emp147","2","5","นาง","ศิริโสภา","ทารัตน์","นางศิริโสภา  ทารัตน์","เจ้าหน้าที่ปฎิบัติงาน","8","พนักงานทั่วไป","7","","","","","","","","","","","","","","","","","","","","","","","","","","","","","","","","0000-00-00","0");
INSERT INTO xmoodle5 VALUES("530","emp148","2","4","นางสาว","ปราณี","เทพอุดม","นางสาวปราณี  เทพอุดม","เจ้าหน้าที่ปฎิบัติงาน","8","พนักงานธุรการ","6","งานกิจการนักเรียน","","","","","","","","","","","","","","","","","","","","","","","","","","","","","","","0000-00-00","0");
INSERT INTO xmoodle5 VALUES("531","emp149","2","4","นางสาว","ธิติพร","ธรรมจักร","นางสาวธิติพร  ธรรมจักร","เจ้าหน้าที่ปฎิบัติงาน","8","พนักงานธุรการ","6","งานกิจการนักเรียน","","","","","","","","","","","","","","","","","","","","","","","","","","","","","","","0000-00-00","0");
INSERT INTO xmoodle5 VALUES("532","emp150","1","3","นาย","สุริยันต์","ศรีจักร์","นายสุริยันต์  ศรีจักร์","เจ้าหน้าที่ปฎิบัติงาน","8","พนักงานรักษาความปลอดภัย","40","","","","","","","","","","","","","","","","","","","","","","","","","","","","","","","","0000-00-00","0");
INSERT INTO xmoodle5 VALUES("533","emp151","1","3","นาย","ชน","พุทธวงค์","นายชน  พุทธวงค์","เจ้าหน้าที่ปฎิบัติงาน","8","พนักงานรักษาความปลอดภัย","40","","","","","","","","","","","","","","","","","","","","","","","","","","","","","","","","0000-00-00","0");
INSERT INTO xmoodle5 VALUES("534","﻿ACK001","1","3","นาย","เจริญ","นันไชยวงค์","นายเจริญ  นันไชยวงค์","ผู้อำนวยการ","1","คศ.3","3","บริหาร","9","ข้าราชการ","1","","","","","","","","","","","","","","","","","","","","","","","","","","","","0000-00-00","0");
INSERT INTO xmoodle5 VALUES("535","ACK002","2","4","นางสาว","ขวัญจิรา","กองสุข","นางสาวขวัญจิรา  กองสุข","รองผู้อำนวยการ","2","คศ.3","3","บริหาร","9","ข้าราชการ","1","","","","","","","","","","","","","","","","","","","","","","","","","","","","0000-00-00","0");
INSERT INTO xmoodle5 VALUES("536","ACK003","1","3","นาย","อดิเรก","ยอดเมือง","นายอดิเรก  ยอดเมือง","รองผู้อำนวยการ","2","คศ.3","3","บริหาร","9","ข้าราชการ","1","","","","","","","","","","","","","","","","","","","","","","","","","","","","0000-00-00","0");
INSERT INTO xmoodle5 VALUES("537","ACK004","2","5","นาง","อัญชลี","ยอดบุญเรือง","นางอัญชลี  ยอดบุญเรือง","ครู","3","คศ.3","3","ปฐมวัย ","12","ข้าราชการ","1","","","","","","","","","","","","","","","","","","","","","","","","","","","","0000-00-00","0");
INSERT INTO xmoodle5 VALUES("538","ACK005","2","5","นาง","ธิดารัตน์","ฮงประยูร","นางธิดารัตน์  ฮงประยูร","ครู","3","คศ.3","3","ปฐมวัย ","12","ข้าราชการ","1","","","","","","","","","","","","","","","","","","","","","","","","","","","","0000-00-00","0");
INSERT INTO xmoodle5 VALUES("539","ACK006","2","5","นาง","ดวงพร","วิเศษ","นางดวงพร  วิเศษ","ครู","3","คศ.2","2","ปฐมวัย ","12","ข้าราชการ","1","","","","","","","","","","","","","","","","","","","","","","","","","","","","0000-00-00","0");
INSERT INTO xmoodle5 VALUES("540","ACK007","2","5","นาง","ภัทริญาภรณ์","ทิศพรม","นางภัทริญาภรณ์  ทิศพรม","ครู","3","ครู","1","ปฐมวัย ","12","ข้าราชการ","1","","","","","","","","","","","","","","","","","","","","","","","","","","","","0000-00-00","0");
INSERT INTO xmoodle5 VALUES("541","ACK008","2","4","นางสาว","ชรินรัตน์","วงศ์มา","นางสาวชรินรัตน์  วงศ์มา","ครู","4","ครูผู้ช่วย","1","ปฐมวัย ","12","ลูกจ้าง","2","","","","","","","","","","","","","","","","","","","","","","","","","","","","0000-00-00","0");
INSERT INTO xmoodle5 VALUES("542","ACK009","2","4","นางสาว","กมลชนก","วุฒิโอสถ","นางสาวกมลชนก  วุฒิโอสถ","ครู","5","พนักงานราชการ","6","ปฐมวัย ","12","ลูกจ้าง","2","","","","","","","","","","","","","","","","","","","","","","","","","","","","0000-00-00","0");
INSERT INTO xmoodle5 VALUES("543","ACK010","2","4","นางสาว","เพ็ญพิสุทธิ์","ขันสล่า","นางสาวเพ็ญพิสุทธิ์  ขันสล่า","ครู","6","ครูอัตราจ้าง","7","ปฐมวัย ","12","ลูกจ้าง","2","","","","","","","","","","","","","","","","","","","","","","","","","","","","0000-00-00","0");
INSERT INTO xmoodle5 VALUES("544","ACK011","2","9","Miss","JessaGutang","Madera","MissJessaGutang  Madera","ครู","7","ครูจ้างสอน","8","ปฐมวัย ","12","ลูกจ้าง","2","","","","","","","","","","","","","","","","","","","","","","","","","","","","0000-00-00","0");
INSERT INTO xmoodle5 VALUES("545","ACK012","2","9","Miss","VanessaFaustino","Baustista","MissVanessaFaustino  Baustista","ครู","7","ครูจ้างสอน","8","ปฐมวัย ","12","ลูกจ้าง","2","","","","","","","","","","","","","","","","","","","","","","","","","","","","0000-00-00","0");
INSERT INTO xmoodle5 VALUES("546","ACK013","2","4","นางสาว","บัณฑิตา","ยอดวงค์","นางสาวบัณฑิตา  ยอดวงค์","ครู","3","ครู ","1","ปฐมวัย ","12","ข้าราชการ","1","","","","","","","","","","","","","","","","","","","","","","","","","","","","0000-00-00","0");
INSERT INTO xmoodle5 VALUES("547","ACK014","1","3","นาย","นฤเดช","สุริยะวงค์","นายนฤเดช  สุริยะวงค์","ครู","3","ครู","1","ภาษาไทย","2","ข้าราชการ","1","","","","","","","","","","","","","","","","","","","","","","","","","","","","0000-00-00","0");
INSERT INTO xmoodle5 VALUES("548","ACK015","2","5","นาง","จรรยา","ณ น่าน","นางจรรยา  ณ น่าน","ครู","3","คศ.3","3","ภาษาไทย","2","ข้าราชการ","1","","","","","","","","","","","","","","","","","","","","","","","","","","","","0000-00-00","0");
INSERT INTO xmoodle5 VALUES("549","ACK016","2","5","นาง","นันท์นภัส","อนันตสิทธิพงศ์ ","นางนันท์นภัส  อนันตสิทธิพงศ์ ","ครู","3","คศ.3    ","3","ภาษาไทย","2","ข้าราชการ","1","","","","","","","","","","","","","","","","","","","","","","","","","","","","0000-00-00","0");
INSERT INTO xmoodle5 VALUES("550","ACK017","2","5","นาง","ประวีณา","ไชยพุฒิ","นางประวีณา  ไชยพุฒิ","ครู","3","คศ.3","3","ภาษาไทย","2","ข้าราชการ","1","","","","","","","","","","","","","","","","","","","","","","","","","","","","0000-00-00","0");
INSERT INTO xmoodle5 VALUES("551","ACK018","2","4","นางสาว","สรัญญา","ปุกปินกาศ","นางสาวสรัญญา  ปุกปินกาศ","ครู","3","คศ.3","3","ภาษาไทย","2","ข้าราชการ","1","","","","","","","","","","","","","","","","","","","","","","","","","","","","0000-00-00","0");
INSERT INTO xmoodle5 VALUES("552","ACK019","2","4","นางสาว","ทิพวรรณ","สุรินแก้ว","นางสาวทิพวรรณ  สุรินแก้ว","ครู","3","คศ.2","2","ภาษาไทย","2","ข้าราชการ","1","","","","","","","","","","","","","","","","","","","","","","","","","","","","0000-00-00","0");
INSERT INTO xmoodle5 VALUES("553","ACK020","1","3","นาย","ณัฐวัฒน์","อ่อนน้อม","นายณัฐวัฒน์  อ่อนน้อม","ครู","4","ครูผู้ช่วย","1","ภาษาไทย","2","ข้าราชการ","1","","","","","","","","","","","","","","","","","","","","","","","","","","","","0000-00-00","0");
INSERT INTO xmoodle5 VALUES("554","ACK021","2","4","นางสาว","ชลธิชา","บุญสูง","นางสาวชลธิชา  บุญสูง","ครู","4","ครูผู้ช่วย","1","ภาษาไทย","2","ข้าราชการ","1","","","","","","","","","","","","","","","","","","","","","","","","","","","","0000-00-00","0");
INSERT INTO xmoodle5 VALUES("555","ACK022","2","4","นางสาว","มณีรัตน์","สาระรัตน์","นางสาวมณีรัตน์  สาระรัตน์","ครู","4","ครูผู้ช่วย","1","ภาษาไทย","2","ข้าราชการ","1","","","","","","","","","","","","","","","","","","","","","","","","","","","","0000-00-00","0");
INSERT INTO xmoodle5 VALUES("556","ACK023","2","4","นางสาว","สุทธิรา","คำวัง","นางสาวสุทธิรา  คำวัง","ครู","3","ครู","1","ภาษาไทย","2","ข้าราชการ","1","","","","","","","","","","","","","","","","","","","","","","","","","","","","0000-00-00","0");
INSERT INTO xmoodle5 VALUES("557","ACK024","2","5","นาง","ณปภัช","จันระวัง","นางณปภัช  จันระวัง","ครู","3","คศ.3","3","คณิตศาสตร์","1","ข้าราชการ","1","","","","","","","","","","","","","","","","","","","","","","","","","","","","0000-00-00","0");
INSERT INTO xmoodle5 VALUES("558","ACK025","2","5","นาง","ชุติภา","บริบูรณ์","นางชุติภา  บริบูรณ์","ครู","3","คศ.3","3","คณิตศาสตร์","1","ข้าราชการ","1","","","","","","","","","","","","","","","","","","","","","","","","","","","","0000-00-00","0");
INSERT INTO xmoodle5 VALUES("559","ACK026","2","5","นาง","กันธณา","ศิริมังคลากุล","นางกันธณา  ศิริมังคลากุล","ครู","3","คศ.2","2","คณิตศาสตร์","1","ข้าราชการ","1","","","","","","","","","","","","","","","","","","","","","","","","","","","","0000-00-00","0");
INSERT INTO xmoodle5 VALUES("560","ACK027","2","4","นางสาว","ธิดารัตน์","ใจซื่อ","นางสาวธิดารัตน์  ใจซื่อ","ครู","3","          ครู","1","คณิตศาสตร์","1","ข้าราชการ","1","","","","","","","","","","","","","","","","","","","","","","","","","","","","0000-00-00","0");
INSERT INTO xmoodle5 VALUES("561","ACK028","1","3","นาย","ณัฐวุฒิ","ภักดีภัทรสกุล","นายณัฐวุฒิ  ภักดีภัทรสกุล","ครู","4","ครูผู้ช่วย","1","คณิตศาสตร์","1","ข้าราชการ","1","","","","","","","","","","","","","","","","","","","","","","","","","","","","0000-00-00","0");
INSERT INTO xmoodle5 VALUES("562","ACK029","1","3","นาย","กิตติศักดิ์","สุวรรณทา","นายกิตติศักดิ์  สุวรรณทา","ครู","3","ครูจ้างสอน","7","คณิตศาสตร์","1","ลูกจ้าง","2","","","","","","","","","","","","","","","","","","","","","","","","","","","","0000-00-00","0");
INSERT INTO xmoodle5 VALUES("563","ACK030","1","8"," Mr.","Jayson","Huiso Dupit"," Mr.Jayson  Huiso Dupit","ครู","3","ครูจ้างสอน","8","คณิตศาสตร์","1","ลูกจ้าง","2","","","","","","","","","","","","","","","","","","","","","","","","","","","","0000-00-00","0");
INSERT INTO xmoodle5 VALUES("564","ACK031","2","4","นางสาว","จิดาภา","จันทิมา","นางสาวจิดาภา  จันทิมา","ครู","3","ครู ","1","คณิตศาสตร์","1","ข้าราชการ","1","","","","","","","","","","","","","","","","","","","","","","","","","","","","0000-00-00","0");
INSERT INTO xmoodle5 VALUES("565","ACK032","2","4","นางสาว","อุไรวรรณ","ทวิชัย","นางสาวอุไรวรรณ  ทวิชัย","ครู","3","คศ.3","3","วิทยาศาสตร์และเทคโนโลยี","3","ข้าราชการ","1","","","","","","","","","","","","","","","","","","","","","","","","","","","","0000-00-00","0");
INSERT INTO xmoodle5 VALUES("566","ACK033","1","3","นาย","ไพรัตน์","คำปา","นายไพรัตน์  คำปา","ครู","3","คศ.3","3","วิทยาศาสตร์และเทคโนโลยี","3","ข้าราชการ","1","","","","","","","","","","","","","","","","","","","","","","","","","","","","0000-00-00","0");
INSERT INTO xmoodle5 VALUES("567","ACK034","2","4","นางสาว","ทิวาพร","โพธิ์โต","นางสาวทิวาพร  โพธิ์โต","ครู","3","ครู","1","วิทยาศาสตร์และเทคโนโลยี","3","ข้าราชการ","1","","","","","","","","","","","","","","","","","","","","","","","","","","","","0000-00-00","0");
INSERT INTO xmoodle5 VALUES("568","ACK035","1","3","นาย","จีระพงศ์","ฝาเรือนดี","นายจีระพงศ์  ฝาเรือนดี","ครู","3","ครู","1","วิทยาศาสตร์และเทคโนโลยี","3","ข้าราชการ","1","","","","","","","","","","","","","","","","","","","","","","","","","","","","0000-00-00","0");
INSERT INTO xmoodle5 VALUES("569","ACK036","2","4","นางสาว","ปุญชรัศมิ์","ชัยวรรณะ","นางสาวปุญชรัศมิ์  ชัยวรรณะ","ครู","6","ครูจ้างสอน","7","วิทยาศาสตร์และเทคโนโลยี","3","ลูกจ้าง","2","","","","","","","","","","","","","","","","","","","","","","","","","","","","0000-00-00","0");
INSERT INTO xmoodle5 VALUES("570","ACK037","2","11","Mrs. ","Venus","Ampo Dupit","Mrs. Venus  Ampo Dupit","ครู","7","ครูจ้างสอน","8","วิทยาศาสตร์และเทคโนโลยี","3","ลูกจ้าง","2","","","","","","","","","","","","","","","","","","","","","","","","","","","","0000-00-00","0");
INSERT INTO xmoodle5 VALUES("571","ACK038","2","4","นางสาว","ณัฐธิดา","ไชยทน","นางสาวณัฐธิดา  ไชยทน","ครู","3","ครู","1","วิทยาศาสตร์และเทคโนโลยี","3","ข้าราชการ","1","","","","","","","","","","","","","","","","","","","","","","","","","","","","0000-00-00","0");
INSERT INTO xmoodle5 VALUES("572","ACK039","2","5","นาง","ฐิติพร","กันทะสอน","นางฐิติพร  กันทะสอน","ครู","3","ครู","1","วิทยาศาสตร์และเทคโนโลยี","3","ข้าราชการ","1","","","","","","","","","","","","","","","","","","","","","","","","","","","","0000-00-00","0");
INSERT INTO xmoodle5 VALUES("573","ACK040","1","3","นาย","มนต์ชัย","สีปิน","นายมนต์ชัย  สีปิน","ครู","3","คศ.3","3","วิทยาศาสตร์และเทคโนโลยี","3","ข้าราชการ","1","","","","","","","","","","","","","","","","","","","","","","","","","","","","0000-00-00","0");
INSERT INTO xmoodle5 VALUES("574","ACK041","2","4","นางสาว","ชลิตตา","คำมูล","นางสาวชลิตตา  คำมูล","ครู","3","ครู","1","วิทยาศาสตร์และเทคโนโลยี","3","ข้าราชการ","1","","","","","","","","","","","","","","","","","","","","","","","","","","","","0000-00-00","0");
INSERT INTO xmoodle5 VALUES("575","ACK042","2","5","นาง","วิริยา","ทาโน","นางวิริยา  ทาโน","ครู","3","ครู","1","วิทยาศาสตร์และเทคโนโลยี","3","ข้าราชการ","1","","","","","","","","","","","","","","","","","","","","","","","","","","","","0000-00-00","0");
INSERT INTO xmoodle5 VALUES("576","ACK043","1","3","นาย","สิทธิชัย","อุทธิยา","นายสิทธิชัย  อุทธิยา","ครู","3","ครู","1","สังคมศึกษา  ศาสนา และวัฒนธรรม","4","ข้าราชการ","1","","","","","","","","","","","","","","","","","","","","","","","","","","","","0000-00-00","0");
INSERT INTO xmoodle5 VALUES("577","ACK044","2","5","นาง","จิตรการ","สายยืด","นางจิตรการ  สายยืด","ครู","3","คศ.3","3","สังคมศึกษา  ศาสนา และวัฒนธรรม","4","ข้าราชการ","1","","","","","","","","","","","","","","","","","","","","","","","","","","","","0000-00-00","0");
INSERT INTO xmoodle5 VALUES("578","ACK045","2","4","นางสาว","วทันยา","วงศ์ชัย","นางสาววทันยา  วงศ์ชัย","ครู","3","ครู","1","สังคมศึกษา  ศาสนา และวัฒนธรรม","4","ข้าราชการ","1","","","","","","","","","","","","","","","","","","","","","","","","","","","","0000-00-00","0");
INSERT INTO xmoodle5 VALUES("579","ACK046","1","3","นาย","สิทธิชัย","อุทธิยา","นายสิทธิชัย  อุทธิยา","ครู","3","ครู","1","สังคมศึกษา  ศาสนา และวัฒนธรรม","4","ข้าราชการ","1","","","","","","","","","","","","","","","","","","","","","","","","","","","","0000-00-00","0");
INSERT INTO xmoodle5 VALUES("580","ACK047","2","5","นาง","สิรินรักษ์","หมอนเขื่อน","นางสิรินรักษ์  หมอนเขื่อน","ครู","4","ครูผู้ช่วย","1","สังคมศึกษา  ศาสนา และวัฒนธรรม","4","ข้าราชการ","1","","","","","","","","","","","","","","","","","","","","","","","","","","","","0000-00-00","0");
INSERT INTO xmoodle5 VALUES("581","ACK048","1","3","นาย","อภิสิทธิ์","นวลคำวัง","นายอภิสิทธิ์  นวลคำวัง","ครู","4","ครูผู้ช่วย","1","สังคมศึกษา  ศาสนา และวัฒนธรรม","4","ข้าราชการ","1","","","","","","","","","","","","","","","","","","","","","","","","","","","","0000-00-00","0");
INSERT INTO xmoodle5 VALUES("582","ACK049","2","4","นางสาว","วทันยา","วงศ์ชัย","นางสาววทันยา  วงศ์ชัย","ครู","3","ครู","1","สังคมศึกษา  ศาสนา และวัฒนธรรม","4","ข้าราชการ","1","","","","","","","","","","","","","","","","","","","","","","","","","","","","0000-00-00","0");
INSERT INTO xmoodle5 VALUES("583","ACK050","2","5","นาง","นิศากร","นวลแจ่ม","นางนิศากร  นวลแจ่ม","ครู","3","คศ.2","2","สุขศึกษาและพลศึกษา","5","ข้าราชการ","1","","","","","","","","","","","","","","","","","","","","","","","","","","","","0000-00-00","0");
INSERT INTO xmoodle5 VALUES("584","ACK051","1","3","นาย","สันหวัช","จันทอง","นายสันหวัช  จันทอง","ครู","4","ครูผู้ช่วย","1","สุขศึกษาและพลศึกษา","5","ข้าราชการ","1","","","","","","","","","","","","","","","","","","","","","","","","","","","","0000-00-00","0");
INSERT INTO xmoodle5 VALUES("585","ACK052","1","3","นาย","คมสัน","สุสี","นายคมสัน  สุสี","ครู","3","ครู","1","สุขศึกษาและพลศึกษา","5","ข้าราชการ","1","","","","","","","","","","","","","","","","","","","","","","","","","","","","0000-00-00","0");
INSERT INTO xmoodle5 VALUES("586","ACK053","1","3","นาย","สามารถ","คัญทัพ","นายสามารถ  คัญทัพ","ครู","3","คศ.3","3","ศิลปะ ","6","ข้าราชการ","1","","","","","","","","","","","","","","","","","","","","","","","","","","","","0000-00-00","0");
INSERT INTO xmoodle5 VALUES("587","ACK054","2","4","นางสาว","อภิญญา","อิ่นติ๊บ","นางสาวอภิญญา  อิ่นติ๊บ","ครู","4","ครูผู้ช่วย","1","ศิลปะ ","6","ข้าราชการ","1","","","","","","","","","","","","","","","","","","","","","","","","","","","","0000-00-00","0");
INSERT INTO xmoodle5 VALUES("588","ACK055","2","5","นาง","อรุณี","สุรินธรรม","นางอรุณี  สุรินธรรม","ครู","3","ครู","1","ศิลปะ ","6","ข้าราชการ","1","","","","","","","","","","","","","","","","","","","","","","","","","","","","0000-00-00","0");
INSERT INTO xmoodle5 VALUES("589","ACK056","1","3","นาย","จักรพงษ์","เกษมศรี","นายจักรพงษ์  เกษมศรี","ครู","3","คศ.2","2","ภาษาต่างประเทศ (ภาษาอังกฤษ)","8","ข้าราชการ","1","","","","","","","","","","","","","","","","","","","","","","","","","","","","0000-00-00","0");
INSERT INTO xmoodle5 VALUES("590","ACK057","1","3","นาย","รพีภัทร","กมลสิทธิ์สิริกุล","นายรพีภัทร  กมลสิทธิ์สิริกุล","ครู","3","คศ.2","2","ภาษาต่างประเทศ (ภาษาอังกฤษ)","8","ข้าราชการ","1","","","","","","","","","","","","","","","","","","","","","","","","","","","","0000-00-00","0");
INSERT INTO xmoodle5 VALUES("591","ACK058","2","4","นางสาว","เมธาวดี","วิฑูรย์","นางสาวเมธาวดี  วิฑูรย์","ครู","3","คศ.2","2","ภาษาต่างประเทศ (ภาษาอังกฤษ)","8","ข้าราชการ","1","","","","","","","","","","","","","","","","","","","","","","","","","","","","0000-00-00","0");
INSERT INTO xmoodle5 VALUES("592","ACK059","1","3","นาย","เสกสรร","ช่วยแก้ไข","นายเสกสรร  ช่วยแก้ไข","ครู","3","คศ.2","2","ภาษาต่างประเทศ (ภาษาอังกฤษ)","8","ข้าราชการ","1","","","","","","","","","","","","","","","","","","","","","","","","","","","","0000-00-00","0");
INSERT INTO xmoodle5 VALUES("593","ACK060","2","4","นางสาว","ภัทรดา","จินะราช","นางสาวภัทรดา  จินะราช","ครู","3","ครู","1","ภาษาต่างประเทศ (ภาษาอังกฤษ)","8","ข้าราชการ","1","","","","","","","","","","","","","","","","","","","","","","","","","","","","0000-00-00","0");
INSERT INTO xmoodle5 VALUES("594","ACK061","2","4","นางสาว","วรรณศิกา","พรมมินทร์","นางสาววรรณศิกา  พรมมินทร์","ครู","3","ครู","1","ภาษาต่างประเทศ (ภาษาอังกฤษ)","8","ข้าราชการ","1","","","","","","","","","","","","","","","","","","","","","","","","","","","","0000-00-00","0");
INSERT INTO xmoodle5 VALUES("595","ACK062","2","8","Mr.","T.Heloise","Engelbrecht","Mr.T.Heloise  Engelbrecht","ครู","7","ครูจ้างสอน","8","ภาษาต่างประเทศ (ภาษาอังกฤษ)","8","ลูกจ้าง","2","","","","","","","","","","","","","","","","","","","","","","","","","","","","0000-00-00","0");
INSERT INTO xmoodle5 VALUES("596","ACK063","2","11","Mrs. ","T.NeandreStefan","Engelbrecht","Mrs. T.NeandreStefan  Engelbrecht","ครู","7","ครูจ้างสอน","8","ภาษาต่างประเทศ (ภาษาอังกฤษ)","8","ลูกจ้าง","2","","","","","","","","","","","","","","","","","","","","","","","","","","","","0000-00-00","0");
INSERT INTO xmoodle5 VALUES("597","ACK064","2","11","Mrs. ","T.Karma","Dubjur","Mrs. T.Karma  Dubjur","ครู","7","ครูจ้างสอน","8","ภาษาต่างประเทศ (ภาษาอังกฤษ)","8","ลูกจ้าง","2","","","","","","","","","","","","","","","","","","","","","","","","","","","","0000-00-00","0");
INSERT INTO xmoodle5 VALUES("598","ACK065","2","8","Mr.","T.Peter","Jr. C. Binawe","Mr.T.Peter  Jr. C. Binawe","ครู","7","ครูจ้างสอน","8","ภาษาต่างประเทศ (ภาษาอังกฤษ)","8","ลูกจ้าง","2","","","","","","","","","","","","","","","","","","","","","","","","","","","","0000-00-00","0");
INSERT INTO xmoodle5 VALUES("599","ACK066","2","4","นางสาว","จุฑามาศ","ประดับ","นางสาวจุฑามาศ  ประดับ","ครู","3","ครู","1","ภาษาต่างประเทศ (ภาษาอังกฤษ)","8","ข้าราชการ","1","","","","","","","","","","","","","","","","","","","","","","","","","","","","0000-00-00","0");
INSERT INTO xmoodle5 VALUES("600","ACK067","2","4","นางสาว","มารีย์","ชัยกุลธวัช","นางสาวมารีย์  ชัยกุลธวัช","ครู","4","ครูผู้ช่วย","1","1.      ภาษาต่างประเทศ (ภาษาจีน)","8","ข้าราชการ","1","","","","","","","","","","","","","","","","","","","","","","","","","","","","0000-00-00","0");
INSERT INTO xmoodle5 VALUES("601","ACK068","2","4","นางสาว","รสสุคนธ์","นันตา","นางสาวรสสุคนธ์  นันตา","ครู","4","ครูผู้ช่วย","1","1.      ภาษาต่างประเทศ (ภาษาจีน)","8","ข้าราชการ","1","","","","","","","","","","","","","","","","","","","","","","","","","","","","0000-00-00","0");
INSERT INTO xmoodle5 VALUES("602","ACK069","2","4","นางสาว","สัญญา","เจริญศุภมิต","นางสาวสัญญา  เจริญศุภมิต","ครู","6","ครูอัตราจ้าง","7","1.      ภาษาต่างประเทศ (ภาษาจีน)","8","ลูกจ้าง","2","","","","","","","","","","","","","","","","","","","","","","","","","","","","0000-00-00","0");
INSERT INTO xmoodle5 VALUES("603","ACK070","2","4","นางสาว","จิราพร","แซ่ฟ้า","นางสาวจิราพร  แซ่ฟ้า","ครู","3","ครู","1","1.      ภาษาต่างประเทศ (ภาษาจีน)","8","ข้าราชการ","1","","","","","","","","","","","","","","","","","","","","","","","","","","","","0000-00-00","0");
INSERT INTO xmoodle5 VALUES("604","ACK071","2","5","นาง","ชุติภา","บริบูรณ์","นางชุติภา  บริบูรณ์","ครู","3","คศ.3","3","1.      กิจกรรมพัฒนาผู้เรียน","14","ข้าราชการ","1","","","","","","","","","","","","","","","","","","","","","","","","","","","","0000-00-00","0");
INSERT INTO xmoodle5 VALUES("605","ACK072","2","5","นาง","นันท์นภัส","อนันตสิทธิพงศ์ ","นางนันท์นภัส  อนันตสิทธิพงศ์ ","ครู","3","คศ.3    ","3","1.      กิจกรรมพัฒนาผู้เรียน","14","ข้าราชการ","1","","","","","","","","","","","","","","","","","","","","","","","","","","","","0000-00-00","0");
INSERT INTO xmoodle5 VALUES("606","ACK073","2","5","นาง","ชุติภา","บริบูรณ์","นางชุติภา  บริบูรณ์","ครู","3","คศ.3","3","1.      กิจกรรมพัฒนาผู้เรียน","14","ข้าราชการ","1","","","","","","","","","","","","","","","","","","","","","","","","","","","","0000-00-00","0");
INSERT INTO xmoodle5 VALUES("607","ACK074","2","5","นาง","จินตนา","เหล็มโสะ","นางจินตนา  เหล็มโสะ","ครู","3","ครู","1","1.      กิจกรรมพัฒนาผู้เรียน","14","ข้าราชการ","1","","","","","","","","","","","","","","","","","","","","","","","","","","","","0000-00-00","0");
INSERT INTO xmoodle5 VALUES("608","ACK075","1","3","นาย","คมสัน","สุสี","นายคมสัน  สุสี","ครู","3","ครู","1","1.      กิจกรรมพัฒนาผู้เรียน","14","ข้าราชการ","1","","","","","","","","","","","","","","","","","","","","","","","","","","","","0000-00-00","0");
INSERT INTO xmoodle5 VALUES("609","ACK076","2","5","นาง","มัทนา","กุลชัย","นางมัทนา  กุลชัย","ครู","4","ครูผู้ช่วย","1","1.      กิจกรรมพัฒนาผู้เรียน","14","ข้าราชการ","1","","","","","","","","","","","","","","","","","","","","","","","","","","","","0000-00-00","0");
INSERT INTO xmoodle5 VALUES("610","ACK077","2","4","นางสาว","สรัญญา","ปุกปินกาศ","นางสาวสรัญญา  ปุกปินกาศ","ครู","3","คศ.3","3","1.      กิจกรรมพัฒนาผู้เรียน","14","ข้าราชการ","1","","","","","","","","","","","","","","","","","","","","","","","","","","","","0000-00-00","0");
INSERT INTO xmoodle5 VALUES("611","﻿emp001","2","5","นาง","รุ่งรัตน์","ปัทมาลัย","นางรุ่งรัตน์  ปัทมาลัย","เจ้าหน้าที่ปฎิบัติงาน","8","พนักงานธุรการ","6","งานสารบรรณ","","","","","","","","","","","","","","","","","","","","","","","","","","","","","","","0000-00-00","0");
INSERT INTO xmoodle5 VALUES("612","emp002","1","3","นาย","มงคล","ปันติบุญ","นายมงคล  ปันติบุญ","เจ้าหน้าที่ปฎิบัติงาน","8","พนักงานธุรการ","6","งานสารบรรณ","","","","","","","","","","","","","","","","","","","","","","","","","","","","","","","0000-00-00","0");
INSERT INTO xmoodle5 VALUES("613","emp003","2","4","นางสาว","เอมมิกา","อินถาใจยา","นางสาวเอมมิกา  อินถาใจยา","เจ้าหน้าที่ปฎิบัติงาน","8","พนักงานธุรการ","6","งานบุคคล","","","","","","","","","","","","","","","","","","","","","","","","","","","","","","","0000-00-00","0");
INSERT INTO xmoodle5 VALUES("614","emp004","2","4","นางสาว","ปรายฟ้า","ณลำปาง","นางสาวปรายฟ้า  ณลำปาง","เจ้าหน้าที่ปฎิบัติงาน","8","พนักงานธุรการ","6","งานบุคคล","","","","","","","","","","","","","","","","","","","","","","","","","","","","","","","0000-00-00","0");
INSERT INTO xmoodle5 VALUES("615","emp005","2","4","นางสาว","ทองเพียร","สุริยา","นางสาวทองเพียร  สุริยา","เจ้าหน้าที่ปฎิบัติงาน","8","พนักงานทั่วไป ","7","ฝ่ายอำนวยการ","","","","","","","","","","","","","","","","","","","","","","","","","","","","","","","0000-00-00","0");
INSERT INTO xmoodle5 VALUES("616","emp006","2","4","นางสาว","ชนัญธิดา","ฝั้นก๋า","นางสาวชนัญธิดา  ฝั้นก๋า","เจ้าหน้าที่ปฎิบัติงาน","8","พนักงานธุรการ","6","สำนักงาน ผอ","","","","","","","","","","","","","","","","","","","","","","","","","","","","","","","0000-00-00","0");
INSERT INTO xmoodle5 VALUES("617","emp007","2","4","นางสาว","ฉัตรลัดดา","ยอดยา","นางสาวฉัตรลัดดา  ยอดยา","เจ้าหน้าที่ปฎิบัติงาน","8","พนักงานทั่วไป ","7","ฝ่ายบริหารทั่วไป","","","","","","","","","","","","","","","","","","","","","","","","","","","","","","","0000-00-00","0");
INSERT INTO xmoodle5 VALUES("618","emp008","2","4","นางสาว","นิชนันท์","กันทอน","นางสาวนิชนันท์  กันทอน","เจ้าหน้าที่ปฎิบัติงาน","8","พนักงานการเงินและบัญชี","8","","","","","","","","","","","","","","","","","","","","","","","","","","","","","","","","0000-00-00","0");
INSERT INTO xmoodle5 VALUES("619","emp009","2","4","นางสาว","ชฎาพร","มะโนสมบัติ","นางสาวชฎาพร  มะโนสมบัติ","เจ้าหน้าที่ปฎิบัติงาน","8","พนักงานการเงินและบัญชี","8","","","","","","","","","","","","","","","","","","","","","","","","","","","","","","","","0000-00-00","0");
INSERT INTO xmoodle5 VALUES("620","emp010","2","4","นางสาว","เรวิกา","กาบทอง","นางสาวเรวิกา  กาบทอง","เจ้าหน้าที่ปฎิบัติงาน","8","พนักงานการเงินและบัญชี","8","","","","","","","","","","","","","","","","","","","","","","","","","","","","","","","","0000-00-00","0");
INSERT INTO xmoodle5 VALUES("621","emp011","2","5","นาง","รัชนีกร","ราชคม","นางรัชนีกร  ราชคม","เจ้าหน้าที่ปฎิบัติงาน","8","พนักงานการเงินและบัญชี","8","","","","","","","","","","","","","","","","","","","","","","","","","","","","","","","","0000-00-00","0");
INSERT INTO xmoodle5 VALUES("622","emp012","1","3","นาย","ปภังกร","บุญวงค์","นายปภังกร  บุญวงค์","เจ้าหน้าที่ปฎิบัติงาน","8","พนักงานการเงินและบัญชี","8","","","","","","","","","","","","","","","","","","","","","","","","","","","","","","","","0000-00-00","0");
INSERT INTO xmoodle5 VALUES("623","emp013","2","4","นางสาว","บวรรัตน์","เตวิน","นางสาวบวรรัตน์  เตวิน","เจ้าหน้าที่ปฎิบัติงาน","8","พนักงานการเงินและบัญชี","8","","","","","","","","","","","","","","","","","","","","","","","","","","","","","","","","0000-00-00","0");
INSERT INTO xmoodle5 VALUES("624","emp014","1","3","นาย","กฤตนัน","บุรากลางกุล","นายกฤตนัน  บุรากลางกุล","เจ้าหน้าที่ปฎิบัติงาน","8","พนักงานการเงินและบัญชี","8","","","","","","","","","","","","","","","","","","","","","","","","","","","","","","","","0000-00-00","0");
INSERT INTO xmoodle5 VALUES("625","emp015","2","5","นาง","ศิริพร","เคลือบหิรัญ","นางศิริพร  เคลือบหิรัญ","เจ้าหน้าที่ปฎิบัติงาน","8","พนักงานพัสดุ","9","","","","","","","","","","","","","","","","","","","","","","","","","","","","","","","","0000-00-00","0");
INSERT INTO xmoodle5 VALUES("626","emp016","2","4","นางสาว","ศิริรัตน์","เดชายุทธวงศ์","นางสาวศิริรัตน์  เดชายุทธวงศ์","เจ้าหน้าที่ปฎิบัติงาน","8","พนักงานพัสดุ","9","","","","","","","","","","","","","","","","","","","","","","","","","","","","","","","","0000-00-00","0");
INSERT INTO xmoodle5 VALUES("627","emp017","2","4","นางสาว","กาญจนา","แก้วดำ","นางสาวกาญจนา  แก้วดำ","เจ้าหน้าที่ปฎิบัติงาน","8","พนักงานพัสดุ","9","","","","","","","","","","","","","","","","","","","","","","","","","","","","","","","","0000-00-00","0");
INSERT INTO xmoodle5 VALUES("628","emp018","1","3","นาย","ยศ","แก้วทา","นายยศ  แก้วทา","เจ้าหน้าที่ปฎิบัติงาน","8","พนักงานขับรถยนต์","10","","","","","","","","","","","","","","","","","","","","","","","","","","","","","","","","0000-00-00","0");
INSERT INTO xmoodle5 VALUES("629","emp019","1","3","นาย","ยรรยง","วิลา","นายยรรยง  วิลา","เจ้าหน้าที่ปฎิบัติงาน","8","พนักงานขับรถยนต์","10","","","","","","","","","","","","","","","","","","","","","","","","","","","","","","","","0000-00-00","0");
INSERT INTO xmoodle5 VALUES("630","emp020","1","3","นาย","ชวลิต","อูปแก้ว","นายชวลิต  อูปแก้ว","เจ้าหน้าที่ปฎิบัติงาน","8","พนักงานขับรถยนต์","10","","","","","","","","","","","","","","","","","","","","","","","","","","","","","","","","0000-00-00","0");
INSERT INTO xmoodle5 VALUES("631","emp021","1","3","นาย","ศาสตรา","บุบผาชาติ","นายศาสตรา  บุบผาชาติ","เจ้าหน้าที่ปฎิบัติงาน","8","พนักงานขับรถยนต์","10","","","","","","","","","","","","","","","","","","","","","","","","","","","","","","","","0000-00-00","0");
INSERT INTO xmoodle5 VALUES("632","emp022","1","3","นาย","ถวิล","ม้าทอง","นายถวิล  ม้าทอง","เจ้าหน้าที่ปฎิบัติงาน","8","พนักงานขับรถยนต์","10","","","","","","","","","","","","","","","","","","","","","","","","","","","","","","","","0000-00-00","0");
INSERT INTO xmoodle5 VALUES("633","emp023","ว่าที่ร.ต.หญิง","ว่าที่ร.ต.หญิง","ว่าที่ร.ต.หญิง","อรศิริ","ตาวิโรจน์","ว่าที่ร.ต.หญิงอรศิริ  ตาวิโรจน์","เจ้าหน้าที่ปฎิบัติงาน","8","พนักงานธุรการ ","6","งานงบประมาณ","","","","","","","","","","","","","","","","","","","","","","","","","","","","","","","0000-00-00","0");
INSERT INTO xmoodle5 VALUES("634","emp024","2","4","นางสาว","รัชนี","จิระพงษ์สุวรรณ","นางสาวรัชนี  จิระพงษ์สุวรรณ","เจ้าหน้าที่ปฎิบัติงาน","8","พนักงานธุรการ ","6","งานประกันคุณภาพการศึกษา","","","","","","","","","","","","","","","","","","","","","","","","","","","","","","","0000-00-00","0");
INSERT INTO xmoodle5 VALUES("635","emp025","2","5","นาง","อรรถพร","ไชยะป๋าน","นางอรรถพร  ไชยะป๋าน","เจ้าหน้าที่ปฎิบัติงาน","8","พนักงานธุรการ ","6","งานวิชาการ","","","","","","","","","","","","","","","","","","","","","","","","","","","","","","","0000-00-00","0");
INSERT INTO xmoodle5 VALUES("636","emp026","2","4","นางสาว","นิโลบล","กันมุข","นางสาวนิโลบล  กันมุข","เจ้าหน้าที่ปฎิบัติงาน","8","พนักงานห้องปฏิบัติการ ","11","คอมพิวเตอร์","","","","","","","","","","","","","","","","","","","","","","","","","","","","","","","0000-00-00","0");
INSERT INTO xmoodle5 VALUES("637","emp027","1","3","นาย","ธีระวัฒน์","แซ่จ๋าว","นายธีระวัฒน์  แซ่จ๋าว","เจ้าหน้าที่ปฎิบัติงาน","8","พนักงานห้องปฏิบัติการ","11","","","","","","","","","","","","","","","","","","","","","","","","","","","","","","","","0000-00-00","0");
INSERT INTO xmoodle5 VALUES("638","emp028","1","3","นาย","อภิวัฒน์","กันทะวงศ์","นายอภิวัฒน์  กันทะวงศ์","เจ้าหน้าที่ปฎิบัติงาน","8","พนักงานห้องปฏิบัติการ ","11","คอมพิวเตอร์","","","","","","","","","","","","","","","","","","","","","","","","","","","","","","","0000-00-00","0");
INSERT INTO xmoodle5 VALUES("639","emp029","1","3","นาย","อนุสรณ์","อุปรัตน์","นายอนุสรณ์  อุปรัตน์","เจ้าหน้าที่ปฎิบัติงาน","8","พนักงานห้องปฏิบัติการ","11","คอมพิวเตอร์","","","","","","","","","","","","","","","","","","","","","","","","","","","","","","","0000-00-00","0");
INSERT INTO xmoodle5 VALUES("640","emp030","2","4","นางสาว","สุนทรา","ชายา","นางสาวสุนทรา  ชายา","ครูอัตราจ้าง","5","ครูสอนวิชาคอมพิวเตอร์","12","","","","","","","","","","","","","","","","","","","","","","","","","","","","","","","","0000-00-00","0");
INSERT INTO xmoodle5 VALUES("641","emp031","1","3","นาย","สุทธิพจน์","สถานปัน","นายสุทธิพจน์  สถานปัน","ครูอัตราจ้าง","5","ครูสอนวิชาคอมพิวเตอร์","12","","","","","","","","","","","","","","","","","","","","","","","","","","","","","","","","0000-00-00","0");
INSERT INTO xmoodle5 VALUES("642","emp032","1","3","นาย","อานนท์","วงค์กาวิน","นายอานนท์  วงค์กาวิน","เจ้าหน้าที่ปฎิบัติงาน","8","พนักงานประจำห้องทดลอง ","13","Fablab","","","","","","","","","","","","","","","","","","","","","","","","","","","","","","","0000-00-00","0");
INSERT INTO xmoodle5 VALUES("643","emp033","2","4","นางสาว","กวินทิพย์","รวมสุข","นางสาวกวินทิพย์  รวมสุข","ครูอัตราจ้าง","5","ครูสอนวิชาสังคมศึกษา","14","","","","","","","","","","","","","","","","","","","","","","","","","","","","","","","","0000-00-00","0");
INSERT INTO xmoodle5 VALUES("644","emp034","1","3","นาย","เกียรติศักดิ์","มาไกล","นายเกียรติศักดิ์  มาไกล","ครูอัตราจ้าง","5","ครูสอนวิชาภาษาไทย","15","","","","","","","","","","","","","","","","","","","","","","","","","","","","","","","","0000-00-00","0");
INSERT INTO xmoodle5 VALUES("645","emp035","2","4","นางสาว","สโรธร","เต็มอุ่น","นางสาวสโรธร  เต็มอุ่น","ครูอัตราจ้าง","5","ครูสอนวิชาภาษาไทย","15","","","","","","","","","","","","","","","","","","","","","","","","","","","","","","","","0000-00-00","0");
INSERT INTO xmoodle5 VALUES("646","emp036","1","8","Mr.","FrankPaul","Verschuur","Mr.FrankPaul  Verschuur","ครููชาวต่างชาติ EP","6","ครูสอนภาษาต่างประเทศ","16","EP","","","","","","","","","","","","","","","","","","","","","","","","","","","","","","","0000-00-00","0");
INSERT INTO xmoodle5 VALUES("647","emp037","2","9","Miss","EvangelineAlferez","Verschuur","MissEvangelineAlferez  Verschuur","ครููชาวต่างชาติ EP","6","ครูสอนสังคมศึกษา/สุขศึกษา ","17","EP","","","","","","","","","","","","","","","","","","","","","","","","","","","","","","","0000-00-00","0");
INSERT INTO xmoodle5 VALUES("648","emp038","1","8","Mr.","DannyJames","Wonish","Mr.DannyJames  Wonish","ครููชาวต่างชาติ EP","6","ครูสอนคอมพิวเตอร์ ","12","EP","","","","","","","","","","","","","","","","","","","","","","","","","","","","","","","0000-00-00","0");
INSERT INTO xmoodle5 VALUES("649","emp039","1","8","Mr.","Edward","Hart","Mr.Edward  Hart","ครููชาวต่างชาติ EP","6","ครูสอนภาษาต่างประเทศ ","16","EP","","","","","","","","","","","","","","","","","","","","","","","","","","","","","","","0000-00-00","0");
INSERT INTO xmoodle5 VALUES("650","emp040","1","8","Mr.","BorneaMichael","Salvan","Mr.BorneaMichael  Salvan","ครููชาวต่างชาติ EP","6","ครูสอนภาษาต่างประเทศ ","16","EP","","","","","","","","","","","","","","","","","","","","","","","","","","","","","","","0000-00-00","0");
INSERT INTO xmoodle5 VALUES("651","emp041","1","8","Mr.","AndyLaurent","Grosbois","Mr.AndyLaurent  Grosbois","ครููชาวต่างชาติ EP","6","ครูสอนวิชาภาษาอังกฤษ ","18","EP","","","","","","","","","","","","","","","","","","","","","","","","","","","","","","","0000-00-00","0");
INSERT INTO xmoodle5 VALUES("652","emp042","1","8","Mr.","AnthonyCortes","Cruan","Mr.AnthonyCortes  Cruan","ครููชาวต่างชาติ EP","6","ครูสอนวิชาวิทยาศาสตร์ ","25","EP","","","","","","","","","","","","","","","","","","","","","","","","","","","","","","","0000-00-00","0");
INSERT INTO xmoodle5 VALUES("653","emp043","1","8","Mr.","JerryDa","Silva","Mr.JerryDa  Silva","ครููชาวต่างชาติ EP","6","ครูสอนวิชาวิทยาศาสตร์/สุขศึกษา ","25","EP","","","","","","","","","","","","","","","","","","","","","","","","","","","","","","","0000-00-00","0");
INSERT INTO xmoodle5 VALUES("654","emp044","1","3","นาย","ปวิช","รุ่งฟ้าวรกุล","นายปวิช  รุ่งฟ้าวรกุล","ครููชาวต่างชาติ EP","6","ครูสอนคณิตศาสตร์ ","ครูสอนคณิตศาสตร์ ","EP","","","","","","","","","","","","","","","","","","","","","","","","","","","","","","","0000-00-00","0");
INSERT INTO xmoodle5 VALUES("655","emp045","1","8","Mr.","Mageland Bah","Nih","Mr.Mageland Bah  Nih","ครููชาวต่างชาติ EP","6","ครูสอนวิชาคณิตศาสตร์ ","20","EP","","","","","","","","","","","","","","","","","","","","","","","","","","","","","","","0000-00-00","0");
INSERT INTO xmoodle5 VALUES("656","emp046","1","8","Mr.","WangYuan","Peng","Mr.WangYuan  Peng","ครููชาวต่างชาติ EP","6","ครูสอนวิชาภาษาจีน ","22","EP","","","","","","","","","","","","","","","","","","","","","","","","","","","","","","","0000-00-00","0");
INSERT INTO xmoodle5 VALUES("657","emp047","1","3","นาย","สพลดนัย","ชมพูเขา","นายสพลดนัย  ชมพูเขา","ครููชาวต่างชาติ EP","6","พนักงานห้องปฏิบัติการ ","11","EP","","","","","","","","","","","","","","","","","","","","","","","","","","","","","","","0000-00-00","0");
INSERT INTO xmoodle5 VALUES("658","emp048","2","5","นาง","รัชนีวรรณ","อ่อนนวล","นางรัชนีวรรณ  อ่อนนวล","ครููชาวต่างชาติ EP","6","พนักงานธุรการ (โครงการ EP)","6 (โครงการ EP)","EP","","","","","","","","","","","","","","","","","","","","","","","","","","","","","","","0000-00-00","0");
INSERT INTO xmoodle5 VALUES("659","emp049","1","3","นาย","ทวีวัฒน์","นันต๊ะวงค์","นายทวีวัฒน์  นันต๊ะวงค์","ครููชาวต่างชาติ EP","6","พนักงานห้องปฏิบัติการ ","11","EP","","","","","","","","","","","","","","","","","","","","","","","","","","","","","","","0000-00-00","0");
INSERT INTO xmoodle5 VALUES("660","emp050","1","3","นาย","ชัยพิชิต","สุริยะคำวงค์","นายชัยพิชิต  สุริยะคำวงค์","ครููชาวต่างชาติ EP","6","ครูสอนวิชาคอมพิวเตอร์ ","12","EP","","","","","","","","","","","","","","","","","","","","","","","","","","","","","","","0000-00-00","0");
INSERT INTO xmoodle5 VALUES("661","emp051","2","4","นางสาว","ปนัดดา","ดู่คำ","นางสาวปนัดดา  ดู่คำ","ครููชาวต่างชาติ EP","6","ครูช่วยสอนวิชาวิทยาศาสตร์ ","28","EP","","","","","","","","","","","","","","","","","","","","","","","","","","","","","","","0000-00-00","0");
INSERT INTO xmoodle5 VALUES("662","emp052","2","4","นางสาว","มณฑิตา","มังษา","นางสาวมณฑิตา  มังษา","ครููชาวต่างชาติ EP","6","ครูช่วยสอนวิชาวิทยาศาสตร์ ","28","EP","","","","","","","","","","","","","","","","","","","","","","","","","","","","","","","0000-00-00","0");
INSERT INTO xmoodle5 VALUES("663","emp053","2","4","นางสาว","หทัยพร","เจริญศักดิ์","นางสาวหทัยพร  เจริญศักดิ์","ครููชาวต่างชาติ EP","6","ครูช่วยสอนวิชาคณิตศาสตร์ ","28","EP","","","","","","","","","","","","","","","","","","","","","","","","","","","","","","","0000-00-00","0");
INSERT INTO xmoodle5 VALUES("664","emp054","1","8","Mr.","PaulSteven","Gray","Mr.PaulSteven  Gray","ครูชาวต่างชาติ FLD","9","ครูสอนภาษาต่างประเทศ","16","","","","","","","","","","","","","","","","","","","","","","","","","","","","","","","","0000-00-00","0");
INSERT INTO xmoodle5 VALUES("665","emp055","1","8","Mr.","JitendraK.","Kakkar","Mr.JitendraK.  Kakkar","ครูชาวต่างชาติ FLD","9","ครูสอนภาษาต่างประเทศ","16","","","","","","","","","","","","","","","","","","","","","","","","","","","","","","","","0000-00-00","0");
INSERT INTO xmoodle5 VALUES("666","emp056","2","9","Miss","Susu","Phyo","MissSusu  Phyo","ครูชาวต่างชาติ FLD","9","ครูสอนภาษาต่างประเทศ","16","","","","","","","","","","","","","","","","","","","","","","","","","","","","","","","","0000-00-00","0");
INSERT INTO xmoodle5 VALUES("667","emp057","2","9","Miss","Alice","Thejane","MissAlice  Thejane","ครูชาวต่างชาติ FLD","9","ครูสอนภาษาต่างประเทศ","16","","","","","","","","","","","","","","","","","","","","","","","","","","","","","","","","0000-00-00","0");
INSERT INTO xmoodle5 VALUES("668","emp058","1","8","Mr.","GallagherDermot","Peter","Mr.GallagherDermot  Peter","ครูชาวต่างชาติ FLD","9","ครูสอนภาษาต่างประเทศ","16","","","","","","","","","","","","","","","","","","","","","","","","","","","","","","","","0000-00-00","0");
INSERT INTO xmoodle5 VALUES("669","emp059","2","9","Miss","DezzaLee","Manato","MissDezzaLee  Manato","ครูชาวต่างชาติ FLD","9","ครูสอนภาษาต่างประเทศ","16","","","","","","","","","","","","","","","","","","","","","","","","","","","","","","","","0000-00-00","0");
INSERT INTO xmoodle5 VALUES("670","emp060","1","3","นาย","วรวัฒน์","กองสุข","นายวรวัฒน์  กองสุข","ครูอัตราจ้าง","5","ครูสอนภาษาอังกฤษ","18","","","","","","","","","","","","","","","","","","","","","","","","","","","","","","","","0000-00-00","0");
INSERT INTO xmoodle5 VALUES("671","emp061","2","4","นางสาว","ธนภรณ์","นาวิน","นางสาวธนภรณ์  นาวิน","ครูอัตราจ้าง","5","ครูสอนภาษาอังกฤษ","18","","","","","","","","","","","","","","","","","","","","","","","","","","","","","","","","0000-00-00","0");
INSERT INTO xmoodle5 VALUES("672","emp062","2","4","นางสาว","ภัทรสุดา","สุริยะไชย","นางสาวภัทรสุดา  สุริยะไชย","ครูอัตราจ้าง","5","ครูสอนภาษาอังกฤษ","18","","","","","","","","","","","","","","","","","","","","","","","","","","","","","","","","0000-00-00","0");
INSERT INTO xmoodle5 VALUES("673","emp063","1","3","นาย","ธนัตถ์","เตชะ","นายธนัตถ์  เตชะ","ครูอัตราจ้าง","5","พนักงานห้องปฏิบัติการ","11","ห้อง SEAR","","","","","","","","","","","","","","","","","","","","","","","","","","","","","","","0000-00-00","0");
INSERT INTO xmoodle5 VALUES("674","emp064","1","3","นาย","นนทวัฒน์","ดาอินวงค์","นายนนทวัฒน์  ดาอินวงค์","ครูอัตราจ้าง","5","ครูสอนวิชาคหกรรม","19","","","","","","","","","","","","","","","","","","","","","","","","","","","","","","","","0000-00-00","0");
INSERT INTO xmoodle5 VALUES("675","emp065","2","9","Miss","MaebelynKaye","Tobias","MissMaebelynKaye  Tobias","ครููชาวต่างชาติ IP","7","ครูสอนวิชาคณิตศาสตร์ ","20","IP","","","","","","","","","","","","","","","","","","","","","","","","","","","","","","","0000-00-00","0");
INSERT INTO xmoodle5 VALUES("676","emp066","1","8","Mr.","RyanJames","Bonggo","Mr.RyanJames  Bonggo","ครููชาวต่างชาติ IP","7","ครูสอนภาษาอังกฤษ","18","IP","","","","","","","","","","","","","","","","","","","","","","","","","","","","","","","0000-00-00","0");
INSERT INTO xmoodle5 VALUES("677","emp067","2","9","Miss","NatalieJane","FetizananFiestada","MissNatalieJane  FetizananFiestada","ครููชาวต่างชาติ IP","7","ครูสอนวิชาคณิตศาสตร์","20","IP","","","","","","","","","","","","","","","","","","","","","","","","","","","","","","","0000-00-00","0");
INSERT INTO xmoodle5 VALUES("678","emp068","1","8","Mr.","Baptiste","MAUERHAN","Mr.Baptiste  MAUERHAN","ครููชาวต่างชาติ IP","7","ครูสอนภาษาอังกฤษ","18","IP","","","","","","","","","","","","","","","","","","","","","","","","","","","","","","","0000-00-00","0");
INSERT INTO xmoodle5 VALUES("679","emp069","1","8","Mr.","Manoj","Yadav","Mr.Manoj  Yadav","ครููชาวต่างชาติ IP","7","ครูสอนภาษาอังกฤษ","18","IP","","","","","","","","","","","","","","","","","","","","","","","","","","","","","","","0000-00-00","0");
INSERT INTO xmoodle5 VALUES("680","emp070","1","8","Mr.","KarlDouglas","Pederick","Mr.KarlDouglas  Pederick","ครููชาวต่างชาติ IP","7","ครูสอนภาษาอังกฤษ","18","IP","","","","","","","","","","","","","","","","","","","","","","","","","","","","","","","0000-00-00","0");
INSERT INTO xmoodle5 VALUES("681","emp071","1","8","Mr.","Keiya","Taniguchi","Mr.Keiya  Taniguchi","ครููชาวต่างชาติ IP","7","ครูสอนภาษาญี่ปุ่น","21","IP","","","","","","","","","","","","","","","","","","","","","","","","","","","","","","","0000-00-00","0");
INSERT INTO xmoodle5 VALUES("682","emp072","Mrs.","Mrs.","Mrs.","AnaisClaire","Christine","Mrs.AnaisClaire  Christine","ครููชาวต่างชาติ IP","7","ครูสอนภาษาอังกฤษ","18","IP","","","","","","","","","","","","","","","","","","","","","","","","","","","","","","","0000-00-00","0");
INSERT INTO xmoodle5 VALUES("683","emp073","1","8","Mr.","BankoleOluwakorede","Ogunkoya","Mr.BankoleOluwakorede  Ogunkoya","ครููชาวต่างชาติ IP","7","ครูสอนภาษาอังกฤษ","18","IP","","","","","","","","","","","","","","","","","","","","","","","","","","","","","","","0000-00-00","0");
INSERT INTO xmoodle5 VALUES("684","emp074","1","8","Mr.","SaiYa","HtetKhaing","Mr.SaiYa  HtetKhaing","ครููชาวต่างชาติ IP","7","ครูสอนวิชาคอมพิวเตอร์","12","IP","","","","","","","","","","","","","","","","","","","","","","","","","","","","","","","0000-00-00","0");
INSERT INTO xmoodle5 VALUES("685","emp075","1","8","Mr.","JohnCharles","Charpie","Mr.JohnCharles  Charpie","ครููชาวต่างชาติ IP","7","ครูสอนภาษาอังกฤษ","18","IP","","","","","","","","","","","","","","","","","","","","","","","","","","","","","","","0000-00-00","0");
INSERT INTO xmoodle5 VALUES("686","emp076","1","8","Mr.","JeffreyP.","Polido","Mr.JeffreyP.  Polido","ครููชาวต่างชาติ IP","7","ครูสอนภาษาอังกฤษ","18","IP","","","","","","","","","","","","","","","","","","","","","","","","","","","","","","","0000-00-00","0");
INSERT INTO xmoodle5 VALUES("687","emp077","2","10","Ms.","JannieRose","G.Pareja","Ms.JannieRose  G.Pareja","ครููชาวต่างชาติ IP","7","ครูสอนภาษาอังกฤษ","18","IP","","","","","","","","","","","","","","","","","","","","","","","","","","","","","","","0000-00-00","0");
INSERT INTO xmoodle5 VALUES("688","emp078","1","8","Mr.","Deepanka","Williams","Mr.Deepanka  Williams","ครููชาวต่างชาติ IP","7","ครูสอนภาษาอังกฤษ","18","IP","","","","","","","","","","","","","","","","","","","","","","","","","","","","","","","0000-00-00","0");
INSERT INTO xmoodle5 VALUES("689","emp079","1","8","Mr.","Denny","Susanto","Mr.Denny  Susanto","ครููชาวต่างชาติ IP","7","ครูสอนวิชาสังคมศึกษา","14","IP","","","","","","","","","","","","","","","","","","","","","","","","","","","","","","","0000-00-00","0");
INSERT INTO xmoodle5 VALUES("690","emp080","1","8","Mr.","Feng","Zijian","Mr.Feng  Zijian","ครููชาวต่างชาติ IP","7","ครูสอนวิชาภาษาจีน","22","IP","","","","","","","","","","","","","","","","","","","","","","","","","","","","","","","0000-00-00","0");
INSERT INTO xmoodle5 VALUES("691","emp081","1","8","Mr.","Zhang","Jiayu","Mr.Zhang  Jiayu","ครููชาวต่างชาติ IP","7","ครูสอนวิชาภาษาจีน","22","IP","","","","","","","","","","","","","","","","","","","","","","","","","","","","","","","0000-00-00","0");
INSERT INTO xmoodle5 VALUES("692","emp082","2","10","Ms.","MaryAnn","DalidaPadua","Ms.MaryAnn  DalidaPadua","ครููชาวต่างชาติ IP","7","ครูสอนวิชาเคมี ","23","CIP","","","","","","","","","","","","","","","","","","","","","","","","","","","","","","","0000-00-00","0");
INSERT INTO xmoodle5 VALUES("693","emp083","2","9","Miss","AimeeFaye","CabarobiasPaid","MissAimeeFaye  CabarobiasPaid","ครููชาวต่างชาติ IP","7","ครูสอนวิชาศิลปะ","24","IP","","","","","","","","","","","","","","","","","","","","","","","","","","","","","","","0000-00-00","0");
INSERT INTO xmoodle5 VALUES("694","emp084","2","9","Miss","DemiDivino","Dinageba","MissDemiDivino  Dinageba","ครููชาวต่างชาติ IP","7","ครูสอนวิทยาศาสตร์และสังคมศึกษา ","25","CIP","","","","","","","","","","","","","","","","","","","","","","","","","","","","","","","0000-00-00","0");
INSERT INTO xmoodle5 VALUES("695","emp085","1","8","Mr.","Murray","HunterIV","Mr.Murray  HunterIV","ครููชาวต่างชาติ IP","7","ครูสอนสังคมศึกษา","14","IP","","","","","","","","","","","","","","","","","","","","","","","","","","","","","","","0000-00-00","0");
INSERT INTO xmoodle5 VALUES("696","emp086","2","4","นางสาว","วิลัดดา","หอมนาน","นางสาววิลัดดา  หอมนาน","ครููชาวต่างชาติ IP","7","พนักงานธุรการ","6","IP","","","","","","","","","","","","","","","","","","","","","","","","","","","","","","","0000-00-00","0");
INSERT INTO xmoodle5 VALUES("697","emp087","2","4","นางสาว","รักษณาลี","บุญมาก","นางสาวรักษณาลี  บุญมาก","เจ้าหน้าที่ปฎิบัติงาน","8","พนักงานธุรการ","6","IP","","","","","","","","","","","","","","","","","","","","","","","","","","","","","","","0000-00-00","0");
INSERT INTO xmoodle5 VALUES("698","emp088","2","4","นางสาว","ภรณ์นิพัทธ์","อินทะชัย","นางสาวภรณ์นิพัทธ์  อินทะชัย","เจ้าหน้าที่ปฎิบัติงาน","8","พนักงานธุรการ","6","IP","","","","","","","","","","","","","","","","","","","","","","","","","","","","","","","0000-00-00","0");
INSERT INTO xmoodle5 VALUES("699","emp089","2","4","นางสาว","พิมชนก","แก้วจำปา","นางสาวพิมชนก  แก้วจำปา","เจ้าหน้าที่ปฎิบัติงาน","8","พนักงานธุรการ","6","IP","","","","","","","","","","","","","","","","","","","","","","","","","","","","","","","0000-00-00","0");
INSERT INTO xmoodle5 VALUES("700","emp090","2","4","นางสาว","ปภิญญา","ยืนยงแสน","นางสาวปภิญญา  ยืนยงแสน","เจ้าหน้าที่ปฎิบัติงาน","8","พนักงานธุรการ","6","IP","","","","","","","","","","","","","","","","","","","","","","","","","","","","","","","0000-00-00","0");
INSERT INTO xmoodle5 VALUES("701","emp091","1","3","นาย","ภูวดล","อุดทา","นายภูวดล  อุดทา","ครููชาวต่างชาติ IP","7","ผู้ช่วยครูสอนภาษาอังกฤษ","29","IP","","","","","","","","","","","","","","","","","","","","","","","","","","","","","","","0000-00-00","0");
INSERT INTO xmoodle5 VALUES("702","emp092","2","4","นางสาว","นฤนารถ","วงค์เอ้ย","นางสาวนฤนารถ  วงค์เอ้ย","ครูอัตราจ้าง","5","ครูสอนวิชาพลศึกษา","26","","","","","","","","","","","","","","","","","","","","","","","","","","","","","","","","0000-00-00","0");
INSERT INTO xmoodle5 VALUES("703","emp093","1","3","นาย","อรรณพ","กันทะเนตร","นายอรรณพ  กันทะเนตร","ครูอัตราจ้าง","5","ครูสอนวิชาพลศึกษา","26","","","","","","","","","","","","","","","","","","","","","","","","","","","","","","","","0000-00-00","0");
INSERT INTO xmoodle5 VALUES("704","emp094","1","3","นาย","อภิศักดิ์","ต้าวคำ","นายอภิศักดิ์  ต้าวคำ","ครูอัตราจ้าง","5","ครูสอนวิชาพลศึกษา","26","","","","","","","","","","","","","","","","","","","","","","","","","","","","","","","","0000-00-00","0");
INSERT INTO xmoodle5 VALUES("705","emp095","2","4","นางสาว","ศศิวิมล","เฉลิมจิตร","นางสาวศศิวิมล  เฉลิมจิตร","เจ้าหน้าที่ปฎิบัติงาน","8","พนักงานห้องสมุด","31","","","","","","","","","","","","","","","","","","","","","","","","","","","","","","","","0000-00-00","0");
INSERT INTO xmoodle5 VALUES("706","emp096","2","5","นาง","นันทญา","เรือนทอง","นางนันทญา  เรือนทอง","เจ้าหน้าที่ปฎิบัติงาน","8","พนักงานห้องสมุด","31","","","","","","","","","","","","","","","","","","","","","","","","","","","","","","","","0000-00-00","0");
INSERT INTO xmoodle5 VALUES("707","emp097","2","4","นางสาว","อุไร","ธรรมชัย","นางสาวอุไร  ธรรมชัย","เจ้าหน้าที่ปฎิบัติงาน","8","พนักงานห้องสมุด","31","","","","","","","","","","","","","","","","","","","","","","","","","","","","","","","","0000-00-00","0");
INSERT INTO xmoodle5 VALUES("708","emp098","2","4","นางสาว","ชญานิศ","อารินทร์","นางสาวชญานิศ  อารินทร์","เจ้าหน้าที่ปฎิบัติงาน","8","พนักงานธุรการ ","6","งานทะเบียน-วัดผล","","","","","","","","","","","","","","","","","","","","","","","","","","","","","","","0000-00-00","0");
INSERT INTO xmoodle5 VALUES("709","emp099","1","3","นาย","ปานณวัฒน์","วิชัยศิริ","นายปานณวัฒน์  วิชัยศิริ","เจ้าหน้าที่ปฎิบัติงาน","8","พนักงานธุรการ ","6","งานทะเบียน-วัดผล","","","","","","","","","","","","","","","","","","","","","","","","","","","","","","","0000-00-00","0");
INSERT INTO xmoodle5 VALUES("710","emp100","2","4","นางสาว","พิภาพร","สุตัน","นางสาวพิภาพร  สุตัน","ครูอัตราจ้าง","5","ครูสอนนาฎศิลป์","27","","","","","","","","","","","","","","","","","","","","","","","","","","","","","","","","0000-00-00","0");
INSERT INTO xmoodle5 VALUES("711","emp101","1","3","นาย","ปรเมศวร์","เมฆขยาย","นายปรเมศวร์  เมฆขยาย","เจ้าหน้าที่ปฎิบัติงาน","8","พนักงานบริการเอกสารทั่วไป","30","","","","","","","","","","","","","","","","","","","","","","","","","","","","","","","","0000-00-00","0");
INSERT INTO xmoodle5 VALUES("712","emp102","1","3","นาย","ประดิษฐ์","ไชยชมภู","นายประดิษฐ์  ไชยชมภู","เจ้าหน้าที่ปฎิบัติงาน","8","พนักงานบริการเอกสารทั่วไป","30","","","","","","","","","","","","","","","","","","","","","","","","","","","","","","","","0000-00-00","0");
INSERT INTO xmoodle5 VALUES("713","emp103","2","4","นางสาว","ลิศราพร","ตินาอุด","นางสาวลิศราพร  ตินาอุด","เจ้าหน้าที่ปฎิบัติงาน","8","พนักงานธุรการ ","6","งานบริหารทั่วไป","","","","","","","","","","","","","","","","","","","","","","","","","","","","","","","0000-00-00","0");
INSERT INTO xmoodle5 VALUES("714","emp104","2","5","นาง","วารุณี","ม้าทอง","นางวารุณี  ม้าทอง","เจ้าหน้าที่ปฎิบัติงาน","8","พนักงานธุรการ ","6","งานอนามัย","","","","","","","","","","","","","","","","","","","","","","","","","","","","","","","0000-00-00","0");
INSERT INTO xmoodle5 VALUES("715","emp105","1","3","นาย","บูรณพันธ์","บุญมา","นายบูรณพันธ์  บุญมา","เจ้าหน้าที่ปฎิบัติงาน","8","พนักงานห้องปฏิบัติการ","32","สื่อการเรียนรู้","","","","","","","","","","","","","","","","","","","","","","","","","","","","","","","0000-00-00","0");
INSERT INTO xmoodle5 VALUES("716","emp106","1","3","นาย","จีราพัชร์","รุ่งโรจน์ชนะกุล","นายจีราพัชร์  รุ่งโรจน์ชนะกุล","เจ้าหน้าที่ปฎิบัติงาน","8","พนักงานโสตทัศนศึกษา","33","","","","","","","","","","","","","","","","","","","","","","","","","","","","","","","","0000-00-00","0");
INSERT INTO xmoodle5 VALUES("717","emp107","1","3","นาย","มานิตย์","คำดา","นายมานิตย์  คำดา","เจ้าหน้าที่ปฎิบัติงาน","8","พนักงานทั่วไป","7","","","","","","","","","","","","","","","","","","","","","","","","","","","","","","","","0000-00-00","0");
INSERT INTO xmoodle5 VALUES("718","emp108","1","3","นาย","โมบ๊ะ","ปอสาย","นายโมบ๊ะ  ปอสาย","เจ้าหน้าที่ปฎิบัติงาน","8","พนักงานทั่วไป","7","","","","","","","","","","","","","","","","","","","","","","","","","","","","","","","","0000-00-00","0");
INSERT INTO xmoodle5 VALUES("719","emp109","1","3","นาย","ปาแล","ฉินหลง","นายปาแล  ฉินหลง","เจ้าหน้าที่ปฎิบัติงาน","8","คนสวน","34","","","","","","","","","","","","","","","","","","","","","","","","","","","","","","","","0000-00-00","0");
INSERT INTO xmoodle5 VALUES("720","emp110","2","5","นาง","อิโมหละ","แสหาร","นางอิโมหละ  แสหาร","เจ้าหน้าที่ปฎิบัติงาน","8","คนสวน","34","","","","","","","","","","","","","","","","","","","","","","","","","","","","","","","","0000-00-00","0");
INSERT INTO xmoodle5 VALUES("721","emp111","2","4","นางสาว","นาอือ","ปฐมการ","นางสาวนาอือ  ปฐมการ","เจ้าหน้าที่ปฎิบัติงาน","8","คนสวน","34","","","","","","","","","","","","","","","","","","","","","","","","","","","","","","","","0000-00-00","0");
INSERT INTO xmoodle5 VALUES("722","emp112","1","3","นาย","แสนไทย","นาอูกะ","นายแสนไทย  นาอูกะ","เจ้าหน้าที่ปฎิบัติงาน","8","คนสวน","34","","","","","","","","","","","","","","","","","","","","","","","","","","","","","","","","0000-00-00","0");
INSERT INTO xmoodle5 VALUES("723","emp113","2","4","นางสาว","นามู","นาก๋า","นางสาวนามู  นาก๋า","เจ้าหน้าที่ปฎิบัติงาน","8","คนสวน","34","","","","","","","","","","","","","","","","","","","","","","","","","","","","","","","","0000-00-00","0");
INSERT INTO xmoodle5 VALUES("724","emp114","1","3","นาย","สิระ","นาก๋า","นายสิระ  นาก๋า","เจ้าหน้าที่ปฎิบัติงาน","8","คนสวน","34","","","","","","","","","","","","","","","","","","","","","","","","","","","","","","","","0000-00-00","0");
INSERT INTO xmoodle5 VALUES("725","emp115","1","3","นาย","ประดิษฐ์","วงค์สร้อยเงิน","นายประดิษฐ์  วงค์สร้อยเงิน","เจ้าหน้าที่ปฎิบัติงาน","8","ช่างไฟฟ้า","35","","","","","","","","","","","","","","","","","","","","","","","","","","","","","","","","0000-00-00","0");
INSERT INTO xmoodle5 VALUES("726","emp116","1","3","นาย","ศรีทัน","เมืองวงค์","นายศรีทัน  เมืองวงค์","เจ้าหน้าที่ปฎิบัติงาน","8","พนักงานทั่วไป","7","","","","","","","","","","","","","","","","","","","","","","","","","","","","","","","","0000-00-00","0");
INSERT INTO xmoodle5 VALUES("727","emp117","1","3","นาย","วัศพล","ยารังษี","นายวัศพล  ยารังษี","เจ้าหน้าที่ปฎิบัติงาน","8","ช่างประปา","36","","","","","","","","","","","","","","","","","","","","","","","","","","","","","","","","0000-00-00","0");
INSERT INTO xmoodle5 VALUES("728","emp118","1","3","นาย","คนิช","ยิ้มคำ","นายคนิช  ยิ้มคำ","เจ้าหน้าที่ปฎิบัติงาน","8","ช่างปูน","37","","","","","","","","","","","","","","","","","","","","","","","","","","","","","","","","0000-00-00","0");
INSERT INTO xmoodle5 VALUES("729","emp119","1","3","นาย","ทรงกลด","จันทราพูน","นายทรงกลด  จันทราพูน","เจ้าหน้าที่ปฎิบัติงาน","8","ช่างทั่วไป","38","","","","","","","","","","","","","","","","","","","","","","","","","","","","","","","","0000-00-00","0");
INSERT INTO xmoodle5 VALUES("730","emp120","2","4","นางสาว","สิริจันทร์","วรธารากุล","นางสาวสิริจันทร์  วรธารากุล","เจ้าหน้าที่ปฎิบัติงาน","8","พนักงานทั่วไป","7","ฝ่ายบริหารทั่วไป","","","","","","","","","","","","","","","","","","","","","","","","","","","","","","","0000-00-00","0");
INSERT INTO xmoodle5 VALUES("731","emp121","2","4","นางสาว","เอื้องพร","มะโนเรือง","นางสาวเอื้องพร  มะโนเรือง","เจ้าหน้าที่ปฎิบัติงาน","8","พนักงานทั่วไป ","7","ฝ่ายบริหารทั่วไป","","","","","","","","","","","","","","","","","","","","","","","","","","","","","","","0000-00-00","0");
INSERT INTO xmoodle5 VALUES("732","emp122","2","5","นาง","บานดี","ไชยวรรณ์","นางบานดี  ไชยวรรณ์","เจ้าหน้าที่ปฎิบัติงาน","8","แม่บ้าน","39","","","","","","","","","","","","","","","","","","","","","","","","","","","","","","","","0000-00-00","0");
INSERT INTO xmoodle5 VALUES("733","emp123","2","4","นางสาว","จินตนา","จะทอ","นางสาวจินตนา  จะทอ","เจ้าหน้าที่ปฎิบัติงาน","8","แม่บ้าน","39","","","","","","","","","","","","","","","","","","","","","","","","","","","","","","","","0000-00-00","0");
INSERT INTO xmoodle5 VALUES("734","emp124","2","5","นาง","ปราณี","ชมภูศรี","นางปราณี  ชมภูศรี","เจ้าหน้าที่ปฎิบัติงาน","8","แม่บ้าน","39","","","","","","","","","","","","","","","","","","","","","","","","","","","","","","","","0000-00-00","0");
INSERT INTO xmoodle5 VALUES("735","emp125","2","5","นาง","ราญทม","ขันแก้วบุญเรือง","นางราญทม  ขันแก้วบุญเรือง","เจ้าหน้าที่ปฎิบัติงาน","8","แม่บ้าน","39","","","","","","","","","","","","","","","","","","","","","","","","","","","","","","","","0000-00-00","0");
INSERT INTO xmoodle5 VALUES("736","emp126","2","5","นาง","นาไท","ปอสาย","นางนาไท  ปอสาย","เจ้าหน้าที่ปฎิบัติงาน","8","แม่บ้าน","39","","","","","","","","","","","","","","","","","","","","","","","","","","","","","","","","0000-00-00","0");
INSERT INTO xmoodle5 VALUES("737","emp127","2","5","นาง","สายใจ","คำอุ่น","นางสายใจ  คำอุ่น","เจ้าหน้าที่ปฎิบัติงาน","8","แม่บ้าน","39","","","","","","","","","","","","","","","","","","","","","","","","","","","","","","","","0000-00-00","0");
INSERT INTO xmoodle5 VALUES("738","emp128","2","5","นาง","สุมาลี","ชัยวงษ์","นางสุมาลี  ชัยวงษ์","เจ้าหน้าที่ปฎิบัติงาน","8","แม่บ้าน","39","","","","","","","","","","","","","","","","","","","","","","","","","","","","","","","","0000-00-00","0");
INSERT INTO xmoodle5 VALUES("739","emp129","2","4","นางสาว","สาวิกา","แสหาร","นางสาวสาวิกา  แสหาร","เจ้าหน้าที่ปฎิบัติงาน","8","แม่บ้าน","39","","","","","","","","","","","","","","","","","","","","","","","","","","","","","","","","0000-00-00","0");
INSERT INTO xmoodle5 VALUES("740","emp130","2","4","นางสาว","บังอร","ค่ายคำ","นางสาวบังอร  ค่ายคำ","เจ้าหน้าที่ปฎิบัติงาน","8","แม่บ้าน","39","","","","","","","","","","","","","","","","","","","","","","","","","","","","","","","","0000-00-00","0");
INSERT INTO xmoodle5 VALUES("741","emp131","2","5","นาง","มาลี","สุวรรณจักร","นางมาลี  สุวรรณจักร","เจ้าหน้าที่ปฎิบัติงาน","8","แม่บ้าน","39","","","","","","","","","","","","","","","","","","","","","","","","","","","","","","","","0000-00-00","0");
INSERT INTO xmoodle5 VALUES("742","emp132","2","5","นาง","ทัศนีย์","ในคำ","นางทัศนีย์  ในคำ","เจ้าหน้าที่ปฎิบัติงาน","8","แม่บ้าน","39","","","","","","","","","","","","","","","","","","","","","","","","","","","","","","","","0000-00-00","0");
INSERT INTO xmoodle5 VALUES("743","emp133","2","4","นางสาว","เกษรา","เครือทอง","นางสาวเกษรา  เครือทอง","เจ้าหน้าที่ปฎิบัติงาน","8","แม่บ้าน","39","","","","","","","","","","","","","","","","","","","","","","","","","","","","","","","","0000-00-00","0");
INSERT INTO xmoodle5 VALUES("744","emp134","2","4","นางสาว","นภวรรณ","โนระ","นางสาวนภวรรณ  โนระ","เจ้าหน้าที่ปฎิบัติงาน","8","แม่บ้าน","39","","","","","","","","","","","","","","","","","","","","","","","","","","","","","","","","0000-00-00","0");
INSERT INTO xmoodle5 VALUES("745","emp135","2","5","นาง","จันทร์หล้า","ใจเปี้ย","นางจันทร์หล้า  ใจเปี้ย","เจ้าหน้าที่ปฎิบัติงาน","8","แม่บ้าน","39","","","","","","","","","","","","","","","","","","","","","","","","","","","","","","","","0000-00-00","0");
INSERT INTO xmoodle5 VALUES("746","emp136","2","4","นางสาว","บานเย็น","คงเจริญ","นางสาวบานเย็น  คงเจริญ","เจ้าหน้าที่ปฎิบัติงาน","8","แม่บ้าน","39","","","","","","","","","","","","","","","","","","","","","","","","","","","","","","","","0000-00-00","0");
INSERT INTO xmoodle5 VALUES("747","emp137","2","4","นางสาว","พวงลักษณ์","วงค์เครือใต้","นางสาวพวงลักษณ์  วงค์เครือใต้","เจ้าหน้าที่ปฎิบัติงาน","8","แม่บ้าน","39","","","","","","","","","","","","","","","","","","","","","","","","","","","","","","","","0000-00-00","0");
INSERT INTO xmoodle5 VALUES("748","emp138","2","5","นาง","นาติ","ฉินหลง","นางนาติ  ฉินหลง","เจ้าหน้าที่ปฎิบัติงาน","8","แม่บ้าน","39","","","","","","","","","","","","","","","","","","","","","","","","","","","","","","","","0000-00-00","0");
INSERT INTO xmoodle5 VALUES("749","emp139","2","5","นาง","ดารินทร์","ฉินหลง","นางดารินทร์  ฉินหลง","เจ้าหน้าที่ปฎิบัติงาน","8","แม่บ้าน","39","","","","","","","","","","","","","","","","","","","","","","","","","","","","","","","","0000-00-00","0");
INSERT INTO xmoodle5 VALUES("750","emp140","2","4","นางสาว","อัญมณี","อุทัยกาญจน์","นางสาวอัญมณี  อุทัยกาญจน์","เจ้าหน้าที่ปฎิบัติงาน","8","แม่บ้าน","39","","","","","","","","","","","","","","","","","","","","","","","","","","","","","","","","0000-00-00","0");
INSERT INTO xmoodle5 VALUES("751","emp141","2","4","นางสาว","เซเม","ลิจัน","นางสาวเซเม  ลิจัน","เจ้าหน้าที่ปฎิบัติงาน","8","แม่บ้าน","39","","","","","","","","","","","","","","","","","","","","","","","","","","","","","","","","0000-00-00","0");
INSERT INTO xmoodle5 VALUES("752","emp142","2","4","นางสาว","พิกุล","วิริโล","นางสาวพิกุล  วิริโล","เจ้าหน้าที่ปฎิบัติงาน","8","แม่บ้าน","39","","","","","","","","","","","","","","","","","","","","","","","","","","","","","","","","0000-00-00","0");
INSERT INTO xmoodle5 VALUES("753","emp143","2","4","นางสาว","วารีรัตน์","ขอมุ่งกลาง","นางสาววารีรัตน์  ขอมุ่งกลาง","เจ้าหน้าที่ปฎิบัติงาน","8","แม่บ้าน","39","","","","","","","","","","","","","","","","","","","","","","","","","","","","","","","","0000-00-00","0");
INSERT INTO xmoodle5 VALUES("754","emp144","2","4","นางสาว","นาวรี","ป่อแสนคำ","นางสาวนาวรี  ป่อแสนคำ","เจ้าหน้าที่ปฎิบัติงาน","8","แม่บ้าน","39","","","","","","","","","","","","","","","","","","","","","","","","","","","","","","","","0000-00-00","0");
INSERT INTO xmoodle5 VALUES("755","emp145","1","3","นาย","สมพงษ์","อภิวงค์ษา","นายสมพงษ์  อภิวงค์ษา","เจ้าหน้าที่ปฎิบัติงาน","8","พนักงานทั่วไป","7","","","","","","","","","","","","","","","","","","","","","","","","","","","","","","","","0000-00-00","0");
INSERT INTO xmoodle5 VALUES("756","emp146","1","3","นาย","ขจร","อภิวงค์ษา","นายขจร  อภิวงค์ษา","เจ้าหน้าที่ปฎิบัติงาน","8","พนักงานทั่วไป","7","","","","","","","","","","","","","","","","","","","","","","","","","","","","","","","","0000-00-00","0");
INSERT INTO xmoodle5 VALUES("757","emp147","2","5","นาง","ศิริโสภา","ทารัตน์","นางศิริโสภา  ทารัตน์","เจ้าหน้าที่ปฎิบัติงาน","8","พนักงานทั่วไป","7","","","","","","","","","","","","","","","","","","","","","","","","","","","","","","","","0000-00-00","0");
INSERT INTO xmoodle5 VALUES("758","emp148","2","4","นางสาว","ปราณี","เทพอุดม","นางสาวปราณี  เทพอุดม","เจ้าหน้าที่ปฎิบัติงาน","8","พนักงานธุรการ","6","งานกิจการนักเรียน","","","","","","","","","","","","","","","","","","","","","","","","","","","","","","","0000-00-00","0");
INSERT INTO xmoodle5 VALUES("759","emp149","2","4","นางสาว","ธิติพร","ธรรมจักร","นางสาวธิติพร  ธรรมจักร","เจ้าหน้าที่ปฎิบัติงาน","8","พนักงานธุรการ","6","งานกิจการนักเรียน","","","","","","","","","","","","","","","","","","","","","","","","","","","","","","","0000-00-00","0");
INSERT INTO xmoodle5 VALUES("760","emp150","1","3","นาย","สุริยันต์","ศรีจักร์","นายสุริยันต์  ศรีจักร์","เจ้าหน้าที่ปฎิบัติงาน","8","พนักงานรักษาความปลอดภัย","40","","","","","","","","","","","","","","","","","","","","","","","","","","","","","","","","0000-00-00","0");
INSERT INTO xmoodle5 VALUES("761","emp151","1","3","นาย","ชน","พุทธวงค์","นายชน  พุทธวงค์","เจ้าหน้าที่ปฎิบัติงาน","8","พนักงานรักษาความปลอดภัย","40","","","","","","","","","","","","","","","","","","","","","","","","","","","","","","","","0000-00-00","0");
INSERT INTO xmoodle5 VALUES("762","﻿ACK001","1","3","นาย","เจริญ","นันไชยวงค์","นายเจริญ  นันไชยวงค์","ผู้อำนวยการ","1","คศ.3","3","บริหาร","9","ข้าราชการ","1","","","","","","","","","","","","","","","","","","","","","","","","","","","","0000-00-00","0");
INSERT INTO xmoodle5 VALUES("763","ACK002","2","4","นางสาว","ขวัญจิรา","กองสุข","นางสาวขวัญจิรา  กองสุข","รองผู้อำนวยการ","2","คศ.3","3","บริหาร","9","ข้าราชการ","1","","","","","","","","","","","","","","","","","","","","","","","","","","","","0000-00-00","0");
INSERT INTO xmoodle5 VALUES("764","ACK003","1","3","นาย","อดิเรก","ยอดเมือง","นายอดิเรก  ยอดเมือง","รองผู้อำนวยการ","2","คศ.3","3","บริหาร","9","ข้าราชการ","1","","","","","","","","","","","","","","","","","","","","","","","","","","","","0000-00-00","0");
INSERT INTO xmoodle5 VALUES("765","ACK004","2","5","นาง","อัญชลี","ยอดบุญเรือง","นางอัญชลี  ยอดบุญเรือง","ครู","3","คศ.3","3","ปฐมวัย ","12","ข้าราชการ","1","","","","","","","","","","","","","","","","","","","","","","","","","","","","0000-00-00","0");
INSERT INTO xmoodle5 VALUES("766","ACK005","2","5","นาง","ธิดารัตน์","ฮงประยูร","นางธิดารัตน์  ฮงประยูร","ครู","3","คศ.3","3","ปฐมวัย ","12","ข้าราชการ","1","","","","","","","","","","","","","","","","","","","","","","","","","","","","0000-00-00","0");
INSERT INTO xmoodle5 VALUES("767","ACK006","2","5","นาง","ดวงพร","วิเศษ","นางดวงพร  วิเศษ","ครู","3","คศ.2","2","ปฐมวัย ","12","ข้าราชการ","1","","","","","","","","","","","","","","","","","","","","","","","","","","","","0000-00-00","0");
INSERT INTO xmoodle5 VALUES("768","ACK007","2","5","นาง","ภัทริญาภรณ์","ทิศพรม","นางภัทริญาภรณ์  ทิศพรม","ครู","3","ครู","1","ปฐมวัย ","12","ข้าราชการ","1","","","","","","","","","","","","","","","","","","","","","","","","","","","","0000-00-00","0");
INSERT INTO xmoodle5 VALUES("769","ACK008","2","4","นางสาว","ชรินรัตน์","วงศ์มา","นางสาวชรินรัตน์  วงศ์มา","ครู","4","ครูผู้ช่วย","1","ปฐมวัย ","12","ลูกจ้าง","2","","","","","","","","","","","","","","","","","","","","","","","","","","","","0000-00-00","0");
INSERT INTO xmoodle5 VALUES("770","ACK009","2","4","นางสาว","กมลชนก","วุฒิโอสถ","นางสาวกมลชนก  วุฒิโอสถ","ครู","5","พนักงานราชการ","6","ปฐมวัย ","12","ลูกจ้าง","2","","","","","","","","","","","","","","","","","","","","","","","","","","","","0000-00-00","0");
INSERT INTO xmoodle5 VALUES("771","ACK010","2","4","นางสาว","เพ็ญพิสุทธิ์","ขันสล่า","นางสาวเพ็ญพิสุทธิ์  ขันสล่า","ครู","6","ครูอัตราจ้าง","7","ปฐมวัย ","12","ลูกจ้าง","2","","","","","","","","","","","","","","","","","","","","","","","","","","","","0000-00-00","0");
INSERT INTO xmoodle5 VALUES("772","ACK011","2","9","Miss","JessaGutang","Madera","MissJessaGutang  Madera","ครู","7","ครูจ้างสอน","8","ปฐมวัย ","12","ลูกจ้าง","2","","","","","","","","","","","","","","","","","","","","","","","","","","","","0000-00-00","0");
INSERT INTO xmoodle5 VALUES("773","ACK012","2","9","Miss","VanessaFaustino","Baustista","MissVanessaFaustino  Baustista","ครู","7","ครูจ้างสอน","8","ปฐมวัย ","12","ลูกจ้าง","2","","","","","","","","","","","","","","","","","","","","","","","","","","","","0000-00-00","0");
INSERT INTO xmoodle5 VALUES("774","ACK013","2","4","นางสาว","บัณฑิตา","ยอดวงค์","นางสาวบัณฑิตา  ยอดวงค์","ครู","3","ครู ","1","ปฐมวัย ","12","ข้าราชการ","1","","","","","","","","","","","","","","","","","","","","","","","","","","","","0000-00-00","0");
INSERT INTO xmoodle5 VALUES("775","ACK014","1","3","นาย","นฤเดช","สุริยะวงค์","นายนฤเดช  สุริยะวงค์","ครู","3","ครู","1","ภาษาไทย","2","ข้าราชการ","1","","","","","","","","","","","","","","","","","","","","","","","","","","","","0000-00-00","0");
INSERT INTO xmoodle5 VALUES("776","ACK015","2","5","นาง","จรรยา","ณ น่าน","นางจรรยา  ณ น่าน","ครู","3","คศ.3","3","ภาษาไทย","2","ข้าราชการ","1","","","","","","","","","","","","","","","","","","","","","","","","","","","","0000-00-00","0");
INSERT INTO xmoodle5 VALUES("777","ACK016","2","5","นาง","นันท์นภัส","อนันตสิทธิพงศ์ ","นางนันท์นภัส  อนันตสิทธิพงศ์ ","ครู","3","คศ.3    ","3","ภาษาไทย","2","ข้าราชการ","1","","","","","","","","","","","","","","","","","","","","","","","","","","","","0000-00-00","0");
INSERT INTO xmoodle5 VALUES("778","ACK017","2","5","นาง","ประวีณา","ไชยพุฒิ","นางประวีณา  ไชยพุฒิ","ครู","3","คศ.3","3","ภาษาไทย","2","ข้าราชการ","1","","","","","","","","","","","","","","","","","","","","","","","","","","","","0000-00-00","0");
INSERT INTO xmoodle5 VALUES("779","ACK018","2","4","นางสาว","สรัญญา","ปุกปินกาศ","นางสาวสรัญญา  ปุกปินกาศ","ครู","3","คศ.3","3","ภาษาไทย","2","ข้าราชการ","1","","","","","","","","","","","","","","","","","","","","","","","","","","","","0000-00-00","0");
INSERT INTO xmoodle5 VALUES("780","ACK019","2","4","นางสาว","ทิพวรรณ","สุรินแก้ว","นางสาวทิพวรรณ  สุรินแก้ว","ครู","3","คศ.2","2","ภาษาไทย","2","ข้าราชการ","1","","","","","","","","","","","","","","","","","","","","","","","","","","","","0000-00-00","0");
INSERT INTO xmoodle5 VALUES("781","ACK020","1","3","นาย","ณัฐวัฒน์","อ่อนน้อม","นายณัฐวัฒน์  อ่อนน้อม","ครู","4","ครูผู้ช่วย","1","ภาษาไทย","2","ข้าราชการ","1","","","","","","","","","","","","","","","","","","","","","","","","","","","","0000-00-00","0");
INSERT INTO xmoodle5 VALUES("782","ACK021","2","4","นางสาว","ชลธิชา","บุญสูง","นางสาวชลธิชา  บุญสูง","ครู","4","ครูผู้ช่วย","1","ภาษาไทย","2","ข้าราชการ","1","","","","","","","","","","","","","","","","","","","","","","","","","","","","0000-00-00","0");
INSERT INTO xmoodle5 VALUES("783","ACK022","2","4","นางสาว","มณีรัตน์","สาระรัตน์","นางสาวมณีรัตน์  สาระรัตน์","ครู","4","ครูผู้ช่วย","1","ภาษาไทย","2","ข้าราชการ","1","","","","","","","","","","","","","","","","","","","","","","","","","","","","0000-00-00","0");
INSERT INTO xmoodle5 VALUES("784","ACK023","2","4","นางสาว","สุทธิรา","คำวัง","นางสาวสุทธิรา  คำวัง","ครู","3","ครู","1","ภาษาไทย","2","ข้าราชการ","1","","","","","","","","","","","","","","","","","","","","","","","","","","","","0000-00-00","0");
INSERT INTO xmoodle5 VALUES("785","ACK024","2","5","นาง","ณปภัช","จันระวัง","นางณปภัช  จันระวัง","ครู","3","คศ.3","3","คณิตศาสตร์","1","ข้าราชการ","1","","","","","","","","","","","","","","","","","","","","","","","","","","","","0000-00-00","0");
INSERT INTO xmoodle5 VALUES("786","ACK025","2","5","นาง","ชุติภา","บริบูรณ์","นางชุติภา  บริบูรณ์","ครู","3","คศ.3","3","คณิตศาสตร์","1","ข้าราชการ","1","","","","","","","","","","","","","","","","","","","","","","","","","","","","0000-00-00","0");
INSERT INTO xmoodle5 VALUES("787","ACK026","2","5","นาง","กันธณา","ศิริมังคลากุล","นางกันธณา  ศิริมังคลากุล","ครู","3","คศ.2","2","คณิตศาสตร์","1","ข้าราชการ","1","","","","","","","","","","","","","","","","","","","","","","","","","","","","0000-00-00","0");
INSERT INTO xmoodle5 VALUES("788","ACK027","2","4","นางสาว","ธิดารัตน์","ใจซื่อ","นางสาวธิดารัตน์  ใจซื่อ","ครู","3","          ครู","1","คณิตศาสตร์","1","ข้าราชการ","1","","","","","","","","","","","","","","","","","","","","","","","","","","","","0000-00-00","0");
INSERT INTO xmoodle5 VALUES("789","ACK028","1","3","นาย","ณัฐวุฒิ","ภักดีภัทรสกุล","นายณัฐวุฒิ  ภักดีภัทรสกุล","ครู","4","ครูผู้ช่วย","1","คณิตศาสตร์","1","ข้าราชการ","1","","","","","","","","","","","","","","","","","","","","","","","","","","","","0000-00-00","0");
INSERT INTO xmoodle5 VALUES("790","ACK029","1","3","นาย","กิตติศักดิ์","สุวรรณทา","นายกิตติศักดิ์  สุวรรณทา","ครู","3","ครูจ้างสอน","7","คณิตศาสตร์","1","ลูกจ้าง","2","","","","","","","","","","","","","","","","","","","","","","","","","","","","0000-00-00","0");
INSERT INTO xmoodle5 VALUES("791","ACK030","1","8"," Mr.","Jayson","Huiso Dupit"," Mr.Jayson  Huiso Dupit","ครู","3","ครูจ้างสอน","8","คณิตศาสตร์","1","ลูกจ้าง","2","","","","","","","","","","","","","","","","","","","","","","","","","","","","0000-00-00","0");
INSERT INTO xmoodle5 VALUES("792","ACK031","2","4","นางสาว","จิดาภา","จันทิมา","นางสาวจิดาภา  จันทิมา","ครู","3","ครู ","1","คณิตศาสตร์","1","ข้าราชการ","1","","","","","","","","","","","","","","","","","","","","","","","","","","","","0000-00-00","0");
INSERT INTO xmoodle5 VALUES("793","ACK032","2","4","นางสาว","อุไรวรรณ","ทวิชัย","นางสาวอุไรวรรณ  ทวิชัย","ครู","3","คศ.3","3","วิทยาศาสตร์และเทคโนโลยี","3","ข้าราชการ","1","","","","","","","","","","","","","","","","","","","","","","","","","","","","0000-00-00","0");
INSERT INTO xmoodle5 VALUES("794","ACK033","1","3","นาย","ไพรัตน์","คำปา","นายไพรัตน์  คำปา","ครู","3","คศ.3","3","วิทยาศาสตร์และเทคโนโลยี","3","ข้าราชการ","1","","","","","","","","","","","","","","","","","","","","","","","","","","","","0000-00-00","0");
INSERT INTO xmoodle5 VALUES("795","ACK034","2","4","นางสาว","ทิวาพร","โพธิ์โต","นางสาวทิวาพร  โพธิ์โต","ครู","3","ครู","1","วิทยาศาสตร์และเทคโนโลยี","3","ข้าราชการ","1","","","","","","","","","","","","","","","","","","","","","","","","","","","","0000-00-00","0");
INSERT INTO xmoodle5 VALUES("796","ACK035","1","3","นาย","จีระพงศ์","ฝาเรือนดี","นายจีระพงศ์  ฝาเรือนดี","ครู","3","ครู","1","วิทยาศาสตร์และเทคโนโลยี","3","ข้าราชการ","1","","","","","","","","","","","","","","","","","","","","","","","","","","","","0000-00-00","0");
INSERT INTO xmoodle5 VALUES("797","ACK036","2","4","นางสาว","ปุญชรัศมิ์","ชัยวรรณะ","นางสาวปุญชรัศมิ์  ชัยวรรณะ","ครู","6","ครูจ้างสอน","7","วิทยาศาสตร์และเทคโนโลยี","3","ลูกจ้าง","2","","","","","","","","","","","","","","","","","","","","","","","","","","","","0000-00-00","0");
INSERT INTO xmoodle5 VALUES("798","ACK037","2","11","Mrs. ","Venus","Ampo Dupit","Mrs. Venus  Ampo Dupit","ครู","7","ครูจ้างสอน","8","วิทยาศาสตร์และเทคโนโลยี","3","ลูกจ้าง","2","","","","","","","","","","","","","","","","","","","","","","","","","","","","0000-00-00","0");
INSERT INTO xmoodle5 VALUES("799","ACK038","2","4","นางสาว","ณัฐธิดา","ไชยทน","นางสาวณัฐธิดา  ไชยทน","ครู","3","ครู","1","วิทยาศาสตร์และเทคโนโลยี","3","ข้าราชการ","1","","","","","","","","","","","","","","","","","","","","","","","","","","","","0000-00-00","0");
INSERT INTO xmoodle5 VALUES("800","ACK039","2","5","นาง","ฐิติพร","กันทะสอน","นางฐิติพร  กันทะสอน","ครู","3","ครู","1","วิทยาศาสตร์และเทคโนโลยี","3","ข้าราชการ","1","","","","","","","","","","","","","","","","","","","","","","","","","","","","0000-00-00","0");
INSERT INTO xmoodle5 VALUES("801","ACK040","1","3","นาย","มนต์ชัย","สีปิน","นายมนต์ชัย  สีปิน","ครู","3","คศ.3","3","วิทยาศาสตร์และเทคโนโลยี","3","ข้าราชการ","1","","","","","","","","","","","","","","","","","","","","","","","","","","","","0000-00-00","0");
INSERT INTO xmoodle5 VALUES("802","ACK041","2","4","นางสาว","ชลิตตา","คำมูล","นางสาวชลิตตา  คำมูล","ครู","3","ครู","1","วิทยาศาสตร์และเทคโนโลยี","3","ข้าราชการ","1","","","","","","","","","","","","","","","","","","","","","","","","","","","","0000-00-00","0");
INSERT INTO xmoodle5 VALUES("803","ACK042","2","5","นาง","วิริยา","ทาโน","นางวิริยา  ทาโน","ครู","3","ครู","1","วิทยาศาสตร์และเทคโนโลยี","3","ข้าราชการ","1","","","","","","","","","","","","","","","","","","","","","","","","","","","","0000-00-00","0");
INSERT INTO xmoodle5 VALUES("804","ACK043","1","3","นาย","สิทธิชัย","อุทธิยา","นายสิทธิชัย  อุทธิยา","ครู","3","ครู","1","สังคมศึกษา  ศาสนา และวัฒนธรรม","4","ข้าราชการ","1","","","","","","","","","","","","","","","","","","","","","","","","","","","","0000-00-00","0");
INSERT INTO xmoodle5 VALUES("805","ACK044","2","5","นาง","จิตรการ","สายยืด","นางจิตรการ  สายยืด","ครู","3","คศ.3","3","สังคมศึกษา  ศาสนา และวัฒนธรรม","4","ข้าราชการ","1","","","","","","","","","","","","","","","","","","","","","","","","","","","","0000-00-00","0");
INSERT INTO xmoodle5 VALUES("806","ACK045","2","4","นางสาว","วทันยา","วงศ์ชัย","นางสาววทันยา  วงศ์ชัย","ครู","3","ครู","1","สังคมศึกษา  ศาสนา และวัฒนธรรม","4","ข้าราชการ","1","","","","","","","","","","","","","","","","","","","","","","","","","","","","0000-00-00","0");
INSERT INTO xmoodle5 VALUES("807","ACK046","1","3","นาย","สิทธิชัย","อุทธิยา","นายสิทธิชัย  อุทธิยา","ครู","3","ครู","1","สังคมศึกษา  ศาสนา และวัฒนธรรม","4","ข้าราชการ","1","","","","","","","","","","","","","","","","","","","","","","","","","","","","0000-00-00","0");
INSERT INTO xmoodle5 VALUES("808","ACK047","2","5","นาง","สิรินรักษ์","หมอนเขื่อน","นางสิรินรักษ์  หมอนเขื่อน","ครู","4","ครูผู้ช่วย","1","สังคมศึกษา  ศาสนา และวัฒนธรรม","4","ข้าราชการ","1","","","","","","","","","","","","","","","","","","","","","","","","","","","","0000-00-00","0");
INSERT INTO xmoodle5 VALUES("809","ACK048","1","3","นาย","อภิสิทธิ์","นวลคำวัง","นายอภิสิทธิ์  นวลคำวัง","ครู","4","ครูผู้ช่วย","1","สังคมศึกษา  ศาสนา และวัฒนธรรม","4","ข้าราชการ","1","","","","","","","","","","","","","","","","","","","","","","","","","","","","0000-00-00","0");
INSERT INTO xmoodle5 VALUES("810","ACK049","2","4","นางสาว","วทันยา","วงศ์ชัย","นางสาววทันยา  วงศ์ชัย","ครู","3","ครู","1","สังคมศึกษา  ศาสนา และวัฒนธรรม","4","ข้าราชการ","1","","","","","","","","","","","","","","","","","","","","","","","","","","","","0000-00-00","0");
INSERT INTO xmoodle5 VALUES("811","ACK050","2","5","นาง","นิศากร","นวลแจ่ม","นางนิศากร  นวลแจ่ม","ครู","3","คศ.2","2","สุขศึกษาและพลศึกษา","5","ข้าราชการ","1","","","","","","","","","","","","","","","","","","","","","","","","","","","","0000-00-00","0");
INSERT INTO xmoodle5 VALUES("812","ACK051","1","3","นาย","สันหวัช","จันทอง","นายสันหวัช  จันทอง","ครู","4","ครูผู้ช่วย","1","สุขศึกษาและพลศึกษา","5","ข้าราชการ","1","","","","","","","","","","","","","","","","","","","","","","","","","","","","0000-00-00","0");
INSERT INTO xmoodle5 VALUES("813","ACK052","1","3","นาย","คมสัน","สุสี","นายคมสัน  สุสี","ครู","3","ครู","1","สุขศึกษาและพลศึกษา","5","ข้าราชการ","1","","","","","","","","","","","","","","","","","","","","","","","","","","","","0000-00-00","0");
INSERT INTO xmoodle5 VALUES("814","ACK053","1","3","นาย","สามารถ","คัญทัพ","นายสามารถ  คัญทัพ","ครู","3","คศ.3","3","ศิลปะ ","6","ข้าราชการ","1","","","","","","","","","","","","","","","","","","","","","","","","","","","","0000-00-00","0");
INSERT INTO xmoodle5 VALUES("815","ACK054","2","4","นางสาว","อภิญญา","อิ่นติ๊บ","นางสาวอภิญญา  อิ่นติ๊บ","ครู","4","ครูผู้ช่วย","1","ศิลปะ ","6","ข้าราชการ","1","","","","","","","","","","","","","","","","","","","","","","","","","","","","0000-00-00","0");
INSERT INTO xmoodle5 VALUES("816","ACK055","2","5","นาง","อรุณี","สุรินธรรม","นางอรุณี  สุรินธรรม","ครู","3","ครู","1","ศิลปะ ","6","ข้าราชการ","1","","","","","","","","","","","","","","","","","","","","","","","","","","","","0000-00-00","0");
INSERT INTO xmoodle5 VALUES("817","ACK056","1","3","นาย","จักรพงษ์","เกษมศรี","นายจักรพงษ์  เกษมศรี","ครู","3","คศ.2","2","ภาษาต่างประเทศ (ภาษาอังกฤษ)","8","ข้าราชการ","1","","","","","","","","","","","","","","","","","","","","","","","","","","","","0000-00-00","0");
INSERT INTO xmoodle5 VALUES("818","ACK057","1","3","นาย","รพีภัทร","กมลสิทธิ์สิริกุล","นายรพีภัทร  กมลสิทธิ์สิริกุล","ครู","3","คศ.2","2","ภาษาต่างประเทศ (ภาษาอังกฤษ)","8","ข้าราชการ","1","","","","","","","","","","","","","","","","","","","","","","","","","","","","0000-00-00","0");
INSERT INTO xmoodle5 VALUES("819","ACK058","2","4","นางสาว","เมธาวดี","วิฑูรย์","นางสาวเมธาวดี  วิฑูรย์","ครู","3","คศ.2","2","ภาษาต่างประเทศ (ภาษาอังกฤษ)","8","ข้าราชการ","1","","","","","","","","","","","","","","","","","","","","","","","","","","","","0000-00-00","0");
INSERT INTO xmoodle5 VALUES("820","ACK059","1","3","นาย","เสกสรร","ช่วยแก้ไข","นายเสกสรร  ช่วยแก้ไข","ครู","3","คศ.2","2","ภาษาต่างประเทศ (ภาษาอังกฤษ)","8","ข้าราชการ","1","","","","","","","","","","","","","","","","","","","","","","","","","","","","0000-00-00","0");
INSERT INTO xmoodle5 VALUES("821","ACK060","2","4","นางสาว","ภัทรดา","จินะราช","นางสาวภัทรดา  จินะราช","ครู","3","ครู","1","ภาษาต่างประเทศ (ภาษาอังกฤษ)","8","ข้าราชการ","1","","","","","","","","","","","","","","","","","","","","","","","","","","","","0000-00-00","0");
INSERT INTO xmoodle5 VALUES("822","ACK061","2","4","นางสาว","วรรณศิกา","พรมมินทร์","นางสาววรรณศิกา  พรมมินทร์","ครู","3","ครู","1","ภาษาต่างประเทศ (ภาษาอังกฤษ)","8","ข้าราชการ","1","","","","","","","","","","","","","","","","","","","","","","","","","","","","0000-00-00","0");
INSERT INTO xmoodle5 VALUES("823","ACK062","2","8","Mr.","T.Heloise","Engelbrecht","Mr.T.Heloise  Engelbrecht","ครู","7","ครูจ้างสอน","8","ภาษาต่างประเทศ (ภาษาอังกฤษ)","8","ลูกจ้าง","2","","","","","","","","","","","","","","","","","","","","","","","","","","","","0000-00-00","0");
INSERT INTO xmoodle5 VALUES("824","ACK063","2","11","Mrs. ","T.NeandreStefan","Engelbrecht","Mrs. T.NeandreStefan  Engelbrecht","ครู","7","ครูจ้างสอน","8","ภาษาต่างประเทศ (ภาษาอังกฤษ)","8","ลูกจ้าง","2","","","","","","","","","","","","","","","","","","","","","","","","","","","","0000-00-00","0");
INSERT INTO xmoodle5 VALUES("825","ACK064","2","11","Mrs. ","T.Karma","Dubjur","Mrs. T.Karma  Dubjur","ครู","7","ครูจ้างสอน","8","ภาษาต่างประเทศ (ภาษาอังกฤษ)","8","ลูกจ้าง","2","","","","","","","","","","","","","","","","","","","","","","","","","","","","0000-00-00","0");
INSERT INTO xmoodle5 VALUES("826","ACK065","2","8","Mr.","T.Peter","Jr. C. Binawe","Mr.T.Peter  Jr. C. Binawe","ครู","7","ครูจ้างสอน","8","ภาษาต่างประเทศ (ภาษาอังกฤษ)","8","ลูกจ้าง","2","","","","","","","","","","","","","","","","","","","","","","","","","","","","0000-00-00","0");
INSERT INTO xmoodle5 VALUES("827","ACK066","2","4","นางสาว","จุฑามาศ","ประดับ","นางสาวจุฑามาศ  ประดับ","ครู","3","ครู","1","ภาษาต่างประเทศ (ภาษาอังกฤษ)","8","ข้าราชการ","1","","","","","","","","","","","","","","","","","","","","","","","","","","","","0000-00-00","0");
INSERT INTO xmoodle5 VALUES("828","ACK067","2","4","นางสาว","มารีย์","ชัยกุลธวัช","นางสาวมารีย์  ชัยกุลธวัช","ครู","4","ครูผู้ช่วย","1","1.      ภาษาต่างประเทศ (ภาษาจีน)","8","ข้าราชการ","1","","","","","","","","","","","","","","","","","","","","","","","","","","","","0000-00-00","0");
INSERT INTO xmoodle5 VALUES("829","ACK068","2","4","นางสาว","รสสุคนธ์","นันตา","นางสาวรสสุคนธ์  นันตา","ครู","4","ครูผู้ช่วย","1","1.      ภาษาต่างประเทศ (ภาษาจีน)","8","ข้าราชการ","1","","","","","","","","","","","","","","","","","","","","","","","","","","","","0000-00-00","0");
INSERT INTO xmoodle5 VALUES("830","ACK069","2","4","นางสาว","สัญญา","เจริญศุภมิต","นางสาวสัญญา  เจริญศุภมิต","ครู","6","ครูอัตราจ้าง","7","1.      ภาษาต่างประเทศ (ภาษาจีน)","8","ลูกจ้าง","2","","","","","","","","","","","","","","","","","","","","","","","","","","","","0000-00-00","0");
INSERT INTO xmoodle5 VALUES("831","ACK070","2","4","นางสาว","จิราพร","แซ่ฟ้า","นางสาวจิราพร  แซ่ฟ้า","ครู","3","ครู","1","1.      ภาษาต่างประเทศ (ภาษาจีน)","8","ข้าราชการ","1","","","","","","","","","","","","","","","","","","","","","","","","","","","","0000-00-00","0");
INSERT INTO xmoodle5 VALUES("832","ACK071","2","5","นาง","ชุติภา","บริบูรณ์","นางชุติภา  บริบูรณ์","ครู","3","คศ.3","3","1.      กิจกรรมพัฒนาผู้เรียน","14","ข้าราชการ","1","","","","","","","","","","","","","","","","","","","","","","","","","","","","0000-00-00","0");
INSERT INTO xmoodle5 VALUES("833","ACK072","2","5","นาง","นันท์นภัส","อนันตสิทธิพงศ์ ","นางนันท์นภัส  อนันตสิทธิพงศ์ ","ครู","3","คศ.3    ","3","1.      กิจกรรมพัฒนาผู้เรียน","14","ข้าราชการ","1","","","","","","","","","","","","","","","","","","","","","","","","","","","","0000-00-00","0");
INSERT INTO xmoodle5 VALUES("834","ACK073","2","5","นาง","ชุติภา","บริบูรณ์","นางชุติภา  บริบูรณ์","ครู","3","คศ.3","3","1.      กิจกรรมพัฒนาผู้เรียน","14","ข้าราชการ","1","","","","","","","","","","","","","","","","","","","","","","","","","","","","0000-00-00","0");
INSERT INTO xmoodle5 VALUES("835","ACK074","2","5","นาง","จินตนา","เหล็มโสะ","นางจินตนา  เหล็มโสะ","ครู","3","ครู","1","1.      กิจกรรมพัฒนาผู้เรียน","14","ข้าราชการ","1","","","","","","","","","","","","","","","","","","","","","","","","","","","","0000-00-00","0");
INSERT INTO xmoodle5 VALUES("836","ACK075","1","3","นาย","คมสัน","สุสี","นายคมสัน  สุสี","ครู","3","ครู","1","1.      กิจกรรมพัฒนาผู้เรียน","14","ข้าราชการ","1","","","","","","","","","","","","","","","","","","","","","","","","","","","","0000-00-00","0");
INSERT INTO xmoodle5 VALUES("837","ACK076","2","5","นาง","มัทนา","กุลชัย","นางมัทนา  กุลชัย","ครู","4","ครูผู้ช่วย","1","1.      กิจกรรมพัฒนาผู้เรียน","14","ข้าราชการ","1","","","","","","","","","","","","","","","","","","","","","","","","","","","","0000-00-00","0");
INSERT INTO xmoodle5 VALUES("838","ACK077","2","4","นางสาว","สรัญญา","ปุกปินกาศ","นางสาวสรัญญา  ปุกปินกาศ","ครู","3","คศ.3","3","1.      กิจกรรมพัฒนาผู้เรียน","14","ข้าราชการ","1","","","","","","","","","","","","","","","","","","","","","","","","","","","","0000-00-00","0");
INSERT INTO xmoodle5 VALUES("839","﻿emp001","2","5","นาง","รุ่งรัตน์","ปัทมาลัย","นางรุ่งรัตน์  ปัทมาลัย","เจ้าหน้าที่ปฎิบัติงาน","8","พนักงานธุรการ","6","งานสารบรรณ","","","","","","","","","","","","","","","","","","","","","","","","","","","","","","","0000-00-00","0");
INSERT INTO xmoodle5 VALUES("840","emp002","1","3","นาย","มงคล","ปันติบุญ","นายมงคล  ปันติบุญ","เจ้าหน้าที่ปฎิบัติงาน","8","พนักงานธุรการ","6","งานสารบรรณ","","","","","","","","","","","","","","","","","","","","","","","","","","","","","","","0000-00-00","0");
INSERT INTO xmoodle5 VALUES("841","emp003","2","4","นางสาว","เอมมิกา","อินถาใจยา","นางสาวเอมมิกา  อินถาใจยา","เจ้าหน้าที่ปฎิบัติงาน","8","พนักงานธุรการ","6","งานบุคคล","","","","","","","","","","","","","","","","","","","","","","","","","","","","","","","0000-00-00","0");
INSERT INTO xmoodle5 VALUES("842","emp004","2","4","นางสาว","ปรายฟ้า","ณลำปาง","นางสาวปรายฟ้า  ณลำปาง","เจ้าหน้าที่ปฎิบัติงาน","8","พนักงานธุรการ","6","งานบุคคล","","","","","","","","","","","","","","","","","","","","","","","","","","","","","","","0000-00-00","0");
INSERT INTO xmoodle5 VALUES("843","emp005","2","4","นางสาว","ทองเพียร","สุริยา","นางสาวทองเพียร  สุริยา","เจ้าหน้าที่ปฎิบัติงาน","8","พนักงานทั่วไป ","7","ฝ่ายอำนวยการ","","","","","","","","","","","","","","","","","","","","","","","","","","","","","","","0000-00-00","0");
INSERT INTO xmoodle5 VALUES("844","emp006","2","4","นางสาว","ชนัญธิดา","ฝั้นก๋า","นางสาวชนัญธิดา  ฝั้นก๋า","เจ้าหน้าที่ปฎิบัติงาน","8","พนักงานธุรการ","6","สำนักงาน ผอ","","","","","","","","","","","","","","","","","","","","","","","","","","","","","","","0000-00-00","0");
INSERT INTO xmoodle5 VALUES("845","emp007","2","4","นางสาว","ฉัตรลัดดา","ยอดยา","นางสาวฉัตรลัดดา  ยอดยา","เจ้าหน้าที่ปฎิบัติงาน","8","พนักงานทั่วไป ","7","ฝ่ายบริหารทั่วไป","","","","","","","","","","","","","","","","","","","","","","","","","","","","","","","0000-00-00","0");
INSERT INTO xmoodle5 VALUES("846","emp008","2","4","นางสาว","นิชนันท์","กันทอน","นางสาวนิชนันท์  กันทอน","เจ้าหน้าที่ปฎิบัติงาน","8","พนักงานการเงินและบัญชี","8","","","","","","","","","","","","","","","","","","","","","","","","","","","","","","","","0000-00-00","0");
INSERT INTO xmoodle5 VALUES("847","emp009","2","4","นางสาว","ชฎาพร","มะโนสมบัติ","นางสาวชฎาพร  มะโนสมบัติ","เจ้าหน้าที่ปฎิบัติงาน","8","พนักงานการเงินและบัญชี","8","","","","","","","","","","","","","","","","","","","","","","","","","","","","","","","","0000-00-00","0");
INSERT INTO xmoodle5 VALUES("848","emp010","2","4","นางสาว","เรวิกา","กาบทอง","นางสาวเรวิกา  กาบทอง","เจ้าหน้าที่ปฎิบัติงาน","8","พนักงานการเงินและบัญชี","8","","","","","","","","","","","","","","","","","","","","","","","","","","","","","","","","0000-00-00","0");
INSERT INTO xmoodle5 VALUES("849","emp011","2","5","นาง","รัชนีกร","ราชคม","นางรัชนีกร  ราชคม","เจ้าหน้าที่ปฎิบัติงาน","8","พนักงานการเงินและบัญชี","8","","","","","","","","","","","","","","","","","","","","","","","","","","","","","","","","0000-00-00","0");
INSERT INTO xmoodle5 VALUES("850","emp012","1","3","นาย","ปภังกร","บุญวงค์","นายปภังกร  บุญวงค์","เจ้าหน้าที่ปฎิบัติงาน","8","พนักงานการเงินและบัญชี","8","","","","","","","","","","","","","","","","","","","","","","","","","","","","","","","","0000-00-00","0");
INSERT INTO xmoodle5 VALUES("851","emp013","2","4","นางสาว","บวรรัตน์","เตวิน","นางสาวบวรรัตน์  เตวิน","เจ้าหน้าที่ปฎิบัติงาน","8","พนักงานการเงินและบัญชี","8","","","","","","","","","","","","","","","","","","","","","","","","","","","","","","","","0000-00-00","0");
INSERT INTO xmoodle5 VALUES("852","emp014","1","3","นาย","กฤตนัน","บุรากลางกุล","นายกฤตนัน  บุรากลางกุล","เจ้าหน้าที่ปฎิบัติงาน","8","พนักงานการเงินและบัญชี","8","","","","","","","","","","","","","","","","","","","","","","","","","","","","","","","","0000-00-00","0");
INSERT INTO xmoodle5 VALUES("853","emp015","2","5","นาง","ศิริพร","เคลือบหิรัญ","นางศิริพร  เคลือบหิรัญ","เจ้าหน้าที่ปฎิบัติงาน","8","พนักงานพัสดุ","9","","","","","","","","","","","","","","","","","","","","","","","","","","","","","","","","0000-00-00","0");
INSERT INTO xmoodle5 VALUES("854","emp016","2","4","นางสาว","ศิริรัตน์","เดชายุทธวงศ์","นางสาวศิริรัตน์  เดชายุทธวงศ์","เจ้าหน้าที่ปฎิบัติงาน","8","พนักงานพัสดุ","9","","","","","","","","","","","","","","","","","","","","","","","","","","","","","","","","0000-00-00","0");
INSERT INTO xmoodle5 VALUES("855","emp017","2","4","นางสาว","กาญจนา","แก้วดำ","นางสาวกาญจนา  แก้วดำ","เจ้าหน้าที่ปฎิบัติงาน","8","พนักงานพัสดุ","9","","","","","","","","","","","","","","","","","","","","","","","","","","","","","","","","0000-00-00","0");
INSERT INTO xmoodle5 VALUES("856","emp018","1","3","นาย","ยศ","แก้วทา","นายยศ  แก้วทา","เจ้าหน้าที่ปฎิบัติงาน","8","พนักงานขับรถยนต์","10","","","","","","","","","","","","","","","","","","","","","","","","","","","","","","","","0000-00-00","0");
INSERT INTO xmoodle5 VALUES("857","emp019","1","3","นาย","ยรรยง","วิลา","นายยรรยง  วิลา","เจ้าหน้าที่ปฎิบัติงาน","8","พนักงานขับรถยนต์","10","","","","","","","","","","","","","","","","","","","","","","","","","","","","","","","","0000-00-00","0");
INSERT INTO xmoodle5 VALUES("858","emp020","1","3","นาย","ชวลิต","อูปแก้ว","นายชวลิต  อูปแก้ว","เจ้าหน้าที่ปฎิบัติงาน","8","พนักงานขับรถยนต์","10","","","","","","","","","","","","","","","","","","","","","","","","","","","","","","","","0000-00-00","0");
INSERT INTO xmoodle5 VALUES("859","emp021","1","3","นาย","ศาสตรา","บุบผาชาติ","นายศาสตรา  บุบผาชาติ","เจ้าหน้าที่ปฎิบัติงาน","8","พนักงานขับรถยนต์","10","","","","","","","","","","","","","","","","","","","","","","","","","","","","","","","","0000-00-00","0");
INSERT INTO xmoodle5 VALUES("860","emp022","1","3","นาย","ถวิล","ม้าทอง","นายถวิล  ม้าทอง","เจ้าหน้าที่ปฎิบัติงาน","8","พนักงานขับรถยนต์","10","","","","","","","","","","","","","","","","","","","","","","","","","","","","","","","","0000-00-00","0");
INSERT INTO xmoodle5 VALUES("861","emp023","ว่าที่ร.ต.หญิง","ว่าที่ร.ต.หญิง","ว่าที่ร.ต.หญิง","อรศิริ","ตาวิโรจน์","ว่าที่ร.ต.หญิงอรศิริ  ตาวิโรจน์","เจ้าหน้าที่ปฎิบัติงาน","8","พนักงานธุรการ ","6","งานงบประมาณ","","","","","","","","","","","","","","","","","","","","","","","","","","","","","","","0000-00-00","0");
INSERT INTO xmoodle5 VALUES("862","emp024","2","4","นางสาว","รัชนี","จิระพงษ์สุวรรณ","นางสาวรัชนี  จิระพงษ์สุวรรณ","เจ้าหน้าที่ปฎิบัติงาน","8","พนักงานธุรการ ","6","งานประกันคุณภาพการศึกษา","","","","","","","","","","","","","","","","","","","","","","","","","","","","","","","0000-00-00","0");
INSERT INTO xmoodle5 VALUES("863","emp025","2","5","นาง","อรรถพร","ไชยะป๋าน","นางอรรถพร  ไชยะป๋าน","เจ้าหน้าที่ปฎิบัติงาน","8","พนักงานธุรการ ","6","งานวิชาการ","","","","","","","","","","","","","","","","","","","","","","","","","","","","","","","0000-00-00","0");
INSERT INTO xmoodle5 VALUES("864","emp026","2","4","นางสาว","นิโลบล","กันมุข","นางสาวนิโลบล  กันมุข","เจ้าหน้าที่ปฎิบัติงาน","8","พนักงานห้องปฏิบัติการ ","11","คอมพิวเตอร์","","","","","","","","","","","","","","","","","","","","","","","","","","","","","","","0000-00-00","0");
INSERT INTO xmoodle5 VALUES("865","emp027","1","3","นาย","ธีระวัฒน์","แซ่จ๋าว","นายธีระวัฒน์  แซ่จ๋าว","เจ้าหน้าที่ปฎิบัติงาน","8","พนักงานห้องปฏิบัติการ","11","","","","","","","","","","","","","","","","","","","","","","","","","","","","","","","","0000-00-00","0");
INSERT INTO xmoodle5 VALUES("866","emp028","1","3","นาย","อภิวัฒน์","กันทะวงศ์","นายอภิวัฒน์  กันทะวงศ์","เจ้าหน้าที่ปฎิบัติงาน","8","พนักงานห้องปฏิบัติการ ","11","คอมพิวเตอร์","","","","","","","","","","","","","","","","","","","","","","","","","","","","","","","0000-00-00","0");
INSERT INTO xmoodle5 VALUES("867","emp029","1","3","นาย","อนุสรณ์","อุปรัตน์","นายอนุสรณ์  อุปรัตน์","เจ้าหน้าที่ปฎิบัติงาน","8","พนักงานห้องปฏิบัติการ","11","คอมพิวเตอร์","","","","","","","","","","","","","","","","","","","","","","","","","","","","","","","0000-00-00","0");
INSERT INTO xmoodle5 VALUES("868","emp030","2","4","นางสาว","สุนทรา","ชายา","นางสาวสุนทรา  ชายา","ครูอัตราจ้าง","5","ครูสอนวิชาคอมพิวเตอร์","12","","","","","","","","","","","","","","","","","","","","","","","","","","","","","","","","0000-00-00","0");
INSERT INTO xmoodle5 VALUES("869","emp031","1","3","นาย","สุทธิพจน์","สถานปัน","นายสุทธิพจน์  สถานปัน","ครูอัตราจ้าง","5","ครูสอนวิชาคอมพิวเตอร์","12","","","","","","","","","","","","","","","","","","","","","","","","","","","","","","","","0000-00-00","0");
INSERT INTO xmoodle5 VALUES("870","emp032","1","3","นาย","อานนท์","วงค์กาวิน","นายอานนท์  วงค์กาวิน","เจ้าหน้าที่ปฎิบัติงาน","8","พนักงานประจำห้องทดลอง ","13","Fablab","","","","","","","","","","","","","","","","","","","","","","","","","","","","","","","0000-00-00","0");
INSERT INTO xmoodle5 VALUES("871","emp033","2","4","นางสาว","กวินทิพย์","รวมสุข","นางสาวกวินทิพย์  รวมสุข","ครูอัตราจ้าง","5","ครูสอนวิชาสังคมศึกษา","14","","","","","","","","","","","","","","","","","","","","","","","","","","","","","","","","0000-00-00","0");
INSERT INTO xmoodle5 VALUES("872","emp034","1","3","นาย","เกียรติศักดิ์","มาไกล","นายเกียรติศักดิ์  มาไกล","ครูอัตราจ้าง","5","ครูสอนวิชาภาษาไทย","15","","","","","","","","","","","","","","","","","","","","","","","","","","","","","","","","0000-00-00","0");
INSERT INTO xmoodle5 VALUES("873","emp035","2","4","นางสาว","สโรธร","เต็มอุ่น","นางสาวสโรธร  เต็มอุ่น","ครูอัตราจ้าง","5","ครูสอนวิชาภาษาไทย","15","","","","","","","","","","","","","","","","","","","","","","","","","","","","","","","","0000-00-00","0");
INSERT INTO xmoodle5 VALUES("874","emp036","1","8","Mr.","FrankPaul","Verschuur","Mr.FrankPaul  Verschuur","ครููชาวต่างชาติ EP","6","ครูสอนภาษาต่างประเทศ","16","EP","","","","","","","","","","","","","","","","","","","","","","","","","","","","","","","0000-00-00","0");
INSERT INTO xmoodle5 VALUES("875","emp037","2","9","Miss","EvangelineAlferez","Verschuur","MissEvangelineAlferez  Verschuur","ครููชาวต่างชาติ EP","6","ครูสอนสังคมศึกษา/สุขศึกษา ","17","EP","","","","","","","","","","","","","","","","","","","","","","","","","","","","","","","0000-00-00","0");
INSERT INTO xmoodle5 VALUES("876","emp038","1","8","Mr.","DannyJames","Wonish","Mr.DannyJames  Wonish","ครููชาวต่างชาติ EP","6","ครูสอนคอมพิวเตอร์ ","12","EP","","","","","","","","","","","","","","","","","","","","","","","","","","","","","","","0000-00-00","0");
INSERT INTO xmoodle5 VALUES("877","emp039","1","8","Mr.","Edward","Hart","Mr.Edward  Hart","ครููชาวต่างชาติ EP","6","ครูสอนภาษาต่างประเทศ ","16","EP","","","","","","","","","","","","","","","","","","","","","","","","","","","","","","","0000-00-00","0");
INSERT INTO xmoodle5 VALUES("878","emp040","1","8","Mr.","BorneaMichael","Salvan","Mr.BorneaMichael  Salvan","ครููชาวต่างชาติ EP","6","ครูสอนภาษาต่างประเทศ ","16","EP","","","","","","","","","","","","","","","","","","","","","","","","","","","","","","","0000-00-00","0");
INSERT INTO xmoodle5 VALUES("879","emp041","1","8","Mr.","AndyLaurent","Grosbois","Mr.AndyLaurent  Grosbois","ครููชาวต่างชาติ EP","6","ครูสอนวิชาภาษาอังกฤษ ","18","EP","","","","","","","","","","","","","","","","","","","","","","","","","","","","","","","0000-00-00","0");
INSERT INTO xmoodle5 VALUES("880","emp042","1","8","Mr.","AnthonyCortes","Cruan","Mr.AnthonyCortes  Cruan","ครููชาวต่างชาติ EP","6","ครูสอนวิชาวิทยาศาสตร์ ","25","EP","","","","","","","","","","","","","","","","","","","","","","","","","","","","","","","0000-00-00","0");
INSERT INTO xmoodle5 VALUES("881","emp043","1","8","Mr.","JerryDa","Silva","Mr.JerryDa  Silva","ครููชาวต่างชาติ EP","6","ครูสอนวิชาวิทยาศาสตร์/สุขศึกษา ","25","EP","","","","","","","","","","","","","","","","","","","","","","","","","","","","","","","0000-00-00","0");
INSERT INTO xmoodle5 VALUES("882","emp044","1","3","นาย","ปวิช","รุ่งฟ้าวรกุล","นายปวิช  รุ่งฟ้าวรกุล","ครููชาวต่างชาติ EP","6","ครูสอนคณิตศาสตร์ ","ครูสอนคณิตศาสตร์ ","EP","","","","","","","","","","","","","","","","","","","","","","","","","","","","","","","0000-00-00","0");
INSERT INTO xmoodle5 VALUES("883","emp045","1","8","Mr.","Mageland Bah","Nih","Mr.Mageland Bah  Nih","ครููชาวต่างชาติ EP","6","ครูสอนวิชาคณิตศาสตร์ ","20","EP","","","","","","","","","","","","","","","","","","","","","","","","","","","","","","","0000-00-00","0");
INSERT INTO xmoodle5 VALUES("884","emp046","1","8","Mr.","WangYuan","Peng","Mr.WangYuan  Peng","ครููชาวต่างชาติ EP","6","ครูสอนวิชาภาษาจีน ","22","EP","","","","","","","","","","","","","","","","","","","","","","","","","","","","","","","0000-00-00","0");
INSERT INTO xmoodle5 VALUES("885","emp047","1","3","นาย","สพลดนัย","ชมพูเขา","นายสพลดนัย  ชมพูเขา","ครููชาวต่างชาติ EP","6","พนักงานห้องปฏิบัติการ ","11","EP","","","","","","","","","","","","","","","","","","","","","","","","","","","","","","","0000-00-00","0");
INSERT INTO xmoodle5 VALUES("886","emp048","2","5","นาง","รัชนีวรรณ","อ่อนนวล","นางรัชนีวรรณ  อ่อนนวล","ครููชาวต่างชาติ EP","6","พนักงานธุรการ (โครงการ EP)","6 (โครงการ EP)","EP","","","","","","","","","","","","","","","","","","","","","","","","","","","","","","","0000-00-00","0");
INSERT INTO xmoodle5 VALUES("887","emp049","1","3","นาย","ทวีวัฒน์","นันต๊ะวงค์","นายทวีวัฒน์  นันต๊ะวงค์","ครููชาวต่างชาติ EP","6","พนักงานห้องปฏิบัติการ ","11","EP","","","","","","","","","","","","","","","","","","","","","","","","","","","","","","","0000-00-00","0");
INSERT INTO xmoodle5 VALUES("888","emp050","1","3","นาย","ชัยพิชิต","สุริยะคำวงค์","นายชัยพิชิต  สุริยะคำวงค์","ครููชาวต่างชาติ EP","6","ครูสอนวิชาคอมพิวเตอร์ ","12","EP","","","","","","","","","","","","","","","","","","","","","","","","","","","","","","","0000-00-00","0");
INSERT INTO xmoodle5 VALUES("889","emp051","2","4","นางสาว","ปนัดดา","ดู่คำ","นางสาวปนัดดา  ดู่คำ","ครููชาวต่างชาติ EP","6","ครูช่วยสอนวิชาวิทยาศาสตร์ ","28","EP","","","","","","","","","","","","","","","","","","","","","","","","","","","","","","","0000-00-00","0");
INSERT INTO xmoodle5 VALUES("890","emp052","2","4","นางสาว","มณฑิตา","มังษา","นางสาวมณฑิตา  มังษา","ครููชาวต่างชาติ EP","6","ครูช่วยสอนวิชาวิทยาศาสตร์ ","28","EP","","","","","","","","","","","","","","","","","","","","","","","","","","","","","","","0000-00-00","0");
INSERT INTO xmoodle5 VALUES("891","emp053","2","4","นางสาว","หทัยพร","เจริญศักดิ์","นางสาวหทัยพร  เจริญศักดิ์","ครููชาวต่างชาติ EP","6","ครูช่วยสอนวิชาคณิตศาสตร์ ","28","EP","","","","","","","","","","","","","","","","","","","","","","","","","","","","","","","0000-00-00","0");
INSERT INTO xmoodle5 VALUES("892","emp054","1","8","Mr.","PaulSteven","Gray","Mr.PaulSteven  Gray","ครูชาวต่างชาติ FLD","9","ครูสอนภาษาต่างประเทศ","16","","","","","","","","","","","","","","","","","","","","","","","","","","","","","","","","0000-00-00","0");
INSERT INTO xmoodle5 VALUES("893","emp055","1","8","Mr.","JitendraK.","Kakkar","Mr.JitendraK.  Kakkar","ครูชาวต่างชาติ FLD","9","ครูสอนภาษาต่างประเทศ","16","","","","","","","","","","","","","","","","","","","","","","","","","","","","","","","","0000-00-00","0");
INSERT INTO xmoodle5 VALUES("894","emp056","2","9","Miss","Susu","Phyo","MissSusu  Phyo","ครูชาวต่างชาติ FLD","9","ครูสอนภาษาต่างประเทศ","16","","","","","","","","","","","","","","","","","","","","","","","","","","","","","","","","0000-00-00","0");
INSERT INTO xmoodle5 VALUES("895","emp057","2","9","Miss","Alice","Thejane","MissAlice  Thejane","ครูชาวต่างชาติ FLD","9","ครูสอนภาษาต่างประเทศ","16","","","","","","","","","","","","","","","","","","","","","","","","","","","","","","","","0000-00-00","0");
INSERT INTO xmoodle5 VALUES("896","emp058","1","8","Mr.","GallagherDermot","Peter","Mr.GallagherDermot  Peter","ครูชาวต่างชาติ FLD","9","ครูสอนภาษาต่างประเทศ","16","","","","","","","","","","","","","","","","","","","","","","","","","","","","","","","","0000-00-00","0");
INSERT INTO xmoodle5 VALUES("897","emp059","2","9","Miss","DezzaLee","Manato","MissDezzaLee  Manato","ครูชาวต่างชาติ FLD","9","ครูสอนภาษาต่างประเทศ","16","","","","","","","","","","","","","","","","","","","","","","","","","","","","","","","","0000-00-00","0");
INSERT INTO xmoodle5 VALUES("898","emp060","1","3","นาย","วรวัฒน์","กองสุข","นายวรวัฒน์  กองสุข","ครูอัตราจ้าง","5","ครูสอนภาษาอังกฤษ","18","","","","","","","","","","","","","","","","","","","","","","","","","","","","","","","","0000-00-00","0");
INSERT INTO xmoodle5 VALUES("899","emp061","2","4","นางสาว","ธนภรณ์","นาวิน","นางสาวธนภรณ์  นาวิน","ครูอัตราจ้าง","5","ครูสอนภาษาอังกฤษ","18","","","","","","","","","","","","","","","","","","","","","","","","","","","","","","","","0000-00-00","0");
INSERT INTO xmoodle5 VALUES("900","emp062","2","4","นางสาว","ภัทรสุดา","สุริยะไชย","นางสาวภัทรสุดา  สุริยะไชย","ครูอัตราจ้าง","5","ครูสอนภาษาอังกฤษ","18","","","","","","","","","","","","","","","","","","","","","","","","","","","","","","","","0000-00-00","0");
INSERT INTO xmoodle5 VALUES("901","emp063","1","3","นาย","ธนัตถ์","เตชะ","นายธนัตถ์  เตชะ","ครูอัตราจ้าง","5","พนักงานห้องปฏิบัติการ","11","ห้อง SEAR","","","","","","","","","","","","","","","","","","","","","","","","","","","","","","","0000-00-00","0");
INSERT INTO xmoodle5 VALUES("902","emp064","1","3","นาย","นนทวัฒน์","ดาอินวงค์","นายนนทวัฒน์  ดาอินวงค์","ครูอัตราจ้าง","5","ครูสอนวิชาคหกรรม","19","","","","","","","","","","","","","","","","","","","","","","","","","","","","","","","","0000-00-00","0");
INSERT INTO xmoodle5 VALUES("903","emp065","2","9","Miss","MaebelynKaye","Tobias","MissMaebelynKaye  Tobias","ครููชาวต่างชาติ IP","7","ครูสอนวิชาคณิตศาสตร์ ","20","IP","","","","","","","","","","","","","","","","","","","","","","","","","","","","","","","0000-00-00","0");
INSERT INTO xmoodle5 VALUES("904","emp066","1","8","Mr.","RyanJames","Bonggo","Mr.RyanJames  Bonggo","ครููชาวต่างชาติ IP","7","ครูสอนภาษาอังกฤษ","18","IP","","","","","","","","","","","","","","","","","","","","","","","","","","","","","","","0000-00-00","0");
INSERT INTO xmoodle5 VALUES("905","emp067","2","9","Miss","NatalieJane","FetizananFiestada","MissNatalieJane  FetizananFiestada","ครููชาวต่างชาติ IP","7","ครูสอนวิชาคณิตศาสตร์","20","IP","","","","","","","","","","","","","","","","","","","","","","","","","","","","","","","0000-00-00","0");
INSERT INTO xmoodle5 VALUES("906","emp068","1","8","Mr.","Baptiste","MAUERHAN","Mr.Baptiste  MAUERHAN","ครููชาวต่างชาติ IP","7","ครูสอนภาษาอังกฤษ","18","IP","","","","","","","","","","","","","","","","","","","","","","","","","","","","","","","0000-00-00","0");
INSERT INTO xmoodle5 VALUES("907","emp069","1","8","Mr.","Manoj","Yadav","Mr.Manoj  Yadav","ครููชาวต่างชาติ IP","7","ครูสอนภาษาอังกฤษ","18","IP","","","","","","","","","","","","","","","","","","","","","","","","","","","","","","","0000-00-00","0");
INSERT INTO xmoodle5 VALUES("908","emp070","1","8","Mr.","KarlDouglas","Pederick","Mr.KarlDouglas  Pederick","ครููชาวต่างชาติ IP","7","ครูสอนภาษาอังกฤษ","18","IP","","","","","","","","","","","","","","","","","","","","","","","","","","","","","","","0000-00-00","0");
INSERT INTO xmoodle5 VALUES("909","emp071","1","8","Mr.","Keiya","Taniguchi","Mr.Keiya  Taniguchi","ครููชาวต่างชาติ IP","7","ครูสอนภาษาญี่ปุ่น","21","IP","","","","","","","","","","","","","","","","","","","","","","","","","","","","","","","0000-00-00","0");
INSERT INTO xmoodle5 VALUES("910","emp072","Mrs.","Mrs.","Mrs.","AnaisClaire","Christine","Mrs.AnaisClaire  Christine","ครููชาวต่างชาติ IP","7","ครูสอนภาษาอังกฤษ","18","IP","","","","","","","","","","","","","","","","","","","","","","","","","","","","","","","0000-00-00","0");
INSERT INTO xmoodle5 VALUES("911","emp073","1","8","Mr.","BankoleOluwakorede","Ogunkoya","Mr.BankoleOluwakorede  Ogunkoya","ครููชาวต่างชาติ IP","7","ครูสอนภาษาอังกฤษ","18","IP","","","","","","","","","","","","","","","","","","","","","","","","","","","","","","","0000-00-00","0");
INSERT INTO xmoodle5 VALUES("912","emp074","1","8","Mr.","SaiYa","HtetKhaing","Mr.SaiYa  HtetKhaing","ครููชาวต่างชาติ IP","7","ครูสอนวิชาคอมพิวเตอร์","12","IP","","","","","","","","","","","","","","","","","","","","","","","","","","","","","","","0000-00-00","0");
INSERT INTO xmoodle5 VALUES("913","emp075","1","8","Mr.","JohnCharles","Charpie","Mr.JohnCharles  Charpie","ครููชาวต่างชาติ IP","7","ครูสอนภาษาอังกฤษ","18","IP","","","","","","","","","","","","","","","","","","","","","","","","","","","","","","","0000-00-00","0");
INSERT INTO xmoodle5 VALUES("914","emp076","1","8","Mr.","JeffreyP.","Polido","Mr.JeffreyP.  Polido","ครููชาวต่างชาติ IP","7","ครูสอนภาษาอังกฤษ","18","IP","","","","","","","","","","","","","","","","","","","","","","","","","","","","","","","0000-00-00","0");
INSERT INTO xmoodle5 VALUES("915","emp077","2","10","Ms.","JannieRose","G.Pareja","Ms.JannieRose  G.Pareja","ครููชาวต่างชาติ IP","7","ครูสอนภาษาอังกฤษ","18","IP","","","","","","","","","","","","","","","","","","","","","","","","","","","","","","","0000-00-00","0");
INSERT INTO xmoodle5 VALUES("916","emp078","1","8","Mr.","Deepanka","Williams","Mr.Deepanka  Williams","ครููชาวต่างชาติ IP","7","ครูสอนภาษาอังกฤษ","18","IP","","","","","","","","","","","","","","","","","","","","","","","","","","","","","","","0000-00-00","0");
INSERT INTO xmoodle5 VALUES("917","emp079","1","8","Mr.","Denny","Susanto","Mr.Denny  Susanto","ครููชาวต่างชาติ IP","7","ครูสอนวิชาสังคมศึกษา","14","IP","","","","","","","","","","","","","","","","","","","","","","","","","","","","","","","0000-00-00","0");
INSERT INTO xmoodle5 VALUES("918","emp080","1","8","Mr.","Feng","Zijian","Mr.Feng  Zijian","ครููชาวต่างชาติ IP","7","ครูสอนวิชาภาษาจีน","22","IP","","","","","","","","","","","","","","","","","","","","","","","","","","","","","","","0000-00-00","0");
INSERT INTO xmoodle5 VALUES("919","emp081","1","8","Mr.","Zhang","Jiayu","Mr.Zhang  Jiayu","ครููชาวต่างชาติ IP","7","ครูสอนวิชาภาษาจีน","22","IP","","","","","","","","","","","","","","","","","","","","","","","","","","","","","","","0000-00-00","0");
INSERT INTO xmoodle5 VALUES("920","emp082","2","10","Ms.","MaryAnn","DalidaPadua","Ms.MaryAnn  DalidaPadua","ครููชาวต่างชาติ IP","7","ครูสอนวิชาเคมี ","23","CIP","","","","","","","","","","","","","","","","","","","","","","","","","","","","","","","0000-00-00","0");
INSERT INTO xmoodle5 VALUES("921","emp083","2","9","Miss","AimeeFaye","CabarobiasPaid","MissAimeeFaye  CabarobiasPaid","ครููชาวต่างชาติ IP","7","ครูสอนวิชาศิลปะ","24","IP","","","","","","","","","","","","","","","","","","","","","","","","","","","","","","","0000-00-00","0");
INSERT INTO xmoodle5 VALUES("922","emp084","2","9","Miss","DemiDivino","Dinageba","MissDemiDivino  Dinageba","ครููชาวต่างชาติ IP","7","ครูสอนวิทยาศาสตร์และสังคมศึกษา ","25","CIP","","","","","","","","","","","","","","","","","","","","","","","","","","","","","","","0000-00-00","0");
INSERT INTO xmoodle5 VALUES("923","emp085","1","8","Mr.","Murray","HunterIV","Mr.Murray  HunterIV","ครููชาวต่างชาติ IP","7","ครูสอนสังคมศึกษา","14","IP","","","","","","","","","","","","","","","","","","","","","","","","","","","","","","","0000-00-00","0");
INSERT INTO xmoodle5 VALUES("924","emp086","2","4","นางสาว","วิลัดดา","หอมนาน","นางสาววิลัดดา  หอมนาน","ครููชาวต่างชาติ IP","7","พนักงานธุรการ","6","IP","","","","","","","","","","","","","","","","","","","","","","","","","","","","","","","0000-00-00","0");
INSERT INTO xmoodle5 VALUES("925","emp087","2","4","นางสาว","รักษณาลี","บุญมาก","นางสาวรักษณาลี  บุญมาก","เจ้าหน้าที่ปฎิบัติงาน","8","พนักงานธุรการ","6","IP","","","","","","","","","","","","","","","","","","","","","","","","","","","","","","","0000-00-00","0");
INSERT INTO xmoodle5 VALUES("926","emp088","2","4","นางสาว","ภรณ์นิพัทธ์","อินทะชัย","นางสาวภรณ์นิพัทธ์  อินทะชัย","เจ้าหน้าที่ปฎิบัติงาน","8","พนักงานธุรการ","6","IP","","","","","","","","","","","","","","","","","","","","","","","","","","","","","","","0000-00-00","0");
INSERT INTO xmoodle5 VALUES("927","emp089","2","4","นางสาว","พิมชนก","แก้วจำปา","นางสาวพิมชนก  แก้วจำปา","เจ้าหน้าที่ปฎิบัติงาน","8","พนักงานธุรการ","6","IP","","","","","","","","","","","","","","","","","","","","","","","","","","","","","","","0000-00-00","0");
INSERT INTO xmoodle5 VALUES("928","emp090","2","4","นางสาว","ปภิญญา","ยืนยงแสน","นางสาวปภิญญา  ยืนยงแสน","เจ้าหน้าที่ปฎิบัติงาน","8","พนักงานธุรการ","6","IP","","","","","","","","","","","","","","","","","","","","","","","","","","","","","","","0000-00-00","0");
INSERT INTO xmoodle5 VALUES("929","emp091","1","3","นาย","ภูวดล","อุดทา","นายภูวดล  อุดทา","ครููชาวต่างชาติ IP","7","ผู้ช่วยครูสอนภาษาอังกฤษ","29","IP","","","","","","","","","","","","","","","","","","","","","","","","","","","","","","","0000-00-00","0");
INSERT INTO xmoodle5 VALUES("930","emp092","2","4","นางสาว","นฤนารถ","วงค์เอ้ย","นางสาวนฤนารถ  วงค์เอ้ย","ครูอัตราจ้าง","5","ครูสอนวิชาพลศึกษา","26","","","","","","","","","","","","","","","","","","","","","","","","","","","","","","","","0000-00-00","0");
INSERT INTO xmoodle5 VALUES("931","emp093","1","3","นาย","อรรณพ","กันทะเนตร","นายอรรณพ  กันทะเนตร","ครูอัตราจ้าง","5","ครูสอนวิชาพลศึกษา","26","","","","","","","","","","","","","","","","","","","","","","","","","","","","","","","","0000-00-00","0");
INSERT INTO xmoodle5 VALUES("932","emp094","1","3","นาย","อภิศักดิ์","ต้าวคำ","นายอภิศักดิ์  ต้าวคำ","ครูอัตราจ้าง","5","ครูสอนวิชาพลศึกษา","26","","","","","","","","","","","","","","","","","","","","","","","","","","","","","","","","0000-00-00","0");
INSERT INTO xmoodle5 VALUES("933","emp095","2","4","นางสาว","ศศิวิมล","เฉลิมจิตร","นางสาวศศิวิมล  เฉลิมจิตร","เจ้าหน้าที่ปฎิบัติงาน","8","พนักงานห้องสมุด","31","","","","","","","","","","","","","","","","","","","","","","","","","","","","","","","","0000-00-00","0");
INSERT INTO xmoodle5 VALUES("934","emp096","2","5","นาง","นันทญา","เรือนทอง","นางนันทญา  เรือนทอง","เจ้าหน้าที่ปฎิบัติงาน","8","พนักงานห้องสมุด","31","","","","","","","","","","","","","","","","","","","","","","","","","","","","","","","","0000-00-00","0");
INSERT INTO xmoodle5 VALUES("935","emp097","2","4","นางสาว","อุไร","ธรรมชัย","นางสาวอุไร  ธรรมชัย","เจ้าหน้าที่ปฎิบัติงาน","8","พนักงานห้องสมุด","31","","","","","","","","","","","","","","","","","","","","","","","","","","","","","","","","0000-00-00","0");
INSERT INTO xmoodle5 VALUES("936","emp098","2","4","นางสาว","ชญานิศ","อารินทร์","นางสาวชญานิศ  อารินทร์","เจ้าหน้าที่ปฎิบัติงาน","8","พนักงานธุรการ ","6","งานทะเบียน-วัดผล","","","","","","","","","","","","","","","","","","","","","","","","","","","","","","","0000-00-00","0");
INSERT INTO xmoodle5 VALUES("937","emp099","1","3","นาย","ปานณวัฒน์","วิชัยศิริ","นายปานณวัฒน์  วิชัยศิริ","เจ้าหน้าที่ปฎิบัติงาน","8","พนักงานธุรการ ","6","งานทะเบียน-วัดผล","","","","","","","","","","","","","","","","","","","","","","","","","","","","","","","0000-00-00","0");
INSERT INTO xmoodle5 VALUES("938","emp100","2","4","นางสาว","พิภาพร","สุตัน","นางสาวพิภาพร  สุตัน","ครูอัตราจ้าง","5","ครูสอนนาฎศิลป์","27","","","","","","","","","","","","","","","","","","","","","","","","","","","","","","","","0000-00-00","0");
INSERT INTO xmoodle5 VALUES("939","emp101","1","3","นาย","ปรเมศวร์","เมฆขยาย","นายปรเมศวร์  เมฆขยาย","เจ้าหน้าที่ปฎิบัติงาน","8","พนักงานบริการเอกสารทั่วไป","30","","","","","","","","","","","","","","","","","","","","","","","","","","","","","","","","0000-00-00","0");
INSERT INTO xmoodle5 VALUES("940","emp102","1","3","นาย","ประดิษฐ์","ไชยชมภู","นายประดิษฐ์  ไชยชมภู","เจ้าหน้าที่ปฎิบัติงาน","8","พนักงานบริการเอกสารทั่วไป","30","","","","","","","","","","","","","","","","","","","","","","","","","","","","","","","","0000-00-00","0");
INSERT INTO xmoodle5 VALUES("941","emp103","2","4","นางสาว","ลิศราพร","ตินาอุด","นางสาวลิศราพร  ตินาอุด","เจ้าหน้าที่ปฎิบัติงาน","8","พนักงานธุรการ ","6","งานบริหารทั่วไป","","","","","","","","","","","","","","","","","","","","","","","","","","","","","","","0000-00-00","0");
INSERT INTO xmoodle5 VALUES("942","emp104","2","5","นาง","วารุณี","ม้าทอง","นางวารุณี  ม้าทอง","เจ้าหน้าที่ปฎิบัติงาน","8","พนักงานธุรการ ","6","งานอนามัย","","","","","","","","","","","","","","","","","","","","","","","","","","","","","","","0000-00-00","0");
INSERT INTO xmoodle5 VALUES("943","emp105","1","3","นาย","บูรณพันธ์","บุญมา","นายบูรณพันธ์  บุญมา","เจ้าหน้าที่ปฎิบัติงาน","8","พนักงานห้องปฏิบัติการ","32","สื่อการเรียนรู้","","","","","","","","","","","","","","","","","","","","","","","","","","","","","","","0000-00-00","0");
INSERT INTO xmoodle5 VALUES("944","emp106","1","3","นาย","จีราพัชร์","รุ่งโรจน์ชนะกุล","นายจีราพัชร์  รุ่งโรจน์ชนะกุล","เจ้าหน้าที่ปฎิบัติงาน","8","พนักงานโสตทัศนศึกษา","33","","","","","","","","","","","","","","","","","","","","","","","","","","","","","","","","0000-00-00","0");
INSERT INTO xmoodle5 VALUES("945","emp107","1","3","นาย","มานิตย์","คำดา","นายมานิตย์  คำดา","เจ้าหน้าที่ปฎิบัติงาน","8","พนักงานทั่วไป","7","","","","","","","","","","","","","","","","","","","","","","","","","","","","","","","","0000-00-00","0");
INSERT INTO xmoodle5 VALUES("946","emp108","1","3","นาย","โมบ๊ะ","ปอสาย","นายโมบ๊ะ  ปอสาย","เจ้าหน้าที่ปฎิบัติงาน","8","พนักงานทั่วไป","7","","","","","","","","","","","","","","","","","","","","","","","","","","","","","","","","0000-00-00","0");
INSERT INTO xmoodle5 VALUES("947","emp109","1","3","นาย","ปาแล","ฉินหลง","นายปาแล  ฉินหลง","เจ้าหน้าที่ปฎิบัติงาน","8","คนสวน","34","","","","","","","","","","","","","","","","","","","","","","","","","","","","","","","","0000-00-00","0");
INSERT INTO xmoodle5 VALUES("948","emp110","2","5","นาง","อิโมหละ","แสหาร","นางอิโมหละ  แสหาร","เจ้าหน้าที่ปฎิบัติงาน","8","คนสวน","34","","","","","","","","","","","","","","","","","","","","","","","","","","","","","","","","0000-00-00","0");
INSERT INTO xmoodle5 VALUES("949","emp111","2","4","นางสาว","นาอือ","ปฐมการ","นางสาวนาอือ  ปฐมการ","เจ้าหน้าที่ปฎิบัติงาน","8","คนสวน","34","","","","","","","","","","","","","","","","","","","","","","","","","","","","","","","","0000-00-00","0");
INSERT INTO xmoodle5 VALUES("950","emp112","1","3","นาย","แสนไทย","นาอูกะ","นายแสนไทย  นาอูกะ","เจ้าหน้าที่ปฎิบัติงาน","8","คนสวน","34","","","","","","","","","","","","","","","","","","","","","","","","","","","","","","","","0000-00-00","0");
INSERT INTO xmoodle5 VALUES("951","emp113","2","4","นางสาว","นามู","นาก๋า","นางสาวนามู  นาก๋า","เจ้าหน้าที่ปฎิบัติงาน","8","คนสวน","34","","","","","","","","","","","","","","","","","","","","","","","","","","","","","","","","0000-00-00","0");
INSERT INTO xmoodle5 VALUES("952","emp114","1","3","นาย","สิระ","นาก๋า","นายสิระ  นาก๋า","เจ้าหน้าที่ปฎิบัติงาน","8","คนสวน","34","","","","","","","","","","","","","","","","","","","","","","","","","","","","","","","","0000-00-00","0");
INSERT INTO xmoodle5 VALUES("953","emp115","1","3","นาย","ประดิษฐ์","วงค์สร้อยเงิน","นายประดิษฐ์  วงค์สร้อยเงิน","เจ้าหน้าที่ปฎิบัติงาน","8","ช่างไฟฟ้า","35","","","","","","","","","","","","","","","","","","","","","","","","","","","","","","","","0000-00-00","0");
INSERT INTO xmoodle5 VALUES("954","emp116","1","3","นาย","ศรีทัน","เมืองวงค์","นายศรีทัน  เมืองวงค์","เจ้าหน้าที่ปฎิบัติงาน","8","พนักงานทั่วไป","7","","","","","","","","","","","","","","","","","","","","","","","","","","","","","","","","0000-00-00","0");
INSERT INTO xmoodle5 VALUES("955","emp117","1","3","นาย","วัศพล","ยารังษี","นายวัศพล  ยารังษี","เจ้าหน้าที่ปฎิบัติงาน","8","ช่างประปา","36","","","","","","","","","","","","","","","","","","","","","","","","","","","","","","","","0000-00-00","0");
INSERT INTO xmoodle5 VALUES("956","emp118","1","3","นาย","คนิช","ยิ้มคำ","นายคนิช  ยิ้มคำ","เจ้าหน้าที่ปฎิบัติงาน","8","ช่างปูน","37","","","","","","","","","","","","","","","","","","","","","","","","","","","","","","","","0000-00-00","0");
INSERT INTO xmoodle5 VALUES("957","emp119","1","3","นาย","ทรงกลด","จันทราพูน","นายทรงกลด  จันทราพูน","เจ้าหน้าที่ปฎิบัติงาน","8","ช่างทั่วไป","38","","","","","","","","","","","","","","","","","","","","","","","","","","","","","","","","0000-00-00","0");
INSERT INTO xmoodle5 VALUES("958","emp120","2","4","นางสาว","สิริจันทร์","วรธารากุล","นางสาวสิริจันทร์  วรธารากุล","เจ้าหน้าที่ปฎิบัติงาน","8","พนักงานทั่วไป","7","ฝ่ายบริหารทั่วไป","","","","","","","","","","","","","","","","","","","","","","","","","","","","","","","0000-00-00","0");
INSERT INTO xmoodle5 VALUES("959","emp121","2","4","นางสาว","เอื้องพร","มะโนเรือง","นางสาวเอื้องพร  มะโนเรือง","เจ้าหน้าที่ปฎิบัติงาน","8","พนักงานทั่วไป ","7","ฝ่ายบริหารทั่วไป","","","","","","","","","","","","","","","","","","","","","","","","","","","","","","","0000-00-00","0");
INSERT INTO xmoodle5 VALUES("960","emp122","2","5","นาง","บานดี","ไชยวรรณ์","นางบานดี  ไชยวรรณ์","เจ้าหน้าที่ปฎิบัติงาน","8","แม่บ้าน","39","","","","","","","","","","","","","","","","","","","","","","","","","","","","","","","","0000-00-00","0");
INSERT INTO xmoodle5 VALUES("961","emp123","2","4","นางสาว","จินตนา","จะทอ","นางสาวจินตนา  จะทอ","เจ้าหน้าที่ปฎิบัติงาน","8","แม่บ้าน","39","","","","","","","","","","","","","","","","","","","","","","","","","","","","","","","","0000-00-00","0");
INSERT INTO xmoodle5 VALUES("962","emp124","2","5","นาง","ปราณี","ชมภูศรี","นางปราณี  ชมภูศรี","เจ้าหน้าที่ปฎิบัติงาน","8","แม่บ้าน","39","","","","","","","","","","","","","","","","","","","","","","","","","","","","","","","","0000-00-00","0");
INSERT INTO xmoodle5 VALUES("963","emp125","2","5","นาง","ราญทม","ขันแก้วบุญเรือง","นางราญทม  ขันแก้วบุญเรือง","เจ้าหน้าที่ปฎิบัติงาน","8","แม่บ้าน","39","","","","","","","","","","","","","","","","","","","","","","","","","","","","","","","","0000-00-00","0");
INSERT INTO xmoodle5 VALUES("964","emp126","2","5","นาง","นาไท","ปอสาย","นางนาไท  ปอสาย","เจ้าหน้าที่ปฎิบัติงาน","8","แม่บ้าน","39","","","","","","","","","","","","","","","","","","","","","","","","","","","","","","","","0000-00-00","0");
INSERT INTO xmoodle5 VALUES("965","emp127","2","5","นาง","สายใจ","คำอุ่น","นางสายใจ  คำอุ่น","เจ้าหน้าที่ปฎิบัติงาน","8","แม่บ้าน","39","","","","","","","","","","","","","","","","","","","","","","","","","","","","","","","","0000-00-00","0");
INSERT INTO xmoodle5 VALUES("966","emp128","2","5","นาง","สุมาลี","ชัยวงษ์","นางสุมาลี  ชัยวงษ์","เจ้าหน้าที่ปฎิบัติงาน","8","แม่บ้าน","39","","","","","","","","","","","","","","","","","","","","","","","","","","","","","","","","0000-00-00","0");
INSERT INTO xmoodle5 VALUES("967","emp129","2","4","นางสาว","สาวิกา","แสหาร","นางสาวสาวิกา  แสหาร","เจ้าหน้าที่ปฎิบัติงาน","8","แม่บ้าน","39","","","","","","","","","","","","","","","","","","","","","","","","","","","","","","","","0000-00-00","0");
INSERT INTO xmoodle5 VALUES("968","emp130","2","4","นางสาว","บังอร","ค่ายคำ","นางสาวบังอร  ค่ายคำ","เจ้าหน้าที่ปฎิบัติงาน","8","แม่บ้าน","39","","","","","","","","","","","","","","","","","","","","","","","","","","","","","","","","0000-00-00","0");
INSERT INTO xmoodle5 VALUES("969","emp131","2","5","นาง","มาลี","สุวรรณจักร","นางมาลี  สุวรรณจักร","เจ้าหน้าที่ปฎิบัติงาน","8","แม่บ้าน","39","","","","","","","","","","","","","","","","","","","","","","","","","","","","","","","","0000-00-00","0");
INSERT INTO xmoodle5 VALUES("970","emp132","2","5","นาง","ทัศนีย์","ในคำ","นางทัศนีย์  ในคำ","เจ้าหน้าที่ปฎิบัติงาน","8","แม่บ้าน","39","","","","","","","","","","","","","","","","","","","","","","","","","","","","","","","","0000-00-00","0");
INSERT INTO xmoodle5 VALUES("971","emp133","2","4","นางสาว","เกษรา","เครือทอง","นางสาวเกษรา  เครือทอง","เจ้าหน้าที่ปฎิบัติงาน","8","แม่บ้าน","39","","","","","","","","","","","","","","","","","","","","","","","","","","","","","","","","0000-00-00","0");
INSERT INTO xmoodle5 VALUES("972","emp134","2","4","นางสาว","นภวรรณ","โนระ","นางสาวนภวรรณ  โนระ","เจ้าหน้าที่ปฎิบัติงาน","8","แม่บ้าน","39","","","","","","","","","","","","","","","","","","","","","","","","","","","","","","","","0000-00-00","0");
INSERT INTO xmoodle5 VALUES("973","emp135","2","5","นาง","จันทร์หล้า","ใจเปี้ย","นางจันทร์หล้า  ใจเปี้ย","เจ้าหน้าที่ปฎิบัติงาน","8","แม่บ้าน","39","","","","","","","","","","","","","","","","","","","","","","","","","","","","","","","","0000-00-00","0");
INSERT INTO xmoodle5 VALUES("974","emp136","2","4","นางสาว","บานเย็น","คงเจริญ","นางสาวบานเย็น  คงเจริญ","เจ้าหน้าที่ปฎิบัติงาน","8","แม่บ้าน","39","","","","","","","","","","","","","","","","","","","","","","","","","","","","","","","","0000-00-00","0");
INSERT INTO xmoodle5 VALUES("975","emp137","2","4","นางสาว","พวงลักษณ์","วงค์เครือใต้","นางสาวพวงลักษณ์  วงค์เครือใต้","เจ้าหน้าที่ปฎิบัติงาน","8","แม่บ้าน","39","","","","","","","","","","","","","","","","","","","","","","","","","","","","","","","","0000-00-00","0");
INSERT INTO xmoodle5 VALUES("976","emp138","2","5","นาง","นาติ","ฉินหลง","นางนาติ  ฉินหลง","เจ้าหน้าที่ปฎิบัติงาน","8","แม่บ้าน","39","","","","","","","","","","","","","","","","","","","","","","","","","","","","","","","","0000-00-00","0");
INSERT INTO xmoodle5 VALUES("977","emp139","2","5","นาง","ดารินทร์","ฉินหลง","นางดารินทร์  ฉินหลง","เจ้าหน้าที่ปฎิบัติงาน","8","แม่บ้าน","39","","","","","","","","","","","","","","","","","","","","","","","","","","","","","","","","0000-00-00","0");
INSERT INTO xmoodle5 VALUES("978","emp140","2","4","นางสาว","อัญมณี","อุทัยกาญจน์","นางสาวอัญมณี  อุทัยกาญจน์","เจ้าหน้าที่ปฎิบัติงาน","8","แม่บ้าน","39","","","","","","","","","","","","","","","","","","","","","","","","","","","","","","","","0000-00-00","0");
INSERT INTO xmoodle5 VALUES("979","emp141","2","4","นางสาว","เซเม","ลิจัน","นางสาวเซเม  ลิจัน","เจ้าหน้าที่ปฎิบัติงาน","8","แม่บ้าน","39","","","","","","","","","","","","","","","","","","","","","","","","","","","","","","","","0000-00-00","0");
INSERT INTO xmoodle5 VALUES("980","emp142","2","4","นางสาว","พิกุล","วิริโล","นางสาวพิกุล  วิริโล","เจ้าหน้าที่ปฎิบัติงาน","8","แม่บ้าน","39","","","","","","","","","","","","","","","","","","","","","","","","","","","","","","","","0000-00-00","0");
INSERT INTO xmoodle5 VALUES("981","emp143","2","4","นางสาว","วารีรัตน์","ขอมุ่งกลาง","นางสาววารีรัตน์  ขอมุ่งกลาง","เจ้าหน้าที่ปฎิบัติงาน","8","แม่บ้าน","39","","","","","","","","","","","","","","","","","","","","","","","","","","","","","","","","0000-00-00","0");
INSERT INTO xmoodle5 VALUES("982","emp144","2","4","นางสาว","นาวรี","ป่อแสนคำ","นางสาวนาวรี  ป่อแสนคำ","เจ้าหน้าที่ปฎิบัติงาน","8","แม่บ้าน","39","","","","","","","","","","","","","","","","","","","","","","","","","","","","","","","","0000-00-00","0");
INSERT INTO xmoodle5 VALUES("983","emp145","1","3","นาย","สมพงษ์","อภิวงค์ษา","นายสมพงษ์  อภิวงค์ษา","เจ้าหน้าที่ปฎิบัติงาน","8","พนักงานทั่วไป","7","","","","","","","","","","","","","","","","","","","","","","","","","","","","","","","","0000-00-00","0");
INSERT INTO xmoodle5 VALUES("984","emp146","1","3","นาย","ขจร","อภิวงค์ษา","นายขจร  อภิวงค์ษา","เจ้าหน้าที่ปฎิบัติงาน","8","พนักงานทั่วไป","7","","","","","","","","","","","","","","","","","","","","","","","","","","","","","","","","0000-00-00","0");
INSERT INTO xmoodle5 VALUES("985","emp147","2","5","นาง","ศิริโสภา","ทารัตน์","นางศิริโสภา  ทารัตน์","เจ้าหน้าที่ปฎิบัติงาน","8","พนักงานทั่วไป","7","","","","","","","","","","","","","","","","","","","","","","","","","","","","","","","","0000-00-00","0");
INSERT INTO xmoodle5 VALUES("986","emp148","2","4","นางสาว","ปราณี","เทพอุดม","นางสาวปราณี  เทพอุดม","เจ้าหน้าที่ปฎิบัติงาน","8","พนักงานธุรการ","6","งานกิจการนักเรียน","","","","","","","","","","","","","","","","","","","","","","","","","","","","","","","0000-00-00","0");
INSERT INTO xmoodle5 VALUES("987","emp149","2","4","นางสาว","ธิติพร","ธรรมจักร","นางสาวธิติพร  ธรรมจักร","เจ้าหน้าที่ปฎิบัติงาน","8","พนักงานธุรการ","6","งานกิจการนักเรียน","","","","","","","","","","","","","","","","","","","","","","","","","","","","","","","0000-00-00","0");
INSERT INTO xmoodle5 VALUES("988","emp150","1","3","นาย","สุริยันต์","ศรีจักร์","นายสุริยันต์  ศรีจักร์","เจ้าหน้าที่ปฎิบัติงาน","8","พนักงานรักษาความปลอดภัย","40","","","","","","","","","","","","","","","","","","","","","","","","","","","","","","","","0000-00-00","0");
INSERT INTO xmoodle5 VALUES("989","emp151","1","3","นาย","ชน","พุทธวงค์","นายชน  พุทธวงค์","เจ้าหน้าที่ปฎิบัติงาน","8","พนักงานรักษาความปลอดภัย","40","","","","","","","","","","","","","","","","","","","","","","","","","","","","","","","","0000-00-00","0");
INSERT INTO xmoodle5 VALUES("990","﻿ACK001","1","3","นาย","เจริญ","นันไชยวงค์","นายเจริญ  นันไชยวงค์","ผู้อำนวยการ","1","คศ.3","3","บริหาร","9","ข้าราชการ","1","","","","","","","","","","","","","","","","","","","","","","","","","","","","0000-00-00","0");
INSERT INTO xmoodle5 VALUES("991","ACK002","2","4","นางสาว","ขวัญจิรา","กองสุข","นางสาวขวัญจิรา  กองสุข","รองผู้อำนวยการ","2","คศ.3","3","บริหาร","9","ข้าราชการ","1","","","","","","","","","","","","","","","","","","","","","","","","","","","","0000-00-00","0");
INSERT INTO xmoodle5 VALUES("992","ACK003","1","3","นาย","อดิเรก","ยอดเมือง","นายอดิเรก  ยอดเมือง","รองผู้อำนวยการ","2","คศ.3","3","บริหาร","9","ข้าราชการ","1","","","","","","","","","","","","","","","","","","","","","","","","","","","","0000-00-00","0");
INSERT INTO xmoodle5 VALUES("993","ACK004","2","5","นาง","อัญชลี","ยอดบุญเรือง","นางอัญชลี  ยอดบุญเรือง","ครู","3","คศ.3","3","ปฐมวัย ","12","ข้าราชการ","1","","","","","","","","","","","","","","","","","","","","","","","","","","","","0000-00-00","0");
INSERT INTO xmoodle5 VALUES("994","ACK005","2","5","นาง","ธิดารัตน์","ฮงประยูร","นางธิดารัตน์  ฮงประยูร","ครู","3","คศ.3","3","ปฐมวัย ","12","ข้าราชการ","1","","","","","","","","","","","","","","","","","","","","","","","","","","","","0000-00-00","0");
INSERT INTO xmoodle5 VALUES("995","ACK006","2","5","นาง","ดวงพร","วิเศษ","นางดวงพร  วิเศษ","ครู","3","คศ.2","2","ปฐมวัย ","12","ข้าราชการ","1","","","","","","","","","","","","","","","","","","","","","","","","","","","","0000-00-00","0");
INSERT INTO xmoodle5 VALUES("996","ACK007","2","5","นาง","ภัทริญาภรณ์","ทิศพรม","นางภัทริญาภรณ์  ทิศพรม","ครู","3","ครู","1","ปฐมวัย ","12","ข้าราชการ","1","","","","","","","","","","","","","","","","","","","","","","","","","","","","0000-00-00","0");
INSERT INTO xmoodle5 VALUES("997","ACK008","2","4","นางสาว","ชรินรัตน์","วงศ์มา","นางสาวชรินรัตน์  วงศ์มา","ครู","4","ครูผู้ช่วย","1","ปฐมวัย ","12","ลูกจ้าง","2","","","","","","","","","","","","","","","","","","","","","","","","","","","","0000-00-00","0");
INSERT INTO xmoodle5 VALUES("998","ACK009","2","4","นางสาว","กมลชนก","วุฒิโอสถ","นางสาวกมลชนก  วุฒิโอสถ","ครู","5","พนักงานราชการ","6","ปฐมวัย ","12","ลูกจ้าง","2","","","","","","","","","","","","","","","","","","","","","","","","","","","","0000-00-00","0");
INSERT INTO xmoodle5 VALUES("999","ACK010","2","4","นางสาว","เพ็ญพิสุทธิ์","ขันสล่า","นางสาวเพ็ญพิสุทธิ์  ขันสล่า","ครู","6","ครูอัตราจ้าง","7","ปฐมวัย ","12","ลูกจ้าง","2","","","","","","","","","","","","","","","","","","","","","","","","","","","","0000-00-00","0");
INSERT INTO xmoodle5 VALUES("1000","ACK011","2","9","Miss","JessaGutang","Madera","MissJessaGutang  Madera","ครู","7","ครูจ้างสอน","8","ปฐมวัย ","12","ลูกจ้าง","2","","","","","","","","","","","","","","","","","","","","","","","","","","","","0000-00-00","0");
INSERT INTO xmoodle5 VALUES("1001","ACK012","2","9","Miss","VanessaFaustino","Baustista","MissVanessaFaustino  Baustista","ครู","7","ครูจ้างสอน","8","ปฐมวัย ","12","ลูกจ้าง","2","","","","","","","","","","","","","","","","","","","","","","","","","","","","0000-00-00","0");
INSERT INTO xmoodle5 VALUES("1002","ACK013","2","4","นางสาว","บัณฑิตา","ยอดวงค์","นางสาวบัณฑิตา  ยอดวงค์","ครู","3","ครู ","1","ปฐมวัย ","12","ข้าราชการ","1","","","","","","","","","","","","","","","","","","","","","","","","","","","","0000-00-00","0");
INSERT INTO xmoodle5 VALUES("1003","ACK014","1","3","นาย","นฤเดช","สุริยะวงค์","นายนฤเดช  สุริยะวงค์","ครู","3","ครู","1","ภาษาไทย","2","ข้าราชการ","1","","","","","","","","","","","","","","","","","","","","","","","","","","","","0000-00-00","0");
INSERT INTO xmoodle5 VALUES("1004","ACK015","2","5","นาง","จรรยา","ณ น่าน","นางจรรยา  ณ น่าน","ครู","3","คศ.3","3","ภาษาไทย","2","ข้าราชการ","1","","","","","","","","","","","","","","","","","","","","","","","","","","","","0000-00-00","0");
INSERT INTO xmoodle5 VALUES("1005","ACK016","2","5","นาง","นันท์นภัส","อนันตสิทธิพงศ์ ","นางนันท์นภัส  อนันตสิทธิพงศ์ ","ครู","3","คศ.3    ","3","ภาษาไทย","2","ข้าราชการ","1","","","","","","","","","","","","","","","","","","","","","","","","","","","","0000-00-00","0");
INSERT INTO xmoodle5 VALUES("1006","ACK017","2","5","นาง","ประวีณา","ไชยพุฒิ","นางประวีณา  ไชยพุฒิ","ครู","3","คศ.3","3","ภาษาไทย","2","ข้าราชการ","1","","","","","","","","","","","","","","","","","","","","","","","","","","","","0000-00-00","0");
INSERT INTO xmoodle5 VALUES("1007","ACK018","2","4","นางสาว","สรัญญา","ปุกปินกาศ","นางสาวสรัญญา  ปุกปินกาศ","ครู","3","คศ.3","3","ภาษาไทย","2","ข้าราชการ","1","","","","","","","","","","","","","","","","","","","","","","","","","","","","0000-00-00","0");
INSERT INTO xmoodle5 VALUES("1008","ACK019","2","4","นางสาว","ทิพวรรณ","สุรินแก้ว","นางสาวทิพวรรณ  สุรินแก้ว","ครู","3","คศ.2","2","ภาษาไทย","2","ข้าราชการ","1","","","","","","","","","","","","","","","","","","","","","","","","","","","","0000-00-00","0");
INSERT INTO xmoodle5 VALUES("1009","ACK020","1","3","นาย","ณัฐวัฒน์","อ่อนน้อม","นายณัฐวัฒน์  อ่อนน้อม","ครู","4","ครูผู้ช่วย","1","ภาษาไทย","2","ข้าราชการ","1","","","","","","","","","","","","","","","","","","","","","","","","","","","","0000-00-00","0");
INSERT INTO xmoodle5 VALUES("1010","ACK021","2","4","นางสาว","ชลธิชา","บุญสูง","นางสาวชลธิชา  บุญสูง","ครู","4","ครูผู้ช่วย","1","ภาษาไทย","2","ข้าราชการ","1","","","","","","","","","","","","","","","","","","","","","","","","","","","","0000-00-00","0");
INSERT INTO xmoodle5 VALUES("1011","ACK022","2","4","นางสาว","มณีรัตน์","สาระรัตน์","นางสาวมณีรัตน์  สาระรัตน์","ครู","4","ครูผู้ช่วย","1","ภาษาไทย","2","ข้าราชการ","1","","","","","","","","","","","","","","","","","","","","","","","","","","","","0000-00-00","0");
INSERT INTO xmoodle5 VALUES("1012","ACK023","2","4","นางสาว","สุทธิรา","คำวัง","นางสาวสุทธิรา  คำวัง","ครู","3","ครู","1","ภาษาไทย","2","ข้าราชการ","1","","","","","","","","","","","","","","","","","","","","","","","","","","","","0000-00-00","0");
INSERT INTO xmoodle5 VALUES("1013","ACK024","2","5","นาง","ณปภัช","จันระวัง","นางณปภัช  จันระวัง","ครู","3","คศ.3","3","คณิตศาสตร์","1","ข้าราชการ","1","","","","","","","","","","","","","","","","","","","","","","","","","","","","0000-00-00","0");
INSERT INTO xmoodle5 VALUES("1014","ACK025","2","5","นาง","ชุติภา","บริบูรณ์","นางชุติภา  บริบูรณ์","ครู","3","คศ.3","3","คณิตศาสตร์","1","ข้าราชการ","1","","","","","","","","","","","","","","","","","","","","","","","","","","","","0000-00-00","0");
INSERT INTO xmoodle5 VALUES("1015","ACK026","2","5","นาง","กันธณา","ศิริมังคลากุล","นางกันธณา  ศิริมังคลากุล","ครู","3","คศ.2","2","คณิตศาสตร์","1","ข้าราชการ","1","","","","","","","","","","","","","","","","","","","","","","","","","","","","0000-00-00","0");
INSERT INTO xmoodle5 VALUES("1016","ACK027","2","4","นางสาว","ธิดารัตน์","ใจซื่อ","นางสาวธิดารัตน์  ใจซื่อ","ครู","3","          ครู","1","คณิตศาสตร์","1","ข้าราชการ","1","","","","","","","","","","","","","","","","","","","","","","","","","","","","0000-00-00","0");
INSERT INTO xmoodle5 VALUES("1017","ACK028","1","3","นาย","ณัฐวุฒิ","ภักดีภัทรสกุล","นายณัฐวุฒิ  ภักดีภัทรสกุล","ครู","4","ครูผู้ช่วย","1","คณิตศาสตร์","1","ข้าราชการ","1","","","","","","","","","","","","","","","","","","","","","","","","","","","","0000-00-00","0");
INSERT INTO xmoodle5 VALUES("1018","ACK029","1","3","นาย","กิตติศักดิ์","สุวรรณทา","นายกิตติศักดิ์  สุวรรณทา","ครู","3","ครูจ้างสอน","7","คณิตศาสตร์","1","ลูกจ้าง","2","","","","","","","","","","","","","","","","","","","","","","","","","","","","0000-00-00","0");
INSERT INTO xmoodle5 VALUES("1019","ACK030","1","8"," Mr.","Jayson","Huiso Dupit"," Mr.Jayson  Huiso Dupit","ครู","3","ครูจ้างสอน","8","คณิตศาสตร์","1","ลูกจ้าง","2","","","","","","","","","","","","","","","","","","","","","","","","","","","","0000-00-00","0");
INSERT INTO xmoodle5 VALUES("1020","ACK031","2","4","นางสาว","จิดาภา","จันทิมา","นางสาวจิดาภา  จันทิมา","ครู","3","ครู ","1","คณิตศาสตร์","1","ข้าราชการ","1","","","","","","","","","","","","","","","","","","","","","","","","","","","","0000-00-00","0");
INSERT INTO xmoodle5 VALUES("1021","ACK032","2","4","นางสาว","อุไรวรรณ","ทวิชัย","นางสาวอุไรวรรณ  ทวิชัย","ครู","3","คศ.3","3","วิทยาศาสตร์และเทคโนโลยี","3","ข้าราชการ","1","","","","","","","","","","","","","","","","","","","","","","","","","","","","0000-00-00","0");
INSERT INTO xmoodle5 VALUES("1022","ACK033","1","3","นาย","ไพรัตน์","คำปา","นายไพรัตน์  คำปา","ครู","3","คศ.3","3","วิทยาศาสตร์และเทคโนโลยี","3","ข้าราชการ","1","","","","","","","","","","","","","","","","","","","","","","","","","","","","0000-00-00","0");
INSERT INTO xmoodle5 VALUES("1023","ACK034","2","4","นางสาว","ทิวาพร","โพธิ์โต","นางสาวทิวาพร  โพธิ์โต","ครู","3","ครู","1","วิทยาศาสตร์และเทคโนโลยี","3","ข้าราชการ","1","","","","","","","","","","","","","","","","","","","","","","","","","","","","0000-00-00","0");
INSERT INTO xmoodle5 VALUES("1024","ACK035","1","3","นาย","จีระพงศ์","ฝาเรือนดี","นายจีระพงศ์  ฝาเรือนดี","ครู","3","ครู","1","วิทยาศาสตร์และเทคโนโลยี","3","ข้าราชการ","1","","","","","","","","","","","","","","","","","","","","","","","","","","","","0000-00-00","0");
INSERT INTO xmoodle5 VALUES("1025","ACK036","2","4","นางสาว","ปุญชรัศมิ์","ชัยวรรณะ","นางสาวปุญชรัศมิ์  ชัยวรรณะ","ครู","6","ครูจ้างสอน","7","วิทยาศาสตร์และเทคโนโลยี","3","ลูกจ้าง","2","","","","","","","","","","","","","","","","","","","","","","","","","","","","0000-00-00","0");
INSERT INTO xmoodle5 VALUES("1026","ACK037","2","11","Mrs. ","Venus","Ampo Dupit","Mrs. Venus  Ampo Dupit","ครู","7","ครูจ้างสอน","8","วิทยาศาสตร์และเทคโนโลยี","3","ลูกจ้าง","2","","","","","","","","","","","","","","","","","","","","","","","","","","","","0000-00-00","0");
INSERT INTO xmoodle5 VALUES("1027","ACK038","2","4","นางสาว","ณัฐธิดา","ไชยทน","นางสาวณัฐธิดา  ไชยทน","ครู","3","ครู","1","วิทยาศาสตร์และเทคโนโลยี","3","ข้าราชการ","1","","","","","","","","","","","","","","","","","","","","","","","","","","","","0000-00-00","0");
INSERT INTO xmoodle5 VALUES("1028","ACK039","2","5","นาง","ฐิติพร","กันทะสอน","นางฐิติพร  กันทะสอน","ครู","3","ครู","1","วิทยาศาสตร์และเทคโนโลยี","3","ข้าราชการ","1","","","","","","","","","","","","","","","","","","","","","","","","","","","","0000-00-00","0");
INSERT INTO xmoodle5 VALUES("1029","ACK040","1","3","นาย","มนต์ชัย","สีปิน","นายมนต์ชัย  สีปิน","ครู","3","คศ.3","3","วิทยาศาสตร์และเทคโนโลยี","3","ข้าราชการ","1","","","","","","","","","","","","","","","","","","","","","","","","","","","","0000-00-00","0");
INSERT INTO xmoodle5 VALUES("1030","ACK041","2","4","นางสาว","ชลิตตา","คำมูล","นางสาวชลิตตา  คำมูล","ครู","3","ครู","1","วิทยาศาสตร์และเทคโนโลยี","3","ข้าราชการ","1","","","","","","","","","","","","","","","","","","","","","","","","","","","","0000-00-00","0");
INSERT INTO xmoodle5 VALUES("1031","ACK042","2","5","นาง","วิริยา","ทาโน","นางวิริยา  ทาโน","ครู","3","ครู","1","วิทยาศาสตร์และเทคโนโลยี","3","ข้าราชการ","1","","","","","","","","","","","","","","","","","","","","","","","","","","","","0000-00-00","0");
INSERT INTO xmoodle5 VALUES("1032","ACK043","1","3","นาย","สิทธิชัย","อุทธิยา","นายสิทธิชัย  อุทธิยา","ครู","3","ครู","1","สังคมศึกษา  ศาสนา และวัฒนธรรม","4","ข้าราชการ","1","","","","","","","","","","","","","","","","","","","","","","","","","","","","0000-00-00","0");
INSERT INTO xmoodle5 VALUES("1033","ACK044","2","5","นาง","จิตรการ","สายยืด","นางจิตรการ  สายยืด","ครู","3","คศ.3","3","สังคมศึกษา  ศาสนา และวัฒนธรรม","4","ข้าราชการ","1","","","","","","","","","","","","","","","","","","","","","","","","","","","","0000-00-00","0");
INSERT INTO xmoodle5 VALUES("1034","ACK045","2","4","นางสาว","วทันยา","วงศ์ชัย","นางสาววทันยา  วงศ์ชัย","ครู","3","ครู","1","สังคมศึกษา  ศาสนา และวัฒนธรรม","4","ข้าราชการ","1","","","","","","","","","","","","","","","","","","","","","","","","","","","","0000-00-00","0");
INSERT INTO xmoodle5 VALUES("1035","ACK046","1","3","นาย","สิทธิชัย","อุทธิยา","นายสิทธิชัย  อุทธิยา","ครู","3","ครู","1","สังคมศึกษา  ศาสนา และวัฒนธรรม","4","ข้าราชการ","1","","","","","","","","","","","","","","","","","","","","","","","","","","","","0000-00-00","0");
INSERT INTO xmoodle5 VALUES("1036","ACK047","2","5","นาง","สิรินรักษ์","หมอนเขื่อน","นางสิรินรักษ์  หมอนเขื่อน","ครู","4","ครูผู้ช่วย","1","สังคมศึกษา  ศาสนา และวัฒนธรรม","4","ข้าราชการ","1","","","","","","","","","","","","","","","","","","","","","","","","","","","","0000-00-00","0");
INSERT INTO xmoodle5 VALUES("1037","ACK048","1","3","นาย","อภิสิทธิ์","นวลคำวัง","นายอภิสิทธิ์  นวลคำวัง","ครู","4","ครูผู้ช่วย","1","สังคมศึกษา  ศาสนา และวัฒนธรรม","4","ข้าราชการ","1","","","","","","","","","","","","","","","","","","","","","","","","","","","","0000-00-00","0");
INSERT INTO xmoodle5 VALUES("1038","ACK049","2","4","นางสาว","วทันยา","วงศ์ชัย","นางสาววทันยา  วงศ์ชัย","ครู","3","ครู","1","สังคมศึกษา  ศาสนา และวัฒนธรรม","4","ข้าราชการ","1","","","","","","","","","","","","","","","","","","","","","","","","","","","","0000-00-00","0");
INSERT INTO xmoodle5 VALUES("1039","ACK050","2","5","นาง","นิศากร","นวลแจ่ม","นางนิศากร  นวลแจ่ม","ครู","3","คศ.2","2","สุขศึกษาและพลศึกษา","5","ข้าราชการ","1","","","","","","","","","","","","","","","","","","","","","","","","","","","","0000-00-00","0");
INSERT INTO xmoodle5 VALUES("1040","ACK051","1","3","นาย","สันหวัช","จันทอง","นายสันหวัช  จันทอง","ครู","4","ครูผู้ช่วย","1","สุขศึกษาและพลศึกษา","5","ข้าราชการ","1","","","","","","","","","","","","","","","","","","","","","","","","","","","","0000-00-00","0");
INSERT INTO xmoodle5 VALUES("1041","ACK052","1","3","นาย","คมสัน","สุสี","นายคมสัน  สุสี","ครู","3","ครู","1","สุขศึกษาและพลศึกษา","5","ข้าราชการ","1","","","","","","","","","","","","","","","","","","","","","","","","","","","","0000-00-00","0");
INSERT INTO xmoodle5 VALUES("1042","ACK053","1","3","นาย","สามารถ","คัญทัพ","นายสามารถ  คัญทัพ","ครู","3","คศ.3","3","ศิลปะ ","6","ข้าราชการ","1","","","","","","","","","","","","","","","","","","","","","","","","","","","","0000-00-00","0");
INSERT INTO xmoodle5 VALUES("1043","ACK054","2","4","นางสาว","อภิญญา","อิ่นติ๊บ","นางสาวอภิญญา  อิ่นติ๊บ","ครู","4","ครูผู้ช่วย","1","ศิลปะ ","6","ข้าราชการ","1","","","","","","","","","","","","","","","","","","","","","","","","","","","","0000-00-00","0");
INSERT INTO xmoodle5 VALUES("1044","ACK055","2","5","นาง","อรุณี","สุรินธรรม","นางอรุณี  สุรินธรรม","ครู","3","ครู","1","ศิลปะ ","6","ข้าราชการ","1","","","","","","","","","","","","","","","","","","","","","","","","","","","","0000-00-00","0");
INSERT INTO xmoodle5 VALUES("1045","ACK056","1","3","นาย","จักรพงษ์","เกษมศรี","นายจักรพงษ์  เกษมศรี","ครู","3","คศ.2","2","ภาษาต่างประเทศ (ภาษาอังกฤษ)","8","ข้าราชการ","1","","","","","","","","","","","","","","","","","","","","","","","","","","","","0000-00-00","0");
INSERT INTO xmoodle5 VALUES("1046","ACK057","1","3","นาย","รพีภัทร","กมลสิทธิ์สิริกุล","นายรพีภัทร  กมลสิทธิ์สิริกุล","ครู","3","คศ.2","2","ภาษาต่างประเทศ (ภาษาอังกฤษ)","8","ข้าราชการ","1","","","","","","","","","","","","","","","","","","","","","","","","","","","","0000-00-00","0");
INSERT INTO xmoodle5 VALUES("1047","ACK058","2","4","นางสาว","เมธาวดี","วิฑูรย์","นางสาวเมธาวดี  วิฑูรย์","ครู","3","คศ.2","2","ภาษาต่างประเทศ (ภาษาอังกฤษ)","8","ข้าราชการ","1","","","","","","","","","","","","","","","","","","","","","","","","","","","","0000-00-00","0");
INSERT INTO xmoodle5 VALUES("1048","ACK059","1","3","นาย","เสกสรร","ช่วยแก้ไข","นายเสกสรร  ช่วยแก้ไข","ครู","3","คศ.2","2","ภาษาต่างประเทศ (ภาษาอังกฤษ)","8","ข้าราชการ","1","","","","","","","","","","","","","","","","","","","","","","","","","","","","0000-00-00","0");
INSERT INTO xmoodle5 VALUES("1049","ACK060","2","4","นางสาว","ภัทรดา","จินะราช","นางสาวภัทรดา  จินะราช","ครู","3","ครู","1","ภาษาต่างประเทศ (ภาษาอังกฤษ)","8","ข้าราชการ","1","","","","","","","","","","","","","","","","","","","","","","","","","","","","0000-00-00","0");
INSERT INTO xmoodle5 VALUES("1050","ACK061","2","4","นางสาว","วรรณศิกา","พรมมินทร์","นางสาววรรณศิกา  พรมมินทร์","ครู","3","ครู","1","ภาษาต่างประเทศ (ภาษาอังกฤษ)","8","ข้าราชการ","1","","","","","","","","","","","","","","","","","","","","","","","","","","","","0000-00-00","0");
INSERT INTO xmoodle5 VALUES("1051","ACK062","2","8","Mr.","T.Heloise","Engelbrecht","Mr.T.Heloise  Engelbrecht","ครู","7","ครูจ้างสอน","8","ภาษาต่างประเทศ (ภาษาอังกฤษ)","8","ลูกจ้าง","2","","","","","","","","","","","","","","","","","","","","","","","","","","","","0000-00-00","0");
INSERT INTO xmoodle5 VALUES("1052","ACK063","2","11","Mrs. ","T.NeandreStefan","Engelbrecht","Mrs. T.NeandreStefan  Engelbrecht","ครู","7","ครูจ้างสอน","8","ภาษาต่างประเทศ (ภาษาอังกฤษ)","8","ลูกจ้าง","2","","","","","","","","","","","","","","","","","","","","","","","","","","","","0000-00-00","0");
INSERT INTO xmoodle5 VALUES("1053","ACK064","2","11","Mrs. ","T.Karma","Dubjur","Mrs. T.Karma  Dubjur","ครู","7","ครูจ้างสอน","8","ภาษาต่างประเทศ (ภาษาอังกฤษ)","8","ลูกจ้าง","2","","","","","","","","","","","","","","","","","","","","","","","","","","","","0000-00-00","0");
INSERT INTO xmoodle5 VALUES("1054","ACK065","2","8","Mr.","T.Peter","Jr. C. Binawe","Mr.T.Peter  Jr. C. Binawe","ครู","7","ครูจ้างสอน","8","ภาษาต่างประเทศ (ภาษาอังกฤษ)","8","ลูกจ้าง","2","","","","","","","","","","","","","","","","","","","","","","","","","","","","0000-00-00","0");
INSERT INTO xmoodle5 VALUES("1055","ACK066","2","4","นางสาว","จุฑามาศ","ประดับ","นางสาวจุฑามาศ  ประดับ","ครู","3","ครู","1","ภาษาต่างประเทศ (ภาษาอังกฤษ)","8","ข้าราชการ","1","","","","","","","","","","","","","","","","","","","","","","","","","","","","0000-00-00","0");
INSERT INTO xmoodle5 VALUES("1056","ACK067","2","4","นางสาว","มารีย์","ชัยกุลธวัช","นางสาวมารีย์  ชัยกุลธวัช","ครู","4","ครูผู้ช่วย","1","1.      ภาษาต่างประเทศ (ภาษาจีน)","8","ข้าราชการ","1","","","","","","","","","","","","","","","","","","","","","","","","","","","","0000-00-00","0");
INSERT INTO xmoodle5 VALUES("1057","ACK068","2","4","นางสาว","รสสุคนธ์","นันตา","นางสาวรสสุคนธ์  นันตา","ครู","4","ครูผู้ช่วย","1","1.      ภาษาต่างประเทศ (ภาษาจีน)","8","ข้าราชการ","1","","","","","","","","","","","","","","","","","","","","","","","","","","","","0000-00-00","0");
INSERT INTO xmoodle5 VALUES("1058","ACK069","2","4","นางสาว","สัญญา","เจริญศุภมิต","นางสาวสัญญา  เจริญศุภมิต","ครู","6","ครูอัตราจ้าง","7","1.      ภาษาต่างประเทศ (ภาษาจีน)","8","ลูกจ้าง","2","","","","","","","","","","","","","","","","","","","","","","","","","","","","0000-00-00","0");
INSERT INTO xmoodle5 VALUES("1059","ACK070","2","4","นางสาว","จิราพร","แซ่ฟ้า","นางสาวจิราพร  แซ่ฟ้า","ครู","3","ครู","1","1.      ภาษาต่างประเทศ (ภาษาจีน)","8","ข้าราชการ","1","","","","","","","","","","","","","","","","","","","","","","","","","","","","0000-00-00","0");
INSERT INTO xmoodle5 VALUES("1060","ACK071","2","5","นาง","ชุติภา","บริบูรณ์","นางชุติภา  บริบูรณ์","ครู","3","คศ.3","3","1.      กิจกรรมพัฒนาผู้เรียน","14","ข้าราชการ","1","","","","","","","","","","","","","","","","","","","","","","","","","","","","0000-00-00","0");
INSERT INTO xmoodle5 VALUES("1061","ACK072","2","5","นาง","นันท์นภัส","อนันตสิทธิพงศ์ ","นางนันท์นภัส  อนันตสิทธิพงศ์ ","ครู","3","คศ.3    ","3","1.      กิจกรรมพัฒนาผู้เรียน","14","ข้าราชการ","1","","","","","","","","","","","","","","","","","","","","","","","","","","","","0000-00-00","0");
INSERT INTO xmoodle5 VALUES("1062","ACK073","2","5","นาง","ชุติภา","บริบูรณ์","นางชุติภา  บริบูรณ์","ครู","3","คศ.3","3","1.      กิจกรรมพัฒนาผู้เรียน","14","ข้าราชการ","1","","","","","","","","","","","","","","","","","","","","","","","","","","","","0000-00-00","0");
INSERT INTO xmoodle5 VALUES("1063","ACK074","2","5","นาง","จินตนา","เหล็มโสะ","นางจินตนา  เหล็มโสะ","ครู","3","ครู","1","1.      กิจกรรมพัฒนาผู้เรียน","14","ข้าราชการ","1","","","","","","","","","","","","","","","","","","","","","","","","","","","","0000-00-00","0");
INSERT INTO xmoodle5 VALUES("1064","ACK075","1","3","นาย","คมสัน","สุสี","นายคมสัน  สุสี","ครู","3","ครู","1","1.      กิจกรรมพัฒนาผู้เรียน","14","ข้าราชการ","1","","","","","","","","","","","","","","","","","","","","","","","","","","","","0000-00-00","0");
INSERT INTO xmoodle5 VALUES("1065","ACK076","2","5","นาง","มัทนา","กุลชัย","นางมัทนา  กุลชัย","ครู","4","ครูผู้ช่วย","1","1.      กิจกรรมพัฒนาผู้เรียน","14","ข้าราชการ","1","","","","","","","","","","","","","","","","","","","","","","","","","","","","0000-00-00","0");
INSERT INTO xmoodle5 VALUES("1066","ACK077","2","4","นางสาว","สรัญญา","ปุกปินกาศ","นางสาวสรัญญา  ปุกปินกาศ","ครู","3","คศ.3","3","1.      กิจกรรมพัฒนาผู้เรียน","14","ข้าราชการ","1","","","","","","","","","","","","","","","","","","","","","","","","","","","","0000-00-00","0");



