DROP TABLE m_faction;

CREATE TABLE `m_faction` (
  `f_id` int(2) NOT NULL AUTO_INCREMENT,
  `f_name` char(70) DEFAULT NULL,
  `f_tmp` int(2) DEFAULT NULL,
  PRIMARY KEY (`f_id`)
) ENGINE=MyISAM AUTO_INCREMENT=6 DEFAULT CHARSET=tis620;

INSERT INTO m_faction VALUES("1","วิทยาศาสตร์w","1");
INSERT INTO m_faction VALUES("2","คณิตศาสตร์fd","2");
INSERT INTO m_faction VALUES("3","ภาษาไทย","3");
INSERT INTO m_faction VALUES("4","ภาษาต่างประเทศ","4");
INSERT INTO m_faction VALUES("5","สังคมศึกษา ศาสนา และวัฒนธรรม","5");



DROP TABLE m_faction1;

CREATE TABLE `m_faction1` (
  `f_id` char(2) NOT NULL DEFAULT '',
  `f_name` char(70) DEFAULT NULL,
  `f_tmp` int(2) DEFAULT NULL,
  PRIMARY KEY (`f_id`)
) ENGINE=MyISAM DEFAULT CHARSET=tis620;

INSERT INTO m_faction1 VALUES("01","บริหาร","1");
INSERT INTO m_faction1 VALUES("02","วิชาการ","2");
INSERT INTO m_faction1 VALUES("03","อำนวยการ","3");
INSERT INTO m_faction1 VALUES("04","งานแผนงานและงบประมาณ","4");
INSERT INTO m_faction1 VALUES("05","กิจการนักเรียน","5");
INSERT INTO m_faction1 VALUES("07","ห้องสมุด","7");



DROP TABLE m_gender;

CREATE TABLE `m_gender` (
  `gender_id` int(1) NOT NULL,
  `gender_name` varchar(10) DEFAULT NULL,
  PRIMARY KEY (`gender_id`)
) ENGINE=MyISAM DEFAULT CHARSET=utf8;

INSERT INTO m_gender VALUES("1","เพศชาย");
INSERT INTO m_gender VALUES("2","เพศหญิง");



DROP TABLE m_grouplevel;

CREATE TABLE `m_grouplevel` (
  `grouplevelno` int(1) NOT NULL AUTO_INCREMENT,
  `grouplevel` varchar(30) NOT NULL,
  PRIMARY KEY (`grouplevelno`)
) ENGINE=MyISAM AUTO_INCREMENT=13 DEFAULT CHARSET=utf8;

INSERT INTO m_grouplevel VALUES("1","ผู้อำนวยการ");
INSERT INTO m_grouplevel VALUES("2","รองผู้อำนวยการ");
INSERT INTO m_grouplevel VALUES("3","ครู");
INSERT INTO m_grouplevel VALUES("4","ครูชาวต่างชาติ");
INSERT INTO m_grouplevel VALUES("5","ครูพิเศษ");
INSERT INTO m_grouplevel VALUES("6","พนักงานราชการ");
INSERT INTO m_grouplevel VALUES("7","ครูหอพัก");
INSERT INTO m_grouplevel VALUES("8","ลูกจ้างประจำ");
INSERT INTO m_grouplevel VALUES("9","ลูกจ้างชั่วคราว");
INSERT INTO m_grouplevel VALUES("10","พนักงานขับรถ");
INSERT INTO m_grouplevel VALUES("11","ยามรักษาการณ์");
INSERT INTO m_grouplevel VALUES("12","เจ้าหน้าที่สหกรณ์");



DROP TABLE m_line;

CREATE TABLE `m_line` (
  `l_id` int(7) NOT NULL AUTO_INCREMENT,
  `l_name` varchar(100) CHARACTER SET utf8 DEFAULT NULL,
  `l_how` varchar(100) CHARACTER SET utf8 DEFAULT NULL,
  `pcode` int(11) DEFAULT NULL,
  `ecode` int(11) DEFAULT NULL,
  `chang_at` timestamp NULL DEFAULT CURRENT_TIMESTAMP,
  PRIMARY KEY (`l_id`)
) ENGINE=InnoDB AUTO_INCREMENT=5 DEFAULT CHARSET=latin1;

INSERT INTO m_line VALUES("3"," xoJlby4gdwrxr9aAJ5Ps8z4z0Xq0EJgdf4HaxlaXMGI","พ่อ","1","583","2022-10-26 16:10:34");
INSERT INTO m_line VALUES("4","Lqu3vPAco578tTfEYAKvSMPBIbpOls7u0ghS5ndrwPc","เดย์","1","583","2022-12-12 12:54:24");



DROP TABLE m_member;

CREATE TABLE `m_member` (
  `pcode` int(9) NOT NULL AUTO_INCREMENT,
  `xpcode` char(13) CHARACTER SET utf8 NOT NULL,
  `pass` char(15) CHARACTER SET utf8 DEFAULT NULL,
  `titleid` int(2) DEFAULT NULL,
  `pname` char(40) CHARACTER SET utf8 DEFAULT NULL,
  `surname` char(30) CHARACTER SET utf8 DEFAULT NULL,
  `sum_name` char(70) CHARACTER SET utf8 DEFAULT NULL,
  `sno` int(3) DEFAULT NULL,
  `gender` int(1) DEFAULT NULL,
  `classid` char(4) CHARACTER SET utf8 DEFAULT NULL,
  `start_date` date DEFAULT '0000-00-00',
  `expir_date` date DEFAULT '0000-00-00',
  `status_id` int(2) DEFAULT NULL,
  `person_id` char(13) CHARACTER SET utf8 DEFAULT NULL,
  `mstatus` int(2) DEFAULT NULL,
  `nickname` char(30) CHARACTER SET utf8 DEFAULT NULL,
  `birthdate` date DEFAULT '0000-00-00',
  `id_sub` int(2) DEFAULT NULL,
  `id_posi` int(2) DEFAULT NULL,
  `id_posi2` int(2) DEFAULT NULL,
  `id_posi3` int(2) DEFAULT NULL,
  `ptel` varchar(20) CHARACTER SET utf8 DEFAULT NULL,
  `ecode` int(9) DEFAULT NULL,
  `pemail` varchar(40) CHARACTER SET utf8 DEFAULT NULL,
  `pmoney` double DEFAULT NULL,
  `pseridate` date DEFAULT '0000-00-00',
  `perisch` varchar(200) CHARACTER SET utf8 DEFAULT NULL,
  `changed_at` timestamp NULL DEFAULT CURRENT_TIMESTAMP,
  `pdetail1` varchar(200) CHARACTER SET utf8 DEFAULT NULL,
  `pdetail2` varchar(200) CHARACTER SET utf8 DEFAULT NULL,
  `line_code` varchar(100) CHARACTER SET utf8 DEFAULT NULL,
  PRIMARY KEY (`pcode`)
) ENGINE=MyISAM AUTO_INCREMENT=88 DEFAULT CHARSET=tis620;

INSERT INTO m_member VALUES("1","admin","","","","","","","","","0000-00-00","0000-00-00","","","","","0000-00-00","","","","","","","","","0000-00-00","","2024-02-01 06:37:35","","","");
INSERT INTO m_member VALUES("2","ACK001","1234","3","เจริญ","นันไชยวงค์","นายเจริญ  นันไชยวงค์","0","1","9999","0000-00-00","0000-00-00","2","","2","","0000-00-00","9","1","1","3","","","","","0000-00-00","","2024-02-14 14:31:57","","","");
INSERT INTO m_member VALUES("3","ACK002","1234","4","ขวัญจิรา","กองสุข","นางสาวขวัญจิรา  กองสุข","0","2","9999","0000-00-00","0000-00-00","2","","2","","0000-00-00","9","2","1","3","","1","","0","0000-00-00","","2024-02-14 14:31:57","","","");
INSERT INTO m_member VALUES("4","ACK003","1234","3","อดิเรก","ยอดเมือง","นายอดิเรก  ยอดเมือง","0","1","9999","0000-00-00","0000-00-00","2","","2","","0000-00-00","9","2","1","3","","41","","0","0000-00-00","","2024-02-14 14:31:57","","","");
INSERT INTO m_member VALUES("5","ACK004","1234","5","อัญชลี","ยอดบุญเรือง","นางอัญชลี  ยอดบุญเรือง","0","2","9999","0000-00-00","0000-00-00","2","","2","","0000-00-00","12","3","1","3","","41","","0","0000-00-00","","2024-02-14 14:31:57","","","");
INSERT INTO m_member VALUES("6","ACK005","1234","5","ธิดารัตน์","ฮงประยูร","นางธิดารัตน์  ฮงประยูร","0","2","9999","0000-00-00","0000-00-00","2","","2","","0000-00-00","12","3","1","3","","41","","0","0000-00-00","","2024-02-14 14:31:57","","","");
INSERT INTO m_member VALUES("7","ACK006","1234","5","ดวงพร","วิเศษ","นางดวงพร  วิเศษ","0","2","9999","0000-00-00","0000-00-00","2","","2","","0000-00-00","12","3","1","2","","41","","0","0000-00-00","","2024-02-14 14:31:57","","","");
INSERT INTO m_member VALUES("8","ACK007","1234","5","ภัทริญาภรณ์","ทิศพรม","นางภัทริญาภรณ์  ทิศพรม","0","2","9999","0000-00-00","0000-00-00","2","","2","","0000-00-00","12","3","1","1","","41","","0","0000-00-00","","2024-02-14 14:31:57","","","");
INSERT INTO m_member VALUES("9","ACK008","1234","4","ชรินรัตน์","วงศ์มา","นางสาวชรินรัตน์  วงศ์มา","0","2","9999","0000-00-00","0000-00-00","2","","2","","0000-00-00","12","4","1","1","","41","","0","0000-00-00","","2024-02-14 14:31:57","","","");
INSERT INTO m_member VALUES("10","ACK009","1234","4","กมลชนก","วุฒิโอสถ","นางสาวกมลชนก  วุฒิโอสถ","0","2","9999","0000-00-00","0000-00-00","2","","2","","0000-00-00","12","5","2","6","","41","","0","0000-00-00","","2024-02-14 14:31:57","","","");
INSERT INTO m_member VALUES("11","ACK010","1234","4","เพ็ญพิสุทธิ์","ขันสล่า","นางสาวเพ็ญพิสุทธิ์  ขันสล่า","0","2","9999","0000-00-00","0000-00-00","2","","2","","0000-00-00","12","5","2","7","","1","","0","0000-00-00","","2024-02-14 14:31:57","","","");
INSERT INTO m_member VALUES("12","ACK011","1234","9","JessaGutang","Madera","MissJessaGutang  Madera","0","2","9999","0000-00-00","0000-00-00","2","","2","","0000-00-00","12","7","2","8","","","","","0000-00-00","","2024-02-14 14:31:57","","","");
INSERT INTO m_member VALUES("13","ACK012","1234","9","VanessaFaustino","Baustista","MissVanessaFaustino  Baustista","0","2","9999","0000-00-00","0000-00-00","2","","2","","0000-00-00","12","7","2","8","","","","","0000-00-00","","2024-02-14 14:31:57","","","");
INSERT INTO m_member VALUES("14","ACK013","1234","4","บัณฑิตา","ยอดวงค์","นางสาวบัณฑิตา  ยอดวงค์","0","2","9999","0000-00-00","0000-00-00","2","","2","","0000-00-00","12","3","1","1","","41","","0","0000-00-00","","2024-02-14 14:31:57","","","");
INSERT INTO m_member VALUES("15","ACK014","1234","3","นฤเดช","สุริยะวงค์","นายนฤเดช  สุริยะวงค์","0","1","9999","0000-00-00","0000-00-00","2","","2","","0000-00-00","2","3","1","1","","41","","0","0000-00-00","","2024-02-14 14:31:57","","","");
INSERT INTO m_member VALUES("16","ACK015","1234","5","จรรยา","ณ น่าน","นางจรรยา  ณ น่าน","0","2","9999","0000-00-00","0000-00-00","2","","2","","0000-00-00","2","3","1","3","","41","","0","0000-00-00","","2024-02-14 14:31:57","","","");
INSERT INTO m_member VALUES("17","ACK016","1234","5","นันท์นภัส","อนันตสิทธิพงศ์","นางนันท์นภัส  อนันตสิทธิพงศ์","0","2","9999","0000-00-00","0000-00-00","2","","2","","0000-00-00","2","3","1","3","","41","","0","0000-00-00","","2024-02-14 14:31:57","","","");
INSERT INTO m_member VALUES("18","ACK017","1234","5","ประวีณา","ไชยพุฒิ","นางประวีณา  ไชยพุฒิ","0","2","9999","0000-00-00","0000-00-00","2","","2","","0000-00-00","2","3","1","3","","41","","0","0000-00-00","","2024-02-14 14:31:57","","","");
INSERT INTO m_member VALUES("19","ACK018","1234","4","สรัญญา","ปุกปินกาศ","นางสาวสรัญญา  ปุกปินกาศ","0","2","9999","0000-00-00","0000-00-00","2","","2","","0000-00-00","2","3","1","3","","41","","0","0000-00-00","","2024-02-14 14:31:57","","","");
INSERT INTO m_member VALUES("20","ACK019","1234","4","ทิพวรรณ","สุรินแก้ว","นางสาวทิพวรรณ  สุรินแก้ว","0","2","9999","0000-00-00","0000-00-00","2","","2","","0000-00-00","2","3","1","2","","41","","0","0000-00-00","","2024-02-14 14:31:57","","","");
INSERT INTO m_member VALUES("21","ACK020","1234","3","ณัฐวัฒน์","อ่อนน้อม","นายณัฐวัฒน์  อ่อนน้อม","0","1","9999","0000-00-00","0000-00-00","2","","2","","0000-00-00","2","4","1","1","","41","","0","0000-00-00","","2024-02-14 14:31:57","","","");
INSERT INTO m_member VALUES("22","ACK021","1234","4","ชลธิชา","บุญสูง","นางสาวชลธิชา  บุญสูง","0","2","9999","0000-00-00","0000-00-00","2","","2","","0000-00-00","2","4","1","1","","","","","0000-00-00","","2024-02-14 14:31:57","","","");
INSERT INTO m_member VALUES("23","ACK022","1234","4","มณีรัตน์","สาระรัตน์","นางสาวมณีรัตน์  สาระรัตน์","0","2","9999","0000-00-00","0000-00-00","2","","2","","0000-00-00","2","4","1","1","","","","","0000-00-00","","2024-02-14 14:31:57","","","");
INSERT INTO m_member VALUES("24","ACK023","1234","4","สุทธิรา","คำวัง","นางสาวสุทธิรา  คำวัง","0","2","9999","0000-00-00","0000-00-00","2","","2","","0000-00-00","2","3","1","1","","","","","0000-00-00","","2024-02-14 14:31:57","","","");
INSERT INTO m_member VALUES("25","ACK024","1234","5","ณปภัช","จันระวัง","นางณปภัช  จันระวัง","0","2","9999","0000-00-00","0000-00-00","2","","2","","0000-00-00","1","3","1","3","","1","","0","0000-00-00","","2024-02-14 14:31:57","","","");
INSERT INTO m_member VALUES("26","ACK025","1234","5","ชุติภา","บริบูรณ์","นางชุติภา  บริบูรณ์","0","2","9999","0000-00-00","0000-00-00","2","","2","","0000-00-00","1","3","1","3","","41","","0","0000-00-00","","2024-02-14 14:31:57","","","");
INSERT INTO m_member VALUES("27","ACK026","1234","5","กันธณา","ศิริมังคลากุล","นางกันธณา  ศิริมังคลากุล","0","2","9999","0000-00-00","0000-00-00","2","","2","","0000-00-00","1","3","1","2","","1","","0","0000-00-00","","2024-02-14 14:31:57","","","");
INSERT INTO m_member VALUES("28","ACK027","1234","4","ธิดารัตน์","ใจซื่อ","นางสาวธิดารัตน์  ใจซื่อ","0","2","9999","0000-00-00","0000-00-00","2","","2","","0000-00-00","1","3","1","2","","1","","0","0000-00-00","","2024-02-14 14:31:57","","","");
INSERT INTO m_member VALUES("29","ACK028","1234","3","ณัฐวุฒิ","ภักดีภัทรสกุล","นายณัฐวุฒิ  ภักดีภัทรสกุล","0","1","9999","0000-00-00","0000-00-00","2","","2","","0000-00-00","1","4","1","1","","41","","0","0000-00-00","","2024-02-14 14:31:57","","","");
INSERT INTO m_member VALUES("30","ACK029","1234","3","กิตติศักดิ์","สุวรรณทา","นายกิตติศักดิ์  สุวรรณทา","0","1","9999","0000-00-00","0000-00-00","2","","2","","0000-00-00","1","6","2","7","","41","","0","0000-00-00","","2024-02-14 14:31:57","","","");
INSERT INTO m_member VALUES("31","ACK030","1234","8","Jayson","Huiso Dupit","Mr.Jayson  Huiso Dupit","0","1","9999","0000-00-00","0000-00-00","2","","2","","0000-00-00","1","6","2","8","","41","","0","0000-00-00","","2024-02-14 14:31:57","","","");
INSERT INTO m_member VALUES("32","ACK031","1234","4","จิดาภา","จันทิมา","นางสาวจิดาภา  จันทิมา","0","2","9999","0000-00-00","0000-00-00","2","","2","","0000-00-00","1","3","1","1","","41","","0","0000-00-00","","2024-02-14 14:31:57","","","");
INSERT INTO m_member VALUES("33","ACK032","1234","4","อุไรวรรณ","ทวิชัย","นางสาวอุไรวรรณ  ทวิชัย","0","2","9999","0000-00-00","0000-00-00","2","","2","","0000-00-00","3","3","1","3","","1","","0","0000-00-00","","2024-02-14 14:31:57","","","");
INSERT INTO m_member VALUES("34","ACK033","1234","3","ไพรัตน์","คำปา","นายไพรัตน์  คำปา","0","1","9999","0000-00-00","0000-00-00","2","","2","","0000-00-00","3","3","1","3","","1","","0","0000-00-00","","2024-02-14 14:31:57","","","");
INSERT INTO m_member VALUES("35","ACK034","1234","4","ทิวาพร","โพธิ์โต","นางสาวทิวาพร  โพธิ์โต","0","2","9999","0000-00-00","0000-00-00","2","","2","","0000-00-00","3","3","1","1","","","","","0000-00-00","","2024-02-14 14:31:57","","","");
INSERT INTO m_member VALUES("36","ACK035","1234","3","จีระพงศ์","ฝาเรือนดี","นายจีระพงศ์  ฝาเรือนดี","0","1","9999","0000-00-00","0000-00-00","2","","2","","0000-00-00","3","3","1","1","","41","","0","0000-00-00","","2024-02-14 14:31:57","","","");
INSERT INTO m_member VALUES("37","ACK036","1234","4","ปุญชรัศมิ์","ชัยวรรณะ","นางสาวปุญชรัศมิ์  ชัยวรรณะ","0","2","9999","0000-00-00","0000-00-00","2","","2","","0000-00-00","3","6","2","7","","","","","0000-00-00","","2024-02-14 14:31:57","","","");
INSERT INTO m_member VALUES("38","ACK037","1234","11","Venus","Ampo Dupit","Mrs. Venus  Ampo Dupit","0","2","9999","0000-00-00","0000-00-00","2","","2","","0000-00-00","3","7","2","8","","","","","0000-00-00","","2024-02-14 14:31:57","","","");
INSERT INTO m_member VALUES("39","ACK038","1234","4","ณัฐธิดา","ไชยทน","นางสาวณัฐธิดา  ไชยทน","0","2","9999","0000-00-00","0000-00-00","2","","2","","0000-00-00","3","3","1","1","","","","","0000-00-00","","2024-02-14 14:31:57","","","");
INSERT INTO m_member VALUES("40","ACK039","1234","5","ฐิติพร","กันทะสอน","นางฐิติพร  กันทะสอน","0","2","9999","0000-00-00","0000-00-00","2","","2","","0000-00-00","3","3","1","1","","41","","0","0000-00-00","","2024-02-14 14:31:57","","","");
INSERT INTO m_member VALUES("41","ACK040","1234","3","มนต์ชัย","สีปิน","นายมนต์ชัย  สีปิน","0","1","9999","0000-00-00","0000-00-00","2","","2","","0000-00-00","3","3","1","1","","1","","0","0000-00-00","","2024-02-14 14:31:57","","","");
INSERT INTO m_member VALUES("42","ACK041","1234","4","ชลิตตา","คำมูล","นางสาวชลิตตา  คำมูล","0","2","9999","0000-00-00","0000-00-00","2","","2","","0000-00-00","3","3","1","3","","1","","0","0000-00-00","","2024-02-14 14:31:57","","","");
INSERT INTO m_member VALUES("43","ACK042","1234","5","วิริยา","ทาโน","นางวิริยา  ทาโน","0","2","9999","0000-00-00","0000-00-00","2","","2","","0000-00-00","3","3","1","1","","1","","0","0000-00-00","","2024-02-14 14:31:57","","","");
INSERT INTO m_member VALUES("44","ACK043","1234","3","สิทธิชัย","อุทธิยา","นายสิทธิชัย  อุทธิยา","0","1","9999","0000-00-00","0000-00-00","2","","2","","0000-00-00","4","3","1","1","","41","","0","0000-00-00","","2024-02-14 14:31:57","","","");
INSERT INTO m_member VALUES("45","ACK044","1234","5","จิตรการ","สายยืด","นางจิตรการ  สายยืด","0","2","9999","0000-00-00","0000-00-00","2","","2","","0000-00-00","4","3","1","3","","","","","0000-00-00","","2024-02-14 14:31:57","","","");
INSERT INTO m_member VALUES("46","ACK045","1234","4","วทันยา","วงศ์ชัย","นางสาววทันยา  วงศ์ชัย","0","2","9999","0000-00-00","0000-00-00","2","","2","","0000-00-00","4","3","1","1","","","","","0000-00-00","","2024-02-14 14:31:57","","","");
INSERT INTO m_member VALUES("47","ACK046","1234","3","xxx","xxxx","นายxxx  xxxx","0","1","9999","0000-00-00","0000-00-00","3","","2","","0000-00-00","10","3","1","1","","41","","0","0000-00-00","","2024-02-14 14:31:57","","","");
INSERT INTO m_member VALUES("48","ACK047","1234","5","สิรินรักษ์","หมอนเขื่อน","นางสิรินรักษ์  หมอนเขื่อน","0","2","9999","0000-00-00","0000-00-00","2","","2","","0000-00-00","4","4","1","1","","41","","0","0000-00-00","","2024-02-14 14:31:57","","","");
INSERT INTO m_member VALUES("49","ACK048","1234","3","อภิสิทธิ์","นวลคำวัง","นายอภิสิทธิ์  นวลคำวัง","0","1","9999","0000-00-00","0000-00-00","2","","2","","0000-00-00","4","4","1","1","","41","","0","0000-00-00","","2024-02-14 14:31:57","","","");
INSERT INTO m_member VALUES("50","ACK049","1234","4","วทันยา","วงศ์ชัย","นางสาววทันยา  วงศ์ชัย","0","2","9999","0000-00-00","0000-00-00","2","","2","","0000-00-00","4","3","1","1","","","","","0000-00-00","","2024-02-14 14:31:57","","","");
INSERT INTO m_member VALUES("51","ACK050","1234","5","นิศากร","นวลแจ่ม","นางนิศากร  นวลแจ่ม","0","2","9999","0000-00-00","0000-00-00","2","","2","","0000-00-00","5","3","1","2","","41","","0","0000-00-00","","2024-02-14 14:31:57","","","");
INSERT INTO m_member VALUES("52","ACK051","1234","3","สันหวัช","จันทอง","นายสันหวัช  จันทอง","0","1","9999","0000-00-00","0000-00-00","2","","2","","0000-00-00","5","4","1","1","","41","","0","0000-00-00","","2024-02-14 14:31:57","","","");
INSERT INTO m_member VALUES("53","ACK052","1234","3","คมสัน","สุสี","นายคมสัน  สุสี","0","1","9999","0000-00-00","0000-00-00","2","","2","","0000-00-00","5","3","1","2","","41","","0","0000-00-00","","2024-02-14 14:31:57","","","");
INSERT INTO m_member VALUES("54","ACK053","1234","3","สามารถ","คัญทัพ","นายสามารถ  คัญทัพ","0","1","9999","0000-00-00","0000-00-00","2","","2","","0000-00-00","6","3","1","3","","41","","0","0000-00-00","","2024-02-14 14:31:57","","","");
INSERT INTO m_member VALUES("55","ACK054","1234","4","อภิญญา","อิ่นติ๊บ","นางสาวอภิญญา  อิ่นติ๊บ","0","2","9999","0000-00-00","0000-00-00","2","","2","","0000-00-00","6","4","1","1","","41","","0","0000-00-00","","2024-02-14 14:31:57","","","");
INSERT INTO m_member VALUES("56","ACK055","1234","4","ชนันท์","บัวแสง","นางสาวชนันท์  บัวแสง","0","2","9999","0000-00-00","0000-00-00","2","","2","","0000-00-00","6","6","2","7","","1","","0","0000-00-00","","2024-02-14 14:31:57","","","");
INSERT INTO m_member VALUES("57","ACK056","1234","3","จักรพงษ์","เกษมศรี","นายจักรพงษ์  เกษมศรี","0","1","9999","0000-00-00","0000-00-00","2","","2","","0000-00-00","7","3","1","2","","41","","0","0000-00-00","","2024-02-14 14:31:57","","","");
INSERT INTO m_member VALUES("58","ACK057","1234","3","รพีภัทร","กมลสิทธิ์สิริกุล","นายรพีภัทร  กมลสิทธิ์สิริกุล","0","1","9999","0000-00-00","0000-00-00","2","","2","","0000-00-00","8","3","1","2","","41","","0","0000-00-00","","2024-02-14 14:31:57","","","");
INSERT INTO m_member VALUES("59","ACK058","1234","4","เมธาวดี","วิฑูรย์","นางสาวเมธาวดี  วิฑูรย์","0","2","9999","0000-00-00","0000-00-00","2","","2","","0000-00-00","8","3","1","2","","41","","0","0000-00-00","","2024-02-14 14:31:57","","","");
INSERT INTO m_member VALUES("60","ACK059","1234","3","เสกสรร","ช่วยแก้ไข","นายเสกสรร  ช่วยแก้ไข","0","1","9999","0000-00-00","0000-00-00","2","","2","","0000-00-00","8","3","1","2","","41","","0","0000-00-00","","2024-02-14 14:31:57","","","");
INSERT INTO m_member VALUES("61","ACK060","1234","4","ภัทรดา","จินะราช","นางสาวภัทรดา  จินะราช","0","2","9999","0000-00-00","0000-00-00","2","","2","","0000-00-00","8","3","1","1","","41","","0","0000-00-00","","2024-02-14 14:31:57","","","");
INSERT INTO m_member VALUES("62","ACK061","1234","4","วรรณศิกา","พรมมินทร์","นางสาววรรณศิกา  พรมมินทร์","0","2","9999","0000-00-00","0000-00-00","2","","2","","0000-00-00","8","3","1","1","","41","","0","0000-00-00","","2024-02-14 14:31:57","","","");
INSERT INTO m_member VALUES("63","ACK062","1234","8","T.Heloise","Engelbrecht","Mr.T.Heloise  Engelbrecht","0","2","9999","0000-00-00","0000-00-00","2","","2","","0000-00-00","8","7","2","8","","","","","0000-00-00","","2024-02-14 14:31:57","","","");
INSERT INTO m_member VALUES("64","ACK063","1234","11","T.NeandreStefan","Engelbrecht","Mrs. T.NeandreStefan  Engelbrecht","0","2","9999","0000-00-00","0000-00-00","2","","2","","0000-00-00","8","7","2","8","","","","","0000-00-00","","2024-02-14 14:31:57","","","");
INSERT INTO m_member VALUES("65","ACK064","1234","11","T.Karma","Dubjur","Mrs. T.Karma  Dubjur","0","2","9999","0000-00-00","0000-00-00","2","","2","","0000-00-00","8","7","2","8","","","","","0000-00-00","","2024-02-14 14:31:57","","","");
INSERT INTO m_member VALUES("66","ACK065","1234","8","T.Peter","Jr. C. Binawe","Mr.T.Peter  Jr. C. Binawe","0","2","9999","0000-00-00","0000-00-00","2","","2","","0000-00-00","8","7","2","8","","41","","0","0000-00-00","","2024-02-14 14:31:57","","","");
INSERT INTO m_member VALUES("67","ACK066","1234","4","จุฑามาศ","ประดับ","นางสาวจุฑามาศ  ประดับ","0","2","9999","0000-00-00","0000-00-00","2","","2","","0000-00-00","8","3","1","1","","41","","0","0000-00-00","","2024-02-14 14:31:57","","","");
INSERT INTO m_member VALUES("68","ACK067","1234","4","มารีย์","ชัยกุลธวัช","นางสาวมารีย์  ชัยกุลธวัช","0","2","9999","0000-00-00","0000-00-00","2","","2","","0000-00-00","15","4","1","1","","41","","0","0000-00-00","","2024-02-14 14:31:57","","","");
INSERT INTO m_member VALUES("69","ACK068","1234","4","รสสุคนธ์","นันตา","นางสาวรสสุคนธ์  นันตา","0","2","9999","0000-00-00","0000-00-00","2","","2","","0000-00-00","15","4","1","1","","1","","0","0000-00-00","","2024-02-14 14:31:57","","","");
INSERT INTO m_member VALUES("70","ACK069","1234","4","สัญญา","เจริญศุภมิต","นางสาวสัญญา  เจริญศุภมิต","0","2","9999","0000-00-00","0000-00-00","2","","2","","0000-00-00","15","6","2","7","","1","","0","0000-00-00","","2024-02-14 14:31:57","","","");
INSERT INTO m_member VALUES("71","ACK070","1234","4","จิราพร","แซ่ฟ้า","นางสาวจิราพร  แซ่ฟ้า","0","2","9999","0000-00-00","0000-00-00","2","","2","","0000-00-00","15","3","1","1","","41","","0","0000-00-00","","2024-02-14 14:31:57","","","");
INSERT INTO m_member VALUES("72","ACK071","1234","5","xxx","xxxx","นางxxx  xxxx","0","2","9999","0000-00-00","0000-00-00","3","","2","","0000-00-00","14","3","1","3","","41","","0","0000-00-00","","2024-02-14 14:31:57","","","");
INSERT INTO m_member VALUES("73","ACK072","1234","5","ccc","cccc","นางccc  cccc","0","2","9999","0000-00-00","0000-00-00","2","","2","","0000-00-00","14","3","1","3","","41","","0","0000-00-00","","2024-02-14 14:31:57","","","");
INSERT INTO m_member VALUES("74","ACK073","1234","5","xxxxxxx","xxxxxxx","นางxxxxxxx  xxxxxxx","0","2","9999","0000-00-00","0000-00-00","3","","2","","0000-00-00","14","3","1","3","","41","","0","0000-00-00","","2024-02-14 14:31:57","","","");
INSERT INTO m_member VALUES("75","ACK074","1234","5","จินตนา","เหล็มโสะ","นางจินตนา  เหล็มโสะ","0","2","9999","0000-00-00","0000-00-00","2","","2","","0000-00-00","7","3","1","1","","41","","0","0000-00-00","","2024-02-14 14:31:57","","","");
INSERT INTO m_member VALUES("76","ACK075","1234","3","xx","xx","xxx","0","1","9999","0000-00-00","0000-00-00","3","","2","","0000-00-00","14","3","1","1","","","","","0000-00-00","","2024-02-14 14:31:57","","","");
INSERT INTO m_member VALUES("77","ACK076","1234","5","มัทนา","กุลชัย","นางมัทนา  กุลชัย","0","2","9999","0000-00-00","0000-00-00","2","","2","","0000-00-00","7","4","1","1","","41","","0","0000-00-00","","2024-02-14 14:31:57","","","");
INSERT INTO m_member VALUES("78","ACK077","1234","4","vvv","vvvvv","นางสาวvvv  vvvvv","0","2","9999","0000-00-00","0000-00-00","3","","2","","0000-00-00","14","3","1","3","","41","","0","0000-00-00","","2024-02-14 14:31:57","","","");
INSERT INTO m_member VALUES("79","ACK078","123456","3","วิษณุ","สมศรี","นายวิษณุ  สมศรี","0","1","9999","2023-01-02","2090-12-31","2","","2","-","2009-06-04","9","2","1","3","","41","","0","0000-00-00","","2024-06-27 15:20:37","","","");
INSERT INTO m_member VALUES("81","ACK079","1234","4","ดาวพระศุกร์","สมควร","นางสาวดาวพระศุกร์  สมควร","0","2","","0000-00-00","0000-00-00","2","","2","","0000-00-00","2","4","1","1","","41","","0","0000-00-00","","2024-07-09 13:50:00","","","");
INSERT INTO m_member VALUES("82","ACK080","1234","4","จุฑามาศ","คำแสน","นางสาวจุฑามาศ  คำแสน","0","2","","0000-00-00","0000-00-00","2","","2","","0000-00-00","2","4","1","1","","41","","0","0000-00-00","","2024-07-09 13:50:58","","","");
INSERT INTO m_member VALUES("83","ACK081","1234","4","วิจตรา","ใจปินตา","นางสาววิจตรา  ใจปินตา","0","2","","0000-00-00","0000-00-00","2","","2","","0000-00-00","2","4","1","1","","41","","0","0000-00-00","","2024-07-09 13:51:51","","","");
INSERT INTO m_member VALUES("84","ACK082","1234","4","สิตาพัชร์","คำวัง","นางสาวสิตาพัชร์  คำวัง","0","2","","0000-00-00","0000-00-00","2","","2","","0000-00-00","2","3","1","1","","41","","0","0000-00-00","","2024-07-09 13:52:57","","","");
INSERT INTO m_member VALUES("85","ACK083","1234","9","Jelajane","T.Quio-isen","MissJelajane  T.Quio-isen","0","2","","0000-00-00","0000-00-00","2","","2","","0000-00-00","12","6","2","8","","41","","0","0000-00-00","","2024-07-09 13:54:29","","","");
INSERT INTO m_member VALUES("86","ACK084","1234","4","ฐิดาภรณ์","ใจวัง","นางสาวฐิดาภรณ์  ใจวัง","0","2","","0000-00-00","0000-00-00","2","","2","","0000-00-00","8","4","1","1","","41","","0","0000-00-00","","2024-07-09 17:09:27","","","");
INSERT INTO m_member VALUES("87","﻿ACK001","1234","3","เจริญ","นันไชยวงค์","นายเจริญ  นันไชยวงค์","0","1","9999","0000-00-00","0000-00-00","2","","2","","0000-00-00","9","1","1","3","","","","","0000-00-00","","2024-08-12 03:45:20","","","");



DROP TABLE m_organize;

CREATE TABLE `m_organize` (
  `org_id` char(8) DEFAULT NULL,
  `org_name` char(100) DEFAULT NULL,
  `org_name1` char(30) DEFAULT NULL,
  `cha` char(70) DEFAULT NULL,
  `amp` char(70) DEFAULT NULL,
  `tam` char(70) DEFAULT NULL,
  `postcode` char(5) DEFAULT NULL,
  `phone` char(15) DEFAULT NULL,
  `fax` char(15) DEFAULT NULL,
  `exp_prg` char(1) DEFAULT NULL,
  `start_date` date DEFAULT NULL,
  `exp_date` date DEFAULT NULL,
  `address` char(100) DEFAULT NULL,
  `url` char(100) DEFAULT NULL,
  `footer1` char(100) DEFAULT NULL,
  `footer2` char(100) DEFAULT NULL,
  `direc_org` varchar(100) DEFAULT NULL
) ENGINE=MyISAM DEFAULT CHARSET=utf8;

INSERT INTO m_organize VALUES("57100913","โรงเรียนอนุบาลเชียงของ","ส.ว.ค.","เชียงราย","เมืองเชียงราย","เวียง","57000","053711018","053711033","Y","2011-05-08","2015-05-14","159","http://www.pcccr.ac.th","สพม.ชร","สำนักงานเขตพื้นที่การศึกษามัธยมศึกษาเชียงราย","นายจรัล แก้วเป็ง");



DROP TABLE m_permission;

CREATE TABLE `m_permission` (
  `permiss_id` int(5) NOT NULL AUTO_INCREMENT,
  `pcode` int(9) DEFAULT NULL,
  `grp_permiss` int(3) DEFAULT NULL,
  PRIMARY KEY (`permiss_id`),
  UNIQUE KEY `pcode` (`pcode`,`grp_permiss`)
) ENGINE=MyISAM AUTO_INCREMENT=39 DEFAULT CHARSET=utf8;

INSERT INTO m_permission VALUES("1","1","1");
INSERT INTO m_permission VALUES("2","1","2");
INSERT INTO m_permission VALUES("4","3","4");
INSERT INTO m_permission VALUES("5","3","5");
INSERT INTO m_permission VALUES("6","3","6");
INSERT INTO m_permission VALUES("7","3","7");
INSERT INTO m_permission VALUES("8","2","1");
INSERT INTO m_permission VALUES("9","2","2");
INSERT INTO m_permission VALUES("10","2","3");
INSERT INTO m_permission VALUES("11","2","4");
INSERT INTO m_permission VALUES("12","2","5");
INSERT INTO m_permission VALUES("17","6","7");
INSERT INTO m_permission VALUES("18","68","3");
INSERT INTO m_permission VALUES("19","68","4");
INSERT INTO m_permission VALUES("20","68","7");
INSERT INTO m_permission VALUES("21","182","3");
INSERT INTO m_permission VALUES("22","183","3");
INSERT INTO m_permission VALUES("25","6","3");
INSERT INTO m_permission VALUES("26","6","6");
INSERT INTO m_permission VALUES("27","6","5");
INSERT INTO m_permission VALUES("28","6","4");
INSERT INTO m_permission VALUES("29","182","7");
INSERT INTO m_permission VALUES("30","181","3");
INSERT INTO m_permission VALUES("31","4","1");
INSERT INTO m_permission VALUES("32","3","1");
INSERT INTO m_permission VALUES("33","9","3");
INSERT INTO m_permission VALUES("34","7","3");
INSERT INTO m_permission VALUES("35","11","3");
INSERT INTO m_permission VALUES("36","17","3");
INSERT INTO m_permission VALUES("37","6","1");
INSERT INTO m_permission VALUES("38","6","2");



DROP TABLE m_person;

CREATE TABLE `m_person` (
  `p_id` char(3) NOT NULL,
  `p_f_id` char(3) DEFAULT NULL,
  `p_name` int(6) DEFAULT NULL,
  `p_xname` char(5) DEFAULT NULL,
  `position1` char(100) DEFAULT NULL,
  `order1` int(3) DEFAULT NULL,
  PRIMARY KEY (`p_id`)
) ENGINE=MyISAM AUTO_INCREMENT=25 DEFAULT CHARSET=tis620;

INSERT INTO m_person VALUES("002","01","899","t0008","หัวหน้ากลุ่มสาระ","1");
INSERT INTO m_person VALUES("011","04","908","t0017","หัวหน้ากลุ่มสาระ","1");
INSERT INTO m_person VALUES("012","04","909","t0018","ครู คศ.2","3");
INSERT INTO m_person VALUES("013","06","897","t0006","ครู คศ.3","2");
INSERT INTO m_person VALUES("014","08","890","t0004","ครู คศ.2","5");
INSERT INTO m_person VALUES("019","06","916","t0025","หัวหน้ากลุ่มสาระ","1");
INSERT INTO m_person VALUES("020","05","912","t0021","หัวหน้ากลุ่มสาระ","1");
INSERT INTO m_person VALUES("021","05","913","t0022","ครู คศ.3","2");
INSERT INTO m_person VALUES("022","05","915","t0024","ครู คศ.3","3");
INSERT INTO m_person VALUES("023","08","919","t0028","ครู คศ.3","2");
INSERT INTO m_person VALUES("024","08","920","t0029","ครู คศ.3","3");
INSERT INTO m_person VALUES("025","08","922","t0031","ครู คศ.2","4");
INSERT INTO m_person VALUES("026","08","923","t0032","ครู คศ.1","6");
INSERT INTO m_person VALUES("027","08","924","t0033","ครูผู่้สอน","8");
INSERT INTO m_person VALUES("030","05","914","t0023","ครู คศ.2","4");
INSERT INTO m_person VALUES("031","08","921","t0030","หัวหน้ากลุ่มสาระ","1");
INSERT INTO m_person VALUES("037","04","1094","t0052","ครูผู้ช่วย","4");
INSERT INTO m_person VALUES("038","08","1087","t0050","ครู คศ.1","7");
INSERT INTO m_person VALUES("041","08","1392","","","0");
INSERT INTO m_person VALUES("042","05","1391","","","0");
INSERT INTO m_person VALUES("045","04","1580","","","0");



DROP TABLE m_person1;

CREATE TABLE `m_person1` (
  `p_id` char(3) NOT NULL DEFAULT '',
  `p_f_id` char(3) DEFAULT NULL,
  `p_name` int(6) DEFAULT NULL,
  `position1` char(100) DEFAULT NULL,
  `order1` int(3) DEFAULT NULL,
  PRIMARY KEY (`p_id`)
) ENGINE=MyISAM DEFAULT CHARSET=tis620;

INSERT INTO m_person1 VALUES("013","03","897","หัวหน้าฝ่ายอำนวยการ","2");
INSERT INTO m_person1 VALUES("014","03","923","งานบุคลากร","3");
INSERT INTO m_person1 VALUES("015","03","932","เจ้าหน้าที่ธุรการ","5");
INSERT INTO m_person1 VALUES("018","04","915","งานแผนงานและงบประมาณ","1");
INSERT INTO m_person1 VALUES("020","04","933","เจ้าหน้าที่การเงิน","6");
INSERT INTO m_person1 VALUES("022","05","905","หัวหน้าระดับ ม.ต้น","2");
INSERT INTO m_person1 VALUES("025","05","916","หัวหน้าระดับ ม.ปลาย","3");
INSERT INTO m_person1 VALUES("026","06","916","งานสาธารณูปโภค","2");
INSERT INTO m_person1 VALUES("028","06","920","หัวหน้างาน","1");
INSERT INTO m_person1 VALUES("029","06","922","งานปรับปรุงภูมิทัศน์","3");
INSERT INTO m_person1 VALUES("032","07","905","บรรณารักษ์","1");
INSERT INTO m_person1 VALUES("034","10","903","หัวหน้างาน","1");
INSERT INTO m_person1 VALUES("036","08","923","","3");
INSERT INTO m_person1 VALUES("037","08","924","","6");
INSERT INTO m_person1 VALUES("050","02","1094","เลขางาน","5");
INSERT INTO m_person1 VALUES("051","03","1088","งานสารบรรณ","4");
INSERT INTO m_person1 VALUES("052","04","1075","เจ้าหน้าที่งาน","2");
INSERT INTO m_person1 VALUES("055","05","935","เจ้าหน้าที่รักษาความปลอดภัย","7");
INSERT INTO m_person1 VALUES("058","08","1087","","4");
INSERT INTO m_person1 VALUES("059","08","899","","1");
INSERT INTO m_person1 VALUES("060","08","901","","2");
INSERT INTO m_person1 VALUES("061","10","1075","งาน กยศ.","2");
INSERT INTO m_person1 VALUES("063","02","1095","งานวัดผล","4");
INSERT INTO m_person1 VALUES("066","05","1087","ระบบดูแล","6");
INSERT INTO m_person1 VALUES("067","06","901","งานศิลป์บริการ","5");
INSERT INTO m_person1 VALUES("068","06","904","โรงเรียนธนาคาร","6");
INSERT INTO m_person1 VALUES("081","04","902","เจ้าหน้าที่พัสดุ","3");
INSERT INTO m_person1 VALUES("082","04","1394","เจ้าหน้าที่ครุภัณฑ์","4");
INSERT INTO m_person1 VALUES("083","04","919","หัวหน้าพัสดุ","5");
INSERT INTO m_person1 VALUES("085","05","1391","งานนักเรียน","4");
INSERT INTO m_person1 VALUES("087","06","890","งานอาคาร","4");
INSERT INTO m_person1 VALUES("088","06","906","งานบ้านพักนักเรียน","7");
INSERT INTO m_person1 VALUES("090","08","1392","","5");
INSERT INTO m_person1 VALUES("091","10","898","งานการศึกษาต่อ","3");
INSERT INTO m_person1 VALUES("093","01","2214","ผู้อำนวยการโรงเรียนdfsdfsadasd","1");
INSERT INTO m_person1 VALUES("094","01","899","กหดdsfdsfdsfsadasd","2");



DROP TABLE m_pic_all;

CREATE TABLE `m_pic_all` (
  `pic_id` int(9) NOT NULL AUTO_INCREMENT,
  `pcode` int(9) DEFAULT NULL,
  `picname` char(15) DEFAULT NULL,
  `pic_use` int(1) DEFAULT '0',
  `ecode` char(5) DEFAULT NULL,
  `date_save` timestamp NULL DEFAULT CURRENT_TIMESTAMP ON UPDATE CURRENT_TIMESTAMP,
  PRIMARY KEY (`pic_id`)
) ENGINE=MyISAM AUTO_INCREMENT=105 DEFAULT CHARSET=utf8;

INSERT INTO m_pic_all VALUES("1","2","2.jpg","0","","2024-06-27 14:00:22");
INSERT INTO m_pic_all VALUES("2","3","3.jpg","0","","2024-06-27 14:00:27");
INSERT INTO m_pic_all VALUES("3","4","A4.jpg","1","41","2024-07-18 23:27:17");
INSERT INTO m_pic_all VALUES("4","79","5.jpg","0","41","2024-07-18 23:27:41");
INSERT INTO m_pic_all VALUES("24","41","","0","1","2024-07-14 17:02:11");
INSERT INTO m_pic_all VALUES("6","34","6.jpg","1","1","2024-07-14 15:49:46");
INSERT INTO m_pic_all VALUES("7","33","7.jpg","1","1","2024-07-14 16:37:04");
INSERT INTO m_pic_all VALUES("8","36","8.jpg","0","1","2024-07-14 15:51:53");
INSERT INTO m_pic_all VALUES("9","42","9.jpg","0","1","2024-07-14 15:52:34");
INSERT INTO m_pic_all VALUES("10","43","10.jpg","0","1","2024-07-14 15:52:59");
INSERT INTO m_pic_all VALUES("11","33","11.jpg","0","1","2024-07-14 16:37:04");
INSERT INTO m_pic_all VALUES("12","25","12.jpg","0","1","2024-07-14 15:59:14");
INSERT INTO m_pic_all VALUES("15","27","15.jpg","0","1","2024-07-14 16:39:34");
INSERT INTO m_pic_all VALUES("14","54","14.jpg","0","1","2024-07-14 16:36:37");
INSERT INTO m_pic_all VALUES("26","3","26.jpg","0","1","2024-07-14 17:21:35");
INSERT INTO m_pic_all VALUES("27","4","27.jpg","0","41","2024-07-18 23:27:17");
INSERT INTO m_pic_all VALUES("28","79","28.jpg","1","41","2024-07-18 23:27:41");
INSERT INTO m_pic_all VALUES("29","51","29.jpg","0","41","2024-07-27 12:45:47");
INSERT INTO m_pic_all VALUES("25","41","25.jpg","0","1","2024-07-14 17:02:11");
INSERT INTO m_pic_all VALUES("30","59","30.jpg","1","41","2024-07-27 12:26:39");
INSERT INTO m_pic_all VALUES("31","59","31.jpg","0","41","2024-07-27 12:26:39");
INSERT INTO m_pic_all VALUES("23","41","23.jpg","1","1","2024-07-14 17:02:11");
INSERT INTO m_pic_all VALUES("32","44","32.jpg","0","41","2024-07-27 12:30:29");
INSERT INTO m_pic_all VALUES("33","44","33.jpg","1","41","2024-07-27 12:30:29");
INSERT INTO m_pic_all VALUES("34","67","34.jpg","0","41","2024-07-30 17:44:21");
INSERT INTO m_pic_all VALUES("35","21","35.jpg","0","41","2024-07-27 12:42:08");
INSERT INTO m_pic_all VALUES("36","21","36.jpg","1","41","2024-07-27 12:42:08");
INSERT INTO m_pic_all VALUES("37","31","37.jpg","0","41","2024-07-27 12:42:56");
INSERT INTO m_pic_all VALUES("38","54","38.jpg","0","41","2024-07-27 12:43:48");
INSERT INTO m_pic_all VALUES("39","60","39.jpg","0","41","2024-07-27 12:44:33");
INSERT INTO m_pic_all VALUES("40","51","40.jpg","1","41","2024-07-27 12:45:47");
INSERT INTO m_pic_all VALUES("41","52","41.jpg","0","41","2024-07-27 12:46:16");
INSERT INTO m_pic_all VALUES("42","52","42.jpg","1","41","2024-07-27 12:46:16");
INSERT INTO m_pic_all VALUES("43","53","43.jpg","0","41","2024-07-27 12:47:19");
INSERT INTO m_pic_all VALUES("44","53","44.jpg","1","41","2024-07-27 12:47:19");
INSERT INTO m_pic_all VALUES("45","57","45.jpg","0","41","2024-07-27 12:48:17");
INSERT INTO m_pic_all VALUES("46","57","46.jpg","1","41","2024-07-27 12:48:17");
INSERT INTO m_pic_all VALUES("47","36","47.jpg","0","41","2024-07-27 12:51:37");
INSERT INTO m_pic_all VALUES("48","15","48.jpg","0","41","2024-07-27 12:52:54");
INSERT INTO m_pic_all VALUES("49","15","49.jpg","1","41","2024-07-27 12:52:54");
INSERT INTO m_pic_all VALUES("50","77","50.jpg","0","41","2024-07-27 13:54:32");
INSERT INTO m_pic_all VALUES("51","66","51.jpg","0","41","2024-07-27 12:55:14");
INSERT INTO m_pic_all VALUES("52","5","52.jpg","0","41","2024-07-27 12:56:22");
INSERT INTO m_pic_all VALUES("53","5","53.jpg","1","41","2024-07-27 12:56:22");
INSERT INTO m_pic_all VALUES("54","6","54.jpg","0","41","2024-07-27 12:57:51");
INSERT INTO m_pic_all VALUES("55","6","55.jpg","1","41","2024-07-27 12:57:51");
INSERT INTO m_pic_all VALUES("56","7","56.jpg","0","41","2024-07-27 12:58:43");
INSERT INTO m_pic_all VALUES("57","7","57.jpg","1","41","2024-07-27 12:58:43");
INSERT INTO m_pic_all VALUES("58","8","58.jpg","0","41","2024-07-27 12:59:53");
INSERT INTO m_pic_all VALUES("59","8","59.jpg","1","41","2024-07-27 12:59:53");
INSERT INTO m_pic_all VALUES("60","14","60.jpg","0","41","2024-07-27 13:00:59");
INSERT INTO m_pic_all VALUES("61","14","61.jpg","1","41","2024-07-27 13:00:59");
INSERT INTO m_pic_all VALUES("62","9","62.jpg","0","41","2024-07-27 13:01:53");
INSERT INTO m_pic_all VALUES("63","9","63.jpg","1","41","2024-07-27 13:01:53");
INSERT INTO m_pic_all VALUES("64","10","64.jpg","0","41","2024-07-27 13:02:51");
INSERT INTO m_pic_all VALUES("65","10","65.jpg","1","41","2024-07-27 13:02:51");
INSERT INTO m_pic_all VALUES("66","85","66.jpg","0","41","2024-07-27 13:03:31");
INSERT INTO m_pic_all VALUES("67","26","67.jpg","0","41","2024-07-27 13:05:42");
INSERT INTO m_pic_all VALUES("68","26","68.jpg","1","41","2024-07-27 13:05:42");
INSERT INTO m_pic_all VALUES("69","16","69.jpg","0","41","2024-07-27 13:06:34");
INSERT INTO m_pic_all VALUES("70","16","70.jpg","1","41","2024-07-27 13:06:34");
INSERT INTO m_pic_all VALUES("71","17","71.jpg","0","41","2024-07-27 13:07:38");
INSERT INTO m_pic_all VALUES("72","17","72.jpg","1","41","2024-07-27 13:07:38");
INSERT INTO m_pic_all VALUES("73","18","73.jpg","0","41","2024-07-27 13:08:44");
INSERT INTO m_pic_all VALUES("74","18","74.jpg","1","41","2024-07-27 13:08:44");
INSERT INTO m_pic_all VALUES("75","19","75.jpg","0","41","2024-07-27 13:09:46");
INSERT INTO m_pic_all VALUES("76","19","76.jpg","1","41","2024-07-27 13:09:46");
INSERT INTO m_pic_all VALUES("77","58","77.jpg","0","41","2024-07-27 13:10:27");
INSERT INTO m_pic_all VALUES("78","58","78.jpg","1","41","2024-07-27 13:10:27");
INSERT INTO m_pic_all VALUES("79","20","79.jpg","0","41","2024-07-27 13:11:38");
INSERT INTO m_pic_all VALUES("80","20","80.jpg","1","41","2024-07-27 13:11:38");
INSERT INTO m_pic_all VALUES("81","75","81.jpg","0","41","2024-07-27 13:14:02");
INSERT INTO m_pic_all VALUES("82","75","82.jpg","1","41","2024-07-27 13:14:02");
INSERT INTO m_pic_all VALUES("83","68","83.jpg","0","41","2024-07-27 13:14:59");
INSERT INTO m_pic_all VALUES("84","68","84.jpg","1","41","2024-07-27 13:14:59");
INSERT INTO m_pic_all VALUES("85","55","85.jpg","0","41","2024-07-27 13:16:39");
INSERT INTO m_pic_all VALUES("86","55","86.jpg","1","41","2024-07-27 13:16:39");
INSERT INTO m_pic_all VALUES("87","30","87.jpg","0","41","2024-07-27 13:21:36");
INSERT INTO m_pic_all VALUES("88","81","88.jpg","0","41","2024-07-27 13:20:03");
INSERT INTO m_pic_all VALUES("89","30","89.jpg","1","41","2024-07-27 13:21:36");
INSERT INTO m_pic_all VALUES("90","82","90.jpg","0","41","2024-07-27 13:27:11");
INSERT INTO m_pic_all VALUES("91","61","91.jpg","0","41","2024-07-27 13:43:22");
INSERT INTO m_pic_all VALUES("92","84","92.jpg","0","41","2024-07-27 13:44:42");
INSERT INTO m_pic_all VALUES("93","29","93.jpg","0","41","2024-07-27 13:45:44");
INSERT INTO m_pic_all VALUES("94","83","94.jpg","0","41","2024-07-27 13:46:30");
INSERT INTO m_pic_all VALUES("95","86","95.jpg","0","41","2024-07-27 13:47:19");
INSERT INTO m_pic_all VALUES("96","62","96.jpg","0","41","2024-07-27 13:49:49");
INSERT INTO m_pic_all VALUES("97","62","97.jpg","1","41","2024-07-27 13:49:49");
INSERT INTO m_pic_all VALUES("98","71","98.jpg","0","41","2024-07-27 13:50:47");
INSERT INTO m_pic_all VALUES("99","77","99.jpg","1","41","2024-07-27 13:54:32");
INSERT INTO m_pic_all VALUES("100","49","100.jpg","0","41","2024-07-27 14:26:29");
INSERT INTO m_pic_all VALUES("101","48","101.jpg","0","41","2024-07-30 17:42:59");
INSERT INTO m_pic_all VALUES("102","67","102.jpg","1","41","2024-07-30 17:44:21");
INSERT INTO m_pic_all VALUES("103","40","103.jpg","0","41","2024-07-30 17:47:16");
INSERT INTO m_pic_all VALUES("104","32","104.jpg","0","41","2024-07-30 17:50:13");



DROP TABLE m_position;

CREATE TABLE `m_position` (
  `id_posi` int(11) NOT NULL AUTO_INCREMENT,
  `position_name` varchar(50) NOT NULL,
  `id_posi2` int(2) DEFAULT NULL,
  PRIMARY KEY (`id_posi`)
) ENGINE=MyISAM AUTO_INCREMENT=14 DEFAULT CHARSET=utf8;

INSERT INTO m_position VALUES("1","ผู้อำนวยการโรงเรียน","1");
INSERT INTO m_position VALUES("2","รองผู้อำนวยการโรงเรียน","1");
INSERT INTO m_position VALUES("3","ครู","1");
INSERT INTO m_position VALUES("4","ครูผู้ช่วย","1");
INSERT INTO m_position VALUES("5","พนักงานราชการ","2");
INSERT INTO m_position VALUES("6","ครูอัตราจ้าง","2");
INSERT INTO m_position VALUES("7","ครููชาวต่างชาติ ip","2");
INSERT INTO m_position VALUES("8","เจ้าหน้าที่ปฎิบัติงาน","2");
INSERT INTO m_position VALUES("9","ครูชาวต่างชาติ FLD","2");



DROP TABLE m_position2;

CREATE TABLE `m_position2` (
  `id_posi2` int(2) NOT NULL,
  `posi2_name` varchar(50) NOT NULL,
  PRIMARY KEY (`id_posi2`)
) ENGINE=MyISAM DEFAULT CHARSET=utf8;

INSERT INTO m_position2 VALUES("1","ข้าราชการ");
INSERT INTO m_position2 VALUES("2","ลูกจ้าง");



DROP TABLE m_position3;

CREATE TABLE `m_position3` (
  `id_posi3` int(2) NOT NULL AUTO_INCREMENT,
  `posi3_name` varchar(50) NOT NULL,
  `posi3_name2` varchar(20) DEFAULT NULL,
  `id_posi2` int(2) DEFAULT NULL,
  PRIMARY KEY (`id_posi3`)
) ENGINE=MyISAM AUTO_INCREMENT=48 DEFAULT CHARSET=utf8;

INSERT INTO m_position3 VALUES("1","ยังไม่มีวิทยฐานะ","-","1");
INSERT INTO m_position3 VALUES("2","ครูชำนาญการ","คศ. 2","1");
INSERT INTO m_position3 VALUES("3","ครูชำนาญการพิเศษ","คศ. 3","1");
INSERT INTO m_position3 VALUES("4","ครูเชี่ยวชาญ","คศ. 4","1");
INSERT INTO m_position3 VALUES("5","ครูเชี่ยวชาญพิเศษ","คศ. 5","1");
INSERT INTO m_position3 VALUES("6","พนักงานราชการ","-","2");
INSERT INTO m_position3 VALUES("7","ครูผู้สอน","-","2");
INSERT INTO m_position3 VALUES("8","ครูต่างชาติสอนห้อง MEP","-","2");
INSERT INTO m_position3 VALUES("9","","-","2");



DROP TABLE m_software;

CREATE TABLE `m_software` (
  `soft_id` int(5) NOT NULL AUTO_INCREMENT,
  `soft_name` varchar(40) CHARACTER SET tis620 DEFAULT NULL,
  `softenable` char(1) CHARACTER SET tis620 DEFAULT NULL,
  `start_date` date DEFAULT '0000-00-00',
  `exp_date` date DEFAULT '0000-00-00',
  `net_date` date DEFAULT '0000-00-00',
  `exp_prg` char(1) CHARACTER SET tis620 DEFAULT 'N',
  `hdd_new` char(8) CHARACTER SET tis620 DEFAULT NULL,
  `changed_at` timestamp NULL DEFAULT CURRENT_TIMESTAMP ON UPDATE CURRENT_TIMESTAMP,
  `soft_part` char(50) CHARACTER SET tis620 DEFAULT NULL,
  `soft_show` int(1) DEFAULT '0',
  PRIMARY KEY (`soft_id`)
) ENGINE=MyISAM AUTO_INCREMENT=30 DEFAULT CHARSET=utf8;

INSERT INTO m_software VALUES("3","ระบบเช็คนักเรียน","Y","2010-10-10","2011-10-10","0000-00-00","Y","F4138E94","2014-12-15 12:32:04","../cheackst2/cheack1.php","1");
INSERT INTO m_software VALUES("6","ระบบข่าว","Y","2010-10-10","2011-10-10","0000-00-00","N","F4138E94","2014-12-15 12:33:14","../e_new/select.php","0");
INSERT INTO m_software VALUES("7","ระบบGallery","Y","2010-10-10","2011-10-10","0000-00-00","N","F4138E94","2014-12-15 12:33:15","../gallery/select.php","0");
INSERT INTO m_software VALUES("8","ระบบITA","Y","2010-10-10","2011-10-10","0000-00-00","N","F4138E94","2014-12-15 12:32:49","../ITA/index.php","1");
INSERT INTO m_software VALUES("9","ระบบงานบุคคล","Y","2010-10-10","2011-10-10","0000-00-00","Y","F4138E94","2014-12-15 12:32:49","../pa/index.php","1");
INSERT INTO m_software VALUES("10","ระบบหน้าเว็บ","Y","2010-10-10","2011-10-10","0000-00-00","Y","F4138E94","2014-12-15 12:32:49","../web/index.php","1");
INSERT INTO m_software VALUES("11","ระบบการเงิน","N","2010-10-10","2011-10-10","2014-03-27","N","F4138E94","2014-12-15 12:32:49","../finance/index.php","1");
INSERT INTO m_software VALUES("12","ระบบข้อมูลนักเรียน","Y","2010-10-10","2011-10-10","0000-00-00","Y","F4138E94","2014-12-15 12:33:28","../members/StAddStan.php","0");
INSERT INTO m_software VALUES("19","ระบบสมาชิก","Y","0000-00-00","0000-00-00","0000-00-00","Y","F4138E94","2014-12-15 12:59:48","../user/use_soft.php","0");
INSERT INTO m_software VALUES("20","ระบบการดูแลช่วยเหลือนักเรียน","N","2013-09-25","2015-09-25","0000-00-00","Y","F4138E94","2014-12-15 12:32:49","../care_students/admin.php","1");
INSERT INTO m_software VALUES("29","ระบบแผนพัสดุการเงิน","N","0000-00-00","0000-00-00","0000-00-00","Y","","2017-10-13 14:29:11","../account/index2.php","0");



DROP TABLE m_st_name;

CREATE TABLE `m_st_name` (
  `std_id` int(2) NOT NULL,
  `statusname` char(20) DEFAULT NULL,
  `std_how` int(11) DEFAULT NULL,
  PRIMARY KEY (`std_id`)
) ENGINE=MyISAM DEFAULT CHARSET=utf8;

INSERT INTO m_st_name VALUES("1","เรียน","1");
INSERT INTO m_st_name VALUES("2","กิตติมศักดิ์","2");
INSERT INTO m_st_name VALUES("3","ย้ายโรงเรียน","1");
INSERT INTO m_st_name VALUES("4","พักการเรียน","1");
INSERT INTO m_st_name VALUES("5","ให้ออก,ไล่ออก","1");
INSERT INTO m_st_name VALUES("6","จบการศึกษา","1");
INSERT INTO m_st_name VALUES("7","ลาออก","1");
INSERT INTO m_st_name VALUES("8","การเกษียณอายุราชการ","2");
INSERT INTO m_st_name VALUES("9","สิ้นสุดการทำงาน","2");



DROP TABLE m_status;

CREATE TABLE `m_status` (
  `status_id` int(2) NOT NULL,
  `status_name` char(30) NOT NULL,
  `borrows` int(2) NOT NULL DEFAULT '0',
  `amount_day` int(2) NOT NULL DEFAULT '0',
  PRIMARY KEY (`status_id`)
) ENGINE=MyISAM DEFAULT CHARSET=utf8;

INSERT INTO m_status VALUES("1","นักเรียน","5","7");
INSERT INTO m_status VALUES("2","ครู","7","15");
INSERT INTO m_status VALUES("3","บุคลากร","3","5");
INSERT INTO m_status VALUES("4","บุคคลภายนอก","2","7");



DROP TABLE m_stname;

CREATE TABLE `m_stname` (
  `std_id` int(2) NOT NULL,
  `statusname` char(20) DEFAULT NULL,
  `std_how` int(11) DEFAULT NULL,
  PRIMARY KEY (`std_id`)
) ENGINE=MyISAM DEFAULT CHARSET=utf8;

INSERT INTO m_stname VALUES("1","เรียน","1");
INSERT INTO m_stname VALUES("2","กิตติมศักดิ์","2");
INSERT INTO m_stname VALUES("3","ย้ายโรงเรียน","1");
INSERT INTO m_stname VALUES("4","พักการเรียน","1");
INSERT INTO m_stname VALUES("5","ให้ออก,ไล่ออก","1");
INSERT INTO m_stname VALUES("6","จบการศึกษา","1");
INSERT INTO m_stname VALUES("7","ลาออก","1");
INSERT INTO m_stname VALUES("8","การเกษียณอายุราชการ","2");
INSERT INTO m_stname VALUES("9","สิ้นสุดการทำงาน","2");



DROP TABLE m_sub_grop;

CREATE TABLE `m_sub_grop` (
  `sg_id` int(2) NOT NULL AUTO_INCREMENT,
  `sg_name` char(70) CHARACTER SET utf8 DEFAULT NULL,
  `sg_tmp` int(2) DEFAULT NULL,
  PRIMARY KEY (`sg_id`)
) ENGINE=MyISAM AUTO_INCREMENT=10 DEFAULT CHARSET=tis620;

INSERT INTO m_sub_grop VALUES("1","บริหาร","1");
INSERT INTO m_sub_grop VALUES("2","วิชาการ","2");
INSERT INTO m_sub_grop VALUES("3","แผนงานงบประมาณ","3");
INSERT INTO m_sub_grop VALUES("4","บริหารงานบุคคล","4");
INSERT INTO m_sub_grop VALUES("5","บริหารงานทั่วไป","5");
INSERT INTO m_sub_grop VALUES("6","กิจกรรมพัฒนาผู้เรียน","6");



DROP TABLE m_sub_grop_detail;

CREATE TABLE `m_sub_grop_detail` (
  `sgd_id` int(3) NOT NULL AUTO_INCREMENT,
  `sg_id` int(2) DEFAULT NULL,
  `pcode` int(11) DEFAULT NULL,
  `sgd_position` char(100) CHARACTER SET utf8 DEFAULT NULL,
  `sgd_order` int(3) DEFAULT NULL,
  PRIMARY KEY (`sgd_id`)
) ENGINE=MyISAM AUTO_INCREMENT=9 DEFAULT CHARSET=tis620;

INSERT INTO m_sub_grop_detail VALUES("1","1","2","หัวหน้าบริหาร","1");
INSERT INTO m_sub_grop_detail VALUES("2","1","3","รองบริหารวิชาการ","2");
INSERT INTO m_sub_grop_detail VALUES("3","1","4","รองบริหารฝ่ายบริหารงานทั้วไป","3");
INSERT INTO m_sub_grop_detail VALUES("8","1","79","รองบริหารงานพัฒนาผู้เรียน","4");



DROP TABLE m_subject;

CREATE TABLE `m_subject` (
  `id_sub` int(2) NOT NULL AUTO_INCREMENT,
  `name_sub` varchar(200) CHARACTER SET utf8 DEFAULT NULL,
  `sta_sub` int(1) DEFAULT '0',
  `no_sub` int(2) DEFAULT '0',
  PRIMARY KEY (`id_sub`),
  UNIQUE KEY `id_sub` (`id_sub`)
) ENGINE=InnoDB AUTO_INCREMENT=16 DEFAULT CHARSET=latin1;

INSERT INTO m_subject VALUES("1","กลุ่มสาระการเรียนรู้คณิตศาสตร์","0","2");
INSERT INTO m_subject VALUES("2","กลุ่มสาระการเรียนรู้ภาษาไทย","0","3");
INSERT INTO m_subject VALUES("3","กลุ่มสาระการเรียนรู้วิทยาศาสตร์และเทคโนโลยี","0","5");
INSERT INTO m_subject VALUES("4","กลุ่มสาระการเรียนรู้สังคมศึกษาศาสนาและวัฒนธรรม","0","5");
INSERT INTO m_subject VALUES("5","กลุ่มสาระการเรียนรู้สุขศึกษาและพลศึกษา","0","6");
INSERT INTO m_subject VALUES("6","กลุ่มสาระการเรียนรู้ศิลปะ","0","7");
INSERT INTO m_subject VALUES("7","กลุ่มสาระการเรียนรู้การงานอาชีพ","0","8");
INSERT INTO m_subject VALUES("8","กลุ่มสาระการเรียนรู้ภาษาต่างประเทศ( ภาษาอังกฤษ)","0","9");
INSERT INTO m_subject VALUES("9","ฝ่ายบริหาร","0","1");
INSERT INTO m_subject VALUES("10","แนะแนว","1","11");
INSERT INTO m_subject VALUES("11","บรรณารักษ์","1","11");
INSERT INTO m_subject VALUES("12","ปฐมวัย","0","12");
INSERT INTO m_subject VALUES("13","ประถมศึกษา","1","13");
INSERT INTO m_subject VALUES("14","กิจกรรมพัฒนาผู้เรียน","0","14");
INSERT INTO m_subject VALUES("15","กลุ่มสาระการเรียนรู้ภาษาต่างประเทศ( ภาษาจีน)","0","10");



DROP TABLE m_subject_detail;

CREATE TABLE `m_subject_detail` (
  `sd_id` int(3) NOT NULL AUTO_INCREMENT,
  `id_sub` int(2) DEFAULT NULL,
  `pcode` int(11) DEFAULT NULL,
  `sd_position` char(100) DEFAULT NULL,
  `sd_position2` varchar(150) DEFAULT NULL,
  `sd_order` int(3) DEFAULT NULL,
  PRIMARY KEY (`sd_id`)
) ENGINE=MyISAM AUTO_INCREMENT=94 DEFAULT CHARSET=utf8;

INSERT INTO m_subject_detail VALUES("1","9","2","ผู้บริหารสถานศึกษา","หัวหน้าบริหาร","1");
INSERT INTO m_subject_detail VALUES("2","9","3","รองผู้อำนวยการ","รองผู้บริหารสถานศึกษา","2");
INSERT INTO m_subject_detail VALUES("3","9","4","รองผู้อำนวยการ","รองผู้บริหารสถานศึกษา","3");
INSERT INTO m_subject_detail VALUES("4","9","79","รองผู้อำนวยการ","รองผู้บริหารสถานศึกษา","3");
INSERT INTO m_subject_detail VALUES("5","1","25","ครูผู้สอน","คณิตศาสตร์","2");
INSERT INTO m_subject_detail VALUES("6","1","26","ครูผู้สอน","คณิตศาสตร์","3");
INSERT INTO m_subject_detail VALUES("7","1","27","ครูผู้สอน","คณิตศาสตร์","4");
INSERT INTO m_subject_detail VALUES("8","1","28","ครูผู้สอน","คณิตศาสตร์","8");
INSERT INTO m_subject_detail VALUES("9","1","29","ครูผู้สอน","คณิตศาสตร์","5");
INSERT INTO m_subject_detail VALUES("10","1","30","ครูผู้สอน","คณิตศาสตร์","6");
INSERT INTO m_subject_detail VALUES("11","1","31","ครูผู้สอน","คณิตศาสตร์","7");
INSERT INTO m_subject_detail VALUES("12","1","32","หัวหน้ากลุ่มสาระ","คณิตศาสตร์","1");
INSERT INTO m_subject_detail VALUES("13","3","33","ครูผู้สอน","วิทยาศาสตร์","2");
INSERT INTO m_subject_detail VALUES("14","3","34","ครูผู้สอน","วิทยาศาสตร์","3");
INSERT INTO m_subject_detail VALUES("15","3","35","ครูผู้สอน","วิทยาศาสตร์","5");
INSERT INTO m_subject_detail VALUES("16","3","36","หัวหน้ากลุ่มสาระ","วิทยาศาสตร์","1");
INSERT INTO m_subject_detail VALUES("17","3","37","ครูผู้สอน","วิทยาศาสตร์","6");
INSERT INTO m_subject_detail VALUES("18","3","38","ครูผู้สอน","วิทยาศาสตร์","7");
INSERT INTO m_subject_detail VALUES("19","3","39","ครูผู้สอน","วิทยาศาสตร์","11");
INSERT INTO m_subject_detail VALUES("20","3","40","ครูผู้สอน","วิทยาศาสตร์","8");
INSERT INTO m_subject_detail VALUES("21","3","41","ครูผู้สอน","เทคโนโลยี","9");
INSERT INTO m_subject_detail VALUES("22","3","42","ครูผู้สอน","เทคโนโลยี","4");
INSERT INTO m_subject_detail VALUES("23","3","43","ครูผู้สอน","เทคโนโลยี","10");
INSERT INTO m_subject_detail VALUES("24","3","80","ครูผู้สอน","ครูผู้สอน","99");
INSERT INTO m_subject_detail VALUES("25","4","44","ครูผู้สอน","ครูผู้สอน","99");
INSERT INTO m_subject_detail VALUES("26","4","45","ครูผู้สอน","ครูผู้สอน","99");
INSERT INTO m_subject_detail VALUES("27","4","46","ครูผู้สอน","ครูผู้สอน","99");
INSERT INTO m_subject_detail VALUES("28","4","47","หัวหน้ากลุ่มสาระ","สังคมศึกษา","1");
INSERT INTO m_subject_detail VALUES("29","4","48","ครูผู้สอน","ครูผู้สอน","99");
INSERT INTO m_subject_detail VALUES("30","4","49","ครูผู้สอน","ครูผู้สอน","99");
INSERT INTO m_subject_detail VALUES("31","4","50","ครูผู้สอน","ครูผู้สอน","99");
INSERT INTO m_subject_detail VALUES("32","2","15","ครูผู้สอน","ภาษาไทย","6");
INSERT INTO m_subject_detail VALUES("33","2","16","ครูผู้สอน","ภาษาไทย","2");
INSERT INTO m_subject_detail VALUES("34","2","17","ครูผู้สอน","ภาษาไทย","3");
INSERT INTO m_subject_detail VALUES("35","2","18","ครูผู้สอน","ภาษาไทย","4");
INSERT INTO m_subject_detail VALUES("36","2","19","หัวหน้ากลุ่มสาระ","ภาษาไทย","1");
INSERT INTO m_subject_detail VALUES("37","2","20","ครูผู้สอน","ภาษาไทย","5");
INSERT INTO m_subject_detail VALUES("38","2","21","ครูผู้สอน","ภาษาไทย","7");
INSERT INTO m_subject_detail VALUES("39","2","22","ครูผู้สอน","ภาษาไทย","8");
INSERT INTO m_subject_detail VALUES("40","2","23","ครูผู้สอน","ภาษาไทย","9");
INSERT INTO m_subject_detail VALUES("41","2","24","ครูผู้สอน","ครูผู้สอน","99");
INSERT INTO m_subject_detail VALUES("42","5","51","หัวหน้ากลุ่มสาระ","สุขศึกษาและพละศึกษา","1");
INSERT INTO m_subject_detail VALUES("43","5","52","ครูผู้สอน","สุขศึกษาและพละศึกษา","2");
INSERT INTO m_subject_detail VALUES("44","5","53","ครูผู้สอน","สุขศึกษาและพละศึกษา","3");
INSERT INTO m_subject_detail VALUES("45","6","54","หัวหน้ากลุ่มสาระ","ครูผู้สอน","1");
INSERT INTO m_subject_detail VALUES("46","6","55","ครูผู้สอน","ครูผู้สอน","99");
INSERT INTO m_subject_detail VALUES("47","6","56","ครูผู้สอน","ครูผู้สอน","99");
INSERT INTO m_subject_detail VALUES("48","8","57","ครูผู้สอน","ครูผู้สอน","99");
INSERT INTO m_subject_detail VALUES("49","8","58","หัวหน้ากลุ่มสาระ","ภาษาอังษฤษ","1");
INSERT INTO m_subject_detail VALUES("50","8","59","ครูผู้สอน","ภาษาอังษฤษ","2");
INSERT INTO m_subject_detail VALUES("51","8","60","ครูผู้สอน","ภาษาอังษฤษ","3");
INSERT INTO m_subject_detail VALUES("52","8","61","ครูผู้สอน","ภาษาอังษฤษ","4");
INSERT INTO m_subject_detail VALUES("53","8","62","ครูผู้สอน","ภาษาอังษฤษ","5");
INSERT INTO m_subject_detail VALUES("54","8","63","ครูผู้สอน","ครูผู้สอน","99");
INSERT INTO m_subject_detail VALUES("55","8","64","ครูผู้สอน","ครูผู้สอน","99");
INSERT INTO m_subject_detail VALUES("56","8","65","ครูผู้สอน","ภาษาอังษฤษ","7");
INSERT INTO m_subject_detail VALUES("57","8","66","ครูผู้สอน","ภาษาอังษฤษ","8");
INSERT INTO m_subject_detail VALUES("58","8","67","ครูผู้สอน","ภาษาอังษฤษ","9");
INSERT INTO m_subject_detail VALUES("59","8","68","ครูผู้สอน","ครูผู้สอน","99");
INSERT INTO m_subject_detail VALUES("60","8","69","ครูผู้สอน","ครูผู้สอน","99");
INSERT INTO m_subject_detail VALUES("61","8","70","ครูผู้สอน","ครูผู้สอน","99");
INSERT INTO m_subject_detail VALUES("62","8","71","ครูผู้สอน","ครูผู้สอน","99");
INSERT INTO m_subject_detail VALUES("63","12","5","หัวหน้ากลุ่มสาระ","ครูผู้สอน","1");
INSERT INTO m_subject_detail VALUES("64","12","6","ครูผู้สอน","ปฐมวัย","2");
INSERT INTO m_subject_detail VALUES("65","12","7","ครูผู้สอน","ปฐมวัย","3");
INSERT INTO m_subject_detail VALUES("66","12","8","ครูผู้สอน","ปฐมวัย","4");
INSERT INTO m_subject_detail VALUES("67","12","9","ครูผู้สอน","ปฐมวัย","5");
INSERT INTO m_subject_detail VALUES("68","12","10","ครูผู้สอน","ปฐมวัย","6");
INSERT INTO m_subject_detail VALUES("69","12","11","ครูผู้สอน","ปฐมวัย","8");
INSERT INTO m_subject_detail VALUES("70","12","12","ครูผู้สอน","ครูผู้สอน","99");
INSERT INTO m_subject_detail VALUES("71","12","13","ครูผู้สอน","ครูผู้สอน","99");
INSERT INTO m_subject_detail VALUES("72","12","14","ครูผู้สอน","ปฐมวัย","10");
INSERT INTO m_subject_detail VALUES("73","14","72","ครูผู้สอน","ครูผู้สอน","99");
INSERT INTO m_subject_detail VALUES("74","14","73","ครูผู้สอน","ครูผู้สอน","99");
INSERT INTO m_subject_detail VALUES("75","14","74","ครูผู้สอน","ครูผู้สอน","99");
INSERT INTO m_subject_detail VALUES("76","14","75","ครูผู้สอน","ครูผู้สอน","99");
INSERT INTO m_subject_detail VALUES("77","14","76","ครูผู้สอน","ครูผู้สอน","99");
INSERT INTO m_subject_detail VALUES("78","14","77","ครูผู้สอน","ครูผู้สอน","99");
INSERT INTO m_subject_detail VALUES("79","14","78","ครูผู้สอน","ครูผู้สอน","99");
INSERT INTO m_subject_detail VALUES("80","12","85","ครูผู้สอน","ปฐมวัย","9");
INSERT INTO m_subject_detail VALUES("81","2","81","ครูผู้สอน","ภาษาไทย","10");
INSERT INTO m_subject_detail VALUES("82","2","82","ครูผู้สอน","ภาษาไทย","11");
INSERT INTO m_subject_detail VALUES("83","2","83","ครูผู้สอน","ภาษาไทย","12");
INSERT INTO m_subject_detail VALUES("84","2","84","ครูผู้สอน","ภาษาไทย","13");
INSERT INTO m_subject_detail VALUES("85","7","57","ครูผู้สอน","ครูผู้สอน","99");
INSERT INTO m_subject_detail VALUES("86","7","75","ครูผู้สอน","ครูผู้สอน","99");
INSERT INTO m_subject_detail VALUES("87","7","77","ครูผู้สอน","ครูผู้สอน","99");
INSERT INTO m_subject_detail VALUES("88","8","86","ครูผู้สอน","ภาษาอังษฤษ","6");
INSERT INTO m_subject_detail VALUES("89","15","68","ครูผู้สอน","ครูผู้สอน","99");
INSERT INTO m_subject_detail VALUES("90","15","69","ครูผู้สอน","ครูผู้สอน","99");
INSERT INTO m_subject_detail VALUES("91","15","70","ครูผู้สอน","ครูผู้สอน","99");
INSERT INTO m_subject_detail VALUES("92","15","71","ครูผู้สอน","ครูผู้สอน","99");
INSERT INTO m_subject_detail VALUES("93","10","47","ครูผู้สอน","ครูผู้สอน","99");



DROP TABLE m_title;

CREATE TABLE `m_title` (
  `titleid` int(2) NOT NULL,
  `titlename` char(20) DEFAULT NULL,
  `st_sta` int(1) DEFAULT NULL,
  `per_sta` int(1) DEFAULT NULL,
  PRIMARY KEY (`titleid`),
  UNIQUE KEY `title` (`titleid`),
  KEY `title_2` (`titleid`)
) ENGINE=MyISAM DEFAULT CHARSET=utf8;

INSERT INTO m_title VALUES("1","เด็กชาย","0","0");
INSERT INTO m_title VALUES("2","นางสาว","0","0");
INSERT INTO m_title VALUES("3","นาย","0","1");
INSERT INTO m_title VALUES("4","นางสาว","0","1");
INSERT INTO m_title VALUES("5","นาง","1","1");
INSERT INTO m_title VALUES("6","ว่าที่ร.ต.","1","1");
INSERT INTO m_title VALUES("7","ว่าที่ร.ต.หญิง","0","1");
INSERT INTO m_title VALUES("8","Mr.","0","1");
INSERT INTO m_title VALUES("9","Miss","0","1");
INSERT INTO m_title VALUES("10","Ms.","0","1");
INSERT INTO m_title VALUES("11","Mrs.","0","1");



DROP TABLE m_title_id;

CREATE TABLE `m_title_id` (
  `titleid` int(2) NOT NULL,
  `titlename` char(20) DEFAULT NULL,
  `st_sta` int(1) DEFAULT NULL,
  `per_sta` int(1) DEFAULT NULL,
  PRIMARY KEY (`titleid`),
  UNIQUE KEY `title` (`titleid`),
  KEY `title_2` (`titleid`)
) ENGINE=MyISAM DEFAULT CHARSET=utf8;

INSERT INTO m_title_id VALUES("1","เด็กชาย","0","0");
INSERT INTO m_title_id VALUES("2","นางสาว","0","0");
INSERT INTO m_title_id VALUES("3","นาย","0","1");
INSERT INTO m_title_id VALUES("4","นางสาว","0","1");
INSERT INTO m_title_id VALUES("5","นาง","1","1");
INSERT INTO m_title_id VALUES("6","ว่าที่ร.ต.","1","1");
INSERT INTO m_title_id VALUES("7","ว่าที่ร.ต.หญิง","0","1");
INSERT INTO m_title_id VALUES("8","Mr.","0","1");
INSERT INTO m_title_id VALUES("9","Miss","0","1");
INSERT INTO m_title_id VALUES("10","Ms.","0","1");
INSERT INTO m_title_id VALUES("11","Mrs.","0","1");



DROP TABLE m_user_log;

CREATE TABLE `m_user_log` (
  `log_max` int(3) DEFAULT '0',
  `date_max` int(3) DEFAULT '0',
  `md5pass` tinyint(1) DEFAULT NULL,
  `dupe_pass` int(3) DEFAULT '0'
) ENGINE=MyISAM DEFAULT CHARSET=latin1;

INSERT INTO m_user_log VALUES("100000","100000","0","5");



DROP TABLE m_user_soft;

CREATE TABLE `m_user_soft` (
  `user_id` int(9) NOT NULL AUTO_INCREMENT,
  `ecode` int(9) DEFAULT NULL,
  `soft_id` char(2) CHARACTER SET tis620 DEFAULT NULL,
  `level_id` int(1) DEFAULT NULL,
  PRIMARY KEY (`user_id`)
) ENGINE=MyISAM AUTO_INCREMENT=18 DEFAULT CHARSET=utf8;

INSERT INTO m_user_soft VALUES("1","1","12","");
INSERT INTO m_user_soft VALUES("2","1","7","");
INSERT INTO m_user_soft VALUES("3","1","6","");
INSERT INTO m_user_soft VALUES("4","1","4","");
INSERT INTO m_user_soft VALUES("5","41","12","3");
INSERT INTO m_user_soft VALUES("6","41","6","3");
INSERT INTO m_user_soft VALUES("7","41","7","3");
INSERT INTO m_user_soft VALUES("8","41","19","3");
INSERT INTO m_user_soft VALUES("9","41","3","3");
INSERT INTO m_user_soft VALUES("10","41","9","3");
INSERT INTO m_user_soft VALUES("11","3","9","3");
INSERT INTO m_user_soft VALUES("12","3","12","3");
INSERT INTO m_user_soft VALUES("13","4","8","3");
INSERT INTO m_user_soft VALUES("14","41","8","3");
INSERT INTO m_user_soft VALUES("15","41","10","3");
INSERT INTO m_user_soft VALUES("16","3","7","3");
INSERT INTO m_user_soft VALUES("17","3","6","3");



DROP TABLE m_userpass;

CREATE TABLE `m_userpass` (
  `user_id` int(9) NOT NULL AUTO_INCREMENT,
  `ecode` int(9) DEFAULT NULL,
  `cpassword` char(32) DEFAULT NULL,
  `md5pass` int(1) DEFAULT '0',
  `log_qty` int(3) DEFAULT '0',
  `changed_at` timestamp NULL DEFAULT CURRENT_TIMESTAMP ON UPDATE CURRENT_TIMESTAMP,
  PRIMARY KEY (`user_id`)
) ENGINE=MyISAM AUTO_INCREMENT=7 DEFAULT CHARSET=utf8;

INSERT INTO m_userpass VALUES("1","1","12345","0","33","2024-07-18 12:57:52");
INSERT INTO m_userpass VALUES("4","41","11223344","0","31","2024-08-09 06:24:26");
INSERT INTO m_userpass VALUES("5","4","ack003","0","17","2024-07-30 15:43:31");
INSERT INTO m_userpass VALUES("6","0","","0","0","2024-08-12 00:00:00");



DROP TABLE m_xsoftware;

CREATE TABLE `m_xsoftware` (
  `soft_id` int(2) NOT NULL DEFAULT '0',
  `soft_name` varchar(40) CHARACTER SET tis620 DEFAULT NULL,
  `softenable` char(1) CHARACTER SET tis620 DEFAULT NULL,
  `start_date` date DEFAULT '0000-00-00',
  `exp_date` date DEFAULT '0000-00-00',
  `net_date` date DEFAULT '0000-00-00',
  `exp_prg` char(1) CHARACTER SET tis620 DEFAULT 'N',
  `hdd_new` char(8) CHARACTER SET tis620 DEFAULT NULL,
  `changed_at` timestamp NULL DEFAULT CURRENT_TIMESTAMP ON UPDATE CURRENT_TIMESTAMP,
  `soft_part` char(50) CHARACTER SET tis620 DEFAULT NULL,
  `soft_show` int(1) DEFAULT '0',
  PRIMARY KEY (`soft_id`)
) ENGINE=MyISAM DEFAULT CHARSET=utf8;

INSERT INTO m_xsoftware VALUES("1","ระบบงานPA","N","0000-00-00","0000-00-00","0000-00-00","N","","2023-04-03 05:56:04","../pa_admin/index.php","0");
INSERT INTO m_xsoftware VALUES("2","ระบบงาน ID PLAN","N","0000-00-00","0000-00-00","0000-00-00","N","","2023-04-03 05:56:37","../plan_admin/index.php","0");
INSERT INTO m_xsoftware VALUES("3","ระบบข้อมูลหลัก","Y","0000-00-00","0000-00-00","0000-00-00","N","","2023-04-03 06:22:11","../members/index.php","0");
INSERT INTO m_xsoftware VALUES("4","ระบบงานประเมินลูกจ้าง","N","0000-00-00","0000-00-00","0000-00-00","N","","2023-09-02 06:59:44","../employee/index.php","0");



DROP TABLE pa_assessor;

CREATE TABLE `pa_assessor` (
  `id_ass` int(9) NOT NULL AUTO_INCREMENT,
  `pcode` int(9) DEFAULT NULL,
  `pcodeh_ass` int(9) DEFAULT NULL,
  `id_h_ass` int(9) DEFAULT NULL,
  `group_h_ass` int(2) DEFAULT NULL,
  `pa_year` int(4) DEFAULT NULL,
  PRIMARY KEY (`id_ass`)
) ENGINE=InnoDB AUTO_INCREMENT=430 DEFAULT CHARSET=latin1;

INSERT INTO pa_assessor VALUES("1","78","78","10","4","2566");
INSERT INTO pa_assessor VALUES("2","78","160","11","4","2566");
INSERT INTO pa_assessor VALUES("3","78","161","12","4","2566");
INSERT INTO pa_assessor VALUES("4","109","102","58","20","2566");
INSERT INTO pa_assessor VALUES("5","109","190","59","20","2566");
INSERT INTO pa_assessor VALUES("6","109","191","60","20","2566");
INSERT INTO pa_assessor VALUES("7","102","102","55","19","2566");
INSERT INTO pa_assessor VALUES("8","102","188","56","19","2566");
INSERT INTO pa_assessor VALUES("9","102","189","57","19","2566");
INSERT INTO pa_assessor VALUES("10","111","102","55","19","2566");
INSERT INTO pa_assessor VALUES("11","111","188","56","19","2566");
INSERT INTO pa_assessor VALUES("12","111","189","57","19","2566");
INSERT INTO pa_assessor VALUES("13","122","102","55","19","2566");
INSERT INTO pa_assessor VALUES("14","122","188","56","19","2566");
INSERT INTO pa_assessor VALUES("15","122","189","57","19","2566");
INSERT INTO pa_assessor VALUES("16","104","102","55","19","2566");
INSERT INTO pa_assessor VALUES("17","104","188","56","19","2566");
INSERT INTO pa_assessor VALUES("18","104","189","57","19","2566");
INSERT INTO pa_assessor VALUES("19","124","102","58","20","2566");
INSERT INTO pa_assessor VALUES("20","124","190","59","20","2566");
INSERT INTO pa_assessor VALUES("21","124","191","60","20","2566");
INSERT INTO pa_assessor VALUES("22","106","102","55","19","2566");
INSERT INTO pa_assessor VALUES("23","106","188","56","19","2566");
INSERT INTO pa_assessor VALUES("24","106","189","57","19","2566");
INSERT INTO pa_assessor VALUES("25","119","102","55","19","2566");
INSERT INTO pa_assessor VALUES("26","119","188","56","19","2566");
INSERT INTO pa_assessor VALUES("27","119","189","57","19","2566");
INSERT INTO pa_assessor VALUES("28","128","102","58","20","2566");
INSERT INTO pa_assessor VALUES("29","128","190","59","20","2566");
INSERT INTO pa_assessor VALUES("30","128","191","60","20","2566");
INSERT INTO pa_assessor VALUES("31","110","102","55","19","2566");
INSERT INTO pa_assessor VALUES("32","110","188","56","19","2566");
INSERT INTO pa_assessor VALUES("33","110","189","57","19","2566");
INSERT INTO pa_assessor VALUES("34","121","102","55","19","2566");
INSERT INTO pa_assessor VALUES("35","121","188","56","19","2566");
INSERT INTO pa_assessor VALUES("36","121","189","57","19","2566");
INSERT INTO pa_assessor VALUES("37","103","102","58","20","2566");
INSERT INTO pa_assessor VALUES("38","103","190","59","20","2566");
INSERT INTO pa_assessor VALUES("39","103","191","60","20","2566");
INSERT INTO pa_assessor VALUES("40","112","102","58","20","2566");
INSERT INTO pa_assessor VALUES("41","112","190","59","20","2566");
INSERT INTO pa_assessor VALUES("42","112","191","60","20","2566");
INSERT INTO pa_assessor VALUES("43","127","102","58","20","2566");
INSERT INTO pa_assessor VALUES("44","127","190","59","20","2566");
INSERT INTO pa_assessor VALUES("45","127","191","60","20","2566");
INSERT INTO pa_assessor VALUES("46","152","102","58","20","2566");
INSERT INTO pa_assessor VALUES("47","152","190","59","20","2566");
INSERT INTO pa_assessor VALUES("48","152","191","60","20","2566");
INSERT INTO pa_assessor VALUES("49","107","102","58","20","2566");
INSERT INTO pa_assessor VALUES("50","107","190","59","20","2566");
INSERT INTO pa_assessor VALUES("51","107","191","60","20","2566");
INSERT INTO pa_assessor VALUES("52","125","102","55","19","2566");
INSERT INTO pa_assessor VALUES("53","125","188","56","19","2566");
INSERT INTO pa_assessor VALUES("54","125","189","57","19","2566");
INSERT INTO pa_assessor VALUES("55","105","102","55","19","2566");
INSERT INTO pa_assessor VALUES("56","105","188","56","19","2566");
INSERT INTO pa_assessor VALUES("57","105","189","57","19","2566");
INSERT INTO pa_assessor VALUES("58","123","102","58","20","2566");
INSERT INTO pa_assessor VALUES("59","123","190","59","20","2566");
INSERT INTO pa_assessor VALUES("60","123","191","60","20","2566");
INSERT INTO pa_assessor VALUES("61","108","102","61","21","2566");
INSERT INTO pa_assessor VALUES("62","108","192","62","21","2566");
INSERT INTO pa_assessor VALUES("63","108","193","63","21","2566");
INSERT INTO pa_assessor VALUES("64","126","102","61","21","2566");
INSERT INTO pa_assessor VALUES("65","126","192","62","21","2566");
INSERT INTO pa_assessor VALUES("66","126","193","63","21","2566");
INSERT INTO pa_assessor VALUES("67","117","102","61","21","2566");
INSERT INTO pa_assessor VALUES("68","117","192","62","21","2566");
INSERT INTO pa_assessor VALUES("69","117","193","63","21","2566");
INSERT INTO pa_assessor VALUES("70","113","102","61","21","2566");
INSERT INTO pa_assessor VALUES("71","113","192","62","21","2566");
INSERT INTO pa_assessor VALUES("72","113","193","63","21","2566");
INSERT INTO pa_assessor VALUES("73","115","102","61","21","2566");
INSERT INTO pa_assessor VALUES("74","115","192","62","21","2566");
INSERT INTO pa_assessor VALUES("75","115","193","63","21","2566");
INSERT INTO pa_assessor VALUES("76","114","102","61","21","2566");
INSERT INTO pa_assessor VALUES("77","114","192","62","21","2566");
INSERT INTO pa_assessor VALUES("78","114","193","63","21","2566");
INSERT INTO pa_assessor VALUES("79","116","102","61","21","2566");
INSERT INTO pa_assessor VALUES("80","116","192","62","21","2566");
INSERT INTO pa_assessor VALUES("81","116","193","63","21","2566");
INSERT INTO pa_assessor VALUES("82","120","102","61","21","2566");
INSERT INTO pa_assessor VALUES("83","120","192","62","21","2566");
INSERT INTO pa_assessor VALUES("84","120","193","63","21","2566");
INSERT INTO pa_assessor VALUES("85","118","102","61","21","2566");
INSERT INTO pa_assessor VALUES("86","118","192","62","21","2566");
INSERT INTO pa_assessor VALUES("87","118","193","63","21","2566");
INSERT INTO pa_assessor VALUES("88","15","6","4","2","2566");
INSERT INTO pa_assessor VALUES("89","15","156","5","2","2566");
INSERT INTO pa_assessor VALUES("90","15","157","6","2","2566");
INSERT INTO pa_assessor VALUES("91","6","6","1","1","2566");
INSERT INTO pa_assessor VALUES("92","6","154","2","1","2566");
INSERT INTO pa_assessor VALUES("93","6","155","3","1","2566");
INSERT INTO pa_assessor VALUES("94","7","6","1","1","2566");
INSERT INTO pa_assessor VALUES("95","7","154","2","1","2566");
INSERT INTO pa_assessor VALUES("96","7","155","3","1","2566");
INSERT INTO pa_assessor VALUES("97","10","6","1","1","2566");
INSERT INTO pa_assessor VALUES("98","10","154","2","1","2566");
INSERT INTO pa_assessor VALUES("99","10","155","3","1","2566");
INSERT INTO pa_assessor VALUES("100","11","6","1","1","2566");
INSERT INTO pa_assessor VALUES("101","11","154","2","1","2566");
INSERT INTO pa_assessor VALUES("102","11","155","3","1","2566");
INSERT INTO pa_assessor VALUES("103","13","6","1","1","2566");
INSERT INTO pa_assessor VALUES("104","13","154","2","1","2566");
INSERT INTO pa_assessor VALUES("105","13","155","3","1","2566");
INSERT INTO pa_assessor VALUES("106","8","6","4","2","2566");
INSERT INTO pa_assessor VALUES("107","8","156","5","2","2566");
INSERT INTO pa_assessor VALUES("108","8","157","6","2","2566");
INSERT INTO pa_assessor VALUES("109","9","6","4","2","2566");
INSERT INTO pa_assessor VALUES("110","9","156","5","2","2566");
INSERT INTO pa_assessor VALUES("111","9","157","6","2","2566");
INSERT INTO pa_assessor VALUES("112","14","6","4","2","2566");
INSERT INTO pa_assessor VALUES("113","14","156","5","2","2566");
INSERT INTO pa_assessor VALUES("114","14","157","6","2","2566");
INSERT INTO pa_assessor VALUES("115","12","6","4","2","2566");
INSERT INTO pa_assessor VALUES("116","12","156","5","2","2566");
INSERT INTO pa_assessor VALUES("117","12","157","6","2","2566");
INSERT INTO pa_assessor VALUES("121","77","78","10","4","2566");
INSERT INTO pa_assessor VALUES("122","77","160","11","4","2566");
INSERT INTO pa_assessor VALUES("123","77","161","12","4","2566");
INSERT INTO pa_assessor VALUES("124","73","78","10","4","2566");
INSERT INTO pa_assessor VALUES("125","73","160","11","4","2566");
INSERT INTO pa_assessor VALUES("126","73","161","12","4","2566");
INSERT INTO pa_assessor VALUES("127","150","78","10","4","2566");
INSERT INTO pa_assessor VALUES("128","150","160","11","4","2566");
INSERT INTO pa_assessor VALUES("129","150","161","12","4","2566");
INSERT INTO pa_assessor VALUES("130","76","78","10","4","2566");
INSERT INTO pa_assessor VALUES("131","76","160","11","4","2566");
INSERT INTO pa_assessor VALUES("132","76","161","12","4","2566");
INSERT INTO pa_assessor VALUES("133","70","78","10","4","2566");
INSERT INTO pa_assessor VALUES("134","70","160","11","4","2566");
INSERT INTO pa_assessor VALUES("135","70","161","12","4","2566");
INSERT INTO pa_assessor VALUES("136","72","78","10","4","2566");
INSERT INTO pa_assessor VALUES("137","72","160","11","4","2566");
INSERT INTO pa_assessor VALUES("138","72","161","12","4","2566");
INSERT INTO pa_assessor VALUES("139","74","78","10","4","2566");
INSERT INTO pa_assessor VALUES("140","74","160","11","4","2566");
INSERT INTO pa_assessor VALUES("141","74","161","12","4","2566");
INSERT INTO pa_assessor VALUES("142","71","78","10","4","2566");
INSERT INTO pa_assessor VALUES("143","71","160","11","4","2566");
INSERT INTO pa_assessor VALUES("144","71","161","12","4","2566");
INSERT INTO pa_assessor VALUES("145","64","34","43","15","2566");
INSERT INTO pa_assessor VALUES("146","64","180","44","15","2566");
INSERT INTO pa_assessor VALUES("147","64","181","45","15","2566");
INSERT INTO pa_assessor VALUES("148","53","34","52","18","2566");
INSERT INTO pa_assessor VALUES("149","53","186","53","18","2566");
INSERT INTO pa_assessor VALUES("150","53","187","54","18","2566");
INSERT INTO pa_assessor VALUES("151","37","34","46","16","2566");
INSERT INTO pa_assessor VALUES("152","37","182","47","16","2566");
INSERT INTO pa_assessor VALUES("153","37","183","48","16","2566");
INSERT INTO pa_assessor VALUES("154","51","34","46","16","2566");
INSERT INTO pa_assessor VALUES("155","51","182","47","16","2566");
INSERT INTO pa_assessor VALUES("156","51","183","48","16","2566");
INSERT INTO pa_assessor VALUES("157","35","34","52","18","2566");
INSERT INTO pa_assessor VALUES("158","35","186","53","18","2566");
INSERT INTO pa_assessor VALUES("159","35","187","54","18","2566");
INSERT INTO pa_assessor VALUES("160","58","34","46","16","2566");
INSERT INTO pa_assessor VALUES("161","58","182","47","16","2566");
INSERT INTO pa_assessor VALUES("162","58","183","48","16","2566");
INSERT INTO pa_assessor VALUES("163","42","34","43","15","2566");
INSERT INTO pa_assessor VALUES("164","42","180","44","15","2566");
INSERT INTO pa_assessor VALUES("165","42","181","45","15","2566");
INSERT INTO pa_assessor VALUES("166","49","34","52","18","2566");
INSERT INTO pa_assessor VALUES("167","49","186","53","18","2566");
INSERT INTO pa_assessor VALUES("168","49","187","54","18","2566");
INSERT INTO pa_assessor VALUES("169","67","34","43","15","2566");
INSERT INTO pa_assessor VALUES("170","67","180","44","15","2566");
INSERT INTO pa_assessor VALUES("171","67","181","45","15","2566");
INSERT INTO pa_assessor VALUES("172","56","34","49","17","2566");
INSERT INTO pa_assessor VALUES("173","56","184","50","17","2566");
INSERT INTO pa_assessor VALUES("174","56","185","51","17","2566");
INSERT INTO pa_assessor VALUES("175","47","34","43","15","2566");
INSERT INTO pa_assessor VALUES("176","47","180","44","15","2566");
INSERT INTO pa_assessor VALUES("177","47","181","45","15","2566");
INSERT INTO pa_assessor VALUES("178","54","34","49","17","2566");
INSERT INTO pa_assessor VALUES("179","54","184","50","17","2566");
INSERT INTO pa_assessor VALUES("180","54","185","51","17","2566");
INSERT INTO pa_assessor VALUES("181","38","34","52","18","2566");
INSERT INTO pa_assessor VALUES("182","38","186","53","18","2566");
INSERT INTO pa_assessor VALUES("183","38","187","54","18","2566");
INSERT INTO pa_assessor VALUES("184","45","34","46","16","2566");
INSERT INTO pa_assessor VALUES("185","45","182","47","16","2566");
INSERT INTO pa_assessor VALUES("186","45","183","48","16","2566");
INSERT INTO pa_assessor VALUES("187","36","34","52","18","2566");
INSERT INTO pa_assessor VALUES("188","36","186","53","18","2566");
INSERT INTO pa_assessor VALUES("189","36","187","54","18","2566");
INSERT INTO pa_assessor VALUES("190","43","34","46","16","2566");
INSERT INTO pa_assessor VALUES("191","43","182","47","16","2566");
INSERT INTO pa_assessor VALUES("192","43","183","48","16","2566");
INSERT INTO pa_assessor VALUES("193","61","34","52","18","2566");
INSERT INTO pa_assessor VALUES("194","61","186","53","18","2566");
INSERT INTO pa_assessor VALUES("195","61","187","54","18","2566");
INSERT INTO pa_assessor VALUES("196","34","34","43","15","2566");
INSERT INTO pa_assessor VALUES("197","34","180","44","15","2566");
INSERT INTO pa_assessor VALUES("198","34","181","45","15","2566");
INSERT INTO pa_assessor VALUES("199","57","34","46","16","2566");
INSERT INTO pa_assessor VALUES("200","57","182","47","16","2566");
INSERT INTO pa_assessor VALUES("201","57","183","48","16","2566");
INSERT INTO pa_assessor VALUES("202","41","34","46","16","2566");
INSERT INTO pa_assessor VALUES("203","41","182","47","16","2566");
INSERT INTO pa_assessor VALUES("204","41","183","48","16","2566");
INSERT INTO pa_assessor VALUES("205","48","34","46","16","2566");
INSERT INTO pa_assessor VALUES("206","48","182","47","16","2566");
INSERT INTO pa_assessor VALUES("207","48","183","48","16","2566");
INSERT INTO pa_assessor VALUES("208","66","34","52","18","2566");
INSERT INTO pa_assessor VALUES("209","66","186","53","18","2566");
INSERT INTO pa_assessor VALUES("210","66","187","54","18","2566");
INSERT INTO pa_assessor VALUES("211","39","34","49","17","2566");
INSERT INTO pa_assessor VALUES("212","39","184","50","17","2566");
INSERT INTO pa_assessor VALUES("213","39","185","51","17","2566");
INSERT INTO pa_assessor VALUES("214","46","34","49","17","2566");
INSERT INTO pa_assessor VALUES("215","46","184","50","17","2566");
INSERT INTO pa_assessor VALUES("216","46","185","51","17","2566");
INSERT INTO pa_assessor VALUES("217","44","34","49","17","2566");
INSERT INTO pa_assessor VALUES("218","44","184","50","17","2566");
INSERT INTO pa_assessor VALUES("219","44","185","51","17","2566");
INSERT INTO pa_assessor VALUES("220","62","34","46","16","2566");
INSERT INTO pa_assessor VALUES("221","62","182","47","16","2566");
INSERT INTO pa_assessor VALUES("222","62","183","48","16","2566");
INSERT INTO pa_assessor VALUES("223","153","34","46","16","2566");
INSERT INTO pa_assessor VALUES("224","153","182","47","16","2566");
INSERT INTO pa_assessor VALUES("225","153","183","48","16","2566");
INSERT INTO pa_assessor VALUES("226","60","34","52","18","2566");
INSERT INTO pa_assessor VALUES("227","60","186","53","18","2566");
INSERT INTO pa_assessor VALUES("228","60","187","54","18","2566");
INSERT INTO pa_assessor VALUES("229","40","34","52","18","2566");
INSERT INTO pa_assessor VALUES("230","40","186","53","18","2566");
INSERT INTO pa_assessor VALUES("231","40","187","54","18","2566");
INSERT INTO pa_assessor VALUES("232","52","34","49","17","2566");
INSERT INTO pa_assessor VALUES("233","52","184","50","17","2566");
INSERT INTO pa_assessor VALUES("234","52","185","51","17","2566");
INSERT INTO pa_assessor VALUES("235","50","34","46","16","2566");
INSERT INTO pa_assessor VALUES("236","50","182","47","16","2566");
INSERT INTO pa_assessor VALUES("237","50","183","48","16","2566");
INSERT INTO pa_assessor VALUES("238","59","34","49","17","2566");
INSERT INTO pa_assessor VALUES("239","59","184","50","17","2566");
INSERT INTO pa_assessor VALUES("240","59","185","51","17","2566");
INSERT INTO pa_assessor VALUES("241","55","34","46","16","2566");
INSERT INTO pa_assessor VALUES("242","55","182","47","16","2566");
INSERT INTO pa_assessor VALUES("243","55","183","48","16","2566");
INSERT INTO pa_assessor VALUES("244","69","34","49","17","2566");
INSERT INTO pa_assessor VALUES("245","69","184","50","17","2566");
INSERT INTO pa_assessor VALUES("246","69","185","51","17","2566");
INSERT INTO pa_assessor VALUES("247","65","34","49","17","2566");
INSERT INTO pa_assessor VALUES("248","65","184","50","17","2566");
INSERT INTO pa_assessor VALUES("249","65","185","51","17","2566");
INSERT INTO pa_assessor VALUES("250","68","34","43","15","2566");
INSERT INTO pa_assessor VALUES("251","68","180","44","15","2566");
INSERT INTO pa_assessor VALUES("252","68","181","45","15","2566");
INSERT INTO pa_assessor VALUES("253","99","79","34","12","2566");
INSERT INTO pa_assessor VALUES("254","99","175","35","12","2566");
INSERT INTO pa_assessor VALUES("255","99","173","36","12","2566");
INSERT INTO pa_assessor VALUES("256","80","79","34","12","2566");
INSERT INTO pa_assessor VALUES("257","80","175","35","12","2566");
INSERT INTO pa_assessor VALUES("258","80","173","36","12","2566");
INSERT INTO pa_assessor VALUES("259","87","79","25","9","2566");
INSERT INTO pa_assessor VALUES("260","87","170","26","9","2566");
INSERT INTO pa_assessor VALUES("261","87","171","27","9","2566");
INSERT INTO pa_assessor VALUES("262","94","79","28","10","2566");
INSERT INTO pa_assessor VALUES("263","94","160","29","10","2566");
INSERT INTO pa_assessor VALUES("264","94","172","30","10","2566");
INSERT INTO pa_assessor VALUES("265","85","79","25","9","2566");
INSERT INTO pa_assessor VALUES("266","85","170","26","9","2566");
INSERT INTO pa_assessor VALUES("267","85","171","27","9","2566");
INSERT INTO pa_assessor VALUES("268","92","79","28","10","2566");
INSERT INTO pa_assessor VALUES("269","92","160","29","10","2566");
INSERT INTO pa_assessor VALUES("270","92","172","30","10","2566");
INSERT INTO pa_assessor VALUES("271","83","79","28","10","2566");
INSERT INTO pa_assessor VALUES("272","83","160","29","10","2566");
INSERT INTO pa_assessor VALUES("273","83","172","30","10","2566");
INSERT INTO pa_assessor VALUES("274","81","79","25","9","2566");
INSERT INTO pa_assessor VALUES("275","81","170","26","9","2566");
INSERT INTO pa_assessor VALUES("276","81","171","27","9","2566");
INSERT INTO pa_assessor VALUES("277","97","79","34","12","2566");
INSERT INTO pa_assessor VALUES("278","97","175","35","12","2566");
INSERT INTO pa_assessor VALUES("279","97","173","36","12","2566");
INSERT INTO pa_assessor VALUES("280","88","79","25","9","2566");
INSERT INTO pa_assessor VALUES("281","88","170","26","9","2566");
INSERT INTO pa_assessor VALUES("282","88","171","27","9","2566");
INSERT INTO pa_assessor VALUES("283","79","79","25","9","2566");
INSERT INTO pa_assessor VALUES("284","79","170","26","9","2566");
INSERT INTO pa_assessor VALUES("285","79","171","27","9","2566");
INSERT INTO pa_assessor VALUES("286","86","79","28","10","2566");
INSERT INTO pa_assessor VALUES("287","86","160","29","10","2566");
INSERT INTO pa_assessor VALUES("288","86","172","30","10","2566");
INSERT INTO pa_assessor VALUES("289","100","79","34","12","2566");
INSERT INTO pa_assessor VALUES("290","100","175","35","12","2566");
INSERT INTO pa_assessor VALUES("291","100","173","36","12","2566");
INSERT INTO pa_assessor VALUES("292","91","79","25","9","2566");
INSERT INTO pa_assessor VALUES("293","91","170","26","9","2566");
INSERT INTO pa_assessor VALUES("294","91","171","27","9","2566");
INSERT INTO pa_assessor VALUES("295","82","79","31","11","2566");
INSERT INTO pa_assessor VALUES("296","82","173","32","11","2566");
INSERT INTO pa_assessor VALUES("297","82","174","33","11","2566");
INSERT INTO pa_assessor VALUES("298","98","79","31","11","2566");
INSERT INTO pa_assessor VALUES("299","98","173","32","11","2566");
INSERT INTO pa_assessor VALUES("300","98","174","33","11","2566");
INSERT INTO pa_assessor VALUES("301","101","79","34","12","2566");
INSERT INTO pa_assessor VALUES("302","101","175","35","12","2566");
INSERT INTO pa_assessor VALUES("303","101","173","36","12","2566");
INSERT INTO pa_assessor VALUES("304","90","79","28","10","2566");
INSERT INTO pa_assessor VALUES("305","90","160","29","10","2566");
INSERT INTO pa_assessor VALUES("306","90","172","30","10","2566");
INSERT INTO pa_assessor VALUES("307","93","79","31","11","2566");
INSERT INTO pa_assessor VALUES("308","93","173","32","11","2566");
INSERT INTO pa_assessor VALUES("309","93","174","33","11","2566");
INSERT INTO pa_assessor VALUES("310","96","79","31","11","2566");
INSERT INTO pa_assessor VALUES("311","96","173","32","11","2566");
INSERT INTO pa_assessor VALUES("312","96","174","33","11","2566");
INSERT INTO pa_assessor VALUES("313","95","79","31","11","2566");
INSERT INTO pa_assessor VALUES("314","95","173","32","11","2566");
INSERT INTO pa_assessor VALUES("315","95","174","33","11","2566");
INSERT INTO pa_assessor VALUES("316","89","79","31","11","2566");
INSERT INTO pa_assessor VALUES("317","89","173","32","11","2566");
INSERT INTO pa_assessor VALUES("318","89","174","33","11","2566");
INSERT INTO pa_assessor VALUES("319","145","146","37","13","2566");
INSERT INTO pa_assessor VALUES("320","145","176","38","13","2566");
INSERT INTO pa_assessor VALUES("321","145","177","39","13","2566");
INSERT INTO pa_assessor VALUES("322","146","146","37","13","2566");
INSERT INTO pa_assessor VALUES("323","146","176","38","13","2566");
INSERT INTO pa_assessor VALUES("324","146","177","39","13","2566");
INSERT INTO pa_assessor VALUES("328","148","148","40","14","2566");
INSERT INTO pa_assessor VALUES("329","148","178","41","14","2566");
INSERT INTO pa_assessor VALUES("330","148","179","42","14","2566");
INSERT INTO pa_assessor VALUES("331","135","132","22","8","2566");
INSERT INTO pa_assessor VALUES("332","135","168","23","8","2566");
INSERT INTO pa_assessor VALUES("333","135","169","24","8","2566");
INSERT INTO pa_assessor VALUES("334","134","132","22","8","2566");
INSERT INTO pa_assessor VALUES("335","134","168","23","8","2566");
INSERT INTO pa_assessor VALUES("336","134","169","24","8","2566");
INSERT INTO pa_assessor VALUES("337","136","132","22","8","2566");
INSERT INTO pa_assessor VALUES("338","136","168","23","8","2566");
INSERT INTO pa_assessor VALUES("339","136","169","24","8","2566");
INSERT INTO pa_assessor VALUES("340","132","132","22","8","2566");
INSERT INTO pa_assessor VALUES("341","132","168","23","8","2566");
INSERT INTO pa_assessor VALUES("342","132","169","24","8","2566");
INSERT INTO pa_assessor VALUES("343","133","132","22","8","2566");
INSERT INTO pa_assessor VALUES("344","133","168","23","8","2566");
INSERT INTO pa_assessor VALUES("345","133","169","24","8","2566");
INSERT INTO pa_assessor VALUES("349","129","129","19","7","2566");
INSERT INTO pa_assessor VALUES("350","129","166","20","7","2566");
INSERT INTO pa_assessor VALUES("351","129","167","21","7","2566");
INSERT INTO pa_assessor VALUES("355","151","129","19","7","2566");
INSERT INTO pa_assessor VALUES("356","151","166","20","7","2566");
INSERT INTO pa_assessor VALUES("357","151","167","21","7","2566");
INSERT INTO pa_assessor VALUES("358","131","129","19","7","2566");
INSERT INTO pa_assessor VALUES("359","131","166","20","7","2566");
INSERT INTO pa_assessor VALUES("360","131","167","21","7","2566");
INSERT INTO pa_assessor VALUES("361","138","138","13","5","2566");
INSERT INTO pa_assessor VALUES("362","138","162","14","5","2566");
INSERT INTO pa_assessor VALUES("363","138","163","15","5","2566");
INSERT INTO pa_assessor VALUES("364","139","138","16","6","2566");
INSERT INTO pa_assessor VALUES("365","139","164","17","6","2566");
INSERT INTO pa_assessor VALUES("366","139","165","18","6","2566");
INSERT INTO pa_assessor VALUES("367","142","138","13","5","2566");
INSERT INTO pa_assessor VALUES("368","142","162","14","5","2566");
INSERT INTO pa_assessor VALUES("369","142","163","15","5","2566");
INSERT INTO pa_assessor VALUES("370","143","138","13","5","2566");
INSERT INTO pa_assessor VALUES("371","143","162","14","5","2566");
INSERT INTO pa_assessor VALUES("372","143","163","15","5","2566");
INSERT INTO pa_assessor VALUES("373","141","138","13","5","2566");
INSERT INTO pa_assessor VALUES("374","141","162","14","5","2566");
INSERT INTO pa_assessor VALUES("375","141","163","15","5","2566");
INSERT INTO pa_assessor VALUES("376","140","138","16","6","2566");
INSERT INTO pa_assessor VALUES("377","140","164","17","6","2566");
INSERT INTO pa_assessor VALUES("378","140","165","18","6","2566");
INSERT INTO pa_assessor VALUES("379","144","138","16","6","2566");
INSERT INTO pa_assessor VALUES("380","144","164","17","6","2566");
INSERT INTO pa_assessor VALUES("381","144","165","18","6","2566");
INSERT INTO pa_assessor VALUES("385","27","17","7","3","2566");
INSERT INTO pa_assessor VALUES("386","27","158","8","3","2566");
INSERT INTO pa_assessor VALUES("387","27","159","9","3","2566");
INSERT INTO pa_assessor VALUES("388","18","17","7","3","2566");
INSERT INTO pa_assessor VALUES("389","18","158","8","3","2566");
INSERT INTO pa_assessor VALUES("390","18","159","9","3","2566");
INSERT INTO pa_assessor VALUES("391","28","17","7","3","2566");
INSERT INTO pa_assessor VALUES("392","28","158","8","3","2566");
INSERT INTO pa_assessor VALUES("393","28","159","9","3","2566");
INSERT INTO pa_assessor VALUES("394","19","17","7","3","2566");
INSERT INTO pa_assessor VALUES("395","19","158","8","3","2566");
INSERT INTO pa_assessor VALUES("396","19","159","9","3","2566");
INSERT INTO pa_assessor VALUES("397","26","17","7","3","2566");
INSERT INTO pa_assessor VALUES("398","26","158","8","3","2566");
INSERT INTO pa_assessor VALUES("399","26","159","9","3","2566");
INSERT INTO pa_assessor VALUES("400","17","17","7","3","2566");
INSERT INTO pa_assessor VALUES("401","17","158","8","3","2566");
INSERT INTO pa_assessor VALUES("402","17","159","9","3","2566");
INSERT INTO pa_assessor VALUES("403","24","17","7","3","2566");
INSERT INTO pa_assessor VALUES("404","24","158","8","3","2566");
INSERT INTO pa_assessor VALUES("405","24","159","9","3","2566");
INSERT INTO pa_assessor VALUES("406","31","17","7","3","2566");
INSERT INTO pa_assessor VALUES("407","31","158","8","3","2566");
INSERT INTO pa_assessor VALUES("408","31","159","9","3","2566");
INSERT INTO pa_assessor VALUES("409","22","17","7","3","2566");
INSERT INTO pa_assessor VALUES("410","22","158","8","3","2566");
INSERT INTO pa_assessor VALUES("411","22","159","9","3","2566");
INSERT INTO pa_assessor VALUES("412","25","17","7","3","2566");
INSERT INTO pa_assessor VALUES("413","25","158","8","3","2566");
INSERT INTO pa_assessor VALUES("414","25","159","9","3","2566");
INSERT INTO pa_assessor VALUES("415","32","17","7","3","2566");
INSERT INTO pa_assessor VALUES("416","32","158","8","3","2566");
INSERT INTO pa_assessor VALUES("417","32","159","9","3","2566");
INSERT INTO pa_assessor VALUES("418","23","17","7","3","2566");
INSERT INTO pa_assessor VALUES("419","23","158","8","3","2566");
INSERT INTO pa_assessor VALUES("420","23","159","9","3","2566");
INSERT INTO pa_assessor VALUES("421","21","17","7","3","2566");
INSERT INTO pa_assessor VALUES("422","21","158","8","3","2566");
INSERT INTO pa_assessor VALUES("423","21","159","9","3","2566");
INSERT INTO pa_assessor VALUES("424","30","17","7","3","2566");
INSERT INTO pa_assessor VALUES("425","30","158","8","3","2566");
INSERT INTO pa_assessor VALUES("426","30","159","9","3","2566");
INSERT INTO pa_assessor VALUES("427","29","17","7","3","2566");
INSERT INTO pa_assessor VALUES("428","29","158","8","3","2566");
INSERT INTO pa_assessor VALUES("429","29","159","9","3","2566");



DROP TABLE pa_estimate;

CREATE TABLE `pa_estimate` (
  `id_esti` int(9) NOT NULL AUTO_INCREMENT,
  `id_g_ass` int(5) DEFAULT NULL,
  `id_sele3` int(2) DEFAULT NULL,
  `no_sco` int(3) DEFAULT NULL,
  `sco_esti` double DEFAULT NULL,
  `pcode` int(9) DEFAULT NULL,
  `ecode` int(9) DEFAULT NULL,
  `id_ass` int(9) DEFAULT NULL,
  `id_h_ass` int(9) DEFAULT NULL,
  `pa_year` int(4) DEFAULT NULL,
  `changat` timestamp NULL DEFAULT CURRENT_TIMESTAMP,
  PRIMARY KEY (`id_esti`)
) ENGINE=InnoDB AUTO_INCREMENT=7453 DEFAULT CHARSET=latin1;

INSERT INTO pa_estimate VALUES("1","","1","4","4","79","79","283","25","2566","2023-09-09 23:19:38");
INSERT INTO pa_estimate VALUES("2","","2","4","4","79","79","283","25","2566","2023-09-09 23:19:38");
INSERT INTO pa_estimate VALUES("3","","3","4","4","79","79","283","25","2566","2023-09-09 23:19:38");
INSERT INTO pa_estimate VALUES("4","","4","4","4","79","79","283","25","2566","2023-09-09 23:19:38");
INSERT INTO pa_estimate VALUES("5","","5","4","4","79","79","283","25","2566","2023-09-09 23:19:38");
INSERT INTO pa_estimate VALUES("6","","6","4","4","79","79","283","25","2566","2023-09-09 23:19:38");
INSERT INTO pa_estimate VALUES("7","","7","3","3","79","79","283","25","2566","2023-09-09 23:19:38");
INSERT INTO pa_estimate VALUES("8","","8","4","4","79","79","283","25","2566","2023-09-09 23:19:38");
INSERT INTO pa_estimate VALUES("9","","9","4","4","79","79","283","25","2566","2023-09-09 23:19:38");
INSERT INTO pa_estimate VALUES("10","","10","3","3","79","79","283","25","2566","2023-09-09 23:19:38");
INSERT INTO pa_estimate VALUES("11","","11","4","4","79","79","283","25","2566","2023-09-09 23:19:38");
INSERT INTO pa_estimate VALUES("12","","12","4","4","79","79","283","25","2566","2023-09-09 23:19:38");
INSERT INTO pa_estimate VALUES("13","","13","4","4","79","79","283","25","2566","2023-09-09 23:19:38");
INSERT INTO pa_estimate VALUES("14","","14","4","4","79","79","283","25","2566","2023-09-09 23:19:38");
INSERT INTO pa_estimate VALUES("15","","15","4","4","79","79","283","25","2566","2023-09-09 23:19:38");
INSERT INTO pa_estimate VALUES("16","","16","4","20","79","79","283","25","2566","2023-09-09 23:19:38");
INSERT INTO pa_estimate VALUES("17","","17","4","10","79","79","283","25","2566","2023-09-09 23:19:38");
INSERT INTO pa_estimate VALUES("18","","18","3","7.5","79","79","283","25","2566","2023-09-09 23:19:38");
INSERT INTO pa_estimate VALUES("19","","1","3","3","135","168","332","23","2566","2023-09-10 13:16:19");
INSERT INTO pa_estimate VALUES("20","","2","3","3","135","168","332","23","2566","2023-09-10 13:16:19");
INSERT INTO pa_estimate VALUES("21","","3","3","3","135","168","332","23","2566","2023-09-10 13:16:19");
INSERT INTO pa_estimate VALUES("22","","4","3","3","135","168","332","23","2566","2023-09-10 13:16:19");
INSERT INTO pa_estimate VALUES("23","","5","3","3","135","168","332","23","2566","2023-09-10 13:16:19");
INSERT INTO pa_estimate VALUES("24","","6","3","3","135","168","332","23","2566","2023-09-10 13:16:19");
INSERT INTO pa_estimate VALUES("25","","7","3","3","135","168","332","23","2566","2023-09-10 13:16:19");
INSERT INTO pa_estimate VALUES("26","","8","3","3","135","168","332","23","2566","2023-09-10 13:16:19");
INSERT INTO pa_estimate VALUES("27","","9","3","3","135","168","332","23","2566","2023-09-10 13:16:19");
INSERT INTO pa_estimate VALUES("28","","10","4","4","135","168","332","23","2566","2023-09-10 13:16:19");
INSERT INTO pa_estimate VALUES("29","","11","4","4","135","168","332","23","2566","2023-09-10 13:16:19");
INSERT INTO pa_estimate VALUES("30","","12","4","4","135","168","332","23","2566","2023-09-10 13:16:19");
INSERT INTO pa_estimate VALUES("31","","13","3","3","135","168","332","23","2566","2023-09-10 13:16:19");
INSERT INTO pa_estimate VALUES("32","","14","4","4","135","168","332","23","2566","2023-09-10 13:16:19");
INSERT INTO pa_estimate VALUES("33","","15","4","4","135","168","332","23","2566","2023-09-10 13:16:19");
INSERT INTO pa_estimate VALUES("34","","16","4","20","135","168","332","23","2566","2023-09-10 13:16:19");
INSERT INTO pa_estimate VALUES("35","","17","4","10","135","168","332","23","2566","2023-09-10 13:16:19");
INSERT INTO pa_estimate VALUES("36","","18","4","10","135","168","332","23","2566","2023-09-10 13:16:19");
INSERT INTO pa_estimate VALUES("37","","1","3","3","134","168","335","23","2566","2023-09-10 13:17:44");
INSERT INTO pa_estimate VALUES("38","","2","3","3","134","168","335","23","2566","2023-09-10 13:17:44");
INSERT INTO pa_estimate VALUES("39","","3","3","3","134","168","335","23","2566","2023-09-10 13:17:44");
INSERT INTO pa_estimate VALUES("40","","4","3","3","134","168","335","23","2566","2023-09-10 13:17:44");
INSERT INTO pa_estimate VALUES("41","","5","3","3","134","168","335","23","2566","2023-09-10 13:17:44");
INSERT INTO pa_estimate VALUES("42","","6","3","3","134","168","335","23","2566","2023-09-10 13:17:44");
INSERT INTO pa_estimate VALUES("43","","7","3","3","134","168","335","23","2566","2023-09-10 13:17:44");
INSERT INTO pa_estimate VALUES("44","","8","3","3","134","168","335","23","2566","2023-09-10 13:17:44");
INSERT INTO pa_estimate VALUES("45","","9","3","3","134","168","335","23","2566","2023-09-10 13:17:44");
INSERT INTO pa_estimate VALUES("46","","10","3","3","134","168","335","23","2566","2023-09-10 13:17:44");
INSERT INTO pa_estimate VALUES("47","","11","4","4","134","168","335","23","2566","2023-09-10 13:17:44");
INSERT INTO pa_estimate VALUES("48","","12","4","4","134","168","335","23","2566","2023-09-10 13:17:44");
INSERT INTO pa_estimate VALUES("49","","13","4","4","134","168","335","23","2566","2023-09-10 13:17:44");
INSERT INTO pa_estimate VALUES("50","","14","4","4","134","168","335","23","2566","2023-09-10 13:17:44");
INSERT INTO pa_estimate VALUES("51","","15","4","4","134","168","335","23","2566","2023-09-10 13:17:44");
INSERT INTO pa_estimate VALUES("52","","16","4","20","134","168","335","23","2566","2023-09-10 13:17:44");
INSERT INTO pa_estimate VALUES("53","","17","4","10","134","168","335","23","2566","2023-09-10 13:17:44");
INSERT INTO pa_estimate VALUES("54","","18","4","10","134","168","335","23","2566","2023-09-10 13:17:44");
INSERT INTO pa_estimate VALUES("55","","1","3","3","136","168","338","23","2566","2023-09-10 13:18:25");
INSERT INTO pa_estimate VALUES("56","","2","3","3","136","168","338","23","2566","2023-09-10 13:18:25");
INSERT INTO pa_estimate VALUES("57","","3","3","3","136","168","338","23","2566","2023-09-10 13:18:25");
INSERT INTO pa_estimate VALUES("58","","4","3","3","136","168","338","23","2566","2023-09-10 13:18:25");
INSERT INTO pa_estimate VALUES("59","","5","3","3","136","168","338","23","2566","2023-09-10 13:18:25");
INSERT INTO pa_estimate VALUES("60","","6","3","3","136","168","338","23","2566","2023-09-10 13:18:25");
INSERT INTO pa_estimate VALUES("61","","7","3","3","136","168","338","23","2566","2023-09-10 13:18:25");
INSERT INTO pa_estimate VALUES("62","","8","3","3","136","168","338","23","2566","2023-09-10 13:18:25");
INSERT INTO pa_estimate VALUES("63","","9","3","3","136","168","338","23","2566","2023-09-10 13:18:25");
INSERT INTO pa_estimate VALUES("64","","10","4","4","136","168","338","23","2566","2023-09-10 13:18:25");
INSERT INTO pa_estimate VALUES("65","","11","4","4","136","168","338","23","2566","2023-09-10 13:18:25");
INSERT INTO pa_estimate VALUES("66","","12","4","4","136","168","338","23","2566","2023-09-10 13:18:25");
INSERT INTO pa_estimate VALUES("67","","13","4","4","136","168","338","23","2566","2023-09-10 13:18:25");
INSERT INTO pa_estimate VALUES("68","","14","4","4","136","168","338","23","2566","2023-09-10 13:18:25");
INSERT INTO pa_estimate VALUES("69","","15","4","4","136","168","338","23","2566","2023-09-10 13:18:25");
INSERT INTO pa_estimate VALUES("70","","16","4","20","136","168","338","23","2566","2023-09-10 13:18:25");
INSERT INTO pa_estimate VALUES("71","","17","4","10","136","168","338","23","2566","2023-09-10 13:18:25");
INSERT INTO pa_estimate VALUES("72","","18","4","10","136","168","338","23","2566","2023-09-10 13:18:25");
INSERT INTO pa_estimate VALUES("73","","1","3","3","132","168","341","23","2566","2023-09-10 13:18:58");
INSERT INTO pa_estimate VALUES("74","","2","3","3","132","168","341","23","2566","2023-09-10 13:18:58");
INSERT INTO pa_estimate VALUES("75","","3","3","3","132","168","341","23","2566","2023-09-10 13:18:58");
INSERT INTO pa_estimate VALUES("76","","4","3","3","132","168","341","23","2566","2023-09-10 13:18:58");
INSERT INTO pa_estimate VALUES("77","","5","3","3","132","168","341","23","2566","2023-09-10 13:18:58");
INSERT INTO pa_estimate VALUES("78","","6","3","3","132","168","341","23","2566","2023-09-10 13:18:58");
INSERT INTO pa_estimate VALUES("79","","7","3","3","132","168","341","23","2566","2023-09-10 13:18:58");
INSERT INTO pa_estimate VALUES("80","","8","3","3","132","168","341","23","2566","2023-09-10 13:18:58");
INSERT INTO pa_estimate VALUES("81","","9","3","3","132","168","341","23","2566","2023-09-10 13:18:58");
INSERT INTO pa_estimate VALUES("82","","10","3","3","132","168","341","23","2566","2023-09-10 13:18:58");
INSERT INTO pa_estimate VALUES("83","","11","4","4","132","168","341","23","2566","2023-09-10 13:18:58");
INSERT INTO pa_estimate VALUES("84","","12","4","4","132","168","341","23","2566","2023-09-10 13:18:58");
INSERT INTO pa_estimate VALUES("85","","13","4","4","132","168","341","23","2566","2023-09-10 13:18:58");
INSERT INTO pa_estimate VALUES("86","","14","4","4","132","168","341","23","2566","2023-09-10 13:18:58");
INSERT INTO pa_estimate VALUES("87","","15","4","4","132","168","341","23","2566","2023-09-10 13:18:58");
INSERT INTO pa_estimate VALUES("88","","16","4","20","132","168","341","23","2566","2023-09-10 13:18:58");
INSERT INTO pa_estimate VALUES("89","","17","4","10","132","168","341","23","2566","2023-09-10 13:18:58");
INSERT INTO pa_estimate VALUES("90","","18","4","10","132","168","341","23","2566","2023-09-10 13:18:58");
INSERT INTO pa_estimate VALUES("91","","1","3","3","133","168","344","23","2566","2023-09-10 13:19:26");
INSERT INTO pa_estimate VALUES("92","","2","3","3","133","168","344","23","2566","2023-09-10 13:19:26");
INSERT INTO pa_estimate VALUES("93","","3","3","3","133","168","344","23","2566","2023-09-10 13:19:26");
INSERT INTO pa_estimate VALUES("94","","4","3","3","133","168","344","23","2566","2023-09-10 13:19:26");
INSERT INTO pa_estimate VALUES("95","","5","3","3","133","168","344","23","2566","2023-09-10 13:19:26");
INSERT INTO pa_estimate VALUES("96","","6","3","3","133","168","344","23","2566","2023-09-10 13:19:26");
INSERT INTO pa_estimate VALUES("97","","7","3","3","133","168","344","23","2566","2023-09-10 13:19:26");
INSERT INTO pa_estimate VALUES("98","","8","3","3","133","168","344","23","2566","2023-09-10 13:19:26");
INSERT INTO pa_estimate VALUES("99","","9","3","3","133","168","344","23","2566","2023-09-10 13:19:26");
INSERT INTO pa_estimate VALUES("100","","10","3","3","133","168","344","23","2566","2023-09-10 13:19:26");
INSERT INTO pa_estimate VALUES("101","","11","4","4","133","168","344","23","2566","2023-09-10 13:19:26");
INSERT INTO pa_estimate VALUES("102","","12","4","4","133","168","344","23","2566","2023-09-10 13:19:26");
INSERT INTO pa_estimate VALUES("103","","13","4","4","133","168","344","23","2566","2023-09-10 13:19:26");
INSERT INTO pa_estimate VALUES("104","","14","4","4","133","168","344","23","2566","2023-09-10 13:19:26");
INSERT INTO pa_estimate VALUES("105","","15","4","4","133","168","344","23","2566","2023-09-10 13:19:26");
INSERT INTO pa_estimate VALUES("106","","16","4","20","133","168","344","23","2566","2023-09-10 13:19:26");
INSERT INTO pa_estimate VALUES("107","","17","4","10","133","168","344","23","2566","2023-09-10 13:19:26");
INSERT INTO pa_estimate VALUES("108","","18","4","10","133","168","344","23","2566","2023-09-10 13:19:26");
INSERT INTO pa_estimate VALUES("109","","1","4","4","97","175","278","35","2566","2023-09-10 13:34:51");
INSERT INTO pa_estimate VALUES("110","","2","4","4","97","175","278","35","2566","2023-09-10 13:34:51");
INSERT INTO pa_estimate VALUES("111","","3","4","4","97","175","278","35","2566","2023-09-10 13:34:51");
INSERT INTO pa_estimate VALUES("112","","4","4","4","97","175","278","35","2566","2023-09-10 13:34:51");
INSERT INTO pa_estimate VALUES("113","","5","4","4","97","175","278","35","2566","2023-09-10 13:34:51");
INSERT INTO pa_estimate VALUES("114","","6","4","4","97","175","278","35","2566","2023-09-10 13:34:52");
INSERT INTO pa_estimate VALUES("115","","7","4","4","97","175","278","35","2566","2023-09-10 13:34:52");
INSERT INTO pa_estimate VALUES("116","","8","4","4","97","175","278","35","2566","2023-09-10 13:34:52");
INSERT INTO pa_estimate VALUES("117","","9","4","4","97","175","278","35","2566","2023-09-10 13:34:52");
INSERT INTO pa_estimate VALUES("118","","10","4","4","97","175","278","35","2566","2023-09-10 13:34:52");
INSERT INTO pa_estimate VALUES("119","","11","4","4","97","175","278","35","2566","2023-09-10 13:34:52");
INSERT INTO pa_estimate VALUES("120","","12","4","4","97","175","278","35","2566","2023-09-10 13:34:52");
INSERT INTO pa_estimate VALUES("121","","13","4","4","97","175","278","35","2566","2023-09-10 13:34:52");
INSERT INTO pa_estimate VALUES("122","","14","4","4","97","175","278","35","2566","2023-09-10 13:34:52");
INSERT INTO pa_estimate VALUES("123","","15","4","4","97","175","278","35","2566","2023-09-10 13:34:52");
INSERT INTO pa_estimate VALUES("124","","16","4","20","97","175","278","35","2566","2023-09-10 13:34:52");
INSERT INTO pa_estimate VALUES("125","","17","4","10","97","175","278","35","2566","2023-09-10 13:34:52");
INSERT INTO pa_estimate VALUES("126","","18","4","10","97","175","278","35","2566","2023-09-10 13:34:52");
INSERT INTO pa_estimate VALUES("127","","1","4","4","100","175","290","35","2566","2023-09-10 13:43:20");
INSERT INTO pa_estimate VALUES("128","","2","4","4","100","175","290","35","2566","2023-09-10 13:43:20");
INSERT INTO pa_estimate VALUES("129","","3","4","4","100","175","290","35","2566","2023-09-10 13:43:20");
INSERT INTO pa_estimate VALUES("130","","4","3","3","100","175","290","35","2566","2023-09-10 13:43:20");
INSERT INTO pa_estimate VALUES("131","","5","4","4","100","175","290","35","2566","2023-09-10 13:43:20");
INSERT INTO pa_estimate VALUES("132","","6","4","4","100","175","290","35","2566","2023-09-10 13:43:20");
INSERT INTO pa_estimate VALUES("133","","7","4","4","100","175","290","35","2566","2023-09-10 13:43:20");
INSERT INTO pa_estimate VALUES("134","","8","4","4","100","175","290","35","2566","2023-09-10 13:43:20");
INSERT INTO pa_estimate VALUES("135","","9","4","4","100","175","290","35","2566","2023-09-10 13:43:20");
INSERT INTO pa_estimate VALUES("136","","10","4","4","100","175","290","35","2566","2023-09-10 13:43:20");
INSERT INTO pa_estimate VALUES("137","","11","4","4","100","175","290","35","2566","2023-09-10 13:43:20");
INSERT INTO pa_estimate VALUES("138","","12","4","4","100","175","290","35","2566","2023-09-10 13:43:20");
INSERT INTO pa_estimate VALUES("139","","13","4","4","100","175","290","35","2566","2023-09-10 13:43:20");
INSERT INTO pa_estimate VALUES("140","","14","4","4","100","175","290","35","2566","2023-09-10 13:43:20");
INSERT INTO pa_estimate VALUES("141","","15","4","4","100","175","290","35","2566","2023-09-10 13:43:20");
INSERT INTO pa_estimate VALUES("142","","16","3","15","100","175","290","35","2566","2023-09-10 13:43:20");
INSERT INTO pa_estimate VALUES("143","","17","4","10","100","175","290","35","2566","2023-09-10 13:43:20");
INSERT INTO pa_estimate VALUES("144","","18","4","10","100","175","290","35","2566","2023-09-10 13:43:20");
INSERT INTO pa_estimate VALUES("145","","1","4","4","81","79","274","25","2566","2023-09-10 16:27:02");
INSERT INTO pa_estimate VALUES("146","","2","4","4","81","79","274","25","2566","2023-09-10 16:27:02");
INSERT INTO pa_estimate VALUES("147","","3","4","4","81","79","274","25","2566","2023-09-10 16:27:02");
INSERT INTO pa_estimate VALUES("148","","4","3","3","81","79","274","25","2566","2023-09-10 16:27:02");
INSERT INTO pa_estimate VALUES("149","","5","4","4","81","79","274","25","2566","2023-09-10 16:27:02");
INSERT INTO pa_estimate VALUES("150","","6","4","4","81","79","274","25","2566","2023-09-10 16:27:02");
INSERT INTO pa_estimate VALUES("151","","7","4","4","81","79","274","25","2566","2023-09-10 16:27:02");
INSERT INTO pa_estimate VALUES("152","","8","3","3","81","79","274","25","2566","2023-09-10 16:27:02");
INSERT INTO pa_estimate VALUES("153","","9","3","3","81","79","274","25","2566","2023-09-10 16:27:02");
INSERT INTO pa_estimate VALUES("154","","10","3","3","81","79","274","25","2566","2023-09-10 16:27:02");
INSERT INTO pa_estimate VALUES("155","","11","4","4","81","79","274","25","2566","2023-09-10 16:27:02");
INSERT INTO pa_estimate VALUES("156","","12","4","4","81","79","274","25","2566","2023-09-10 16:27:02");
INSERT INTO pa_estimate VALUES("157","","13","4","4","81","79","274","25","2566","2023-09-10 16:27:02");
INSERT INTO pa_estimate VALUES("158","","14","4","4","81","79","274","25","2566","2023-09-10 16:27:02");
INSERT INTO pa_estimate VALUES("159","","15","4","4","81","79","274","25","2566","2023-09-10 16:27:02");
INSERT INTO pa_estimate VALUES("160","","16","4","20","81","79","274","25","2566","2023-09-10 16:27:02");
INSERT INTO pa_estimate VALUES("161","","17","4","10","81","79","274","25","2566","2023-09-10 16:27:02");
INSERT INTO pa_estimate VALUES("162","","18","4","10","81","79","274","25","2566","2023-09-10 16:27:02");
INSERT INTO pa_estimate VALUES("163","","1","4","4","85","79","265","25","2566","2023-09-10 17:42:31");
INSERT INTO pa_estimate VALUES("164","","2","4","4","85","79","265","25","2566","2023-09-10 17:42:31");
INSERT INTO pa_estimate VALUES("165","","3","4","4","85","79","265","25","2566","2023-09-10 17:42:32");
INSERT INTO pa_estimate VALUES("166","","4","4","4","85","79","265","25","2566","2023-09-10 17:42:32");
INSERT INTO pa_estimate VALUES("167","","5","4","4","85","79","265","25","2566","2023-09-10 17:42:32");
INSERT INTO pa_estimate VALUES("168","","6","4","4","85","79","265","25","2566","2023-09-10 17:42:32");
INSERT INTO pa_estimate VALUES("169","","7","4","4","85","79","265","25","2566","2023-09-10 17:42:32");
INSERT INTO pa_estimate VALUES("170","","8","3","3","85","79","265","25","2566","2023-09-10 17:42:32");
INSERT INTO pa_estimate VALUES("171","","9","4","4","85","79","265","25","2566","2023-09-10 17:42:32");
INSERT INTO pa_estimate VALUES("172","","10","4","4","85","79","265","25","2566","2023-09-10 17:42:32");
INSERT INTO pa_estimate VALUES("173","","11","4","4","85","79","265","25","2566","2023-09-10 17:42:32");
INSERT INTO pa_estimate VALUES("174","","12","4","4","85","79","265","25","2566","2023-09-10 17:42:32");
INSERT INTO pa_estimate VALUES("175","","13","4","4","85","79","265","25","2566","2023-09-10 17:42:32");
INSERT INTO pa_estimate VALUES("176","","14","4","4","85","79","265","25","2566","2023-09-10 17:42:32");
INSERT INTO pa_estimate VALUES("177","","15","4","4","85","79","265","25","2566","2023-09-10 17:42:33");
INSERT INTO pa_estimate VALUES("178","","16","4","20","85","79","265","25","2566","2023-09-10 17:42:33");
INSERT INTO pa_estimate VALUES("179","","17","4","10","85","79","265","25","2566","2023-09-10 17:42:33");
INSERT INTO pa_estimate VALUES("180","","18","4","10","85","79","265","25","2566","2023-09-10 17:42:33");
INSERT INTO pa_estimate VALUES("181","","1","4","4","83","79","271","28","2566","2023-09-10 19:08:35");
INSERT INTO pa_estimate VALUES("182","","2","4","4","83","79","271","28","2566","2023-09-10 19:08:35");
INSERT INTO pa_estimate VALUES("183","","3","4","4","83","79","271","28","2566","2023-09-10 19:08:36");
INSERT INTO pa_estimate VALUES("184","","4","3","3","83","79","271","28","2566","2023-09-10 19:08:36");
INSERT INTO pa_estimate VALUES("185","","5","4","4","83","79","271","28","2566","2023-09-10 19:08:36");
INSERT INTO pa_estimate VALUES("186","","6","4","4","83","79","271","28","2566","2023-09-10 19:08:36");
INSERT INTO pa_estimate VALUES("187","","7","4","4","83","79","271","28","2566","2023-09-10 19:08:36");
INSERT INTO pa_estimate VALUES("188","","8","4","4","83","79","271","28","2566","2023-09-10 19:08:36");
INSERT INTO pa_estimate VALUES("189","","9","4","4","83","79","271","28","2566","2023-09-10 19:08:36");
INSERT INTO pa_estimate VALUES("190","","10","4","4","83","79","271","28","2566","2023-09-10 19:08:36");
INSERT INTO pa_estimate VALUES("191","","11","4","4","83","79","271","28","2566","2023-09-10 19:08:36");
INSERT INTO pa_estimate VALUES("192","","12","4","4","83","79","271","28","2566","2023-09-10 19:08:36");
INSERT INTO pa_estimate VALUES("193","","13","4","4","83","79","271","28","2566","2023-09-10 19:08:36");
INSERT INTO pa_estimate VALUES("194","","14","4","4","83","79","271","28","2566","2023-09-10 19:08:36");
INSERT INTO pa_estimate VALUES("195","","15","4","4","83","79","271","28","2566","2023-09-10 19:08:36");
INSERT INTO pa_estimate VALUES("196","","16","3","15","83","79","271","28","2566","2023-09-10 19:08:36");
INSERT INTO pa_estimate VALUES("197","","17","4","10","83","79","271","28","2566","2023-09-10 19:08:36");
INSERT INTO pa_estimate VALUES("198","","18","4","10","83","79","271","28","2566","2023-09-10 19:08:36");
INSERT INTO pa_estimate VALUES("199","","1","3","3","138","163","363","15","2566","2023-09-11 08:23:13");
INSERT INTO pa_estimate VALUES("200","","2","3","3","138","163","363","15","2566","2023-09-11 08:23:13");
INSERT INTO pa_estimate VALUES("201","","3","3","3","138","163","363","15","2566","2023-09-11 08:23:13");
INSERT INTO pa_estimate VALUES("202","","4","4","4","138","163","363","15","2566","2023-09-11 08:23:13");
INSERT INTO pa_estimate VALUES("203","","5","4","4","138","163","363","15","2566","2023-09-11 08:23:13");
INSERT INTO pa_estimate VALUES("204","","6","4","4","138","163","363","15","2566","2023-09-11 08:23:13");
INSERT INTO pa_estimate VALUES("205","","7","4","4","138","163","363","15","2566","2023-09-11 08:23:13");
INSERT INTO pa_estimate VALUES("206","","8","4","4","138","163","363","15","2566","2023-09-11 08:23:13");
INSERT INTO pa_estimate VALUES("207","","9","3","3","138","163","363","15","2566","2023-09-11 08:23:13");
INSERT INTO pa_estimate VALUES("208","","10","4","4","138","163","363","15","2566","2023-09-11 08:23:13");
INSERT INTO pa_estimate VALUES("209","","11","4","4","138","163","363","15","2566","2023-09-11 08:23:13");
INSERT INTO pa_estimate VALUES("210","","12","4","4","138","163","363","15","2566","2023-09-11 08:23:13");
INSERT INTO pa_estimate VALUES("211","","13","3","3","138","163","363","15","2566","2023-09-11 08:23:13");
INSERT INTO pa_estimate VALUES("212","","14","4","4","138","163","363","15","2566","2023-09-11 08:23:13");
INSERT INTO pa_estimate VALUES("213","","15","4","4","138","163","363","15","2566","2023-09-11 08:23:13");
INSERT INTO pa_estimate VALUES("214","","16","4","20","138","163","363","15","2566","2023-09-11 08:23:13");
INSERT INTO pa_estimate VALUES("215","","17","3","7.5","138","163","363","15","2566","2023-09-11 08:23:13");
INSERT INTO pa_estimate VALUES("216","","18","4","10","138","163","363","15","2566","2023-09-11 08:23:13");
INSERT INTO pa_estimate VALUES("217","","1","4","4","143","163","372","15","2566","2023-09-11 08:29:33");
INSERT INTO pa_estimate VALUES("218","","2","3","3","143","163","372","15","2566","2023-09-11 08:29:33");
INSERT INTO pa_estimate VALUES("219","","3","3","3","143","163","372","15","2566","2023-09-11 08:29:33");
INSERT INTO pa_estimate VALUES("220","","4","3","3","143","163","372","15","2566","2023-09-11 08:29:33");
INSERT INTO pa_estimate VALUES("221","","5","4","4","143","163","372","15","2566","2023-09-11 08:29:33");
INSERT INTO pa_estimate VALUES("222","","6","3","3","143","163","372","15","2566","2023-09-11 08:29:33");
INSERT INTO pa_estimate VALUES("223","","7","4","4","143","163","372","15","2566","2023-09-11 08:29:33");
INSERT INTO pa_estimate VALUES("224","","8","2","2","143","163","372","15","2566","2023-09-11 08:29:33");
INSERT INTO pa_estimate VALUES("225","","9","3","3","143","163","372","15","2566","2023-09-11 08:29:33");
INSERT INTO pa_estimate VALUES("226","","10","3","3","143","163","372","15","2566","2023-09-11 08:29:33");
INSERT INTO pa_estimate VALUES("227","","11","4","4","143","163","372","15","2566","2023-09-11 08:29:33");
INSERT INTO pa_estimate VALUES("228","","12","2","2","143","163","372","15","2566","2023-09-11 08:29:33");
INSERT INTO pa_estimate VALUES("229","","13","3","3","143","163","372","15","2566","2023-09-11 08:29:33");
INSERT INTO pa_estimate VALUES("230","","14","3","3","143","163","372","15","2566","2023-09-11 08:29:33");
INSERT INTO pa_estimate VALUES("231","","15","4","4","143","163","372","15","2566","2023-09-11 08:29:34");
INSERT INTO pa_estimate VALUES("232","","16","4","20","143","163","372","15","2566","2023-09-11 08:29:34");
INSERT INTO pa_estimate VALUES("233","","17","3","7.5","143","163","372","15","2566","2023-09-11 08:29:34");
INSERT INTO pa_estimate VALUES("234","","18","3","7.5","143","163","372","15","2566","2023-09-11 08:29:34");
INSERT INTO pa_estimate VALUES("235","","1","3","3","142","163","369","15","2566","2023-09-11 08:37:27");
INSERT INTO pa_estimate VALUES("236","","2","3","3","142","163","369","15","2566","2023-09-11 08:37:27");
INSERT INTO pa_estimate VALUES("237","","3","4","4","142","163","369","15","2566","2023-09-11 08:37:27");
INSERT INTO pa_estimate VALUES("238","","4","3","3","142","163","369","15","2566","2023-09-11 08:37:28");
INSERT INTO pa_estimate VALUES("239","","5","3","3","142","163","369","15","2566","2023-09-11 08:37:28");
INSERT INTO pa_estimate VALUES("240","","6","3","3","142","163","369","15","2566","2023-09-11 08:37:28");
INSERT INTO pa_estimate VALUES("241","","7","4","4","142","163","369","15","2566","2023-09-11 08:37:28");
INSERT INTO pa_estimate VALUES("242","","8","4","4","142","163","369","15","2566","2023-09-11 08:37:28");
INSERT INTO pa_estimate VALUES("243","","9","3","3","142","163","369","15","2566","2023-09-11 08:37:28");
INSERT INTO pa_estimate VALUES("244","","10","4","4","142","163","369","15","2566","2023-09-11 08:37:28");
INSERT INTO pa_estimate VALUES("245","","11","4","4","142","163","369","15","2566","2023-09-11 08:37:28");
INSERT INTO pa_estimate VALUES("246","","12","3","3","142","163","369","15","2566","2023-09-11 08:37:28");
INSERT INTO pa_estimate VALUES("247","","13","3","3","142","163","369","15","2566","2023-09-11 08:37:28");
INSERT INTO pa_estimate VALUES("248","","14","3","3","142","163","369","15","2566","2023-09-11 08:37:28");
INSERT INTO pa_estimate VALUES("249","","15","4","4","142","163","369","15","2566","2023-09-11 08:37:28");
INSERT INTO pa_estimate VALUES("250","","16","4","20","142","163","369","15","2566","2023-09-11 08:37:28");
INSERT INTO pa_estimate VALUES("251","","17","3","7.5","142","163","369","15","2566","2023-09-11 08:37:28");
INSERT INTO pa_estimate VALUES("252","","18","4","10","142","163","369","15","2566","2023-09-11 08:37:28");
INSERT INTO pa_estimate VALUES("253","","1","3","3","141","163","375","15","2566","2023-09-11 08:46:43");
INSERT INTO pa_estimate VALUES("254","","2","3","3","141","163","375","15","2566","2023-09-11 08:46:43");
INSERT INTO pa_estimate VALUES("255","","3","4","4","141","163","375","15","2566","2023-09-11 08:46:43");
INSERT INTO pa_estimate VALUES("256","","4","3","3","141","163","375","15","2566","2023-09-11 08:46:43");
INSERT INTO pa_estimate VALUES("257","","5","3","3","141","163","375","15","2566","2023-09-11 08:46:43");
INSERT INTO pa_estimate VALUES("258","","6","3","3","141","163","375","15","2566","2023-09-11 08:46:43");
INSERT INTO pa_estimate VALUES("259","","7","4","4","141","163","375","15","2566","2023-09-11 08:46:43");
INSERT INTO pa_estimate VALUES("260","","8","4","4","141","163","375","15","2566","2023-09-11 08:46:43");
INSERT INTO pa_estimate VALUES("261","","9","3","3","141","163","375","15","2566","2023-09-11 08:46:43");
INSERT INTO pa_estimate VALUES("262","","10","4","4","141","163","375","15","2566","2023-09-11 08:46:43");
INSERT INTO pa_estimate VALUES("263","","11","4","4","141","163","375","15","2566","2023-09-11 08:46:43");
INSERT INTO pa_estimate VALUES("264","","12","3","3","141","163","375","15","2566","2023-09-11 08:46:43");
INSERT INTO pa_estimate VALUES("265","","13","3","3","141","163","375","15","2566","2023-09-11 08:46:43");
INSERT INTO pa_estimate VALUES("266","","14","3","3","141","163","375","15","2566","2023-09-11 08:46:43");
INSERT INTO pa_estimate VALUES("267","","15","3","3","141","163","375","15","2566","2023-09-11 08:46:43");
INSERT INTO pa_estimate VALUES("268","","16","4","20","141","163","375","15","2566","2023-09-11 08:46:43");
INSERT INTO pa_estimate VALUES("269","","17","3","7.5","141","163","375","15","2566","2023-09-11 08:46:43");
INSERT INTO pa_estimate VALUES("270","","18","3","7.5","141","163","375","15","2566","2023-09-11 08:46:43");
INSERT INTO pa_estimate VALUES("271","","1","4","4","99","175","254","35","2566","2023-09-11 08:47:18");
INSERT INTO pa_estimate VALUES("272","","2","4","4","99","175","254","35","2566","2023-09-11 08:47:18");
INSERT INTO pa_estimate VALUES("273","","3","4","4","99","175","254","35","2566","2023-09-11 08:47:18");
INSERT INTO pa_estimate VALUES("274","","4","3","3","99","175","254","35","2566","2023-09-11 08:47:18");
INSERT INTO pa_estimate VALUES("275","","5","4","4","99","175","254","35","2566","2023-09-11 08:47:18");
INSERT INTO pa_estimate VALUES("276","","6","4","4","99","175","254","35","2566","2023-09-11 08:47:18");
INSERT INTO pa_estimate VALUES("277","","7","4","4","99","175","254","35","2566","2023-09-11 08:47:18");
INSERT INTO pa_estimate VALUES("278","","8","4","4","99","175","254","35","2566","2023-09-11 08:47:18");
INSERT INTO pa_estimate VALUES("279","","9","4","4","99","175","254","35","2566","2023-09-11 08:47:18");
INSERT INTO pa_estimate VALUES("280","","10","4","4","99","175","254","35","2566","2023-09-11 08:47:18");
INSERT INTO pa_estimate VALUES("281","","11","4","4","99","175","254","35","2566","2023-09-11 08:47:18");
INSERT INTO pa_estimate VALUES("282","","12","4","4","99","175","254","35","2566","2023-09-11 08:47:18");
INSERT INTO pa_estimate VALUES("283","","13","4","4","99","175","254","35","2566","2023-09-11 08:47:18");
INSERT INTO pa_estimate VALUES("284","","14","4","4","99","175","254","35","2566","2023-09-11 08:47:19");
INSERT INTO pa_estimate VALUES("285","","15","4","4","99","175","254","35","2566","2023-09-11 08:47:19");
INSERT INTO pa_estimate VALUES("286","","16","3","15","99","175","254","35","2566","2023-09-11 08:47:19");
INSERT INTO pa_estimate VALUES("287","","17","3","7.5","99","175","254","35","2566","2023-09-11 08:47:19");
INSERT INTO pa_estimate VALUES("288","","18","3","7.5","99","175","254","35","2566","2023-09-11 08:47:19");
INSERT INTO pa_estimate VALUES("289","","1","4","4","101","175","302","35","2566","2023-09-11 09:04:05");
INSERT INTO pa_estimate VALUES("290","","2","4","4","101","175","302","35","2566","2023-09-11 09:04:05");
INSERT INTO pa_estimate VALUES("291","","3","4","4","101","175","302","35","2566","2023-09-11 09:04:06");
INSERT INTO pa_estimate VALUES("292","","4","3","3","101","175","302","35","2566","2023-09-11 09:04:06");
INSERT INTO pa_estimate VALUES("293","","5","4","4","101","175","302","35","2566","2023-09-11 09:04:06");
INSERT INTO pa_estimate VALUES("294","","6","4","4","101","175","302","35","2566","2023-09-11 09:04:06");
INSERT INTO pa_estimate VALUES("295","","7","4","4","101","175","302","35","2566","2023-09-11 09:04:06");
INSERT INTO pa_estimate VALUES("296","","8","4","4","101","175","302","35","2566","2023-09-11 09:04:06");
INSERT INTO pa_estimate VALUES("297","","9","4","4","101","175","302","35","2566","2023-09-11 09:04:06");
INSERT INTO pa_estimate VALUES("298","","10","4","4","101","175","302","35","2566","2023-09-11 09:04:06");
INSERT INTO pa_estimate VALUES("299","","11","4","4","101","175","302","35","2566","2023-09-11 09:04:06");
INSERT INTO pa_estimate VALUES("300","","12","4","4","101","175","302","35","2566","2023-09-11 09:04:06");
INSERT INTO pa_estimate VALUES("301","","13","4","4","101","175","302","35","2566","2023-09-11 09:04:06");
INSERT INTO pa_estimate VALUES("302","","14","4","4","101","175","302","35","2566","2023-09-11 09:04:06");
INSERT INTO pa_estimate VALUES("303","","15","4","4","101","175","302","35","2566","2023-09-11 09:04:06");
INSERT INTO pa_estimate VALUES("304","","16","3","15","101","175","302","35","2566","2023-09-11 09:04:06");
INSERT INTO pa_estimate VALUES("305","","17","3","7.5","101","175","302","35","2566","2023-09-11 09:04:06");
INSERT INTO pa_estimate VALUES("306","","18","3","7.5","101","175","302","35","2566","2023-09-11 09:04:06");
INSERT INTO pa_estimate VALUES("307","","1","4","4","78","78","1","10","2566","2023-09-11 10:53:45");
INSERT INTO pa_estimate VALUES("308","","2","4","4","78","78","1","10","2566","2023-09-11 10:53:46");
INSERT INTO pa_estimate VALUES("309","","3","4","4","78","78","1","10","2566","2023-09-11 10:53:46");
INSERT INTO pa_estimate VALUES("310","","4","4","4","78","78","1","10","2566","2023-09-11 10:53:46");
INSERT INTO pa_estimate VALUES("311","","5","4","4","78","78","1","10","2566","2023-09-11 10:53:46");
INSERT INTO pa_estimate VALUES("312","","6","3","3","78","78","1","10","2566","2023-09-11 10:53:46");
INSERT INTO pa_estimate VALUES("313","","7","4","4","78","78","1","10","2566","2023-09-11 10:53:46");
INSERT INTO pa_estimate VALUES("314","","8","4","4","78","78","1","10","2566","2023-09-11 10:53:46");
INSERT INTO pa_estimate VALUES("315","","9","4","4","78","78","1","10","2566","2023-09-11 10:53:46");
INSERT INTO pa_estimate VALUES("316","","10","4","4","78","78","1","10","2566","2023-09-11 10:53:46");
INSERT INTO pa_estimate VALUES("317","","11","4","4","78","78","1","10","2566","2023-09-11 10:53:46");
INSERT INTO pa_estimate VALUES("318","","12","4","4","78","78","1","10","2566","2023-09-11 10:53:46");
INSERT INTO pa_estimate VALUES("319","","13","4","4","78","78","1","10","2566","2023-09-11 10:53:46");
INSERT INTO pa_estimate VALUES("320","","14","4","4","78","78","1","10","2566","2023-09-11 10:53:46");
INSERT INTO pa_estimate VALUES("321","","15","4","4","78","78","1","10","2566","2023-09-11 10:53:46");
INSERT INTO pa_estimate VALUES("322","","16","4","20","78","78","1","10","2566","2023-09-11 10:53:46");
INSERT INTO pa_estimate VALUES("323","","17","4","10","78","78","1","10","2566","2023-09-11 10:53:46");
INSERT INTO pa_estimate VALUES("324","","18","3","7.5","78","78","1","10","2566","2023-09-11 10:53:46");
INSERT INTO pa_estimate VALUES("325","","1","3","3","138","162","362","14","2566","2023-09-11 10:56:29");
INSERT INTO pa_estimate VALUES("326","","2","3","3","138","162","362","14","2566","2023-09-11 10:56:29");
INSERT INTO pa_estimate VALUES("327","","3","3","3","138","162","362","14","2566","2023-09-11 10:56:29");
INSERT INTO pa_estimate VALUES("328","","4","3","3","138","162","362","14","2566","2023-09-11 10:56:29");
INSERT INTO pa_estimate VALUES("329","","5","4","4","138","162","362","14","2566","2023-09-11 10:56:29");
INSERT INTO pa_estimate VALUES("330","","6","4","4","138","162","362","14","2566","2023-09-11 10:56:29");
INSERT INTO pa_estimate VALUES("331","","7","4","4","138","162","362","14","2566","2023-09-11 10:56:29");
INSERT INTO pa_estimate VALUES("332","","8","4","4","138","162","362","14","2566","2023-09-11 10:56:29");
INSERT INTO pa_estimate VALUES("333","","9","4","4","138","162","362","14","2566","2023-09-11 10:56:29");
INSERT INTO pa_estimate VALUES("334","","10","3","3","138","162","362","14","2566","2023-09-11 10:56:29");
INSERT INTO pa_estimate VALUES("335","","11","4","4","138","162","362","14","2566","2023-09-11 10:56:29");
INSERT INTO pa_estimate VALUES("336","","12","4","4","138","162","362","14","2566","2023-09-11 10:56:29");
INSERT INTO pa_estimate VALUES("337","","13","3","3","138","162","362","14","2566","2023-09-11 10:56:29");
INSERT INTO pa_estimate VALUES("338","","14","4","4","138","162","362","14","2566","2023-09-11 10:56:29");
INSERT INTO pa_estimate VALUES("339","","15","4","4","138","162","362","14","2566","2023-09-11 10:56:29");
INSERT INTO pa_estimate VALUES("340","","16","4","20","138","162","362","14","2566","2023-09-11 10:56:29");
INSERT INTO pa_estimate VALUES("341","","17","3","7.5","138","162","362","14","2566","2023-09-11 10:56:29");
INSERT INTO pa_estimate VALUES("342","","18","4","10","138","162","362","14","2566","2023-09-11 10:56:29");
INSERT INTO pa_estimate VALUES("343","","1","4","4","143","162","371","14","2566","2023-09-11 11:05:08");
INSERT INTO pa_estimate VALUES("344","","2","4","4","143","162","371","14","2566","2023-09-11 11:05:08");
INSERT INTO pa_estimate VALUES("345","","3","4","4","143","162","371","14","2566","2023-09-11 11:05:08");
INSERT INTO pa_estimate VALUES("346","","4","3","3","143","162","371","14","2566","2023-09-11 11:05:08");
INSERT INTO pa_estimate VALUES("347","","5","4","4","143","162","371","14","2566","2023-09-11 11:05:08");
INSERT INTO pa_estimate VALUES("348","","6","4","4","143","162","371","14","2566","2023-09-11 11:05:08");
INSERT INTO pa_estimate VALUES("349","","7","4","4","143","162","371","14","2566","2023-09-11 11:05:08");
INSERT INTO pa_estimate VALUES("350","","8","3","3","143","162","371","14","2566","2023-09-11 11:05:08");
INSERT INTO pa_estimate VALUES("351","","9","3","3","143","162","371","14","2566","2023-09-11 11:05:08");
INSERT INTO pa_estimate VALUES("352","","10","4","4","143","162","371","14","2566","2023-09-11 11:05:08");
INSERT INTO pa_estimate VALUES("353","","11","4","4","143","162","371","14","2566","2023-09-11 11:05:08");
INSERT INTO pa_estimate VALUES("354","","12","2","2","143","162","371","14","2566","2023-09-11 11:05:08");
INSERT INTO pa_estimate VALUES("355","","13","4","4","143","162","371","14","2566","2023-09-11 11:05:08");
INSERT INTO pa_estimate VALUES("356","","14","4","4","143","162","371","14","2566","2023-09-11 11:05:08");
INSERT INTO pa_estimate VALUES("357","","15","4","4","143","162","371","14","2566","2023-09-11 11:05:08");
INSERT INTO pa_estimate VALUES("358","","16","4","20","143","162","371","14","2566","2023-09-11 11:05:08");
INSERT INTO pa_estimate VALUES("359","","17","4","10","143","162","371","14","2566","2023-09-11 11:05:08");
INSERT INTO pa_estimate VALUES("360","","18","3","7.5","143","162","371","14","2566","2023-09-11 11:05:08");
INSERT INTO pa_estimate VALUES("361","","1","4","4","142","162","368","14","2566","2023-09-11 11:34:37");
INSERT INTO pa_estimate VALUES("362","","2","3","3","142","162","368","14","2566","2023-09-11 11:34:37");
INSERT INTO pa_estimate VALUES("363","","3","4","4","142","162","368","14","2566","2023-09-11 11:34:37");
INSERT INTO pa_estimate VALUES("364","","4","3","3","142","162","368","14","2566","2023-09-11 11:34:37");
INSERT INTO pa_estimate VALUES("365","","5","3","3","142","162","368","14","2566","2023-09-11 11:34:37");
INSERT INTO pa_estimate VALUES("366","","6","3","3","142","162","368","14","2566","2023-09-11 11:34:38");
INSERT INTO pa_estimate VALUES("367","","7","4","4","142","162","368","14","2566","2023-09-11 11:34:38");
INSERT INTO pa_estimate VALUES("368","","8","4","4","142","162","368","14","2566","2023-09-11 11:34:38");
INSERT INTO pa_estimate VALUES("369","","9","3","3","142","162","368","14","2566","2023-09-11 11:34:38");
INSERT INTO pa_estimate VALUES("370","","10","3","3","142","162","368","14","2566","2023-09-11 11:34:38");
INSERT INTO pa_estimate VALUES("371","","11","4","4","142","162","368","14","2566","2023-09-11 11:34:38");
INSERT INTO pa_estimate VALUES("372","","12","3","3","142","162","368","14","2566","2023-09-11 11:34:38");
INSERT INTO pa_estimate VALUES("373","","13","4","4","142","162","368","14","2566","2023-09-11 11:34:38");
INSERT INTO pa_estimate VALUES("374","","14","3","3","142","162","368","14","2566","2023-09-11 11:34:38");
INSERT INTO pa_estimate VALUES("375","","15","4","4","142","162","368","14","2566","2023-09-11 11:34:38");
INSERT INTO pa_estimate VALUES("376","","16","4","20","142","162","368","14","2566","2023-09-11 11:34:38");
INSERT INTO pa_estimate VALUES("377","","17","3","7.5","142","162","368","14","2566","2023-09-11 11:34:38");
INSERT INTO pa_estimate VALUES("378","","18","4","10","142","162","368","14","2566","2023-09-11 11:34:38");
INSERT INTO pa_estimate VALUES("379","","1","4","4","141","162","374","14","2566","2023-09-11 11:44:49");
INSERT INTO pa_estimate VALUES("380","","2","3","3","141","162","374","14","2566","2023-09-11 11:44:49");
INSERT INTO pa_estimate VALUES("381","","3","4","4","141","162","374","14","2566","2023-09-11 11:44:49");
INSERT INTO pa_estimate VALUES("382","","4","3","3","141","162","374","14","2566","2023-09-11 11:44:49");
INSERT INTO pa_estimate VALUES("383","","5","3","3","141","162","374","14","2566","2023-09-11 11:44:49");
INSERT INTO pa_estimate VALUES("384","","6","3","3","141","162","374","14","2566","2023-09-11 11:44:49");
INSERT INTO pa_estimate VALUES("385","","7","3","3","141","162","374","14","2566","2023-09-11 11:44:49");
INSERT INTO pa_estimate VALUES("386","","8","4","4","141","162","374","14","2566","2023-09-11 11:44:49");
INSERT INTO pa_estimate VALUES("387","","9","3","3","141","162","374","14","2566","2023-09-11 11:44:49");
INSERT INTO pa_estimate VALUES("388","","10","3","3","141","162","374","14","2566","2023-09-11 11:44:49");
INSERT INTO pa_estimate VALUES("389","","11","4","4","141","162","374","14","2566","2023-09-11 11:44:50");
INSERT INTO pa_estimate VALUES("390","","12","3","3","141","162","374","14","2566","2023-09-11 11:44:50");
INSERT INTO pa_estimate VALUES("391","","13","3","3","141","162","374","14","2566","2023-09-11 11:44:50");
INSERT INTO pa_estimate VALUES("392","","14","3","3","141","162","374","14","2566","2023-09-11 11:44:50");
INSERT INTO pa_estimate VALUES("393","","15","4","4","141","162","374","14","2566","2023-09-11 11:44:50");
INSERT INTO pa_estimate VALUES("394","","16","4","20","141","162","374","14","2566","2023-09-11 11:44:50");
INSERT INTO pa_estimate VALUES("395","","17","3","7.5","141","162","374","14","2566","2023-09-11 11:44:50");
INSERT INTO pa_estimate VALUES("396","","18","4","10","141","162","374","14","2566","2023-09-11 11:44:50");
INSERT INTO pa_estimate VALUES("397","","1","3","3","138","138","361","13","2566","2023-09-11 11:54:00");
INSERT INTO pa_estimate VALUES("398","","2","3","3","138","138","361","13","2566","2023-09-11 11:54:00");
INSERT INTO pa_estimate VALUES("399","","3","3","3","138","138","361","13","2566","2023-09-11 11:54:00");
INSERT INTO pa_estimate VALUES("400","","4","4","4","138","138","361","13","2566","2023-09-11 11:54:00");
INSERT INTO pa_estimate VALUES("401","","5","4","4","138","138","361","13","2566","2023-09-11 11:54:00");
INSERT INTO pa_estimate VALUES("402","","6","4","4","138","138","361","13","2566","2023-09-11 11:54:00");
INSERT INTO pa_estimate VALUES("403","","7","4","4","138","138","361","13","2566","2023-09-11 11:54:00");
INSERT INTO pa_estimate VALUES("404","","8","3","3","138","138","361","13","2566","2023-09-11 11:54:00");
INSERT INTO pa_estimate VALUES("405","","9","3","3","138","138","361","13","2566","2023-09-11 11:54:00");
INSERT INTO pa_estimate VALUES("406","","10","4","4","138","138","361","13","2566","2023-09-11 11:54:00");
INSERT INTO pa_estimate VALUES("407","","11","4","4","138","138","361","13","2566","2023-09-11 11:54:00");
INSERT INTO pa_estimate VALUES("408","","12","4","4","138","138","361","13","2566","2023-09-11 11:54:00");
INSERT INTO pa_estimate VALUES("409","","13","3","3","138","138","361","13","2566","2023-09-11 11:54:00");
INSERT INTO pa_estimate VALUES("410","","14","4","4","138","138","361","13","2566","2023-09-11 11:54:00");
INSERT INTO pa_estimate VALUES("411","","15","4","4","138","138","361","13","2566","2023-09-11 11:54:00");
INSERT INTO pa_estimate VALUES("412","","16","4","20","138","138","361","13","2566","2023-09-11 11:54:00");
INSERT INTO pa_estimate VALUES("413","","17","3","7.5","138","138","361","13","2566","2023-09-11 11:54:01");
INSERT INTO pa_estimate VALUES("414","","18","4","10","138","138","361","13","2566","2023-09-11 11:54:01");
INSERT INTO pa_estimate VALUES("415","","1","3","3","142","138","367","13","2566","2023-09-11 11:56:25");
INSERT INTO pa_estimate VALUES("416","","2","4","4","142","138","367","13","2566","2023-09-11 11:56:25");
INSERT INTO pa_estimate VALUES("417","","3","4","4","142","138","367","13","2566","2023-09-11 11:56:25");
INSERT INTO pa_estimate VALUES("418","","4","3","3","142","138","367","13","2566","2023-09-11 11:56:25");
INSERT INTO pa_estimate VALUES("419","","5","3","3","142","138","367","13","2566","2023-09-11 11:56:25");
INSERT INTO pa_estimate VALUES("420","","6","3","3","142","138","367","13","2566","2023-09-11 11:56:25");
INSERT INTO pa_estimate VALUES("421","","7","4","4","142","138","367","13","2566","2023-09-11 11:56:25");
INSERT INTO pa_estimate VALUES("422","","8","4","4","142","138","367","13","2566","2023-09-11 11:56:25");
INSERT INTO pa_estimate VALUES("423","","9","3","3","142","138","367","13","2566","2023-09-11 11:56:25");
INSERT INTO pa_estimate VALUES("424","","10","4","4","142","138","367","13","2566","2023-09-11 11:56:25");
INSERT INTO pa_estimate VALUES("425","","11","4","4","142","138","367","13","2566","2023-09-11 11:56:25");
INSERT INTO pa_estimate VALUES("426","","12","3","3","142","138","367","13","2566","2023-09-11 11:56:26");
INSERT INTO pa_estimate VALUES("427","","13","4","4","142","138","367","13","2566","2023-09-11 11:56:26");
INSERT INTO pa_estimate VALUES("428","","14","3","3","142","138","367","13","2566","2023-09-11 11:56:26");
INSERT INTO pa_estimate VALUES("429","","15","4","4","142","138","367","13","2566","2023-09-11 11:56:26");
INSERT INTO pa_estimate VALUES("430","","16","4","20","142","138","367","13","2566","2023-09-11 11:56:26");
INSERT INTO pa_estimate VALUES("431","","17","3","7.5","142","138","367","13","2566","2023-09-11 11:56:26");
INSERT INTO pa_estimate VALUES("432","","18","4","10","142","138","367","13","2566","2023-09-11 11:56:26");
INSERT INTO pa_estimate VALUES("433","","1","4","4","143","138","370","13","2566","2023-09-11 12:05:39");
INSERT INTO pa_estimate VALUES("434","","2","4","4","143","138","370","13","2566","2023-09-11 12:05:39");
INSERT INTO pa_estimate VALUES("435","","3","4","4","143","138","370","13","2566","2023-09-11 12:05:39");
INSERT INTO pa_estimate VALUES("436","","4","3","3","143","138","370","13","2566","2023-09-11 12:05:39");
INSERT INTO pa_estimate VALUES("437","","5","4","4","143","138","370","13","2566","2023-09-11 12:05:39");
INSERT INTO pa_estimate VALUES("438","","6","4","4","143","138","370","13","2566","2023-09-11 12:05:39");
INSERT INTO pa_estimate VALUES("439","","7","4","4","143","138","370","13","2566","2023-09-11 12:05:39");
INSERT INTO pa_estimate VALUES("440","","8","3","3","143","138","370","13","2566","2023-09-11 12:05:39");
INSERT INTO pa_estimate VALUES("441","","9","4","4","143","138","370","13","2566","2023-09-11 12:05:39");
INSERT INTO pa_estimate VALUES("442","","10","3","3","143","138","370","13","2566","2023-09-11 12:05:39");
INSERT INTO pa_estimate VALUES("443","","11","4","4","143","138","370","13","2566","2023-09-11 12:05:39");
INSERT INTO pa_estimate VALUES("444","","12","3","3","143","138","370","13","2566","2023-09-11 12:05:39");
INSERT INTO pa_estimate VALUES("445","","13","4","4","143","138","370","13","2566","2023-09-11 12:05:39");
INSERT INTO pa_estimate VALUES("446","","14","4","4","143","138","370","13","2566","2023-09-11 12:05:39");
INSERT INTO pa_estimate VALUES("447","","15","4","4","143","138","370","13","2566","2023-09-11 12:05:39");
INSERT INTO pa_estimate VALUES("448","","16","4","20","143","138","370","13","2566","2023-09-11 12:05:39");
INSERT INTO pa_estimate VALUES("449","","17","3","7.5","143","138","370","13","2566","2023-09-11 12:05:39");
INSERT INTO pa_estimate VALUES("450","","18","3","7.5","143","138","370","13","2566","2023-09-11 12:05:39");
INSERT INTO pa_estimate VALUES("451","","1","4","4","27","17","385","7","2566","2023-09-11 12:42:08");
INSERT INTO pa_estimate VALUES("452","","2","4","4","27","17","385","7","2566","2023-09-11 12:42:08");
INSERT INTO pa_estimate VALUES("453","","3","4","4","27","17","385","7","2566","2023-09-11 12:42:08");
INSERT INTO pa_estimate VALUES("454","","4","4","4","27","17","385","7","2566","2023-09-11 12:42:08");
INSERT INTO pa_estimate VALUES("455","","5","4","4","27","17","385","7","2566","2023-09-11 12:42:08");
INSERT INTO pa_estimate VALUES("456","","6","3","3","27","17","385","7","2566","2023-09-11 12:42:08");
INSERT INTO pa_estimate VALUES("457","","7","3","3","27","17","385","7","2566","2023-09-11 12:42:08");
INSERT INTO pa_estimate VALUES("458","","8","4","4","27","17","385","7","2566","2023-09-11 12:42:08");
INSERT INTO pa_estimate VALUES("459","","9","4","4","27","17","385","7","2566","2023-09-11 12:42:08");
INSERT INTO pa_estimate VALUES("460","","10","4","4","27","17","385","7","2566","2023-09-11 12:42:08");
INSERT INTO pa_estimate VALUES("461","","11","4","4","27","17","385","7","2566","2023-09-11 12:42:08");
INSERT INTO pa_estimate VALUES("462","","12","4","4","27","17","385","7","2566","2023-09-11 12:42:08");
INSERT INTO pa_estimate VALUES("463","","13","4","4","27","17","385","7","2566","2023-09-11 12:42:08");
INSERT INTO pa_estimate VALUES("464","","14","4","4","27","17","385","7","2566","2023-09-11 12:42:08");
INSERT INTO pa_estimate VALUES("465","","15","4","4","27","17","385","7","2566","2023-09-11 12:42:08");
INSERT INTO pa_estimate VALUES("466","","16","4","20","27","17","385","7","2566","2023-09-11 12:42:09");
INSERT INTO pa_estimate VALUES("467","","17","4","10","27","17","385","7","2566","2023-09-11 12:42:09");
INSERT INTO pa_estimate VALUES("468","","18","4","10","27","17","385","7","2566","2023-09-11 12:42:09");
INSERT INTO pa_estimate VALUES("469","","1","4","4","28","17","391","7","2566","2023-09-11 12:55:52");
INSERT INTO pa_estimate VALUES("470","","2","4","4","28","17","391","7","2566","2023-09-11 12:55:52");
INSERT INTO pa_estimate VALUES("471","","3","4","4","28","17","391","7","2566","2023-09-11 12:55:52");
INSERT INTO pa_estimate VALUES("472","","4","4","4","28","17","391","7","2566","2023-09-11 12:55:52");
INSERT INTO pa_estimate VALUES("473","","5","4","4","28","17","391","7","2566","2023-09-11 12:55:52");
INSERT INTO pa_estimate VALUES("474","","6","3","3","28","17","391","7","2566","2023-09-11 12:55:52");
INSERT INTO pa_estimate VALUES("475","","7","3","3","28","17","391","7","2566","2023-09-11 12:55:52");
INSERT INTO pa_estimate VALUES("476","","8","4","4","28","17","391","7","2566","2023-09-11 12:55:52");
INSERT INTO pa_estimate VALUES("477","","9","4","4","28","17","391","7","2566","2023-09-11 12:55:52");
INSERT INTO pa_estimate VALUES("478","","10","4","4","28","17","391","7","2566","2023-09-11 12:55:52");
INSERT INTO pa_estimate VALUES("479","","11","4","4","28","17","391","7","2566","2023-09-11 12:55:52");
INSERT INTO pa_estimate VALUES("480","","12","4","4","28","17","391","7","2566","2023-09-11 12:55:52");
INSERT INTO pa_estimate VALUES("481","","13","4","4","28","17","391","7","2566","2023-09-11 12:55:52");
INSERT INTO pa_estimate VALUES("482","","14","4","4","28","17","391","7","2566","2023-09-11 12:55:52");
INSERT INTO pa_estimate VALUES("483","","15","4","4","28","17","391","7","2566","2023-09-11 12:55:52");
INSERT INTO pa_estimate VALUES("484","","16","4","20","28","17","391","7","2566","2023-09-11 12:55:52");
INSERT INTO pa_estimate VALUES("485","","17","4","10","28","17","391","7","2566","2023-09-11 12:55:52");
INSERT INTO pa_estimate VALUES("486","","18","4","10","28","17","391","7","2566","2023-09-11 12:55:52");
INSERT INTO pa_estimate VALUES("487","","1","3","3","139","138","364","16","2566","2023-09-11 12:57:06");
INSERT INTO pa_estimate VALUES("488","","2","4","4","139","138","364","16","2566","2023-09-11 12:57:06");
INSERT INTO pa_estimate VALUES("489","","3","4","4","139","138","364","16","2566","2023-09-11 12:57:06");
INSERT INTO pa_estimate VALUES("490","","4","3","3","139","138","364","16","2566","2023-09-11 12:57:06");
INSERT INTO pa_estimate VALUES("491","","5","3","3","139","138","364","16","2566","2023-09-11 12:57:06");
INSERT INTO pa_estimate VALUES("492","","6","3","3","139","138","364","16","2566","2023-09-11 12:57:06");
INSERT INTO pa_estimate VALUES("493","","7","4","4","139","138","364","16","2566","2023-09-11 12:57:06");
INSERT INTO pa_estimate VALUES("494","","8","4","4","139","138","364","16","2566","2023-09-11 12:57:06");
INSERT INTO pa_estimate VALUES("495","","9","3","3","139","138","364","16","2566","2023-09-11 12:57:06");
INSERT INTO pa_estimate VALUES("496","","10","4","4","139","138","364","16","2566","2023-09-11 12:57:06");
INSERT INTO pa_estimate VALUES("497","","11","4","4","139","138","364","16","2566","2023-09-11 12:57:06");
INSERT INTO pa_estimate VALUES("498","","12","3","3","139","138","364","16","2566","2023-09-11 12:57:06");
INSERT INTO pa_estimate VALUES("499","","13","4","4","139","138","364","16","2566","2023-09-11 12:57:06");
INSERT INTO pa_estimate VALUES("500","","14","3","3","139","138","364","16","2566","2023-09-11 12:57:06");
INSERT INTO pa_estimate VALUES("501","","15","4","4","139","138","364","16","2566","2023-09-11 12:57:06");
INSERT INTO pa_estimate VALUES("502","","16","4","20","139","138","364","16","2566","2023-09-11 12:57:06");
INSERT INTO pa_estimate VALUES("503","","17","3","7.5","139","138","364","16","2566","2023-09-11 12:57:06");
INSERT INTO pa_estimate VALUES("504","","18","4","10","139","138","364","16","2566","2023-09-11 12:57:06");
INSERT INTO pa_estimate VALUES("505","","1","4","4","19","17","394","7","2566","2023-09-11 13:01:38");
INSERT INTO pa_estimate VALUES("506","","2","4","4","19","17","394","7","2566","2023-09-11 13:01:38");
INSERT INTO pa_estimate VALUES("507","","3","4","4","19","17","394","7","2566","2023-09-11 13:01:38");
INSERT INTO pa_estimate VALUES("508","","4","4","4","19","17","394","7","2566","2023-09-11 13:01:38");
INSERT INTO pa_estimate VALUES("509","","5","4","4","19","17","394","7","2566","2023-09-11 13:01:38");
INSERT INTO pa_estimate VALUES("510","","6","3","3","19","17","394","7","2566","2023-09-11 13:01:38");
INSERT INTO pa_estimate VALUES("511","","7","3","3","19","17","394","7","2566","2023-09-11 13:01:38");
INSERT INTO pa_estimate VALUES("512","","8","4","4","19","17","394","7","2566","2023-09-11 13:01:38");
INSERT INTO pa_estimate VALUES("513","","9","4","4","19","17","394","7","2566","2023-09-11 13:01:38");
INSERT INTO pa_estimate VALUES("514","","10","4","4","19","17","394","7","2566","2023-09-11 13:01:39");
INSERT INTO pa_estimate VALUES("515","","11","4","4","19","17","394","7","2566","2023-09-11 13:01:39");
INSERT INTO pa_estimate VALUES("516","","12","4","4","19","17","394","7","2566","2023-09-11 13:01:39");
INSERT INTO pa_estimate VALUES("517","","13","4","4","19","17","394","7","2566","2023-09-11 13:01:39");
INSERT INTO pa_estimate VALUES("518","","14","4","4","19","17","394","7","2566","2023-09-11 13:01:39");
INSERT INTO pa_estimate VALUES("519","","15","4","4","19","17","394","7","2566","2023-09-11 13:01:39");
INSERT INTO pa_estimate VALUES("520","","16","4","20","19","17","394","7","2566","2023-09-11 13:01:39");
INSERT INTO pa_estimate VALUES("521","","17","4","10","19","17","394","7","2566","2023-09-11 13:01:39");
INSERT INTO pa_estimate VALUES("522","","18","4","10","19","17","394","7","2566","2023-09-11 13:01:39");
INSERT INTO pa_estimate VALUES("523","","1","4","4","26","17","397","7","2566","2023-09-11 13:08:26");
INSERT INTO pa_estimate VALUES("524","","2","4","4","26","17","397","7","2566","2023-09-11 13:08:26");
INSERT INTO pa_estimate VALUES("525","","3","4","4","26","17","397","7","2566","2023-09-11 13:08:26");
INSERT INTO pa_estimate VALUES("526","","4","4","4","26","17","397","7","2566","2023-09-11 13:08:26");
INSERT INTO pa_estimate VALUES("527","","5","4","4","26","17","397","7","2566","2023-09-11 13:08:26");
INSERT INTO pa_estimate VALUES("528","","6","4","4","26","17","397","7","2566","2023-09-11 13:08:26");
INSERT INTO pa_estimate VALUES("529","","7","3","3","26","17","397","7","2566","2023-09-11 13:08:26");
INSERT INTO pa_estimate VALUES("530","","8","4","4","26","17","397","7","2566","2023-09-11 13:08:26");
INSERT INTO pa_estimate VALUES("531","","9","4","4","26","17","397","7","2566","2023-09-11 13:08:26");
INSERT INTO pa_estimate VALUES("532","","10","3","3","26","17","397","7","2566","2023-09-11 13:08:26");
INSERT INTO pa_estimate VALUES("533","","11","4","4","26","17","397","7","2566","2023-09-11 13:08:26");
INSERT INTO pa_estimate VALUES("534","","12","3","3","26","17","397","7","2566","2023-09-11 13:08:27");
INSERT INTO pa_estimate VALUES("535","","13","4","4","26","17","397","7","2566","2023-09-11 13:08:27");
INSERT INTO pa_estimate VALUES("536","","14","4","4","26","17","397","7","2566","2023-09-11 13:08:27");
INSERT INTO pa_estimate VALUES("537","","15","4","4","26","17","397","7","2566","2023-09-11 13:08:27");
INSERT INTO pa_estimate VALUES("538","","16","4","20","26","17","397","7","2566","2023-09-11 13:08:27");
INSERT INTO pa_estimate VALUES("539","","17","4","10","26","17","397","7","2566","2023-09-11 13:08:27");
INSERT INTO pa_estimate VALUES("540","","18","4","10","26","17","397","7","2566","2023-09-11 13:08:27");
INSERT INTO pa_estimate VALUES("541","","1","4","4","17","17","400","7","2566","2023-09-11 13:16:55");
INSERT INTO pa_estimate VALUES("542","","2","4","4","17","17","400","7","2566","2023-09-11 13:16:55");
INSERT INTO pa_estimate VALUES("543","","3","4","4","17","17","400","7","2566","2023-09-11 13:16:55");
INSERT INTO pa_estimate VALUES("544","","4","4","4","17","17","400","7","2566","2023-09-11 13:16:55");
INSERT INTO pa_estimate VALUES("545","","5","4","4","17","17","400","7","2566","2023-09-11 13:16:55");
INSERT INTO pa_estimate VALUES("546","","6","4","4","17","17","400","7","2566","2023-09-11 13:16:55");
INSERT INTO pa_estimate VALUES("547","","7","3","3","17","17","400","7","2566","2023-09-11 13:16:55");
INSERT INTO pa_estimate VALUES("548","","8","4","4","17","17","400","7","2566","2023-09-11 13:16:55");
INSERT INTO pa_estimate VALUES("549","","9","4","4","17","17","400","7","2566","2023-09-11 13:16:55");
INSERT INTO pa_estimate VALUES("550","","10","4","4","17","17","400","7","2566","2023-09-11 13:16:55");
INSERT INTO pa_estimate VALUES("551","","11","4","4","17","17","400","7","2566","2023-09-11 13:16:55");
INSERT INTO pa_estimate VALUES("552","","12","3","3","17","17","400","7","2566","2023-09-11 13:16:55");
INSERT INTO pa_estimate VALUES("553","","13","4","4","17","17","400","7","2566","2023-09-11 13:16:55");
INSERT INTO pa_estimate VALUES("554","","14","4","4","17","17","400","7","2566","2023-09-11 13:16:55");
INSERT INTO pa_estimate VALUES("555","","15","4","4","17","17","400","7","2566","2023-09-11 13:16:55");
INSERT INTO pa_estimate VALUES("556","","16","4","20","17","17","400","7","2566","2023-09-11 13:16:55");
INSERT INTO pa_estimate VALUES("557","","17","4","10","17","17","400","7","2566","2023-09-11 13:16:55");
INSERT INTO pa_estimate VALUES("558","","18","4","10","17","17","400","7","2566","2023-09-11 13:16:55");
INSERT INTO pa_estimate VALUES("559","","1","4","4","24","17","403","7","2566","2023-09-11 13:22:12");
INSERT INTO pa_estimate VALUES("560","","2","4","4","24","17","403","7","2566","2023-09-11 13:22:12");
INSERT INTO pa_estimate VALUES("561","","3","4","4","24","17","403","7","2566","2023-09-11 13:22:12");
INSERT INTO pa_estimate VALUES("562","","4","4","4","24","17","403","7","2566","2023-09-11 13:22:12");
INSERT INTO pa_estimate VALUES("563","","5","4","4","24","17","403","7","2566","2023-09-11 13:22:12");
INSERT INTO pa_estimate VALUES("564","","6","4","4","24","17","403","7","2566","2023-09-11 13:22:12");
INSERT INTO pa_estimate VALUES("565","","7","3","3","24","17","403","7","2566","2023-09-11 13:22:12");
INSERT INTO pa_estimate VALUES("566","","8","4","4","24","17","403","7","2566","2023-09-11 13:22:12");
INSERT INTO pa_estimate VALUES("567","","9","3","3","24","17","403","7","2566","2023-09-11 13:22:12");
INSERT INTO pa_estimate VALUES("568","","10","4","4","24","17","403","7","2566","2023-09-11 13:22:12");
INSERT INTO pa_estimate VALUES("569","","11","4","4","24","17","403","7","2566","2023-09-11 13:22:12");
INSERT INTO pa_estimate VALUES("570","","12","4","4","24","17","403","7","2566","2023-09-11 13:22:12");
INSERT INTO pa_estimate VALUES("571","","13","4","4","24","17","403","7","2566","2023-09-11 13:22:12");
INSERT INTO pa_estimate VALUES("572","","14","4","4","24","17","403","7","2566","2023-09-11 13:22:12");
INSERT INTO pa_estimate VALUES("573","","15","3","3","24","17","403","7","2566","2023-09-11 13:22:12");
INSERT INTO pa_estimate VALUES("574","","16","4","20","24","17","403","7","2566","2023-09-11 13:22:12");
INSERT INTO pa_estimate VALUES("575","","17","4","10","24","17","403","7","2566","2023-09-11 13:22:13");
INSERT INTO pa_estimate VALUES("576","","18","4","10","24","17","403","7","2566","2023-09-11 13:22:13");
INSERT INTO pa_estimate VALUES("577","","1","4","4","140","138","376","16","2566","2023-09-11 13:26:18");
INSERT INTO pa_estimate VALUES("578","","2","4","4","140","138","376","16","2566","2023-09-11 13:26:18");
INSERT INTO pa_estimate VALUES("579","","3","4","4","140","138","376","16","2566","2023-09-11 13:26:18");
INSERT INTO pa_estimate VALUES("580","","4","4","4","140","138","376","16","2566","2023-09-11 13:26:18");
INSERT INTO pa_estimate VALUES("581","","5","4","4","140","138","376","16","2566","2023-09-11 13:26:18");
INSERT INTO pa_estimate VALUES("582","","6","3","3","140","138","376","16","2566","2023-09-11 13:26:18");
INSERT INTO pa_estimate VALUES("583","","7","4","4","140","138","376","16","2566","2023-09-11 13:26:19");
INSERT INTO pa_estimate VALUES("584","","8","3","3","140","138","376","16","2566","2023-09-11 13:26:19");
INSERT INTO pa_estimate VALUES("585","","9","4","4","140","138","376","16","2566","2023-09-11 13:26:19");
INSERT INTO pa_estimate VALUES("586","","10","3","3","140","138","376","16","2566","2023-09-11 13:26:19");
INSERT INTO pa_estimate VALUES("587","","11","4","4","140","138","376","16","2566","2023-09-11 13:26:19");
INSERT INTO pa_estimate VALUES("588","","12","4","4","140","138","376","16","2566","2023-09-11 13:26:19");
INSERT INTO pa_estimate VALUES("589","","13","4","4","140","138","376","16","2566","2023-09-11 13:26:19");
INSERT INTO pa_estimate VALUES("590","","14","4","4","140","138","376","16","2566","2023-09-11 13:26:19");
INSERT INTO pa_estimate VALUES("591","","15","4","4","140","138","376","16","2566","2023-09-11 13:26:19");
INSERT INTO pa_estimate VALUES("592","","16","4","20","140","138","376","16","2566","2023-09-11 13:26:19");
INSERT INTO pa_estimate VALUES("593","","17","4","10","140","138","376","16","2566","2023-09-11 13:26:19");
INSERT INTO pa_estimate VALUES("594","","18","4","10","140","138","376","16","2566","2023-09-11 13:26:19");
INSERT INTO pa_estimate VALUES("595","","1","3","3","144","138","379","16","2566","2023-09-11 13:30:08");
INSERT INTO pa_estimate VALUES("596","","2","4","4","144","138","379","16","2566","2023-09-11 13:30:08");
INSERT INTO pa_estimate VALUES("597","","3","4","4","144","138","379","16","2566","2023-09-11 13:30:09");
INSERT INTO pa_estimate VALUES("598","","4","4","4","144","138","379","16","2566","2023-09-11 13:30:09");
INSERT INTO pa_estimate VALUES("599","","5","3","3","144","138","379","16","2566","2023-09-11 13:30:09");
INSERT INTO pa_estimate VALUES("600","","6","3","3","144","138","379","16","2566","2023-09-11 13:30:09");
INSERT INTO pa_estimate VALUES("601","","7","4","4","144","138","379","16","2566","2023-09-11 13:30:09");
INSERT INTO pa_estimate VALUES("602","","8","4","4","144","138","379","16","2566","2023-09-11 13:30:09");
INSERT INTO pa_estimate VALUES("603","","9","3","3","144","138","379","16","2566","2023-09-11 13:30:09");
INSERT INTO pa_estimate VALUES("604","","10","3","3","144","138","379","16","2566","2023-09-11 13:30:09");
INSERT INTO pa_estimate VALUES("605","","11","4","4","144","138","379","16","2566","2023-09-11 13:30:09");
INSERT INTO pa_estimate VALUES("606","","12","3","3","144","138","379","16","2566","2023-09-11 13:30:09");
INSERT INTO pa_estimate VALUES("607","","13","3","3","144","138","379","16","2566","2023-09-11 13:30:09");
INSERT INTO pa_estimate VALUES("608","","14","3","3","144","138","379","16","2566","2023-09-11 13:30:09");
INSERT INTO pa_estimate VALUES("609","","15","4","4","144","138","379","16","2566","2023-09-11 13:30:09");
INSERT INTO pa_estimate VALUES("610","","16","4","20","144","138","379","16","2566","2023-09-11 13:30:09");
INSERT INTO pa_estimate VALUES("611","","17","3","7.5","144","138","379","16","2566","2023-09-11 13:30:09");
INSERT INTO pa_estimate VALUES("612","","18","4","10","144","138","379","16","2566","2023-09-11 13:30:09");
INSERT INTO pa_estimate VALUES("613","","1","4","4","31","17","406","7","2566","2023-09-11 13:30:33");
INSERT INTO pa_estimate VALUES("614","","2","4","4","31","17","406","7","2566","2023-09-11 13:30:33");
INSERT INTO pa_estimate VALUES("615","","3","4","4","31","17","406","7","2566","2023-09-11 13:30:33");
INSERT INTO pa_estimate VALUES("616","","4","4","4","31","17","406","7","2566","2023-09-11 13:30:33");
INSERT INTO pa_estimate VALUES("617","","5","4","4","31","17","406","7","2566","2023-09-11 13:30:33");
INSERT INTO pa_estimate VALUES("618","","6","4","4","31","17","406","7","2566","2023-09-11 13:30:33");
INSERT INTO pa_estimate VALUES("619","","7","3","3","31","17","406","7","2566","2023-09-11 13:30:33");
INSERT INTO pa_estimate VALUES("620","","8","3","3","31","17","406","7","2566","2023-09-11 13:30:33");
INSERT INTO pa_estimate VALUES("621","","9","4","4","31","17","406","7","2566","2023-09-11 13:30:33");
INSERT INTO pa_estimate VALUES("622","","10","4","4","31","17","406","7","2566","2023-09-11 13:30:34");
INSERT INTO pa_estimate VALUES("623","","11","4","4","31","17","406","7","2566","2023-09-11 13:30:34");
INSERT INTO pa_estimate VALUES("624","","12","3","3","31","17","406","7","2566","2023-09-11 13:30:34");
INSERT INTO pa_estimate VALUES("625","","13","4","4","31","17","406","7","2566","2023-09-11 13:30:34");
INSERT INTO pa_estimate VALUES("626","","14","4","4","31","17","406","7","2566","2023-09-11 13:30:34");
INSERT INTO pa_estimate VALUES("627","","15","4","4","31","17","406","7","2566","2023-09-11 13:30:34");
INSERT INTO pa_estimate VALUES("628","","16","4","20","31","17","406","7","2566","2023-09-11 13:30:34");
INSERT INTO pa_estimate VALUES("629","","17","4","10","31","17","406","7","2566","2023-09-11 13:30:34");
INSERT INTO pa_estimate VALUES("630","","18","4","10","31","17","406","7","2566","2023-09-11 13:30:34");
INSERT INTO pa_estimate VALUES("631","","1","4","4","141","138","373","13","2566","2023-09-11 14:27:03");
INSERT INTO pa_estimate VALUES("632","","2","3","3","141","138","373","13","2566","2023-09-11 14:27:03");
INSERT INTO pa_estimate VALUES("633","","3","4","4","141","138","373","13","2566","2023-09-11 14:27:03");
INSERT INTO pa_estimate VALUES("634","","4","3","3","141","138","373","13","2566","2023-09-11 14:27:03");
INSERT INTO pa_estimate VALUES("635","","5","3","3","141","138","373","13","2566","2023-09-11 14:27:03");
INSERT INTO pa_estimate VALUES("636","","6","3","3","141","138","373","13","2566","2023-09-11 14:27:03");
INSERT INTO pa_estimate VALUES("637","","7","3","3","141","138","373","13","2566","2023-09-11 14:27:03");
INSERT INTO pa_estimate VALUES("638","","8","4","4","141","138","373","13","2566","2023-09-11 14:27:04");
INSERT INTO pa_estimate VALUES("639","","9","3","3","141","138","373","13","2566","2023-09-11 14:27:04");
INSERT INTO pa_estimate VALUES("640","","10","3","3","141","138","373","13","2566","2023-09-11 14:27:04");
INSERT INTO pa_estimate VALUES("641","","11","4","4","141","138","373","13","2566","2023-09-11 14:27:04");
INSERT INTO pa_estimate VALUES("642","","12","3","3","141","138","373","13","2566","2023-09-11 14:27:04");
INSERT INTO pa_estimate VALUES("643","","13","3","3","141","138","373","13","2566","2023-09-11 14:27:04");
INSERT INTO pa_estimate VALUES("644","","14","3","3","141","138","373","13","2566","2023-09-11 14:27:04");
INSERT INTO pa_estimate VALUES("645","","15","4","4","141","138","373","13","2566","2023-09-11 14:27:04");
INSERT INTO pa_estimate VALUES("646","","16","4","20","141","138","373","13","2566","2023-09-11 14:27:04");
INSERT INTO pa_estimate VALUES("647","","17","3","7.5","141","138","373","13","2566","2023-09-11 14:27:04");
INSERT INTO pa_estimate VALUES("648","","18","4","10","141","138","373","13","2566","2023-09-11 14:27:04");
INSERT INTO pa_estimate VALUES("649","","1","4","4","54","185","180","51","2566","2023-09-11 14:31:40");
INSERT INTO pa_estimate VALUES("650","","2","4","4","54","185","180","51","2566","2023-09-11 14:31:40");
INSERT INTO pa_estimate VALUES("651","","3","4","4","54","185","180","51","2566","2023-09-11 14:31:40");
INSERT INTO pa_estimate VALUES("652","","4","3","3","54","185","180","51","2566","2023-09-11 14:31:40");
INSERT INTO pa_estimate VALUES("653","","5","3","3","54","185","180","51","2566","2023-09-11 14:31:40");
INSERT INTO pa_estimate VALUES("654","","6","4","4","54","185","180","51","2566","2023-09-11 14:31:40");
INSERT INTO pa_estimate VALUES("655","","7","4","4","54","185","180","51","2566","2023-09-11 14:31:40");
INSERT INTO pa_estimate VALUES("656","","8","4","4","54","185","180","51","2566","2023-09-11 14:31:40");
INSERT INTO pa_estimate VALUES("657","","9","4","4","54","185","180","51","2566","2023-09-11 14:31:40");
INSERT INTO pa_estimate VALUES("658","","10","4","4","54","185","180","51","2566","2023-09-11 14:31:40");
INSERT INTO pa_estimate VALUES("659","","11","4","4","54","185","180","51","2566","2023-09-11 14:31:40");
INSERT INTO pa_estimate VALUES("660","","12","3","3","54","185","180","51","2566","2023-09-11 14:31:40");
INSERT INTO pa_estimate VALUES("661","","13","4","4","54","185","180","51","2566","2023-09-11 14:31:40");
INSERT INTO pa_estimate VALUES("662","","14","4","4","54","185","180","51","2566","2023-09-11 14:31:40");
INSERT INTO pa_estimate VALUES("663","","15","3","3","54","185","180","51","2566","2023-09-11 14:31:40");
INSERT INTO pa_estimate VALUES("664","","16","4","20","54","185","180","51","2566","2023-09-11 14:31:40");
INSERT INTO pa_estimate VALUES("665","","17","4","10","54","185","180","51","2566","2023-09-11 14:31:40");
INSERT INTO pa_estimate VALUES("666","","18","4","10","54","185","180","51","2566","2023-09-11 14:31:40");
INSERT INTO pa_estimate VALUES("667","","1","3","3","52","185","234","51","2566","2023-09-11 14:45:48");
INSERT INTO pa_estimate VALUES("668","","2","4","4","52","185","234","51","2566","2023-09-11 14:45:48");
INSERT INTO pa_estimate VALUES("669","","3","4","4","52","185","234","51","2566","2023-09-11 14:45:48");
INSERT INTO pa_estimate VALUES("670","","4","4","4","52","185","234","51","2566","2023-09-11 14:45:48");
INSERT INTO pa_estimate VALUES("671","","5","3","3","52","185","234","51","2566","2023-09-11 14:45:48");
INSERT INTO pa_estimate VALUES("672","","6","4","4","52","185","234","51","2566","2023-09-11 14:45:48");
INSERT INTO pa_estimate VALUES("673","","7","3","3","52","185","234","51","2566","2023-09-11 14:45:48");
INSERT INTO pa_estimate VALUES("674","","8","3","3","52","185","234","51","2566","2023-09-11 14:45:48");
INSERT INTO pa_estimate VALUES("675","","9","4","4","52","185","234","51","2566","2023-09-11 14:45:48");
INSERT INTO pa_estimate VALUES("676","","10","4","4","52","185","234","51","2566","2023-09-11 14:45:48");
INSERT INTO pa_estimate VALUES("677","","11","3","3","52","185","234","51","2566","2023-09-11 14:45:48");
INSERT INTO pa_estimate VALUES("678","","12","3","3","52","185","234","51","2566","2023-09-11 14:45:48");
INSERT INTO pa_estimate VALUES("679","","13","3","3","52","185","234","51","2566","2023-09-11 14:45:48");
INSERT INTO pa_estimate VALUES("680","","14","3","3","52","185","234","51","2566","2023-09-11 14:45:48");
INSERT INTO pa_estimate VALUES("681","","15","3","3","52","185","234","51","2566","2023-09-11 14:45:48");
INSERT INTO pa_estimate VALUES("682","","16","4","20","52","185","234","51","2566","2023-09-11 14:45:48");
INSERT INTO pa_estimate VALUES("683","","17","4","10","52","185","234","51","2566","2023-09-11 14:45:48");
INSERT INTO pa_estimate VALUES("684","","18","4","10","52","185","234","51","2566","2023-09-11 14:45:48");
INSERT INTO pa_estimate VALUES("685","","1","4","4","78","160","2","11","2566","2023-09-11 15:11:14");
INSERT INTO pa_estimate VALUES("686","","2","4","4","78","160","2","11","2566","2023-09-11 15:11:14");
INSERT INTO pa_estimate VALUES("687","","3","4","4","78","160","2","11","2566","2023-09-11 15:11:14");
INSERT INTO pa_estimate VALUES("688","","4","4","4","78","160","2","11","2566","2023-09-11 15:11:14");
INSERT INTO pa_estimate VALUES("689","","5","4","4","78","160","2","11","2566","2023-09-11 15:11:14");
INSERT INTO pa_estimate VALUES("690","","6","4","4","78","160","2","11","2566","2023-09-11 15:11:14");
INSERT INTO pa_estimate VALUES("691","","7","4","4","78","160","2","11","2566","2023-09-11 15:11:14");
INSERT INTO pa_estimate VALUES("692","","8","4","4","78","160","2","11","2566","2023-09-11 15:11:14");
INSERT INTO pa_estimate VALUES("693","","9","4","4","78","160","2","11","2566","2023-09-11 15:11:14");
INSERT INTO pa_estimate VALUES("694","","10","4","4","78","160","2","11","2566","2023-09-11 15:11:14");
INSERT INTO pa_estimate VALUES("695","","11","4","4","78","160","2","11","2566","2023-09-11 15:11:14");
INSERT INTO pa_estimate VALUES("696","","12","4","4","78","160","2","11","2566","2023-09-11 15:11:14");
INSERT INTO pa_estimate VALUES("697","","13","4","4","78","160","2","11","2566","2023-09-11 15:11:14");
INSERT INTO pa_estimate VALUES("698","","14","4","4","78","160","2","11","2566","2023-09-11 15:11:14");
INSERT INTO pa_estimate VALUES("699","","15","4","4","78","160","2","11","2566","2023-09-11 15:11:14");
INSERT INTO pa_estimate VALUES("700","","16","4","20","78","160","2","11","2566","2023-09-11 15:11:14");
INSERT INTO pa_estimate VALUES("701","","17","4","10","78","160","2","11","2566","2023-09-11 15:11:14");
INSERT INTO pa_estimate VALUES("702","","18","4","10","78","160","2","11","2566","2023-09-11 15:11:15");
INSERT INTO pa_estimate VALUES("703","","1","4","4","22","17","409","7","2566","2023-09-11 15:24:06");
INSERT INTO pa_estimate VALUES("704","","2","4","4","22","17","409","7","2566","2023-09-11 15:24:06");
INSERT INTO pa_estimate VALUES("705","","3","4","4","22","17","409","7","2566","2023-09-11 15:24:06");
INSERT INTO pa_estimate VALUES("706","","4","4","4","22","17","409","7","2566","2023-09-11 15:24:06");
INSERT INTO pa_estimate VALUES("707","","5","4","4","22","17","409","7","2566","2023-09-11 15:24:06");
INSERT INTO pa_estimate VALUES("708","","6","4","4","22","17","409","7","2566","2023-09-11 15:24:06");
INSERT INTO pa_estimate VALUES("709","","7","3","3","22","17","409","7","2566","2023-09-11 15:24:06");
INSERT INTO pa_estimate VALUES("710","","8","4","4","22","17","409","7","2566","2023-09-11 15:24:06");
INSERT INTO pa_estimate VALUES("711","","9","3","3","22","17","409","7","2566","2023-09-11 15:24:06");
INSERT INTO pa_estimate VALUES("712","","10","4","4","22","17","409","7","2566","2023-09-11 15:24:06");
INSERT INTO pa_estimate VALUES("713","","11","4","4","22","17","409","7","2566","2023-09-11 15:24:06");
INSERT INTO pa_estimate VALUES("714","","12","4","4","22","17","409","7","2566","2023-09-11 15:24:06");
INSERT INTO pa_estimate VALUES("715","","13","4","4","22","17","409","7","2566","2023-09-11 15:24:06");
INSERT INTO pa_estimate VALUES("716","","14","4","4","22","17","409","7","2566","2023-09-11 15:24:06");
INSERT INTO pa_estimate VALUES("717","","15","4","4","22","17","409","7","2566","2023-09-11 15:24:06");
INSERT INTO pa_estimate VALUES("718","","16","4","20","22","17","409","7","2566","2023-09-11 15:24:06");
INSERT INTO pa_estimate VALUES("719","","17","4","10","22","17","409","7","2566","2023-09-11 15:24:06");
INSERT INTO pa_estimate VALUES("720","","18","4","10","22","17","409","7","2566","2023-09-11 15:24:06");
INSERT INTO pa_estimate VALUES("721","","1","4","4","25","17","412","7","2566","2023-09-11 15:34:41");
INSERT INTO pa_estimate VALUES("722","","2","4","4","25","17","412","7","2566","2023-09-11 15:34:41");
INSERT INTO pa_estimate VALUES("723","","3","4","4","25","17","412","7","2566","2023-09-11 15:34:41");
INSERT INTO pa_estimate VALUES("724","","4","4","4","25","17","412","7","2566","2023-09-11 15:34:42");
INSERT INTO pa_estimate VALUES("725","","5","4","4","25","17","412","7","2566","2023-09-11 15:34:42");
INSERT INTO pa_estimate VALUES("726","","6","4","4","25","17","412","7","2566","2023-09-11 15:34:42");
INSERT INTO pa_estimate VALUES("727","","7","3","3","25","17","412","7","2566","2023-09-11 15:34:42");
INSERT INTO pa_estimate VALUES("728","","8","4","4","25","17","412","7","2566","2023-09-11 15:34:42");
INSERT INTO pa_estimate VALUES("729","","9","3","3","25","17","412","7","2566","2023-09-11 15:34:42");
INSERT INTO pa_estimate VALUES("730","","10","4","4","25","17","412","7","2566","2023-09-11 15:34:42");
INSERT INTO pa_estimate VALUES("731","","11","4","4","25","17","412","7","2566","2023-09-11 15:34:42");
INSERT INTO pa_estimate VALUES("732","","12","4","4","25","17","412","7","2566","2023-09-11 15:34:42");
INSERT INTO pa_estimate VALUES("733","","13","4","4","25","17","412","7","2566","2023-09-11 15:34:42");
INSERT INTO pa_estimate VALUES("734","","14","4","4","25","17","412","7","2566","2023-09-11 15:34:42");
INSERT INTO pa_estimate VALUES("735","","15","4","4","25","17","412","7","2566","2023-09-11 15:34:42");
INSERT INTO pa_estimate VALUES("736","","16","4","20","25","17","412","7","2566","2023-09-11 15:34:42");
INSERT INTO pa_estimate VALUES("737","","17","4","10","25","17","412","7","2566","2023-09-11 15:34:42");
INSERT INTO pa_estimate VALUES("738","","18","4","10","25","17","412","7","2566","2023-09-11 15:34:42");
INSERT INTO pa_estimate VALUES("739","","1","4","4","32","17","415","7","2566","2023-09-11 15:39:06");
INSERT INTO pa_estimate VALUES("740","","2","4","4","32","17","415","7","2566","2023-09-11 15:39:06");
INSERT INTO pa_estimate VALUES("741","","3","4","4","32","17","415","7","2566","2023-09-11 15:39:07");
INSERT INTO pa_estimate VALUES("742","","4","3","3","32","17","415","7","2566","2023-09-11 15:39:07");
INSERT INTO pa_estimate VALUES("743","","5","4","4","32","17","415","7","2566","2023-09-11 15:39:07");
INSERT INTO pa_estimate VALUES("744","","6","4","4","32","17","415","7","2566","2023-09-11 15:39:07");
INSERT INTO pa_estimate VALUES("745","","7","3","3","32","17","415","7","2566","2023-09-11 15:39:07");
INSERT INTO pa_estimate VALUES("746","","8","4","4","32","17","415","7","2566","2023-09-11 15:39:07");
INSERT INTO pa_estimate VALUES("747","","9","4","4","32","17","415","7","2566","2023-09-11 15:39:07");
INSERT INTO pa_estimate VALUES("748","","10","4","4","32","17","415","7","2566","2023-09-11 15:39:07");
INSERT INTO pa_estimate VALUES("749","","11","4","4","32","17","415","7","2566","2023-09-11 15:39:07");
INSERT INTO pa_estimate VALUES("750","","12","4","4","32","17","415","7","2566","2023-09-11 15:39:07");
INSERT INTO pa_estimate VALUES("751","","13","4","4","32","17","415","7","2566","2023-09-11 15:39:07");
INSERT INTO pa_estimate VALUES("752","","14","4","4","32","17","415","7","2566","2023-09-11 15:39:07");
INSERT INTO pa_estimate VALUES("753","","15","4","4","32","17","415","7","2566","2023-09-11 15:39:07");
INSERT INTO pa_estimate VALUES("754","","16","4","20","32","17","415","7","2566","2023-09-11 15:39:07");
INSERT INTO pa_estimate VALUES("755","","17","4","10","32","17","415","7","2566","2023-09-11 15:39:07");
INSERT INTO pa_estimate VALUES("756","","18","4","10","32","17","415","7","2566","2023-09-11 15:39:07");
INSERT INTO pa_estimate VALUES("757","","1","4","4","23","17","418","7","2566","2023-09-11 15:44:20");
INSERT INTO pa_estimate VALUES("758","","2","4","4","23","17","418","7","2566","2023-09-11 15:44:21");
INSERT INTO pa_estimate VALUES("759","","3","4","4","23","17","418","7","2566","2023-09-11 15:44:21");
INSERT INTO pa_estimate VALUES("760","","4","3","3","23","17","418","7","2566","2023-09-11 15:44:21");
INSERT INTO pa_estimate VALUES("761","","5","4","4","23","17","418","7","2566","2023-09-11 15:44:21");
INSERT INTO pa_estimate VALUES("762","","6","4","4","23","17","418","7","2566","2023-09-11 15:44:21");
INSERT INTO pa_estimate VALUES("763","","7","3","3","23","17","418","7","2566","2023-09-11 15:44:21");
INSERT INTO pa_estimate VALUES("764","","8","4","4","23","17","418","7","2566","2023-09-11 15:44:21");
INSERT INTO pa_estimate VALUES("765","","9","4","4","23","17","418","7","2566","2023-09-11 15:44:21");
INSERT INTO pa_estimate VALUES("766","","10","4","4","23","17","418","7","2566","2023-09-11 15:44:21");
INSERT INTO pa_estimate VALUES("767","","11","4","4","23","17","418","7","2566","2023-09-11 15:44:21");
INSERT INTO pa_estimate VALUES("768","","12","4","4","23","17","418","7","2566","2023-09-11 15:44:21");
INSERT INTO pa_estimate VALUES("769","","13","4","4","23","17","418","7","2566","2023-09-11 15:44:21");
INSERT INTO pa_estimate VALUES("770","","14","4","4","23","17","418","7","2566","2023-09-11 15:44:21");
INSERT INTO pa_estimate VALUES("771","","15","4","4","23","17","418","7","2566","2023-09-11 15:44:21");
INSERT INTO pa_estimate VALUES("772","","16","4","20","23","17","418","7","2566","2023-09-11 15:44:21");
INSERT INTO pa_estimate VALUES("773","","17","4","10","23","17","418","7","2566","2023-09-11 15:44:21");
INSERT INTO pa_estimate VALUES("774","","18","4","10","23","17","418","7","2566","2023-09-11 15:44:21");
INSERT INTO pa_estimate VALUES("775","","1","4","4","21","17","421","7","2566","2023-09-11 15:50:34");
INSERT INTO pa_estimate VALUES("776","","2","3","3","21","17","421","7","2566","2023-09-11 15:50:34");
INSERT INTO pa_estimate VALUES("777","","3","3","3","21","17","421","7","2566","2023-09-11 15:50:34");
INSERT INTO pa_estimate VALUES("778","","4","4","4","21","17","421","7","2566","2023-09-11 15:50:34");
INSERT INTO pa_estimate VALUES("779","","5","4","4","21","17","421","7","2566","2023-09-11 15:50:34");
INSERT INTO pa_estimate VALUES("780","","6","4","4","21","17","421","7","2566","2023-09-11 15:50:34");
INSERT INTO pa_estimate VALUES("781","","7","3","3","21","17","421","7","2566","2023-09-11 15:50:34");
INSERT INTO pa_estimate VALUES("782","","8","4","4","21","17","421","7","2566","2023-09-11 15:50:34");
INSERT INTO pa_estimate VALUES("783","","9","4","4","21","17","421","7","2566","2023-09-11 15:50:34");
INSERT INTO pa_estimate VALUES("784","","10","4","4","21","17","421","7","2566","2023-09-11 15:50:34");
INSERT INTO pa_estimate VALUES("785","","11","4","4","21","17","421","7","2566","2023-09-11 15:50:34");
INSERT INTO pa_estimate VALUES("786","","12","4","4","21","17","421","7","2566","2023-09-11 15:50:34");
INSERT INTO pa_estimate VALUES("787","","13","3","3","21","17","421","7","2566","2023-09-11 15:50:34");
INSERT INTO pa_estimate VALUES("788","","14","4","4","21","17","421","7","2566","2023-09-11 15:50:34");
INSERT INTO pa_estimate VALUES("789","","15","4","4","21","17","421","7","2566","2023-09-11 15:50:34");
INSERT INTO pa_estimate VALUES("790","","16","4","20","21","17","421","7","2566","2023-09-11 15:50:34");
INSERT INTO pa_estimate VALUES("791","","17","4","10","21","17","421","7","2566","2023-09-11 15:50:34");
INSERT INTO pa_estimate VALUES("792","","18","4","10","21","17","421","7","2566","2023-09-11 15:50:34");
INSERT INTO pa_estimate VALUES("793","","1","4","4","30","17","424","7","2566","2023-09-11 15:53:32");
INSERT INTO pa_estimate VALUES("794","","2","4","4","30","17","424","7","2566","2023-09-11 15:53:32");
INSERT INTO pa_estimate VALUES("795","","3","4","4","30","17","424","7","2566","2023-09-11 15:53:32");
INSERT INTO pa_estimate VALUES("796","","4","4","4","30","17","424","7","2566","2023-09-11 15:53:32");
INSERT INTO pa_estimate VALUES("797","","5","4","4","30","17","424","7","2566","2023-09-11 15:53:32");
INSERT INTO pa_estimate VALUES("798","","6","4","4","30","17","424","7","2566","2023-09-11 15:53:32");
INSERT INTO pa_estimate VALUES("799","","7","3","3","30","17","424","7","2566","2023-09-11 15:53:32");
INSERT INTO pa_estimate VALUES("800","","8","4","4","30","17","424","7","2566","2023-09-11 15:53:32");
INSERT INTO pa_estimate VALUES("801","","9","3","3","30","17","424","7","2566","2023-09-11 15:53:32");
INSERT INTO pa_estimate VALUES("802","","10","4","4","30","17","424","7","2566","2023-09-11 15:53:32");
INSERT INTO pa_estimate VALUES("803","","11","4","4","30","17","424","7","2566","2023-09-11 15:53:32");
INSERT INTO pa_estimate VALUES("804","","12","4","4","30","17","424","7","2566","2023-09-11 15:53:32");
INSERT INTO pa_estimate VALUES("805","","13","4","4","30","17","424","7","2566","2023-09-11 15:53:32");
INSERT INTO pa_estimate VALUES("806","","14","4","4","30","17","424","7","2566","2023-09-11 15:53:32");
INSERT INTO pa_estimate VALUES("807","","15","4","4","30","17","424","7","2566","2023-09-11 15:53:32");
INSERT INTO pa_estimate VALUES("808","","16","4","20","30","17","424","7","2566","2023-09-11 15:53:32");
INSERT INTO pa_estimate VALUES("809","","17","4","10","30","17","424","7","2566","2023-09-11 15:53:32");
INSERT INTO pa_estimate VALUES("810","","18","4","10","30","17","424","7","2566","2023-09-11 15:53:33");
INSERT INTO pa_estimate VALUES("811","","1","4","4","29","17","427","7","2566","2023-09-11 15:56:27");
INSERT INTO pa_estimate VALUES("812","","2","4","4","29","17","427","7","2566","2023-09-11 15:56:27");
INSERT INTO pa_estimate VALUES("813","","3","4","4","29","17","427","7","2566","2023-09-11 15:56:27");
INSERT INTO pa_estimate VALUES("814","","4","4","4","29","17","427","7","2566","2023-09-11 15:56:27");
INSERT INTO pa_estimate VALUES("815","","5","4","4","29","17","427","7","2566","2023-09-11 15:56:27");
INSERT INTO pa_estimate VALUES("816","","6","4","4","29","17","427","7","2566","2023-09-11 15:56:27");
INSERT INTO pa_estimate VALUES("817","","7","3","3","29","17","427","7","2566","2023-09-11 15:56:27");
INSERT INTO pa_estimate VALUES("818","","8","4","4","29","17","427","7","2566","2023-09-11 15:56:28");
INSERT INTO pa_estimate VALUES("819","","9","3","3","29","17","427","7","2566","2023-09-11 15:56:28");
INSERT INTO pa_estimate VALUES("820","","10","4","4","29","17","427","7","2566","2023-09-11 15:56:28");
INSERT INTO pa_estimate VALUES("821","","11","4","4","29","17","427","7","2566","2023-09-11 15:56:28");
INSERT INTO pa_estimate VALUES("822","","12","4","4","29","17","427","7","2566","2023-09-11 15:56:28");
INSERT INTO pa_estimate VALUES("823","","13","4","4","29","17","427","7","2566","2023-09-11 15:56:28");
INSERT INTO pa_estimate VALUES("824","","14","4","4","29","17","427","7","2566","2023-09-11 15:56:28");
INSERT INTO pa_estimate VALUES("825","","15","4","4","29","17","427","7","2566","2023-09-11 15:56:28");
INSERT INTO pa_estimate VALUES("826","","16","4","20","29","17","427","7","2566","2023-09-11 15:56:28");
INSERT INTO pa_estimate VALUES("827","","17","4","10","29","17","427","7","2566","2023-09-11 15:56:28");
INSERT INTO pa_estimate VALUES("828","","18","4","10","29","17","427","7","2566","2023-09-11 15:56:28");
INSERT INTO pa_estimate VALUES("829","","1","4","4","146","146","322","37","2566","2023-09-11 16:21:50");
INSERT INTO pa_estimate VALUES("830","","2","4","4","146","146","322","37","2566","2023-09-11 16:21:50");
INSERT INTO pa_estimate VALUES("831","","3","3","3","146","146","322","37","2566","2023-09-11 16:21:50");
INSERT INTO pa_estimate VALUES("832","","4","3","3","146","146","322","37","2566","2023-09-11 16:21:50");
INSERT INTO pa_estimate VALUES("833","","5","4","4","146","146","322","37","2566","2023-09-11 16:21:50");
INSERT INTO pa_estimate VALUES("834","","6","3","3","146","146","322","37","2566","2023-09-11 16:21:50");
INSERT INTO pa_estimate VALUES("835","","7","4","4","146","146","322","37","2566","2023-09-11 16:21:50");
INSERT INTO pa_estimate VALUES("836","","8","4","4","146","146","322","37","2566","2023-09-11 16:21:51");
INSERT INTO pa_estimate VALUES("837","","9","3","3","146","146","322","37","2566","2023-09-11 16:21:51");
INSERT INTO pa_estimate VALUES("838","","10","4","4","146","146","322","37","2566","2023-09-11 16:21:51");
INSERT INTO pa_estimate VALUES("839","","11","4","4","146","146","322","37","2566","2023-09-11 16:21:51");
INSERT INTO pa_estimate VALUES("840","","12","4","4","146","146","322","37","2566","2023-09-11 16:21:51");
INSERT INTO pa_estimate VALUES("841","","13","4","4","146","146","322","37","2566","2023-09-11 16:21:51");
INSERT INTO pa_estimate VALUES("842","","14","4","4","146","146","322","37","2566","2023-09-11 16:21:51");
INSERT INTO pa_estimate VALUES("843","","15","4","4","146","146","322","37","2566","2023-09-11 16:21:51");
INSERT INTO pa_estimate VALUES("844","","16","4","20","146","146","322","37","2566","2023-09-11 16:21:51");
INSERT INTO pa_estimate VALUES("845","","17","4","10","146","146","322","37","2566","2023-09-11 16:21:51");
INSERT INTO pa_estimate VALUES("846","","18","4","10","146","146","322","37","2566","2023-09-11 16:21:51");
INSERT INTO pa_estimate VALUES("847","","1","4","4","77","78","121","10","2566","2023-09-11 20:08:31");
INSERT INTO pa_estimate VALUES("848","","2","4","4","77","78","121","10","2566","2023-09-11 20:08:31");
INSERT INTO pa_estimate VALUES("849","","3","4","4","77","78","121","10","2566","2023-09-11 20:08:31");
INSERT INTO pa_estimate VALUES("850","","4","4","4","77","78","121","10","2566","2023-09-11 20:08:31");
INSERT INTO pa_estimate VALUES("851","","5","4","4","77","78","121","10","2566","2023-09-11 20:08:31");
INSERT INTO pa_estimate VALUES("852","","6","3","3","77","78","121","10","2566","2023-09-11 20:08:31");
INSERT INTO pa_estimate VALUES("853","","7","4","4","77","78","121","10","2566","2023-09-11 20:08:31");
INSERT INTO pa_estimate VALUES("854","","8","4","4","77","78","121","10","2566","2023-09-11 20:08:31");
INSERT INTO pa_estimate VALUES("855","","9","4","4","77","78","121","10","2566","2023-09-11 20:08:31");
INSERT INTO pa_estimate VALUES("856","","10","4","4","77","78","121","10","2566","2023-09-11 20:08:32");
INSERT INTO pa_estimate VALUES("857","","11","4","4","77","78","121","10","2566","2023-09-11 20:08:32");
INSERT INTO pa_estimate VALUES("858","","12","4","4","77","78","121","10","2566","2023-09-11 20:08:32");
INSERT INTO pa_estimate VALUES("859","","13","4","4","77","78","121","10","2566","2023-09-11 20:08:32");
INSERT INTO pa_estimate VALUES("860","","14","4","4","77","78","121","10","2566","2023-09-11 20:08:32");
INSERT INTO pa_estimate VALUES("861","","15","4","4","77","78","121","10","2566","2023-09-11 20:08:32");
INSERT INTO pa_estimate VALUES("862","","16","4","20","77","78","121","10","2566","2023-09-11 20:08:32");
INSERT INTO pa_estimate VALUES("863","","17","4","10","77","78","121","10","2566","2023-09-11 20:08:32");
INSERT INTO pa_estimate VALUES("864","","18","3","7.5","77","78","121","10","2566","2023-09-11 20:08:32");
INSERT INTO pa_estimate VALUES("865","","1","4","4","132","132","340","22","2566","2023-09-11 20:20:48");
INSERT INTO pa_estimate VALUES("866","","2","4","4","132","132","340","22","2566","2023-09-11 20:20:48");
INSERT INTO pa_estimate VALUES("867","","3","4","4","132","132","340","22","2566","2023-09-11 20:20:48");
INSERT INTO pa_estimate VALUES("868","","4","3","3","132","132","340","22","2566","2023-09-11 20:20:48");
INSERT INTO pa_estimate VALUES("869","","5","3","3","132","132","340","22","2566","2023-09-11 20:20:48");
INSERT INTO pa_estimate VALUES("870","","6","4","4","132","132","340","22","2566","2023-09-11 20:20:48");
INSERT INTO pa_estimate VALUES("871","","7","3","3","132","132","340","22","2566","2023-09-11 20:20:48");
INSERT INTO pa_estimate VALUES("872","","8","4","4","132","132","340","22","2566","2023-09-11 20:20:48");
INSERT INTO pa_estimate VALUES("873","","9","3","3","132","132","340","22","2566","2023-09-11 20:20:48");
INSERT INTO pa_estimate VALUES("874","","10","4","4","132","132","340","22","2566","2023-09-11 20:20:48");
INSERT INTO pa_estimate VALUES("875","","11","4","4","132","132","340","22","2566","2023-09-11 20:20:48");
INSERT INTO pa_estimate VALUES("876","","12","4","4","132","132","340","22","2566","2023-09-11 20:20:48");
INSERT INTO pa_estimate VALUES("877","","13","4","4","132","132","340","22","2566","2023-09-11 20:20:48");
INSERT INTO pa_estimate VALUES("878","","14","4","4","132","132","340","22","2566","2023-09-11 20:20:48");
INSERT INTO pa_estimate VALUES("879","","15","4","4","132","132","340","22","2566","2023-09-11 20:20:48");
INSERT INTO pa_estimate VALUES("880","","16","3","15","132","132","340","22","2566","2023-09-11 20:20:49");
INSERT INTO pa_estimate VALUES("881","","17","3","7.5","132","132","340","22","2566","2023-09-11 20:20:49");
INSERT INTO pa_estimate VALUES("882","","18","4","10","132","132","340","22","2566","2023-09-11 20:20:49");
INSERT INTO pa_estimate VALUES("883","","1","4","4","133","132","343","22","2566","2023-09-11 20:22:50");
INSERT INTO pa_estimate VALUES("884","","2","4","4","133","132","343","22","2566","2023-09-11 20:22:50");
INSERT INTO pa_estimate VALUES("885","","3","3","3","133","132","343","22","2566","2023-09-11 20:22:50");
INSERT INTO pa_estimate VALUES("886","","4","3","3","133","132","343","22","2566","2023-09-11 20:22:50");
INSERT INTO pa_estimate VALUES("887","","5","4","4","133","132","343","22","2566","2023-09-11 20:22:50");
INSERT INTO pa_estimate VALUES("888","","6","4","4","133","132","343","22","2566","2023-09-11 20:22:50");
INSERT INTO pa_estimate VALUES("889","","7","3","3","133","132","343","22","2566","2023-09-11 20:22:50");
INSERT INTO pa_estimate VALUES("890","","8","4","4","133","132","343","22","2566","2023-09-11 20:22:50");
INSERT INTO pa_estimate VALUES("891","","9","3","3","133","132","343","22","2566","2023-09-11 20:22:50");
INSERT INTO pa_estimate VALUES("892","","10","4","4","133","132","343","22","2566","2023-09-11 20:22:51");
INSERT INTO pa_estimate VALUES("893","","11","4","4","133","132","343","22","2566","2023-09-11 20:22:51");
INSERT INTO pa_estimate VALUES("894","","12","4","4","133","132","343","22","2566","2023-09-11 20:22:51");
INSERT INTO pa_estimate VALUES("895","","13","4","4","133","132","343","22","2566","2023-09-11 20:22:51");
INSERT INTO pa_estimate VALUES("896","","14","4","4","133","132","343","22","2566","2023-09-11 20:22:51");
INSERT INTO pa_estimate VALUES("897","","15","4","4","133","132","343","22","2566","2023-09-11 20:22:51");
INSERT INTO pa_estimate VALUES("898","","16","3","15","133","132","343","22","2566","2023-09-11 20:22:51");
INSERT INTO pa_estimate VALUES("899","","17","4","10","133","132","343","22","2566","2023-09-11 20:22:51");
INSERT INTO pa_estimate VALUES("900","","18","3","7.5","133","132","343","22","2566","2023-09-11 20:22:51");
INSERT INTO pa_estimate VALUES("901","","1","4","4","64","34","145","43","2566","2023-09-11 20:23:19");
INSERT INTO pa_estimate VALUES("902","","2","3","3","64","34","145","43","2566","2023-09-11 20:23:19");
INSERT INTO pa_estimate VALUES("903","","3","4","4","64","34","145","43","2566","2023-09-11 20:23:19");
INSERT INTO pa_estimate VALUES("904","","4","3","3","64","34","145","43","2566","2023-09-11 20:23:19");
INSERT INTO pa_estimate VALUES("905","","5","4","4","64","34","145","43","2566","2023-09-11 20:23:19");
INSERT INTO pa_estimate VALUES("906","","6","3","3","64","34","145","43","2566","2023-09-11 20:23:19");
INSERT INTO pa_estimate VALUES("907","","7","4","4","64","34","145","43","2566","2023-09-11 20:23:19");
INSERT INTO pa_estimate VALUES("908","","8","4","4","64","34","145","43","2566","2023-09-11 20:23:19");
INSERT INTO pa_estimate VALUES("909","","9","4","4","64","34","145","43","2566","2023-09-11 20:23:20");
INSERT INTO pa_estimate VALUES("910","","10","4","4","64","34","145","43","2566","2023-09-11 20:23:20");
INSERT INTO pa_estimate VALUES("911","","11","4","4","64","34","145","43","2566","2023-09-11 20:23:20");
INSERT INTO pa_estimate VALUES("912","","12","4","4","64","34","145","43","2566","2023-09-11 20:23:20");
INSERT INTO pa_estimate VALUES("913","","13","4","4","64","34","145","43","2566","2023-09-11 20:23:20");
INSERT INTO pa_estimate VALUES("914","","14","4","4","64","34","145","43","2566","2023-09-11 20:23:20");
INSERT INTO pa_estimate VALUES("915","","15","4","4","64","34","145","43","2566","2023-09-11 20:23:20");
INSERT INTO pa_estimate VALUES("916","","16","4","20","64","34","145","43","2566","2023-09-11 20:23:20");
INSERT INTO pa_estimate VALUES("917","","17","3","7.5","64","34","145","43","2566","2023-09-11 20:23:20");
INSERT INTO pa_estimate VALUES("918","","18","3","7.5","64","34","145","43","2566","2023-09-11 20:23:20");
INSERT INTO pa_estimate VALUES("919","","1","4","4","135","132","331","22","2566","2023-09-11 20:24:14");
INSERT INTO pa_estimate VALUES("920","","2","4","4","135","132","331","22","2566","2023-09-11 20:24:14");
INSERT INTO pa_estimate VALUES("921","","3","3","3","135","132","331","22","2566","2023-09-11 20:24:14");
INSERT INTO pa_estimate VALUES("922","","4","3","3","135","132","331","22","2566","2023-09-11 20:24:14");
INSERT INTO pa_estimate VALUES("923","","5","3","3","135","132","331","22","2566","2023-09-11 20:24:14");
INSERT INTO pa_estimate VALUES("924","","6","4","4","135","132","331","22","2566","2023-09-11 20:24:14");
INSERT INTO pa_estimate VALUES("925","","7","3","3","135","132","331","22","2566","2023-09-11 20:24:14");
INSERT INTO pa_estimate VALUES("926","","8","4","4","135","132","331","22","2566","2023-09-11 20:24:14");
INSERT INTO pa_estimate VALUES("927","","9","3","3","135","132","331","22","2566","2023-09-11 20:24:14");
INSERT INTO pa_estimate VALUES("928","","10","4","4","135","132","331","22","2566","2023-09-11 20:24:14");
INSERT INTO pa_estimate VALUES("929","","11","4","4","135","132","331","22","2566","2023-09-11 20:24:14");
INSERT INTO pa_estimate VALUES("930","","12","4","4","135","132","331","22","2566","2023-09-11 20:24:14");
INSERT INTO pa_estimate VALUES("931","","13","4","4","135","132","331","22","2566","2023-09-11 20:24:14");
INSERT INTO pa_estimate VALUES("932","","14","4","4","135","132","331","22","2566","2023-09-11 20:24:14");
INSERT INTO pa_estimate VALUES("933","","15","4","4","135","132","331","22","2566","2023-09-11 20:24:14");
INSERT INTO pa_estimate VALUES("934","","16","3","15","135","132","331","22","2566","2023-09-11 20:24:14");
INSERT INTO pa_estimate VALUES("935","","17","3","7.5","135","132","331","22","2566","2023-09-11 20:24:14");
INSERT INTO pa_estimate VALUES("936","","18","4","10","135","132","331","22","2566","2023-09-11 20:24:14");
INSERT INTO pa_estimate VALUES("937","","1","4","4","134","132","334","22","2566","2023-09-11 20:26:22");
INSERT INTO pa_estimate VALUES("938","","2","4","4","134","132","334","22","2566","2023-09-11 20:26:22");
INSERT INTO pa_estimate VALUES("939","","3","3","3","134","132","334","22","2566","2023-09-11 20:26:22");
INSERT INTO pa_estimate VALUES("940","","4","3","3","134","132","334","22","2566","2023-09-11 20:26:22");
INSERT INTO pa_estimate VALUES("941","","5","3","3","134","132","334","22","2566","2023-09-11 20:26:22");
INSERT INTO pa_estimate VALUES("942","","6","4","4","134","132","334","22","2566","2023-09-11 20:26:22");
INSERT INTO pa_estimate VALUES("943","","7","3","3","134","132","334","22","2566","2023-09-11 20:26:22");
INSERT INTO pa_estimate VALUES("944","","8","4","4","134","132","334","22","2566","2023-09-11 20:26:22");
INSERT INTO pa_estimate VALUES("945","","9","3","3","134","132","334","22","2566","2023-09-11 20:26:22");
INSERT INTO pa_estimate VALUES("946","","10","4","4","134","132","334","22","2566","2023-09-11 20:26:22");
INSERT INTO pa_estimate VALUES("947","","11","4","4","134","132","334","22","2566","2023-09-11 20:26:22");
INSERT INTO pa_estimate VALUES("948","","12","4","4","134","132","334","22","2566","2023-09-11 20:26:22");
INSERT INTO pa_estimate VALUES("949","","13","4","4","134","132","334","22","2566","2023-09-11 20:26:22");
INSERT INTO pa_estimate VALUES("950","","14","4","4","134","132","334","22","2566","2023-09-11 20:26:22");
INSERT INTO pa_estimate VALUES("951","","15","4","4","134","132","334","22","2566","2023-09-11 20:26:23");
INSERT INTO pa_estimate VALUES("952","","16","3","15","134","132","334","22","2566","2023-09-11 20:26:23");
INSERT INTO pa_estimate VALUES("953","","17","3","7.5","134","132","334","22","2566","2023-09-11 20:26:23");
INSERT INTO pa_estimate VALUES("954","","18","4","10","134","132","334","22","2566","2023-09-11 20:26:23");
INSERT INTO pa_estimate VALUES("955","","1","4","4","136","132","337","22","2566","2023-09-11 20:29:08");
INSERT INTO pa_estimate VALUES("956","","2","3","3","136","132","337","22","2566","2023-09-11 20:29:08");
INSERT INTO pa_estimate VALUES("957","","3","3","3","136","132","337","22","2566","2023-09-11 20:29:08");
INSERT INTO pa_estimate VALUES("958","","4","4","4","136","132","337","22","2566","2023-09-11 20:29:08");
INSERT INTO pa_estimate VALUES("959","","5","3","3","136","132","337","22","2566","2023-09-11 20:29:08");
INSERT INTO pa_estimate VALUES("960","","6","4","4","136","132","337","22","2566","2023-09-11 20:29:08");
INSERT INTO pa_estimate VALUES("961","","7","3","3","136","132","337","22","2566","2023-09-11 20:29:08");
INSERT INTO pa_estimate VALUES("962","","8","4","4","136","132","337","22","2566","2023-09-11 20:29:08");
INSERT INTO pa_estimate VALUES("963","","9","3","3","136","132","337","22","2566","2023-09-11 20:29:08");
INSERT INTO pa_estimate VALUES("964","","10","4","4","136","132","337","22","2566","2023-09-11 20:29:08");
INSERT INTO pa_estimate VALUES("965","","11","4","4","136","132","337","22","2566","2023-09-11 20:29:08");
INSERT INTO pa_estimate VALUES("966","","12","4","4","136","132","337","22","2566","2023-09-11 20:29:08");
INSERT INTO pa_estimate VALUES("967","","13","4","4","136","132","337","22","2566","2023-09-11 20:29:08");
INSERT INTO pa_estimate VALUES("968","","14","4","4","136","132","337","22","2566","2023-09-11 20:29:08");
INSERT INTO pa_estimate VALUES("969","","15","4","4","136","132","337","22","2566","2023-09-11 20:29:08");
INSERT INTO pa_estimate VALUES("970","","16","3","15","136","132","337","22","2566","2023-09-11 20:29:08");
INSERT INTO pa_estimate VALUES("971","","17","3","7.5","136","132","337","22","2566","2023-09-11 20:29:09");
INSERT INTO pa_estimate VALUES("972","","18","4","10","136","132","337","22","2566","2023-09-11 20:29:09");
INSERT INTO pa_estimate VALUES("973","","1","4","4","53","34","148","52","2566","2023-09-11 20:32:17");
INSERT INTO pa_estimate VALUES("974","","2","3","3","53","34","148","52","2566","2023-09-11 20:32:17");
INSERT INTO pa_estimate VALUES("975","","3","3","3","53","34","148","52","2566","2023-09-11 20:32:17");
INSERT INTO pa_estimate VALUES("976","","4","3","3","53","34","148","52","2566","2023-09-11 20:32:17");
INSERT INTO pa_estimate VALUES("977","","5","3","3","53","34","148","52","2566","2023-09-11 20:32:17");
INSERT INTO pa_estimate VALUES("978","","6","3","3","53","34","148","52","2566","2023-09-11 20:32:17");
INSERT INTO pa_estimate VALUES("979","","7","4","4","53","34","148","52","2566","2023-09-11 20:32:17");
INSERT INTO pa_estimate VALUES("980","","8","4","4","53","34","148","52","2566","2023-09-11 20:32:17");
INSERT INTO pa_estimate VALUES("981","","9","4","4","53","34","148","52","2566","2023-09-11 20:32:17");
INSERT INTO pa_estimate VALUES("982","","10","4","4","53","34","148","52","2566","2023-09-11 20:32:17");
INSERT INTO pa_estimate VALUES("983","","11","4","4","53","34","148","52","2566","2023-09-11 20:32:17");
INSERT INTO pa_estimate VALUES("984","","12","4","4","53","34","148","52","2566","2023-09-11 20:32:17");
INSERT INTO pa_estimate VALUES("985","","13","4","4","53","34","148","52","2566","2023-09-11 20:32:18");
INSERT INTO pa_estimate VALUES("986","","14","4","4","53","34","148","52","2566","2023-09-11 20:32:18");
INSERT INTO pa_estimate VALUES("987","","15","3","3","53","34","148","52","2566","2023-09-11 20:32:18");
INSERT INTO pa_estimate VALUES("988","","16","4","20","53","34","148","52","2566","2023-09-11 20:32:18");
INSERT INTO pa_estimate VALUES("989","","17","3","7.5","53","34","148","52","2566","2023-09-11 20:32:18");
INSERT INTO pa_estimate VALUES("990","","18","3","7.5","53","34","148","52","2566","2023-09-11 20:32:18");
INSERT INTO pa_estimate VALUES("991","","1","4","4","37","34","151","46","2566","2023-09-11 20:45:32");
INSERT INTO pa_estimate VALUES("992","","2","4","4","37","34","151","46","2566","2023-09-11 20:45:32");
INSERT INTO pa_estimate VALUES("993","","3","4","4","37","34","151","46","2566","2023-09-11 20:45:32");
INSERT INTO pa_estimate VALUES("994","","4","3","3","37","34","151","46","2566","2023-09-11 20:45:32");
INSERT INTO pa_estimate VALUES("995","","5","4","4","37","34","151","46","2566","2023-09-11 20:45:32");
INSERT INTO pa_estimate VALUES("996","","6","3","3","37","34","151","46","2566","2023-09-11 20:45:32");
INSERT INTO pa_estimate VALUES("997","","7","4","4","37","34","151","46","2566","2023-09-11 20:45:32");
INSERT INTO pa_estimate VALUES("998","","8","4","4","37","34","151","46","2566","2023-09-11 20:45:32");
INSERT INTO pa_estimate VALUES("999","","9","4","4","37","34","151","46","2566","2023-09-11 20:45:32");
INSERT INTO pa_estimate VALUES("1000","","10","4","4","37","34","151","46","2566","2023-09-11 20:45:32");
INSERT INTO pa_estimate VALUES("1001","","11","4","4","37","34","151","46","2566","2023-09-11 20:45:32");
INSERT INTO pa_estimate VALUES("1002","","12","4","4","37","34","151","46","2566","2023-09-11 20:45:32");
INSERT INTO pa_estimate VALUES("1003","","13","3","3","37","34","151","46","2566","2023-09-11 20:45:33");
INSERT INTO pa_estimate VALUES("1004","","14","3","3","37","34","151","46","2566","2023-09-11 20:45:33");
INSERT INTO pa_estimate VALUES("1005","","15","3","3","37","34","151","46","2566","2023-09-11 20:45:33");
INSERT INTO pa_estimate VALUES("1006","","16","4","20","37","34","151","46","2566","2023-09-11 20:45:33");
INSERT INTO pa_estimate VALUES("1007","","17","3","7.5","37","34","151","46","2566","2023-09-11 20:45:33");
INSERT INTO pa_estimate VALUES("1008","","18","3","7.5","37","34","151","46","2566","2023-09-11 20:45:33");
INSERT INTO pa_estimate VALUES("1009","","1","4","4","51","34","154","46","2566","2023-09-11 21:24:06");
INSERT INTO pa_estimate VALUES("1010","","2","4","4","51","34","154","46","2566","2023-09-11 21:24:06");
INSERT INTO pa_estimate VALUES("1011","","3","4","4","51","34","154","46","2566","2023-09-11 21:24:06");
INSERT INTO pa_estimate VALUES("1012","","4","3","3","51","34","154","46","2566","2023-09-11 21:24:06");
INSERT INTO pa_estimate VALUES("1013","","5","4","4","51","34","154","46","2566","2023-09-11 21:24:06");
INSERT INTO pa_estimate VALUES("1014","","6","3","3","51","34","154","46","2566","2023-09-11 21:24:06");
INSERT INTO pa_estimate VALUES("1015","","7","4","4","51","34","154","46","2566","2023-09-11 21:24:06");
INSERT INTO pa_estimate VALUES("1016","","8","4","4","51","34","154","46","2566","2023-09-11 21:24:07");
INSERT INTO pa_estimate VALUES("1017","","9","4","4","51","34","154","46","2566","2023-09-11 21:24:07");
INSERT INTO pa_estimate VALUES("1018","","10","4","4","51","34","154","46","2566","2023-09-11 21:24:07");
INSERT INTO pa_estimate VALUES("1019","","11","4","4","51","34","154","46","2566","2023-09-11 21:24:07");
INSERT INTO pa_estimate VALUES("1020","","12","4","4","51","34","154","46","2566","2023-09-11 21:24:07");
INSERT INTO pa_estimate VALUES("1021","","13","3","3","51","34","154","46","2566","2023-09-11 21:24:07");
INSERT INTO pa_estimate VALUES("1022","","14","3","3","51","34","154","46","2566","2023-09-11 21:24:07");
INSERT INTO pa_estimate VALUES("1023","","15","3","3","51","34","154","46","2566","2023-09-11 21:24:07");
INSERT INTO pa_estimate VALUES("1024","","16","4","20","51","34","154","46","2566","2023-09-11 21:24:07");
INSERT INTO pa_estimate VALUES("1025","","17","3","7.5","51","34","154","46","2566","2023-09-11 21:24:07");
INSERT INTO pa_estimate VALUES("1026","","18","3","7.5","51","34","154","46","2566","2023-09-11 21:24:07");
INSERT INTO pa_estimate VALUES("1027","","1","4","4","35","34","157","52","2566","2023-09-11 21:35:55");
INSERT INTO pa_estimate VALUES("1028","","2","4","4","35","34","157","52","2566","2023-09-11 21:35:55");
INSERT INTO pa_estimate VALUES("1029","","3","4","4","35","34","157","52","2566","2023-09-11 21:35:55");
INSERT INTO pa_estimate VALUES("1030","","4","3","3","35","34","157","52","2566","2023-09-11 21:35:55");
INSERT INTO pa_estimate VALUES("1031","","5","4","4","35","34","157","52","2566","2023-09-11 21:35:55");
INSERT INTO pa_estimate VALUES("1032","","6","4","4","35","34","157","52","2566","2023-09-11 21:35:56");
INSERT INTO pa_estimate VALUES("1033","","7","4","4","35","34","157","52","2566","2023-09-11 21:35:56");
INSERT INTO pa_estimate VALUES("1034","","8","4","4","35","34","157","52","2566","2023-09-11 21:35:56");
INSERT INTO pa_estimate VALUES("1035","","9","3","3","35","34","157","52","2566","2023-09-11 21:35:56");
INSERT INTO pa_estimate VALUES("1036","","10","4","4","35","34","157","52","2566","2023-09-11 21:35:56");
INSERT INTO pa_estimate VALUES("1037","","11","4","4","35","34","157","52","2566","2023-09-11 21:35:56");
INSERT INTO pa_estimate VALUES("1038","","12","3","3","35","34","157","52","2566","2023-09-11 21:35:56");
INSERT INTO pa_estimate VALUES("1039","","13","3","3","35","34","157","52","2566","2023-09-11 21:35:56");
INSERT INTO pa_estimate VALUES("1040","","14","3","3","35","34","157","52","2566","2023-09-11 21:35:56");
INSERT INTO pa_estimate VALUES("1041","","15","3","3","35","34","157","52","2566","2023-09-11 21:35:56");
INSERT INTO pa_estimate VALUES("1042","","16","4","20","35","34","157","52","2566","2023-09-11 21:35:56");
INSERT INTO pa_estimate VALUES("1043","","17","3","7.5","35","34","157","52","2566","2023-09-11 21:35:56");
INSERT INTO pa_estimate VALUES("1044","","18","3","7.5","35","34","157","52","2566","2023-09-11 21:35:56");
INSERT INTO pa_estimate VALUES("1045","","1","4","4","58","34","160","46","2566","2023-09-11 21:43:53");
INSERT INTO pa_estimate VALUES("1046","","2","4","4","58","34","160","46","2566","2023-09-11 21:43:53");
INSERT INTO pa_estimate VALUES("1047","","3","4","4","58","34","160","46","2566","2023-09-11 21:43:53");
INSERT INTO pa_estimate VALUES("1048","","4","4","4","58","34","160","46","2566","2023-09-11 21:43:53");
INSERT INTO pa_estimate VALUES("1049","","5","4","4","58","34","160","46","2566","2023-09-11 21:43:53");
INSERT INTO pa_estimate VALUES("1050","","6","4","4","58","34","160","46","2566","2023-09-11 21:43:53");
INSERT INTO pa_estimate VALUES("1051","","7","4","4","58","34","160","46","2566","2023-09-11 21:43:53");
INSERT INTO pa_estimate VALUES("1052","","8","4","4","58","34","160","46","2566","2023-09-11 21:43:53");
INSERT INTO pa_estimate VALUES("1053","","9","4","4","58","34","160","46","2566","2023-09-11 21:43:53");
INSERT INTO pa_estimate VALUES("1054","","10","4","4","58","34","160","46","2566","2023-09-11 21:43:53");
INSERT INTO pa_estimate VALUES("1055","","11","4","4","58","34","160","46","2566","2023-09-11 21:43:53");
INSERT INTO pa_estimate VALUES("1056","","12","4","4","58","34","160","46","2566","2023-09-11 21:43:53");
INSERT INTO pa_estimate VALUES("1057","","13","4","4","58","34","160","46","2566","2023-09-11 21:43:53");
INSERT INTO pa_estimate VALUES("1058","","14","4","4","58","34","160","46","2566","2023-09-11 21:43:53");
INSERT INTO pa_estimate VALUES("1059","","15","3","3","58","34","160","46","2566","2023-09-11 21:43:54");
INSERT INTO pa_estimate VALUES("1060","","16","3","15","58","34","160","46","2566","2023-09-11 21:43:54");
INSERT INTO pa_estimate VALUES("1061","","17","4","10","58","34","160","46","2566","2023-09-11 21:43:54");
INSERT INTO pa_estimate VALUES("1062","","18","3","7.5","58","34","160","46","2566","2023-09-11 21:43:54");
INSERT INTO pa_estimate VALUES("1063","","1","4","4","42","34","163","43","2566","2023-09-11 21:49:38");
INSERT INTO pa_estimate VALUES("1064","","2","4","4","42","34","163","43","2566","2023-09-11 21:49:38");
INSERT INTO pa_estimate VALUES("1065","","3","4","4","42","34","163","43","2566","2023-09-11 21:49:38");
INSERT INTO pa_estimate VALUES("1066","","4","3","3","42","34","163","43","2566","2023-09-11 21:49:38");
INSERT INTO pa_estimate VALUES("1067","","5","4","4","42","34","163","43","2566","2023-09-11 21:49:38");
INSERT INTO pa_estimate VALUES("1068","","6","3","3","42","34","163","43","2566","2023-09-11 21:49:38");
INSERT INTO pa_estimate VALUES("1069","","7","4","4","42","34","163","43","2566","2023-09-11 21:49:38");
INSERT INTO pa_estimate VALUES("1070","","8","4","4","42","34","163","43","2566","2023-09-11 21:49:38");
INSERT INTO pa_estimate VALUES("1071","","9","4","4","42","34","163","43","2566","2023-09-11 21:49:38");
INSERT INTO pa_estimate VALUES("1072","","10","4","4","42","34","163","43","2566","2023-09-11 21:49:38");
INSERT INTO pa_estimate VALUES("1073","","11","4","4","42","34","163","43","2566","2023-09-11 21:49:38");
INSERT INTO pa_estimate VALUES("1074","","12","4","4","42","34","163","43","2566","2023-09-11 21:49:38");
INSERT INTO pa_estimate VALUES("1075","","13","4","4","42","34","163","43","2566","2023-09-11 21:49:38");
INSERT INTO pa_estimate VALUES("1076","","14","4","4","42","34","163","43","2566","2023-09-11 21:49:38");
INSERT INTO pa_estimate VALUES("1077","","15","3","3","42","34","163","43","2566","2023-09-11 21:49:38");
INSERT INTO pa_estimate VALUES("1078","","16","3","15","42","34","163","43","2566","2023-09-11 21:49:38");
INSERT INTO pa_estimate VALUES("1079","","17","4","10","42","34","163","43","2566","2023-09-11 21:49:38");
INSERT INTO pa_estimate VALUES("1080","","18","3","7.5","42","34","163","43","2566","2023-09-11 21:49:39");
INSERT INTO pa_estimate VALUES("1081","","1","4","4","67","34","169","43","2566","2023-09-11 22:07:15");
INSERT INTO pa_estimate VALUES("1082","","2","4","4","67","34","169","43","2566","2023-09-11 22:07:15");
INSERT INTO pa_estimate VALUES("1083","","3","4","4","67","34","169","43","2566","2023-09-11 22:07:15");
INSERT INTO pa_estimate VALUES("1084","","4","3","3","67","34","169","43","2566","2023-09-11 22:07:15");
INSERT INTO pa_estimate VALUES("1085","","5","4","4","67","34","169","43","2566","2023-09-11 22:07:15");
INSERT INTO pa_estimate VALUES("1086","","6","4","4","67","34","169","43","2566","2023-09-11 22:07:15");
INSERT INTO pa_estimate VALUES("1087","","7","4","4","67","34","169","43","2566","2023-09-11 22:07:15");
INSERT INTO pa_estimate VALUES("1088","","8","4","4","67","34","169","43","2566","2023-09-11 22:07:15");
INSERT INTO pa_estimate VALUES("1089","","9","3","3","67","34","169","43","2566","2023-09-11 22:07:15");
INSERT INTO pa_estimate VALUES("1090","","10","4","4","67","34","169","43","2566","2023-09-11 22:07:15");
INSERT INTO pa_estimate VALUES("1091","","11","4","4","67","34","169","43","2566","2023-09-11 22:07:15");
INSERT INTO pa_estimate VALUES("1092","","12","4","4","67","34","169","43","2566","2023-09-11 22:07:15");
INSERT INTO pa_estimate VALUES("1093","","13","4","4","67","34","169","43","2566","2023-09-11 22:07:15");
INSERT INTO pa_estimate VALUES("1094","","14","4","4","67","34","169","43","2566","2023-09-11 22:07:15");
INSERT INTO pa_estimate VALUES("1095","","15","4","4","67","34","169","43","2566","2023-09-11 22:07:15");
INSERT INTO pa_estimate VALUES("1096","","16","3","15","67","34","169","43","2566","2023-09-11 22:07:15");
INSERT INTO pa_estimate VALUES("1097","","17","4","10","67","34","169","43","2566","2023-09-11 22:07:15");
INSERT INTO pa_estimate VALUES("1098","","18","3","7.5","67","34","169","43","2566","2023-09-11 22:07:15");
INSERT INTO pa_estimate VALUES("1099","","1","4","4","56","34","172","49","2566","2023-09-12 05:44:46");
INSERT INTO pa_estimate VALUES("1100","","2","4","4","56","34","172","49","2566","2023-09-12 05:44:46");
INSERT INTO pa_estimate VALUES("1101","","3","4","4","56","34","172","49","2566","2023-09-12 05:44:46");
INSERT INTO pa_estimate VALUES("1102","","4","3","3","56","34","172","49","2566","2023-09-12 05:44:46");
INSERT INTO pa_estimate VALUES("1103","","5","4","4","56","34","172","49","2566","2023-09-12 05:44:46");
INSERT INTO pa_estimate VALUES("1104","","6","3","3","56","34","172","49","2566","2023-09-12 05:44:46");
INSERT INTO pa_estimate VALUES("1105","","7","4","4","56","34","172","49","2566","2023-09-12 05:44:46");
INSERT INTO pa_estimate VALUES("1106","","8","4","4","56","34","172","49","2566","2023-09-12 05:44:46");
INSERT INTO pa_estimate VALUES("1107","","9","4","4","56","34","172","49","2566","2023-09-12 05:44:46");
INSERT INTO pa_estimate VALUES("1108","","10","4","4","56","34","172","49","2566","2023-09-12 05:44:46");
INSERT INTO pa_estimate VALUES("1109","","11","4","4","56","34","172","49","2566","2023-09-12 05:44:46");
INSERT INTO pa_estimate VALUES("1110","","12","4","4","56","34","172","49","2566","2023-09-12 05:44:46");
INSERT INTO pa_estimate VALUES("1111","","13","3","3","56","34","172","49","2566","2023-09-12 05:44:46");
INSERT INTO pa_estimate VALUES("1112","","14","4","4","56","34","172","49","2566","2023-09-12 05:44:46");
INSERT INTO pa_estimate VALUES("1113","","15","3","3","56","34","172","49","2566","2023-09-12 05:44:46");
INSERT INTO pa_estimate VALUES("1114","","16","4","20","56","34","172","49","2566","2023-09-12 05:44:46");
INSERT INTO pa_estimate VALUES("1115","","17","4","10","56","34","172","49","2566","2023-09-12 05:44:46");
INSERT INTO pa_estimate VALUES("1116","","18","3","7.5","56","34","172","49","2566","2023-09-12 05:44:46");
INSERT INTO pa_estimate VALUES("1117","","1","4","4","47","34","175","43","2566","2023-09-12 05:49:40");
INSERT INTO pa_estimate VALUES("1118","","2","3","3","47","34","175","43","2566","2023-09-12 05:49:41");
INSERT INTO pa_estimate VALUES("1119","","3","4","4","47","34","175","43","2566","2023-09-12 05:49:41");
INSERT INTO pa_estimate VALUES("1120","","4","3","3","47","34","175","43","2566","2023-09-12 05:49:41");
INSERT INTO pa_estimate VALUES("1121","","5","3","3","47","34","175","43","2566","2023-09-12 05:49:41");
INSERT INTO pa_estimate VALUES("1122","","6","4","4","47","34","175","43","2566","2023-09-12 05:49:41");
INSERT INTO pa_estimate VALUES("1123","","7","3","3","47","34","175","43","2566","2023-09-12 05:49:41");
INSERT INTO pa_estimate VALUES("1124","","8","4","4","47","34","175","43","2566","2023-09-12 05:49:41");
INSERT INTO pa_estimate VALUES("1125","","9","4","4","47","34","175","43","2566","2023-09-12 05:49:41");
INSERT INTO pa_estimate VALUES("1126","","10","4","4","47","34","175","43","2566","2023-09-12 05:49:41");
INSERT INTO pa_estimate VALUES("1127","","11","4","4","47","34","175","43","2566","2023-09-12 05:49:41");
INSERT INTO pa_estimate VALUES("1128","","12","4","4","47","34","175","43","2566","2023-09-12 05:49:41");
INSERT INTO pa_estimate VALUES("1129","","13","4","4","47","34","175","43","2566","2023-09-12 05:49:41");
INSERT INTO pa_estimate VALUES("1130","","14","4","4","47","34","175","43","2566","2023-09-12 05:49:41");
INSERT INTO pa_estimate VALUES("1131","","15","3","3","47","34","175","43","2566","2023-09-12 05:49:41");
INSERT INTO pa_estimate VALUES("1132","","16","4","20","47","34","175","43","2566","2023-09-12 05:49:41");
INSERT INTO pa_estimate VALUES("1133","","17","3","7.5","47","34","175","43","2566","2023-09-12 05:49:41");
INSERT INTO pa_estimate VALUES("1134","","18","3","7.5","47","34","175","43","2566","2023-09-12 05:49:41");
INSERT INTO pa_estimate VALUES("1135","","1","4","4","54","34","178","49","2566","2023-09-12 05:56:03");
INSERT INTO pa_estimate VALUES("1136","","2","4","4","54","34","178","49","2566","2023-09-12 05:56:03");
INSERT INTO pa_estimate VALUES("1137","","3","3","3","54","34","178","49","2566","2023-09-12 05:56:04");
INSERT INTO pa_estimate VALUES("1138","","4","4","4","54","34","178","49","2566","2023-09-12 05:56:04");
INSERT INTO pa_estimate VALUES("1139","","5","3","3","54","34","178","49","2566","2023-09-12 05:56:04");
INSERT INTO pa_estimate VALUES("1140","","6","4","4","54","34","178","49","2566","2023-09-12 05:56:04");
INSERT INTO pa_estimate VALUES("1141","","7","4","4","54","34","178","49","2566","2023-09-12 05:56:04");
INSERT INTO pa_estimate VALUES("1142","","8","4","4","54","34","178","49","2566","2023-09-12 05:56:04");
INSERT INTO pa_estimate VALUES("1143","","9","4","4","54","34","178","49","2566","2023-09-12 05:56:04");
INSERT INTO pa_estimate VALUES("1144","","10","4","4","54","34","178","49","2566","2023-09-12 05:56:04");
INSERT INTO pa_estimate VALUES("1145","","11","4","4","54","34","178","49","2566","2023-09-12 05:56:04");
INSERT INTO pa_estimate VALUES("1146","","12","3","3","54","34","178","49","2566","2023-09-12 05:56:04");
INSERT INTO pa_estimate VALUES("1147","","13","3","3","54","34","178","49","2566","2023-09-12 05:56:04");
INSERT INTO pa_estimate VALUES("1148","","14","4","4","54","34","178","49","2566","2023-09-12 05:56:04");
INSERT INTO pa_estimate VALUES("1149","","15","3","3","54","34","178","49","2566","2023-09-12 05:56:04");
INSERT INTO pa_estimate VALUES("1150","","16","4","20","54","34","178","49","2566","2023-09-12 05:56:04");
INSERT INTO pa_estimate VALUES("1151","","17","3","7.5","54","34","178","49","2566","2023-09-12 05:56:04");
INSERT INTO pa_estimate VALUES("1152","","18","3","7.5","54","34","178","49","2566","2023-09-12 05:56:04");
INSERT INTO pa_estimate VALUES("1153","","1","4","4","18","17","388","7","2566","2023-09-12 07:47:14");
INSERT INTO pa_estimate VALUES("1154","","2","4","4","18","17","388","7","2566","2023-09-12 07:47:14");
INSERT INTO pa_estimate VALUES("1155","","3","4","4","18","17","388","7","2566","2023-09-12 07:47:14");
INSERT INTO pa_estimate VALUES("1156","","4","3","3","18","17","388","7","2566","2023-09-12 07:47:14");
INSERT INTO pa_estimate VALUES("1157","","5","4","4","18","17","388","7","2566","2023-09-12 07:47:14");
INSERT INTO pa_estimate VALUES("1158","","6","4","4","18","17","388","7","2566","2023-09-12 07:47:14");
INSERT INTO pa_estimate VALUES("1159","","7","3","3","18","17","388","7","2566","2023-09-12 07:47:14");
INSERT INTO pa_estimate VALUES("1160","","8","4","4","18","17","388","7","2566","2023-09-12 07:47:14");
INSERT INTO pa_estimate VALUES("1161","","9","4","4","18","17","388","7","2566","2023-09-12 07:47:14");
INSERT INTO pa_estimate VALUES("1162","","10","4","4","18","17","388","7","2566","2023-09-12 07:47:14");
INSERT INTO pa_estimate VALUES("1163","","11","4","4","18","17","388","7","2566","2023-09-12 07:47:14");
INSERT INTO pa_estimate VALUES("1164","","12","4","4","18","17","388","7","2566","2023-09-12 07:47:14");
INSERT INTO pa_estimate VALUES("1165","","13","4","4","18","17","388","7","2566","2023-09-12 07:47:14");
INSERT INTO pa_estimate VALUES("1166","","14","4","4","18","17","388","7","2566","2023-09-12 07:47:14");
INSERT INTO pa_estimate VALUES("1167","","15","4","4","18","17","388","7","2566","2023-09-12 07:47:14");
INSERT INTO pa_estimate VALUES("1168","","16","4","20","18","17","388","7","2566","2023-09-12 07:47:14");
INSERT INTO pa_estimate VALUES("1169","","17","4","10","18","17","388","7","2566","2023-09-12 07:47:14");
INSERT INTO pa_estimate VALUES("1170","","18","4","10","18","17","388","7","2566","2023-09-12 07:47:14");
INSERT INTO pa_estimate VALUES("1171","","1","4","4","38","34","181","52","2566","2023-09-12 08:30:02");
INSERT INTO pa_estimate VALUES("1172","","2","4","4","38","34","181","52","2566","2023-09-12 08:30:02");
INSERT INTO pa_estimate VALUES("1173","","3","4","4","38","34","181","52","2566","2023-09-12 08:30:02");
INSERT INTO pa_estimate VALUES("1174","","4","3","3","38","34","181","52","2566","2023-09-12 08:30:02");
INSERT INTO pa_estimate VALUES("1175","","5","4","4","38","34","181","52","2566","2023-09-12 08:30:02");
INSERT INTO pa_estimate VALUES("1176","","6","4","4","38","34","181","52","2566","2023-09-12 08:30:02");
INSERT INTO pa_estimate VALUES("1177","","7","4","4","38","34","181","52","2566","2023-09-12 08:30:02");
INSERT INTO pa_estimate VALUES("1178","","8","4","4","38","34","181","52","2566","2023-09-12 08:30:02");
INSERT INTO pa_estimate VALUES("1179","","9","3","3","38","34","181","52","2566","2023-09-12 08:30:02");
INSERT INTO pa_estimate VALUES("1180","","10","4","4","38","34","181","52","2566","2023-09-12 08:30:02");
INSERT INTO pa_estimate VALUES("1181","","11","3","3","38","34","181","52","2566","2023-09-12 08:30:02");
INSERT INTO pa_estimate VALUES("1182","","12","3","3","38","34","181","52","2566","2023-09-12 08:30:02");
INSERT INTO pa_estimate VALUES("1183","","13","3","3","38","34","181","52","2566","2023-09-12 08:30:02");
INSERT INTO pa_estimate VALUES("1184","","14","4","4","38","34","181","52","2566","2023-09-12 08:30:02");
INSERT INTO pa_estimate VALUES("1185","","15","3","3","38","34","181","52","2566","2023-09-12 08:30:02");
INSERT INTO pa_estimate VALUES("1186","","16","4","20","38","34","181","52","2566","2023-09-12 08:30:02");
INSERT INTO pa_estimate VALUES("1187","","17","3","7.5","38","34","181","52","2566","2023-09-12 08:30:02");
INSERT INTO pa_estimate VALUES("1188","","18","3","7.5","38","34","181","52","2566","2023-09-12 08:30:02");
INSERT INTO pa_estimate VALUES("1189","","1","4","4","145","177","321","39","2566","2023-09-12 08:47:00");
INSERT INTO pa_estimate VALUES("1190","","2","4","4","145","177","321","39","2566","2023-09-12 08:47:00");
INSERT INTO pa_estimate VALUES("1191","","3","4","4","145","177","321","39","2566","2023-09-12 08:47:00");
INSERT INTO pa_estimate VALUES("1192","","4","4","4","145","177","321","39","2566","2023-09-12 08:47:00");
INSERT INTO pa_estimate VALUES("1193","","5","4","4","145","177","321","39","2566","2023-09-12 08:47:00");
INSERT INTO pa_estimate VALUES("1194","","6","4","4","145","177","321","39","2566","2023-09-12 08:47:00");
INSERT INTO pa_estimate VALUES("1195","","7","3","3","145","177","321","39","2566","2023-09-12 08:47:00");
INSERT INTO pa_estimate VALUES("1196","","8","4","4","145","177","321","39","2566","2023-09-12 08:47:00");
INSERT INTO pa_estimate VALUES("1197","","9","4","4","145","177","321","39","2566","2023-09-12 08:47:00");
INSERT INTO pa_estimate VALUES("1198","","10","4","4","145","177","321","39","2566","2023-09-12 08:47:00");
INSERT INTO pa_estimate VALUES("1199","","11","4","4","145","177","321","39","2566","2023-09-12 08:47:00");
INSERT INTO pa_estimate VALUES("1200","","12","4","4","145","177","321","39","2566","2023-09-12 08:47:00");
INSERT INTO pa_estimate VALUES("1201","","13","4","4","145","177","321","39","2566","2023-09-12 08:47:00");
INSERT INTO pa_estimate VALUES("1202","","14","4","4","145","177","321","39","2566","2023-09-12 08:47:00");
INSERT INTO pa_estimate VALUES("1203","","15","4","4","145","177","321","39","2566","2023-09-12 08:47:00");
INSERT INTO pa_estimate VALUES("1204","","16","4","20","145","177","321","39","2566","2023-09-12 08:47:00");
INSERT INTO pa_estimate VALUES("1205","","17","4","10","145","177","321","39","2566","2023-09-12 08:47:01");
INSERT INTO pa_estimate VALUES("1206","","18","3","7.5","145","177","321","39","2566","2023-09-12 08:47:01");
INSERT INTO pa_estimate VALUES("1207","","1","4","4","145","146","319","37","2566","2023-09-12 08:47:01");
INSERT INTO pa_estimate VALUES("1208","","2","4","4","145","146","319","37","2566","2023-09-12 08:47:01");
INSERT INTO pa_estimate VALUES("1209","","3","3","3","145","146","319","37","2566","2023-09-12 08:47:01");
INSERT INTO pa_estimate VALUES("1210","","4","3","3","145","146","319","37","2566","2023-09-12 08:47:01");
INSERT INTO pa_estimate VALUES("1211","","5","4","4","145","146","319","37","2566","2023-09-12 08:47:01");
INSERT INTO pa_estimate VALUES("1212","","6","3","3","145","146","319","37","2566","2023-09-12 08:47:01");
INSERT INTO pa_estimate VALUES("1213","","7","4","4","145","146","319","37","2566","2023-09-12 08:47:01");
INSERT INTO pa_estimate VALUES("1214","","8","4","4","145","146","319","37","2566","2023-09-12 08:47:01");
INSERT INTO pa_estimate VALUES("1215","","9","3","3","145","146","319","37","2566","2023-09-12 08:47:01");
INSERT INTO pa_estimate VALUES("1216","","10","4","4","145","146","319","37","2566","2023-09-12 08:47:01");
INSERT INTO pa_estimate VALUES("1217","","11","4","4","145","146","319","37","2566","2023-09-12 08:47:01");
INSERT INTO pa_estimate VALUES("1218","","12","4","4","145","146","319","37","2566","2023-09-12 08:47:01");
INSERT INTO pa_estimate VALUES("1219","","13","4","4","145","146","319","37","2566","2023-09-12 08:47:01");
INSERT INTO pa_estimate VALUES("1220","","14","4","4","145","146","319","37","2566","2023-09-12 08:47:01");
INSERT INTO pa_estimate VALUES("1221","","15","4","4","145","146","319","37","2566","2023-09-12 08:47:01");
INSERT INTO pa_estimate VALUES("1222","","16","4","20","145","146","319","37","2566","2023-09-12 08:47:01");
INSERT INTO pa_estimate VALUES("1223","","17","4","10","145","146","319","37","2566","2023-09-12 08:47:01");
INSERT INTO pa_estimate VALUES("1224","","18","4","10","145","146","319","37","2566","2023-09-12 08:47:01");
INSERT INTO pa_estimate VALUES("1225","","1","4","4","146","177","324","39","2566","2023-09-12 08:51:09");
INSERT INTO pa_estimate VALUES("1226","","2","4","4","146","177","324","39","2566","2023-09-12 08:51:09");
INSERT INTO pa_estimate VALUES("1227","","3","4","4","146","177","324","39","2566","2023-09-12 08:51:09");
INSERT INTO pa_estimate VALUES("1228","","4","4","4","146","177","324","39","2566","2023-09-12 08:51:09");
INSERT INTO pa_estimate VALUES("1229","","5","4","4","146","177","324","39","2566","2023-09-12 08:51:09");
INSERT INTO pa_estimate VALUES("1230","","6","4","4","146","177","324","39","2566","2023-09-12 08:51:09");
INSERT INTO pa_estimate VALUES("1231","","7","3","3","146","177","324","39","2566","2023-09-12 08:51:09");
INSERT INTO pa_estimate VALUES("1232","","8","4","4","146","177","324","39","2566","2023-09-12 08:51:09");
INSERT INTO pa_estimate VALUES("1233","","9","4","4","146","177","324","39","2566","2023-09-12 08:51:09");
INSERT INTO pa_estimate VALUES("1234","","10","4","4","146","177","324","39","2566","2023-09-12 08:51:09");
INSERT INTO pa_estimate VALUES("1235","","11","4","4","146","177","324","39","2566","2023-09-12 08:51:10");
INSERT INTO pa_estimate VALUES("1236","","12","4","4","146","177","324","39","2566","2023-09-12 08:51:10");
INSERT INTO pa_estimate VALUES("1237","","13","4","4","146","177","324","39","2566","2023-09-12 08:51:10");
INSERT INTO pa_estimate VALUES("1238","","14","4","4","146","177","324","39","2566","2023-09-12 08:51:10");
INSERT INTO pa_estimate VALUES("1239","","15","4","4","146","177","324","39","2566","2023-09-12 08:51:10");
INSERT INTO pa_estimate VALUES("1240","","16","4","20","146","177","324","39","2566","2023-09-12 08:51:10");
INSERT INTO pa_estimate VALUES("1241","","17","4","10","146","177","324","39","2566","2023-09-12 08:51:10");
INSERT INTO pa_estimate VALUES("1242","","18","4","10","146","177","324","39","2566","2023-09-12 08:51:10");
INSERT INTO pa_estimate VALUES("1243","","1","4","4","45","34","184","46","2566","2023-09-12 08:52:28");
INSERT INTO pa_estimate VALUES("1244","","2","4","4","45","34","184","46","2566","2023-09-12 08:52:28");
INSERT INTO pa_estimate VALUES("1245","","3","4","4","45","34","184","46","2566","2023-09-12 08:52:28");
INSERT INTO pa_estimate VALUES("1246","","4","3","3","45","34","184","46","2566","2023-09-12 08:52:28");
INSERT INTO pa_estimate VALUES("1247","","5","4","4","45","34","184","46","2566","2023-09-12 08:52:28");
INSERT INTO pa_estimate VALUES("1248","","6","3","3","45","34","184","46","2566","2023-09-12 08:52:28");
INSERT INTO pa_estimate VALUES("1249","","7","4","4","45","34","184","46","2566","2023-09-12 08:52:28");
INSERT INTO pa_estimate VALUES("1250","","8","4","4","45","34","184","46","2566","2023-09-12 08:52:28");
INSERT INTO pa_estimate VALUES("1251","","9","4","4","45","34","184","46","2566","2023-09-12 08:52:28");
INSERT INTO pa_estimate VALUES("1252","","10","4","4","45","34","184","46","2566","2023-09-12 08:52:28");
INSERT INTO pa_estimate VALUES("1253","","11","4","4","45","34","184","46","2566","2023-09-12 08:52:28");
INSERT INTO pa_estimate VALUES("1254","","12","3","3","45","34","184","46","2566","2023-09-12 08:52:28");
INSERT INTO pa_estimate VALUES("1255","","13","4","4","45","34","184","46","2566","2023-09-12 08:52:28");
INSERT INTO pa_estimate VALUES("1256","","14","4","4","45","34","184","46","2566","2023-09-12 08:52:28");
INSERT INTO pa_estimate VALUES("1257","","15","3","3","45","34","184","46","2566","2023-09-12 08:52:28");
INSERT INTO pa_estimate VALUES("1258","","16","4","20","45","34","184","46","2566","2023-09-12 08:52:28");
INSERT INTO pa_estimate VALUES("1259","","17","3","7.5","45","34","184","46","2566","2023-09-12 08:52:29");
INSERT INTO pa_estimate VALUES("1260","","18","3","7.5","45","34","184","46","2566","2023-09-12 08:52:29");
INSERT INTO pa_estimate VALUES("1261","","1","4","4","6","6","91","1","2566","2023-09-12 09:03:50");
INSERT INTO pa_estimate VALUES("1262","","2","4","4","6","6","91","1","2566","2023-09-12 09:03:50");
INSERT INTO pa_estimate VALUES("1263","","3","4","4","6","6","91","1","2566","2023-09-12 09:03:50");
INSERT INTO pa_estimate VALUES("1264","","4","4","4","6","6","91","1","2566","2023-09-12 09:03:50");
INSERT INTO pa_estimate VALUES("1265","","5","4","4","6","6","91","1","2566","2023-09-12 09:03:50");
INSERT INTO pa_estimate VALUES("1266","","6","4","4","6","6","91","1","2566","2023-09-12 09:03:50");
INSERT INTO pa_estimate VALUES("1267","","7","4","4","6","6","91","1","2566","2023-09-12 09:03:50");
INSERT INTO pa_estimate VALUES("1268","","8","4","4","6","6","91","1","2566","2023-09-12 09:03:50");
INSERT INTO pa_estimate VALUES("1269","","9","4","4","6","6","91","1","2566","2023-09-12 09:03:50");
INSERT INTO pa_estimate VALUES("1270","","10","4","4","6","6","91","1","2566","2023-09-12 09:03:50");
INSERT INTO pa_estimate VALUES("1271","","11","4","4","6","6","91","1","2566","2023-09-12 09:03:50");
INSERT INTO pa_estimate VALUES("1272","","12","3","3","6","6","91","1","2566","2023-09-12 09:03:50");
INSERT INTO pa_estimate VALUES("1273","","13","4","4","6","6","91","1","2566","2023-09-12 09:03:50");
INSERT INTO pa_estimate VALUES("1274","","14","4","4","6","6","91","1","2566","2023-09-12 09:03:50");
INSERT INTO pa_estimate VALUES("1275","","15","4","4","6","6","91","1","2566","2023-09-12 09:03:50");
INSERT INTO pa_estimate VALUES("1276","","16","4","20","6","6","91","1","2566","2023-09-12 09:03:50");
INSERT INTO pa_estimate VALUES("1277","","17","4","10","6","6","91","1","2566","2023-09-12 09:03:50");
INSERT INTO pa_estimate VALUES("1278","","18","4","10","6","6","91","1","2566","2023-09-12 09:03:50");
INSERT INTO pa_estimate VALUES("1279","","1","4","4","56","185","174","51","2566","2023-09-12 09:10:08");
INSERT INTO pa_estimate VALUES("1280","","2","4","4","56","185","174","51","2566","2023-09-12 09:10:08");
INSERT INTO pa_estimate VALUES("1281","","3","3","3","56","185","174","51","2566","2023-09-12 09:10:08");
INSERT INTO pa_estimate VALUES("1282","","4","4","4","56","185","174","51","2566","2023-09-12 09:10:08");
INSERT INTO pa_estimate VALUES("1283","","5","4","4","56","185","174","51","2566","2023-09-12 09:10:08");
INSERT INTO pa_estimate VALUES("1284","","6","4","4","56","185","174","51","2566","2023-09-12 09:10:08");
INSERT INTO pa_estimate VALUES("1285","","7","3","3","56","185","174","51","2566","2023-09-12 09:10:08");
INSERT INTO pa_estimate VALUES("1286","","8","4","4","56","185","174","51","2566","2023-09-12 09:10:08");
INSERT INTO pa_estimate VALUES("1287","","9","4","4","56","185","174","51","2566","2023-09-12 09:10:08");
INSERT INTO pa_estimate VALUES("1288","","10","4","4","56","185","174","51","2566","2023-09-12 09:10:08");
INSERT INTO pa_estimate VALUES("1289","","11","4","4","56","185","174","51","2566","2023-09-12 09:10:08");
INSERT INTO pa_estimate VALUES("1290","","12","4","4","56","185","174","51","2566","2023-09-12 09:10:08");
INSERT INTO pa_estimate VALUES("1291","","13","3","3","56","185","174","51","2566","2023-09-12 09:10:08");
INSERT INTO pa_estimate VALUES("1292","","14","4","4","56","185","174","51","2566","2023-09-12 09:10:08");
INSERT INTO pa_estimate VALUES("1293","","15","3","3","56","185","174","51","2566","2023-09-12 09:10:08");
INSERT INTO pa_estimate VALUES("1294","","16","4","20","56","185","174","51","2566","2023-09-12 09:10:08");
INSERT INTO pa_estimate VALUES("1295","","17","4","10","56","185","174","51","2566","2023-09-12 09:10:08");
INSERT INTO pa_estimate VALUES("1296","","18","4","10","56","185","174","51","2566","2023-09-12 09:10:08");
INSERT INTO pa_estimate VALUES("1297","","1","4","4","7","6","94","1","2566","2023-09-12 09:14:05");
INSERT INTO pa_estimate VALUES("1298","","2","4","4","7","6","94","1","2566","2023-09-12 09:14:05");
INSERT INTO pa_estimate VALUES("1299","","3","4","4","7","6","94","1","2566","2023-09-12 09:14:05");
INSERT INTO pa_estimate VALUES("1300","","4","4","4","7","6","94","1","2566","2023-09-12 09:14:05");
INSERT INTO pa_estimate VALUES("1301","","5","4","4","7","6","94","1","2566","2023-09-12 09:14:05");
INSERT INTO pa_estimate VALUES("1302","","6","3","3","7","6","94","1","2566","2023-09-12 09:14:05");
INSERT INTO pa_estimate VALUES("1303","","7","4","4","7","6","94","1","2566","2023-09-12 09:14:05");
INSERT INTO pa_estimate VALUES("1304","","8","4","4","7","6","94","1","2566","2023-09-12 09:14:05");
INSERT INTO pa_estimate VALUES("1305","","9","3","3","7","6","94","1","2566","2023-09-12 09:14:05");
INSERT INTO pa_estimate VALUES("1306","","10","4","4","7","6","94","1","2566","2023-09-12 09:14:05");
INSERT INTO pa_estimate VALUES("1307","","11","4","4","7","6","94","1","2566","2023-09-12 09:14:05");
INSERT INTO pa_estimate VALUES("1308","","12","3","3","7","6","94","1","2566","2023-09-12 09:14:05");
INSERT INTO pa_estimate VALUES("1309","","13","4","4","7","6","94","1","2566","2023-09-12 09:14:05");
INSERT INTO pa_estimate VALUES("1310","","14","3","3","7","6","94","1","2566","2023-09-12 09:14:05");
INSERT INTO pa_estimate VALUES("1311","","15","3","3","7","6","94","1","2566","2023-09-12 09:14:05");
INSERT INTO pa_estimate VALUES("1312","","16","4","20","7","6","94","1","2566","2023-09-12 09:14:05");
INSERT INTO pa_estimate VALUES("1313","","17","4","10","7","6","94","1","2566","2023-09-12 09:14:05");
INSERT INTO pa_estimate VALUES("1314","","18","4","10","7","6","94","1","2566","2023-09-12 09:14:05");
INSERT INTO pa_estimate VALUES("1315","","1","4","4","36","34","187","52","2566","2023-09-12 09:19:07");
INSERT INTO pa_estimate VALUES("1316","","2","4","4","36","34","187","52","2566","2023-09-12 09:19:08");
INSERT INTO pa_estimate VALUES("1317","","3","4","4","36","34","187","52","2566","2023-09-12 09:19:08");
INSERT INTO pa_estimate VALUES("1318","","4","4","4","36","34","187","52","2566","2023-09-12 09:19:08");
INSERT INTO pa_estimate VALUES("1319","","5","3","3","36","34","187","52","2566","2023-09-12 09:19:08");
INSERT INTO pa_estimate VALUES("1320","","6","3","3","36","34","187","52","2566","2023-09-12 09:19:08");
INSERT INTO pa_estimate VALUES("1321","","7","4","4","36","34","187","52","2566","2023-09-12 09:19:08");
INSERT INTO pa_estimate VALUES("1322","","8","4","4","36","34","187","52","2566","2023-09-12 09:19:08");
INSERT INTO pa_estimate VALUES("1323","","9","3","3","36","34","187","52","2566","2023-09-12 09:19:08");
INSERT INTO pa_estimate VALUES("1324","","10","4","4","36","34","187","52","2566","2023-09-12 09:19:08");
INSERT INTO pa_estimate VALUES("1325","","11","4","4","36","34","187","52","2566","2023-09-12 09:19:08");
INSERT INTO pa_estimate VALUES("1326","","12","3","3","36","34","187","52","2566","2023-09-12 09:19:08");
INSERT INTO pa_estimate VALUES("1327","","13","3","3","36","34","187","52","2566","2023-09-12 09:19:08");
INSERT INTO pa_estimate VALUES("1328","","14","4","4","36","34","187","52","2566","2023-09-12 09:19:08");
INSERT INTO pa_estimate VALUES("1329","","15","4","4","36","34","187","52","2566","2023-09-12 09:19:08");
INSERT INTO pa_estimate VALUES("1330","","16","4","20","36","34","187","52","2566","2023-09-12 09:19:08");
INSERT INTO pa_estimate VALUES("1331","","17","3","7.5","36","34","187","52","2566","2023-09-12 09:19:08");
INSERT INTO pa_estimate VALUES("1332","","18","3","7.5","36","34","187","52","2566","2023-09-12 09:19:08");
INSERT INTO pa_estimate VALUES("1333","","1","4","4","10","6","97","1","2566","2023-09-12 09:19:16");
INSERT INTO pa_estimate VALUES("1334","","2","4","4","10","6","97","1","2566","2023-09-12 09:19:16");
INSERT INTO pa_estimate VALUES("1335","","3","4","4","10","6","97","1","2566","2023-09-12 09:19:16");
INSERT INTO pa_estimate VALUES("1336","","4","4","4","10","6","97","1","2566","2023-09-12 09:19:16");
INSERT INTO pa_estimate VALUES("1337","","5","4","4","10","6","97","1","2566","2023-09-12 09:19:16");
INSERT INTO pa_estimate VALUES("1338","","6","3","3","10","6","97","1","2566","2023-09-12 09:19:17");
INSERT INTO pa_estimate VALUES("1339","","7","4","4","10","6","97","1","2566","2023-09-12 09:19:17");
INSERT INTO pa_estimate VALUES("1340","","8","4","4","10","6","97","1","2566","2023-09-12 09:19:17");
INSERT INTO pa_estimate VALUES("1341","","9","4","4","10","6","97","1","2566","2023-09-12 09:19:17");
INSERT INTO pa_estimate VALUES("1342","","10","4","4","10","6","97","1","2566","2023-09-12 09:19:17");
INSERT INTO pa_estimate VALUES("1343","","11","3","3","10","6","97","1","2566","2023-09-12 09:19:17");
INSERT INTO pa_estimate VALUES("1344","","12","3","3","10","6","97","1","2566","2023-09-12 09:19:17");
INSERT INTO pa_estimate VALUES("1345","","13","3","3","10","6","97","1","2566","2023-09-12 09:19:17");
INSERT INTO pa_estimate VALUES("1346","","14","4","4","10","6","97","1","2566","2023-09-12 09:19:17");
INSERT INTO pa_estimate VALUES("1347","","15","3","3","10","6","97","1","2566","2023-09-12 09:19:17");
INSERT INTO pa_estimate VALUES("1348","","16","4","20","10","6","97","1","2566","2023-09-12 09:19:17");
INSERT INTO pa_estimate VALUES("1349","","17","4","10","10","6","97","1","2566","2023-09-12 09:19:17");
INSERT INTO pa_estimate VALUES("1350","","18","4","10","10","6","97","1","2566","2023-09-12 09:19:17");
INSERT INTO pa_estimate VALUES("1351","","1","4","4","39","185","213","51","2566","2023-09-12 09:24:54");
INSERT INTO pa_estimate VALUES("1352","","2","4","4","39","185","213","51","2566","2023-09-12 09:24:54");
INSERT INTO pa_estimate VALUES("1353","","3","4","4","39","185","213","51","2566","2023-09-12 09:24:54");
INSERT INTO pa_estimate VALUES("1354","","4","3","3","39","185","213","51","2566","2023-09-12 09:24:54");
INSERT INTO pa_estimate VALUES("1355","","5","4","4","39","185","213","51","2566","2023-09-12 09:24:55");
INSERT INTO pa_estimate VALUES("1356","","6","4","4","39","185","213","51","2566","2023-09-12 09:24:55");
INSERT INTO pa_estimate VALUES("1357","","7","3","3","39","185","213","51","2566","2023-09-12 09:24:55");
INSERT INTO pa_estimate VALUES("1358","","8","3","3","39","185","213","51","2566","2023-09-12 09:24:55");
INSERT INTO pa_estimate VALUES("1359","","9","4","4","39","185","213","51","2566","2023-09-12 09:24:55");
INSERT INTO pa_estimate VALUES("1360","","10","4","4","39","185","213","51","2566","2023-09-12 09:24:55");
INSERT INTO pa_estimate VALUES("1361","","11","3","3","39","185","213","51","2566","2023-09-12 09:24:55");
INSERT INTO pa_estimate VALUES("1362","","12","3","3","39","185","213","51","2566","2023-09-12 09:24:55");
INSERT INTO pa_estimate VALUES("1363","","13","4","4","39","185","213","51","2566","2023-09-12 09:24:55");
INSERT INTO pa_estimate VALUES("1364","","14","4","4","39","185","213","51","2566","2023-09-12 09:24:55");
INSERT INTO pa_estimate VALUES("1365","","15","3","3","39","185","213","51","2566","2023-09-12 09:24:55");
INSERT INTO pa_estimate VALUES("1366","","16","4","20","39","185","213","51","2566","2023-09-12 09:24:55");
INSERT INTO pa_estimate VALUES("1367","","17","4","10","39","185","213","51","2566","2023-09-12 09:24:55");
INSERT INTO pa_estimate VALUES("1368","","18","4","10","39","185","213","51","2566","2023-09-12 09:24:55");
INSERT INTO pa_estimate VALUES("1369","","1","4","4","8","6","106","4","2566","2023-09-12 09:24:56");
INSERT INTO pa_estimate VALUES("1370","","2","4","4","8","6","106","4","2566","2023-09-12 09:24:56");
INSERT INTO pa_estimate VALUES("1371","","3","4","4","8","6","106","4","2566","2023-09-12 09:24:56");
INSERT INTO pa_estimate VALUES("1372","","4","4","4","8","6","106","4","2566","2023-09-12 09:24:56");
INSERT INTO pa_estimate VALUES("1373","","5","4","4","8","6","106","4","2566","2023-09-12 09:24:56");
INSERT INTO pa_estimate VALUES("1374","","6","3","3","8","6","106","4","2566","2023-09-12 09:24:56");
INSERT INTO pa_estimate VALUES("1375","","7","4","4","8","6","106","4","2566","2023-09-12 09:24:56");
INSERT INTO pa_estimate VALUES("1376","","8","4","4","8","6","106","4","2566","2023-09-12 09:24:56");
INSERT INTO pa_estimate VALUES("1377","","9","4","4","8","6","106","4","2566","2023-09-12 09:24:56");
INSERT INTO pa_estimate VALUES("1378","","10","4","4","8","6","106","4","2566","2023-09-12 09:24:56");
INSERT INTO pa_estimate VALUES("1379","","11","4","4","8","6","106","4","2566","2023-09-12 09:24:56");
INSERT INTO pa_estimate VALUES("1380","","12","3","3","8","6","106","4","2566","2023-09-12 09:24:57");
INSERT INTO pa_estimate VALUES("1381","","13","4","4","8","6","106","4","2566","2023-09-12 09:24:57");
INSERT INTO pa_estimate VALUES("1382","","14","4","4","8","6","106","4","2566","2023-09-12 09:24:57");
INSERT INTO pa_estimate VALUES("1383","","15","4","4","8","6","106","4","2566","2023-09-12 09:24:57");
INSERT INTO pa_estimate VALUES("1384","","16","4","20","8","6","106","4","2566","2023-09-12 09:24:57");
INSERT INTO pa_estimate VALUES("1385","","17","4","10","8","6","106","4","2566","2023-09-12 09:24:57");
INSERT INTO pa_estimate VALUES("1386","","18","4","10","8","6","106","4","2566","2023-09-12 09:24:57");
INSERT INTO pa_estimate VALUES("1387","","1","4","4","12","6","115","4","2566","2023-09-12 09:28:58");
INSERT INTO pa_estimate VALUES("1388","","2","4","4","12","6","115","4","2566","2023-09-12 09:28:58");
INSERT INTO pa_estimate VALUES("1389","","3","4","4","12","6","115","4","2566","2023-09-12 09:28:58");
INSERT INTO pa_estimate VALUES("1390","","4","3","3","12","6","115","4","2566","2023-09-12 09:28:58");
INSERT INTO pa_estimate VALUES("1391","","5","4","4","12","6","115","4","2566","2023-09-12 09:28:58");
INSERT INTO pa_estimate VALUES("1392","","6","3","3","12","6","115","4","2566","2023-09-12 09:28:58");
INSERT INTO pa_estimate VALUES("1393","","7","4","4","12","6","115","4","2566","2023-09-12 09:28:58");
INSERT INTO pa_estimate VALUES("1394","","8","4","4","12","6","115","4","2566","2023-09-12 09:28:58");
INSERT INTO pa_estimate VALUES("1395","","9","4","4","12","6","115","4","2566","2023-09-12 09:28:58");
INSERT INTO pa_estimate VALUES("1396","","10","4","4","12","6","115","4","2566","2023-09-12 09:28:58");
INSERT INTO pa_estimate VALUES("1397","","11","4","4","12","6","115","4","2566","2023-09-12 09:28:58");
INSERT INTO pa_estimate VALUES("1398","","12","3","3","12","6","115","4","2566","2023-09-12 09:28:58");
INSERT INTO pa_estimate VALUES("1399","","13","4","4","12","6","115","4","2566","2023-09-12 09:28:58");
INSERT INTO pa_estimate VALUES("1400","","14","4","4","12","6","115","4","2566","2023-09-12 09:28:58");
INSERT INTO pa_estimate VALUES("1401","","15","4","4","12","6","115","4","2566","2023-09-12 09:28:58");
INSERT INTO pa_estimate VALUES("1402","","16","4","20","12","6","115","4","2566","2023-09-12 09:28:58");
INSERT INTO pa_estimate VALUES("1403","","17","4","10","12","6","115","4","2566","2023-09-12 09:28:58");
INSERT INTO pa_estimate VALUES("1404","","18","4","10","12","6","115","4","2566","2023-09-12 09:28:58");
INSERT INTO pa_estimate VALUES("1405","","1","4","4","15","6","88","4","2566","2023-09-12 09:37:12");
INSERT INTO pa_estimate VALUES("1406","","2","4","4","15","6","88","4","2566","2023-09-12 09:37:12");
INSERT INTO pa_estimate VALUES("1407","","3","4","4","15","6","88","4","2566","2023-09-12 09:37:12");
INSERT INTO pa_estimate VALUES("1408","","4","3","3","15","6","88","4","2566","2023-09-12 09:37:12");
INSERT INTO pa_estimate VALUES("1409","","5","4","4","15","6","88","4","2566","2023-09-12 09:37:12");
INSERT INTO pa_estimate VALUES("1410","","6","3","3","15","6","88","4","2566","2023-09-12 09:37:12");
INSERT INTO pa_estimate VALUES("1411","","7","4","4","15","6","88","4","2566","2023-09-12 09:37:12");
INSERT INTO pa_estimate VALUES("1412","","8","4","4","15","6","88","4","2566","2023-09-12 09:37:12");
INSERT INTO pa_estimate VALUES("1413","","9","4","4","15","6","88","4","2566","2023-09-12 09:37:12");
INSERT INTO pa_estimate VALUES("1414","","10","4","4","15","6","88","4","2566","2023-09-12 09:37:12");
INSERT INTO pa_estimate VALUES("1415","","11","3","3","15","6","88","4","2566","2023-09-12 09:37:12");
INSERT INTO pa_estimate VALUES("1416","","12","4","4","15","6","88","4","2566","2023-09-12 09:37:12");
INSERT INTO pa_estimate VALUES("1417","","13","3","3","15","6","88","4","2566","2023-09-12 09:37:12");
INSERT INTO pa_estimate VALUES("1418","","14","4","4","15","6","88","4","2566","2023-09-12 09:37:12");
INSERT INTO pa_estimate VALUES("1419","","15","3","3","15","6","88","4","2566","2023-09-12 09:37:12");
INSERT INTO pa_estimate VALUES("1420","","16","4","20","15","6","88","4","2566","2023-09-12 09:37:12");
INSERT INTO pa_estimate VALUES("1421","","17","4","10","15","6","88","4","2566","2023-09-12 09:37:12");
INSERT INTO pa_estimate VALUES("1422","","18","4","10","15","6","88","4","2566","2023-09-12 09:37:13");
INSERT INTO pa_estimate VALUES("1423","","1","4","4","13","6","103","1","2566","2023-09-12 09:53:35");
INSERT INTO pa_estimate VALUES("1424","","2","4","4","13","6","103","1","2566","2023-09-12 09:53:35");
INSERT INTO pa_estimate VALUES("1425","","3","4","4","13","6","103","1","2566","2023-09-12 09:53:35");
INSERT INTO pa_estimate VALUES("1426","","4","4","4","13","6","103","1","2566","2023-09-12 09:53:35");
INSERT INTO pa_estimate VALUES("1427","","5","4","4","13","6","103","1","2566","2023-09-12 09:53:35");
INSERT INTO pa_estimate VALUES("1428","","6","3","3","13","6","103","1","2566","2023-09-12 09:53:35");
INSERT INTO pa_estimate VALUES("1429","","7","4","4","13","6","103","1","2566","2023-09-12 09:53:35");
INSERT INTO pa_estimate VALUES("1430","","8","4","4","13","6","103","1","2566","2023-09-12 09:53:35");
INSERT INTO pa_estimate VALUES("1431","","9","4","4","13","6","103","1","2566","2023-09-12 09:53:35");
INSERT INTO pa_estimate VALUES("1432","","10","4","4","13","6","103","1","2566","2023-09-12 09:53:35");
INSERT INTO pa_estimate VALUES("1433","","11","4","4","13","6","103","1","2566","2023-09-12 09:53:35");
INSERT INTO pa_estimate VALUES("1434","","12","3","3","13","6","103","1","2566","2023-09-12 09:53:35");
INSERT INTO pa_estimate VALUES("1435","","13","4","4","13","6","103","1","2566","2023-09-12 09:53:35");
INSERT INTO pa_estimate VALUES("1436","","14","4","4","13","6","103","1","2566","2023-09-12 09:53:35");
INSERT INTO pa_estimate VALUES("1437","","15","4","4","13","6","103","1","2566","2023-09-12 09:53:35");
INSERT INTO pa_estimate VALUES("1438","","16","4","20","13","6","103","1","2566","2023-09-12 09:53:35");
INSERT INTO pa_estimate VALUES("1439","","17","4","10","13","6","103","1","2566","2023-09-12 09:53:36");
INSERT INTO pa_estimate VALUES("1440","","18","4","10","13","6","103","1","2566","2023-09-12 09:53:36");
INSERT INTO pa_estimate VALUES("1441","","1","4","4","11","6","100","1","2566","2023-09-12 09:56:53");
INSERT INTO pa_estimate VALUES("1442","","2","4","4","11","6","100","1","2566","2023-09-12 09:56:53");
INSERT INTO pa_estimate VALUES("1443","","3","4","4","11","6","100","1","2566","2023-09-12 09:56:53");
INSERT INTO pa_estimate VALUES("1444","","4","3","3","11","6","100","1","2566","2023-09-12 09:56:53");
INSERT INTO pa_estimate VALUES("1445","","5","4","4","11","6","100","1","2566","2023-09-12 09:56:53");
INSERT INTO pa_estimate VALUES("1446","","6","3","3","11","6","100","1","2566","2023-09-12 09:56:53");
INSERT INTO pa_estimate VALUES("1447","","7","4","4","11","6","100","1","2566","2023-09-12 09:56:53");
INSERT INTO pa_estimate VALUES("1448","","8","4","4","11","6","100","1","2566","2023-09-12 09:56:53");
INSERT INTO pa_estimate VALUES("1449","","9","4","4","11","6","100","1","2566","2023-09-12 09:56:53");
INSERT INTO pa_estimate VALUES("1450","","10","4","4","11","6","100","1","2566","2023-09-12 09:56:53");
INSERT INTO pa_estimate VALUES("1451","","11","4","4","11","6","100","1","2566","2023-09-12 09:56:53");
INSERT INTO pa_estimate VALUES("1452","","12","3","3","11","6","100","1","2566","2023-09-12 09:56:53");
INSERT INTO pa_estimate VALUES("1453","","13","4","4","11","6","100","1","2566","2023-09-12 09:56:53");
INSERT INTO pa_estimate VALUES("1454","","14","4","4","11","6","100","1","2566","2023-09-12 09:56:53");
INSERT INTO pa_estimate VALUES("1455","","15","4","4","11","6","100","1","2566","2023-09-12 09:56:53");
INSERT INTO pa_estimate VALUES("1456","","16","4","20","11","6","100","1","2566","2023-09-12 09:56:54");
INSERT INTO pa_estimate VALUES("1457","","17","4","10","11","6","100","1","2566","2023-09-12 09:56:54");
INSERT INTO pa_estimate VALUES("1458","","18","4","10","11","6","100","1","2566","2023-09-12 09:56:54");
INSERT INTO pa_estimate VALUES("1459","","1","4","4","14","6","112","4","2566","2023-09-12 10:00:50");
INSERT INTO pa_estimate VALUES("1460","","2","4","4","14","6","112","4","2566","2023-09-12 10:00:50");
INSERT INTO pa_estimate VALUES("1461","","3","4","4","14","6","112","4","2566","2023-09-12 10:00:50");
INSERT INTO pa_estimate VALUES("1462","","4","3","3","14","6","112","4","2566","2023-09-12 10:00:50");
INSERT INTO pa_estimate VALUES("1463","","5","4","4","14","6","112","4","2566","2023-09-12 10:00:50");
INSERT INTO pa_estimate VALUES("1464","","6","3","3","14","6","112","4","2566","2023-09-12 10:00:50");
INSERT INTO pa_estimate VALUES("1465","","7","4","4","14","6","112","4","2566","2023-09-12 10:00:50");
INSERT INTO pa_estimate VALUES("1466","","8","4","4","14","6","112","4","2566","2023-09-12 10:00:50");
INSERT INTO pa_estimate VALUES("1467","","9","4","4","14","6","112","4","2566","2023-09-12 10:00:50");
INSERT INTO pa_estimate VALUES("1468","","10","4","4","14","6","112","4","2566","2023-09-12 10:00:50");
INSERT INTO pa_estimate VALUES("1469","","11","4","4","14","6","112","4","2566","2023-09-12 10:00:51");
INSERT INTO pa_estimate VALUES("1470","","12","3","3","14","6","112","4","2566","2023-09-12 10:00:51");
INSERT INTO pa_estimate VALUES("1471","","13","4","4","14","6","112","4","2566","2023-09-12 10:00:51");
INSERT INTO pa_estimate VALUES("1472","","14","4","4","14","6","112","4","2566","2023-09-12 10:00:51");
INSERT INTO pa_estimate VALUES("1473","","15","4","4","14","6","112","4","2566","2023-09-12 10:00:51");
INSERT INTO pa_estimate VALUES("1474","","16","4","20","14","6","112","4","2566","2023-09-12 10:00:51");
INSERT INTO pa_estimate VALUES("1475","","17","4","10","14","6","112","4","2566","2023-09-12 10:00:51");
INSERT INTO pa_estimate VALUES("1476","","18","4","10","14","6","112","4","2566","2023-09-12 10:00:51");
INSERT INTO pa_estimate VALUES("1477","","1","4","4","34","34","196","43","2566","2023-09-12 12:03:39");
INSERT INTO pa_estimate VALUES("1478","","2","4","4","34","34","196","43","2566","2023-09-12 12:03:39");
INSERT INTO pa_estimate VALUES("1479","","3","3","3","34","34","196","43","2566","2023-09-12 12:03:39");
INSERT INTO pa_estimate VALUES("1480","","4","3","3","34","34","196","43","2566","2023-09-12 12:03:39");
INSERT INTO pa_estimate VALUES("1481","","5","4","4","34","34","196","43","2566","2023-09-12 12:03:39");
INSERT INTO pa_estimate VALUES("1482","","6","3","3","34","34","196","43","2566","2023-09-12 12:03:40");
INSERT INTO pa_estimate VALUES("1483","","7","4","4","34","34","196","43","2566","2023-09-12 12:03:40");
INSERT INTO pa_estimate VALUES("1484","","8","4","4","34","34","196","43","2566","2023-09-12 12:03:40");
INSERT INTO pa_estimate VALUES("1485","","9","4","4","34","34","196","43","2566","2023-09-12 12:03:40");
INSERT INTO pa_estimate VALUES("1486","","10","4","4","34","34","196","43","2566","2023-09-12 12:03:40");
INSERT INTO pa_estimate VALUES("1487","","11","4","4","34","34","196","43","2566","2023-09-12 12:03:40");
INSERT INTO pa_estimate VALUES("1488","","12","3","3","34","34","196","43","2566","2023-09-12 12:03:40");
INSERT INTO pa_estimate VALUES("1489","","13","3","3","34","34","196","43","2566","2023-09-12 12:03:40");
INSERT INTO pa_estimate VALUES("1490","","14","4","4","34","34","196","43","2566","2023-09-12 12:03:40");
INSERT INTO pa_estimate VALUES("1491","","15","4","4","34","34","196","43","2566","2023-09-12 12:03:40");
INSERT INTO pa_estimate VALUES("1492","","16","4","20","34","34","196","43","2566","2023-09-12 12:03:40");
INSERT INTO pa_estimate VALUES("1493","","17","3","7.5","34","34","196","43","2566","2023-09-12 12:03:40");
INSERT INTO pa_estimate VALUES("1494","","18","3","7.5","34","34","196","43","2566","2023-09-12 12:03:40");
INSERT INTO pa_estimate VALUES("1495","","1","4","4","57","34","199","46","2566","2023-09-12 12:08:29");
INSERT INTO pa_estimate VALUES("1496","","2","4","4","57","34","199","46","2566","2023-09-12 12:08:29");
INSERT INTO pa_estimate VALUES("1497","","3","4","4","57","34","199","46","2566","2023-09-12 12:08:29");
INSERT INTO pa_estimate VALUES("1498","","4","3","3","57","34","199","46","2566","2023-09-12 12:08:29");
INSERT INTO pa_estimate VALUES("1499","","5","4","4","57","34","199","46","2566","2023-09-12 12:08:29");
INSERT INTO pa_estimate VALUES("1500","","6","3","3","57","34","199","46","2566","2023-09-12 12:08:29");
INSERT INTO pa_estimate VALUES("1501","","7","4","4","57","34","199","46","2566","2023-09-12 12:08:29");
INSERT INTO pa_estimate VALUES("1502","","8","4","4","57","34","199","46","2566","2023-09-12 12:08:29");
INSERT INTO pa_estimate VALUES("1503","","9","4","4","57","34","199","46","2566","2023-09-12 12:08:29");
INSERT INTO pa_estimate VALUES("1504","","10","3","3","57","34","199","46","2566","2023-09-12 12:08:29");
INSERT INTO pa_estimate VALUES("1505","","11","4","4","57","34","199","46","2566","2023-09-12 12:08:29");
INSERT INTO pa_estimate VALUES("1506","","12","3","3","57","34","199","46","2566","2023-09-12 12:08:29");
INSERT INTO pa_estimate VALUES("1507","","13","3","3","57","34","199","46","2566","2023-09-12 12:08:29");
INSERT INTO pa_estimate VALUES("1508","","14","4","4","57","34","199","46","2566","2023-09-12 12:08:29");
INSERT INTO pa_estimate VALUES("1509","","15","4","4","57","34","199","46","2566","2023-09-12 12:08:29");
INSERT INTO pa_estimate VALUES("1510","","16","4","20","57","34","199","46","2566","2023-09-12 12:08:29");
INSERT INTO pa_estimate VALUES("1511","","17","3","7.5","57","34","199","46","2566","2023-09-12 12:08:29");
INSERT INTO pa_estimate VALUES("1512","","18","3","7.5","57","34","199","46","2566","2023-09-12 12:08:29");
INSERT INTO pa_estimate VALUES("1513","","1","4","4","41","34","202","46","2566","2023-09-12 12:13:33");
INSERT INTO pa_estimate VALUES("1514","","2","3","3","41","34","202","46","2566","2023-09-12 12:13:33");
INSERT INTO pa_estimate VALUES("1515","","3","4","4","41","34","202","46","2566","2023-09-12 12:13:33");
INSERT INTO pa_estimate VALUES("1516","","4","3","3","41","34","202","46","2566","2023-09-12 12:13:34");
INSERT INTO pa_estimate VALUES("1517","","5","4","4","41","34","202","46","2566","2023-09-12 12:13:34");
INSERT INTO pa_estimate VALUES("1518","","6","3","3","41","34","202","46","2566","2023-09-12 12:13:34");
INSERT INTO pa_estimate VALUES("1519","","7","4","4","41","34","202","46","2566","2023-09-12 12:13:34");
INSERT INTO pa_estimate VALUES("1520","","8","3","3","41","34","202","46","2566","2023-09-12 12:13:34");
INSERT INTO pa_estimate VALUES("1521","","9","4","4","41","34","202","46","2566","2023-09-12 12:13:34");
INSERT INTO pa_estimate VALUES("1522","","10","4","4","41","34","202","46","2566","2023-09-12 12:13:34");
INSERT INTO pa_estimate VALUES("1523","","11","4","4","41","34","202","46","2566","2023-09-12 12:13:34");
INSERT INTO pa_estimate VALUES("1524","","12","3","3","41","34","202","46","2566","2023-09-12 12:13:34");
INSERT INTO pa_estimate VALUES("1525","","13","4","4","41","34","202","46","2566","2023-09-12 12:13:34");
INSERT INTO pa_estimate VALUES("1526","","14","4","4","41","34","202","46","2566","2023-09-12 12:13:34");
INSERT INTO pa_estimate VALUES("1527","","15","3","3","41","34","202","46","2566","2023-09-12 12:13:34");
INSERT INTO pa_estimate VALUES("1528","","16","4","20","41","34","202","46","2566","2023-09-12 12:13:34");
INSERT INTO pa_estimate VALUES("1529","","17","3","7.5","41","34","202","46","2566","2023-09-12 12:13:34");
INSERT INTO pa_estimate VALUES("1530","","18","3","7.5","41","34","202","46","2566","2023-09-12 12:13:34");
INSERT INTO pa_estimate VALUES("1531","","1","4","4","48","34","205","46","2566","2023-09-12 12:18:24");
INSERT INTO pa_estimate VALUES("1532","","2","3","3","48","34","205","46","2566","2023-09-12 12:18:25");
INSERT INTO pa_estimate VALUES("1533","","3","4","4","48","34","205","46","2566","2023-09-12 12:18:25");
INSERT INTO pa_estimate VALUES("1534","","4","4","4","48","34","205","46","2566","2023-09-12 12:18:25");
INSERT INTO pa_estimate VALUES("1535","","5","4","4","48","34","205","46","2566","2023-09-12 12:18:25");
INSERT INTO pa_estimate VALUES("1536","","6","3","3","48","34","205","46","2566","2023-09-12 12:18:25");
INSERT INTO pa_estimate VALUES("1537","","7","4","4","48","34","205","46","2566","2023-09-12 12:18:25");
INSERT INTO pa_estimate VALUES("1538","","8","3","3","48","34","205","46","2566","2023-09-12 12:18:25");
INSERT INTO pa_estimate VALUES("1539","","9","3","3","48","34","205","46","2566","2023-09-12 12:18:25");
INSERT INTO pa_estimate VALUES("1540","","10","4","4","48","34","205","46","2566","2023-09-12 12:18:25");
INSERT INTO pa_estimate VALUES("1541","","11","4","4","48","34","205","46","2566","2023-09-12 12:18:25");
INSERT INTO pa_estimate VALUES("1542","","12","3","3","48","34","205","46","2566","2023-09-12 12:18:25");
INSERT INTO pa_estimate VALUES("1543","","13","3","3","48","34","205","46","2566","2023-09-12 12:18:25");
INSERT INTO pa_estimate VALUES("1544","","14","4","4","48","34","205","46","2566","2023-09-12 12:18:25");
INSERT INTO pa_estimate VALUES("1545","","15","4","4","48","34","205","46","2566","2023-09-12 12:18:25");
INSERT INTO pa_estimate VALUES("1546","","16","4","20","48","34","205","46","2566","2023-09-12 12:18:26");
INSERT INTO pa_estimate VALUES("1547","","17","3","7.5","48","34","205","46","2566","2023-09-12 12:18:26");
INSERT INTO pa_estimate VALUES("1548","","18","3","7.5","48","34","205","46","2566","2023-09-12 12:18:26");
INSERT INTO pa_estimate VALUES("1549","","1","4","4","82","174","297","33","2566","2023-09-12 12:19:26");
INSERT INTO pa_estimate VALUES("1550","","2","4","4","82","174","297","33","2566","2023-09-12 12:19:26");
INSERT INTO pa_estimate VALUES("1551","","3","4","4","82","174","297","33","2566","2023-09-12 12:19:26");
INSERT INTO pa_estimate VALUES("1552","","4","4","4","82","174","297","33","2566","2023-09-12 12:19:26");
INSERT INTO pa_estimate VALUES("1553","","5","4","4","82","174","297","33","2566","2023-09-12 12:19:26");
INSERT INTO pa_estimate VALUES("1554","","6","4","4","82","174","297","33","2566","2023-09-12 12:19:26");
INSERT INTO pa_estimate VALUES("1555","","7","4","4","82","174","297","33","2566","2023-09-12 12:19:26");
INSERT INTO pa_estimate VALUES("1556","","8","4","4","82","174","297","33","2566","2023-09-12 12:19:26");
INSERT INTO pa_estimate VALUES("1557","","9","4","4","82","174","297","33","2566","2023-09-12 12:19:27");
INSERT INTO pa_estimate VALUES("1558","","10","4","4","82","174","297","33","2566","2023-09-12 12:19:27");
INSERT INTO pa_estimate VALUES("1559","","11","4","4","82","174","297","33","2566","2023-09-12 12:19:27");
INSERT INTO pa_estimate VALUES("1560","","12","3","3","82","174","297","33","2566","2023-09-12 12:19:27");
INSERT INTO pa_estimate VALUES("1561","","13","3","3","82","174","297","33","2566","2023-09-12 12:19:27");
INSERT INTO pa_estimate VALUES("1562","","14","4","4","82","174","297","33","2566","2023-09-12 12:19:27");
INSERT INTO pa_estimate VALUES("1563","","15","4","4","82","174","297","33","2566","2023-09-12 12:19:27");
INSERT INTO pa_estimate VALUES("1564","","16","4","20","82","174","297","33","2566","2023-09-12 12:19:27");
INSERT INTO pa_estimate VALUES("1565","","17","3","7.5","82","174","297","33","2566","2023-09-12 12:19:27");
INSERT INTO pa_estimate VALUES("1566","","18","3","7.5","82","174","297","33","2566","2023-09-12 12:19:27");
INSERT INTO pa_estimate VALUES("1567","","1","4","4","66","34","208","52","2566","2023-09-12 12:23:26");
INSERT INTO pa_estimate VALUES("1568","","2","3","3","66","34","208","52","2566","2023-09-12 12:23:26");
INSERT INTO pa_estimate VALUES("1569","","3","4","4","66","34","208","52","2566","2023-09-12 12:23:26");
INSERT INTO pa_estimate VALUES("1570","","4","4","4","66","34","208","52","2566","2023-09-12 12:23:26");
INSERT INTO pa_estimate VALUES("1571","","5","3","3","66","34","208","52","2566","2023-09-12 12:23:26");
INSERT INTO pa_estimate VALUES("1572","","6","4","4","66","34","208","52","2566","2023-09-12 12:23:26");
INSERT INTO pa_estimate VALUES("1573","","7","4","4","66","34","208","52","2566","2023-09-12 12:23:26");
INSERT INTO pa_estimate VALUES("1574","","8","4","4","66","34","208","52","2566","2023-09-12 12:23:26");
INSERT INTO pa_estimate VALUES("1575","","9","3","3","66","34","208","52","2566","2023-09-12 12:23:26");
INSERT INTO pa_estimate VALUES("1576","","10","4","4","66","34","208","52","2566","2023-09-12 12:23:26");
INSERT INTO pa_estimate VALUES("1577","","11","4","4","66","34","208","52","2566","2023-09-12 12:23:26");
INSERT INTO pa_estimate VALUES("1578","","12","3","3","66","34","208","52","2566","2023-09-12 12:23:26");
INSERT INTO pa_estimate VALUES("1579","","13","3","3","66","34","208","52","2566","2023-09-12 12:23:26");
INSERT INTO pa_estimate VALUES("1580","","14","4","4","66","34","208","52","2566","2023-09-12 12:23:26");
INSERT INTO pa_estimate VALUES("1581","","15","4","4","66","34","208","52","2566","2023-09-12 12:23:26");
INSERT INTO pa_estimate VALUES("1582","","16","4","20","66","34","208","52","2566","2023-09-12 12:23:26");
INSERT INTO pa_estimate VALUES("1583","","17","3","7.5","66","34","208","52","2566","2023-09-12 12:23:26");
INSERT INTO pa_estimate VALUES("1584","","18","3","7.5","66","34","208","52","2566","2023-09-12 12:23:27");
INSERT INTO pa_estimate VALUES("1585","","1","4","4","39","34","211","49","2566","2023-09-12 12:29:07");
INSERT INTO pa_estimate VALUES("1586","","2","3","3","39","34","211","49","2566","2023-09-12 12:29:07");
INSERT INTO pa_estimate VALUES("1587","","3","4","4","39","34","211","49","2566","2023-09-12 12:29:07");
INSERT INTO pa_estimate VALUES("1588","","4","4","4","39","34","211","49","2566","2023-09-12 12:29:07");
INSERT INTO pa_estimate VALUES("1589","","5","4","4","39","34","211","49","2566","2023-09-12 12:29:07");
INSERT INTO pa_estimate VALUES("1590","","6","3","3","39","34","211","49","2566","2023-09-12 12:29:07");
INSERT INTO pa_estimate VALUES("1591","","7","4","4","39","34","211","49","2566","2023-09-12 12:29:07");
INSERT INTO pa_estimate VALUES("1592","","8","4","4","39","34","211","49","2566","2023-09-12 12:29:07");
INSERT INTO pa_estimate VALUES("1593","","9","4","4","39","34","211","49","2566","2023-09-12 12:29:07");
INSERT INTO pa_estimate VALUES("1594","","10","4","4","39","34","211","49","2566","2023-09-12 12:29:07");
INSERT INTO pa_estimate VALUES("1595","","11","4","4","39","34","211","49","2566","2023-09-12 12:29:07");
INSERT INTO pa_estimate VALUES("1596","","12","3","3","39","34","211","49","2566","2023-09-12 12:29:07");
INSERT INTO pa_estimate VALUES("1597","","13","4","4","39","34","211","49","2566","2023-09-12 12:29:07");
INSERT INTO pa_estimate VALUES("1598","","14","4","4","39","34","211","49","2566","2023-09-12 12:29:07");
INSERT INTO pa_estimate VALUES("1599","","15","3","3","39","34","211","49","2566","2023-09-12 12:29:07");
INSERT INTO pa_estimate VALUES("1600","","16","4","20","39","34","211","49","2566","2023-09-12 12:29:07");
INSERT INTO pa_estimate VALUES("1601","","17","3","7.5","39","34","211","49","2566","2023-09-12 12:29:07");
INSERT INTO pa_estimate VALUES("1602","","18","3","7.5","39","34","211","49","2566","2023-09-12 12:29:07");
INSERT INTO pa_estimate VALUES("1603","","1","4","4","145","176","320","38","2566","2023-09-12 13:09:46");
INSERT INTO pa_estimate VALUES("1604","","2","4","4","145","176","320","38","2566","2023-09-12 13:09:46");
INSERT INTO pa_estimate VALUES("1605","","3","3","3","145","176","320","38","2566","2023-09-12 13:09:46");
INSERT INTO pa_estimate VALUES("1606","","4","3","3","145","176","320","38","2566","2023-09-12 13:09:46");
INSERT INTO pa_estimate VALUES("1607","","5","4","4","145","176","320","38","2566","2023-09-12 13:09:46");
INSERT INTO pa_estimate VALUES("1608","","6","3","3","145","176","320","38","2566","2023-09-12 13:09:46");
INSERT INTO pa_estimate VALUES("1609","","7","3","3","145","176","320","38","2566","2023-09-12 13:09:46");
INSERT INTO pa_estimate VALUES("1610","","8","4","4","145","176","320","38","2566","2023-09-12 13:09:46");
INSERT INTO pa_estimate VALUES("1611","","9","3","3","145","176","320","38","2566","2023-09-12 13:09:46");
INSERT INTO pa_estimate VALUES("1612","","10","4","4","145","176","320","38","2566","2023-09-12 13:09:46");
INSERT INTO pa_estimate VALUES("1613","","11","4","4","145","176","320","38","2566","2023-09-12 13:09:46");
INSERT INTO pa_estimate VALUES("1614","","12","4","4","145","176","320","38","2566","2023-09-12 13:09:46");
INSERT INTO pa_estimate VALUES("1615","","13","4","4","145","176","320","38","2566","2023-09-12 13:09:47");
INSERT INTO pa_estimate VALUES("1616","","14","4","4","145","176","320","38","2566","2023-09-12 13:09:47");
INSERT INTO pa_estimate VALUES("1617","","15","4","4","145","176","320","38","2566","2023-09-12 13:09:47");
INSERT INTO pa_estimate VALUES("1618","","16","4","20","145","176","320","38","2566","2023-09-12 13:09:47");
INSERT INTO pa_estimate VALUES("1619","","17","4","10","145","176","320","38","2566","2023-09-12 13:09:47");
INSERT INTO pa_estimate VALUES("1620","","18","4","10","145","176","320","38","2566","2023-09-12 13:09:47");
INSERT INTO pa_estimate VALUES("1621","","1","4","4","146","176","323","38","2566","2023-09-12 13:18:52");
INSERT INTO pa_estimate VALUES("1622","","2","4","4","146","176","323","38","2566","2023-09-12 13:18:52");
INSERT INTO pa_estimate VALUES("1623","","3","3","3","146","176","323","38","2566","2023-09-12 13:18:52");
INSERT INTO pa_estimate VALUES("1624","","4","3","3","146","176","323","38","2566","2023-09-12 13:18:52");
INSERT INTO pa_estimate VALUES("1625","","5","4","4","146","176","323","38","2566","2023-09-12 13:18:52");
INSERT INTO pa_estimate VALUES("1626","","6","3","3","146","176","323","38","2566","2023-09-12 13:18:52");
INSERT INTO pa_estimate VALUES("1627","","7","4","4","146","176","323","38","2566","2023-09-12 13:18:52");
INSERT INTO pa_estimate VALUES("1628","","8","4","4","146","176","323","38","2566","2023-09-12 13:18:52");
INSERT INTO pa_estimate VALUES("1629","","9","3","3","146","176","323","38","2566","2023-09-12 13:18:52");
INSERT INTO pa_estimate VALUES("1630","","10","4","4","146","176","323","38","2566","2023-09-12 13:18:52");
INSERT INTO pa_estimate VALUES("1631","","11","4","4","146","176","323","38","2566","2023-09-12 13:18:52");
INSERT INTO pa_estimate VALUES("1632","","12","4","4","146","176","323","38","2566","2023-09-12 13:18:53");
INSERT INTO pa_estimate VALUES("1633","","13","3","3","146","176","323","38","2566","2023-09-12 13:18:53");
INSERT INTO pa_estimate VALUES("1634","","14","4","4","146","176","323","38","2566","2023-09-12 13:18:53");
INSERT INTO pa_estimate VALUES("1635","","15","4","4","146","176","323","38","2566","2023-09-12 13:18:53");
INSERT INTO pa_estimate VALUES("1636","","16","4","20","146","176","323","38","2566","2023-09-12 13:18:53");
INSERT INTO pa_estimate VALUES("1637","","17","4","10","146","176","323","38","2566","2023-09-12 13:18:53");
INSERT INTO pa_estimate VALUES("1638","","18","4","10","146","176","323","38","2566","2023-09-12 13:18:53");
INSERT INTO pa_estimate VALUES("1639","","1","4","4","7","154","95","2","2566","2023-09-12 13:20:20");
INSERT INTO pa_estimate VALUES("1640","","2","4","4","7","154","95","2","2566","2023-09-12 13:20:20");
INSERT INTO pa_estimate VALUES("1641","","3","4","4","7","154","95","2","2566","2023-09-12 13:20:20");
INSERT INTO pa_estimate VALUES("1642","","4","3","3","7","154","95","2","2566","2023-09-12 13:20:20");
INSERT INTO pa_estimate VALUES("1643","","5","4","4","7","154","95","2","2566","2023-09-12 13:20:20");
INSERT INTO pa_estimate VALUES("1644","","6","3","3","7","154","95","2","2566","2023-09-12 13:20:20");
INSERT INTO pa_estimate VALUES("1645","","7","4","4","7","154","95","2","2566","2023-09-12 13:20:20");
INSERT INTO pa_estimate VALUES("1646","","8","4","4","7","154","95","2","2566","2023-09-12 13:20:20");
INSERT INTO pa_estimate VALUES("1647","","9","4","4","7","154","95","2","2566","2023-09-12 13:20:20");
INSERT INTO pa_estimate VALUES("1648","","10","4","4","7","154","95","2","2566","2023-09-12 13:20:20");
INSERT INTO pa_estimate VALUES("1649","","11","4","4","7","154","95","2","2566","2023-09-12 13:20:21");
INSERT INTO pa_estimate VALUES("1650","","12","4","4","7","154","95","2","2566","2023-09-12 13:20:21");
INSERT INTO pa_estimate VALUES("1651","","13","3","3","7","154","95","2","2566","2023-09-12 13:20:21");
INSERT INTO pa_estimate VALUES("1652","","14","3","3","7","154","95","2","2566","2023-09-12 13:20:21");
INSERT INTO pa_estimate VALUES("1653","","15","3","3","7","154","95","2","2566","2023-09-12 13:20:21");
INSERT INTO pa_estimate VALUES("1654","","16","4","20","7","154","95","2","2566","2023-09-12 13:20:21");
INSERT INTO pa_estimate VALUES("1655","","17","4","10","7","154","95","2","2566","2023-09-12 13:20:21");
INSERT INTO pa_estimate VALUES("1656","","18","4","10","7","154","95","2","2566","2023-09-12 13:20:21");
INSERT INTO pa_estimate VALUES("1657","","1","4","4","11","154","101","2","2566","2023-09-12 14:33:55");
INSERT INTO pa_estimate VALUES("1658","","2","4","4","11","154","101","2","2566","2023-09-12 14:33:55");
INSERT INTO pa_estimate VALUES("1659","","3","4","4","11","154","101","2","2566","2023-09-12 14:33:55");
INSERT INTO pa_estimate VALUES("1660","","4","4","4","11","154","101","2","2566","2023-09-12 14:33:55");
INSERT INTO pa_estimate VALUES("1661","","5","4","4","11","154","101","2","2566","2023-09-12 14:33:55");
INSERT INTO pa_estimate VALUES("1662","","6","3","3","11","154","101","2","2566","2023-09-12 14:33:55");
INSERT INTO pa_estimate VALUES("1663","","7","4","4","11","154","101","2","2566","2023-09-12 14:33:55");
INSERT INTO pa_estimate VALUES("1664","","8","4","4","11","154","101","2","2566","2023-09-12 14:33:55");
INSERT INTO pa_estimate VALUES("1665","","9","3","3","11","154","101","2","2566","2023-09-12 14:33:55");
INSERT INTO pa_estimate VALUES("1666","","10","4","4","11","154","101","2","2566","2023-09-12 14:33:55");
INSERT INTO pa_estimate VALUES("1667","","11","4","4","11","154","101","2","2566","2023-09-12 14:33:55");
INSERT INTO pa_estimate VALUES("1668","","12","3","3","11","154","101","2","2566","2023-09-12 14:33:55");
INSERT INTO pa_estimate VALUES("1669","","13","4","4","11","154","101","2","2566","2023-09-12 14:33:55");
INSERT INTO pa_estimate VALUES("1670","","14","4","4","11","154","101","2","2566","2023-09-12 14:33:55");
INSERT INTO pa_estimate VALUES("1671","","15","4","4","11","154","101","2","2566","2023-09-12 14:33:55");
INSERT INTO pa_estimate VALUES("1672","","16","4","20","11","154","101","2","2566","2023-09-12 14:33:55");
INSERT INTO pa_estimate VALUES("1673","","17","4","10","11","154","101","2","2566","2023-09-12 14:33:55");
INSERT INTO pa_estimate VALUES("1674","","18","4","10","11","154","101","2","2566","2023-09-12 14:33:55");
INSERT INTO pa_estimate VALUES("1675","","1","4","4","6","154","92","2","2566","2023-09-12 14:35:39");
INSERT INTO pa_estimate VALUES("1676","","2","4","4","6","154","92","2","2566","2023-09-12 14:35:39");
INSERT INTO pa_estimate VALUES("1677","","3","4","4","6","154","92","2","2566","2023-09-12 14:35:39");
INSERT INTO pa_estimate VALUES("1678","","4","4","4","6","154","92","2","2566","2023-09-12 14:35:39");
INSERT INTO pa_estimate VALUES("1679","","5","4","4","6","154","92","2","2566","2023-09-12 14:35:39");
INSERT INTO pa_estimate VALUES("1680","","6","4","4","6","154","92","2","2566","2023-09-12 14:35:39");
INSERT INTO pa_estimate VALUES("1681","","7","4","4","6","154","92","2","2566","2023-09-12 14:35:39");
INSERT INTO pa_estimate VALUES("1682","","8","4","4","6","154","92","2","2566","2023-09-12 14:35:39");
INSERT INTO pa_estimate VALUES("1683","","9","4","4","6","154","92","2","2566","2023-09-12 14:35:39");
INSERT INTO pa_estimate VALUES("1684","","10","4","4","6","154","92","2","2566","2023-09-12 14:35:39");
INSERT INTO pa_estimate VALUES("1685","","11","4","4","6","154","92","2","2566","2023-09-12 14:35:39");
INSERT INTO pa_estimate VALUES("1686","","12","3","3","6","154","92","2","2566","2023-09-12 14:35:39");
INSERT INTO pa_estimate VALUES("1687","","13","4","4","6","154","92","2","2566","2023-09-12 14:35:39");
INSERT INTO pa_estimate VALUES("1688","","14","4","4","6","154","92","2","2566","2023-09-12 14:35:39");
INSERT INTO pa_estimate VALUES("1689","","15","4","4","6","154","92","2","2566","2023-09-12 14:35:39");
INSERT INTO pa_estimate VALUES("1690","","16","4","20","6","154","92","2","2566","2023-09-12 14:35:39");
INSERT INTO pa_estimate VALUES("1691","","17","4","10","6","154","92","2","2566","2023-09-12 14:35:39");
INSERT INTO pa_estimate VALUES("1692","","18","4","10","6","154","92","2","2566","2023-09-12 14:35:39");
INSERT INTO pa_estimate VALUES("1693","","1","4","4","7","155","96","3","2566","2023-09-12 14:35:53");
INSERT INTO pa_estimate VALUES("1694","","2","4","4","7","155","96","3","2566","2023-09-12 14:35:53");
INSERT INTO pa_estimate VALUES("1695","","3","4","4","7","155","96","3","2566","2023-09-12 14:35:53");
INSERT INTO pa_estimate VALUES("1696","","4","3","3","7","155","96","3","2566","2023-09-12 14:35:53");
INSERT INTO pa_estimate VALUES("1697","","5","3","3","7","155","96","3","2566","2023-09-12 14:35:53");
INSERT INTO pa_estimate VALUES("1698","","6","3","3","7","155","96","3","2566","2023-09-12 14:35:53");
INSERT INTO pa_estimate VALUES("1699","","7","3","3","7","155","96","3","2566","2023-09-12 14:35:53");
INSERT INTO pa_estimate VALUES("1700","","8","3","3","7","155","96","3","2566","2023-09-12 14:35:53");
INSERT INTO pa_estimate VALUES("1701","","9","3","3","7","155","96","3","2566","2023-09-12 14:35:53");
INSERT INTO pa_estimate VALUES("1702","","10","4","4","7","155","96","3","2566","2023-09-12 14:35:53");
INSERT INTO pa_estimate VALUES("1703","","11","4","4","7","155","96","3","2566","2023-09-12 14:35:53");
INSERT INTO pa_estimate VALUES("1704","","12","3","3","7","155","96","3","2566","2023-09-12 14:35:53");
INSERT INTO pa_estimate VALUES("1705","","13","4","4","7","155","96","3","2566","2023-09-12 14:35:53");
INSERT INTO pa_estimate VALUES("1706","","14","4","4","7","155","96","3","2566","2023-09-12 14:35:53");
INSERT INTO pa_estimate VALUES("1707","","15","4","4","7","155","96","3","2566","2023-09-12 14:35:53");
INSERT INTO pa_estimate VALUES("1708","","16","4","20","7","155","96","3","2566","2023-09-12 14:35:53");
INSERT INTO pa_estimate VALUES("1709","","17","4","10","7","155","96","3","2566","2023-09-12 14:35:53");
INSERT INTO pa_estimate VALUES("1710","","18","4","10","7","155","96","3","2566","2023-09-12 14:35:53");
INSERT INTO pa_estimate VALUES("1711","","1","4","4","13","154","104","2","2566","2023-09-12 14:36:58");
INSERT INTO pa_estimate VALUES("1712","","2","4","4","13","154","104","2","2566","2023-09-12 14:36:58");
INSERT INTO pa_estimate VALUES("1713","","3","4","4","13","154","104","2","2566","2023-09-12 14:36:58");
INSERT INTO pa_estimate VALUES("1714","","4","4","4","13","154","104","2","2566","2023-09-12 14:36:59");
INSERT INTO pa_estimate VALUES("1715","","5","3","3","13","154","104","2","2566","2023-09-12 14:36:59");
INSERT INTO pa_estimate VALUES("1716","","6","3","3","13","154","104","2","2566","2023-09-12 14:36:59");
INSERT INTO pa_estimate VALUES("1717","","7","4","4","13","154","104","2","2566","2023-09-12 14:36:59");
INSERT INTO pa_estimate VALUES("1718","","8","4","4","13","154","104","2","2566","2023-09-12 14:36:59");
INSERT INTO pa_estimate VALUES("1719","","9","4","4","13","154","104","2","2566","2023-09-12 14:36:59");
INSERT INTO pa_estimate VALUES("1720","","10","4","4","13","154","104","2","2566","2023-09-12 14:36:59");
INSERT INTO pa_estimate VALUES("1721","","11","4","4","13","154","104","2","2566","2023-09-12 14:36:59");
INSERT INTO pa_estimate VALUES("1722","","12","4","4","13","154","104","2","2566","2023-09-12 14:36:59");
INSERT INTO pa_estimate VALUES("1723","","13","4","4","13","154","104","2","2566","2023-09-12 14:36:59");
INSERT INTO pa_estimate VALUES("1724","","14","4","4","13","154","104","2","2566","2023-09-12 14:36:59");
INSERT INTO pa_estimate VALUES("1725","","15","4","4","13","154","104","2","2566","2023-09-12 14:36:59");
INSERT INTO pa_estimate VALUES("1726","","16","4","20","13","154","104","2","2566","2023-09-12 14:36:59");
INSERT INTO pa_estimate VALUES("1727","","17","4","10","13","154","104","2","2566","2023-09-12 14:36:59");
INSERT INTO pa_estimate VALUES("1728","","18","4","10","13","154","104","2","2566","2023-09-12 14:36:59");
INSERT INTO pa_estimate VALUES("1729","","1","4","4","10","154","98","2","2566","2023-09-12 14:38:25");
INSERT INTO pa_estimate VALUES("1730","","2","4","4","10","154","98","2","2566","2023-09-12 14:38:25");
INSERT INTO pa_estimate VALUES("1731","","3","4","4","10","154","98","2","2566","2023-09-12 14:38:25");
INSERT INTO pa_estimate VALUES("1732","","4","4","4","10","154","98","2","2566","2023-09-12 14:38:25");
INSERT INTO pa_estimate VALUES("1733","","5","4","4","10","154","98","2","2566","2023-09-12 14:38:25");
INSERT INTO pa_estimate VALUES("1734","","6","3","3","10","154","98","2","2566","2023-09-12 14:38:25");
INSERT INTO pa_estimate VALUES("1735","","7","4","4","10","154","98","2","2566","2023-09-12 14:38:25");
INSERT INTO pa_estimate VALUES("1736","","8","4","4","10","154","98","2","2566","2023-09-12 14:38:26");
INSERT INTO pa_estimate VALUES("1737","","9","4","4","10","154","98","2","2566","2023-09-12 14:38:26");
INSERT INTO pa_estimate VALUES("1738","","10","4","4","10","154","98","2","2566","2023-09-12 14:38:26");
INSERT INTO pa_estimate VALUES("1739","","11","4","4","10","154","98","2","2566","2023-09-12 14:38:26");
INSERT INTO pa_estimate VALUES("1740","","12","3","3","10","154","98","2","2566","2023-09-12 14:38:26");
INSERT INTO pa_estimate VALUES("1741","","13","4","4","10","154","98","2","2566","2023-09-12 14:38:26");
INSERT INTO pa_estimate VALUES("1742","","14","3","3","10","154","98","2","2566","2023-09-12 14:38:26");
INSERT INTO pa_estimate VALUES("1743","","15","3","3","10","154","98","2","2566","2023-09-12 14:38:26");
INSERT INTO pa_estimate VALUES("1744","","16","4","20","10","154","98","2","2566","2023-09-12 14:38:26");
INSERT INTO pa_estimate VALUES("1745","","17","4","10","10","154","98","2","2566","2023-09-12 14:38:26");
INSERT INTO pa_estimate VALUES("1746","","18","4","10","10","154","98","2","2566","2023-09-12 14:38:26");
INSERT INTO pa_estimate VALUES("1747","","1","4","4","6","155","93","3","2566","2023-09-12 14:39:19");
INSERT INTO pa_estimate VALUES("1748","","2","4","4","6","155","93","3","2566","2023-09-12 14:39:19");
INSERT INTO pa_estimate VALUES("1749","","3","4","4","6","155","93","3","2566","2023-09-12 14:39:19");
INSERT INTO pa_estimate VALUES("1750","","4","3","3","6","155","93","3","2566","2023-09-12 14:39:19");
INSERT INTO pa_estimate VALUES("1751","","5","3","3","6","155","93","3","2566","2023-09-12 14:39:19");
INSERT INTO pa_estimate VALUES("1752","","6","3","3","6","155","93","3","2566","2023-09-12 14:39:19");
INSERT INTO pa_estimate VALUES("1753","","7","4","4","6","155","93","3","2566","2023-09-12 14:39:19");
INSERT INTO pa_estimate VALUES("1754","","8","4","4","6","155","93","3","2566","2023-09-12 14:39:19");
INSERT INTO pa_estimate VALUES("1755","","9","3","3","6","155","93","3","2566","2023-09-12 14:39:19");
INSERT INTO pa_estimate VALUES("1756","","10","4","4","6","155","93","3","2566","2023-09-12 14:39:19");
INSERT INTO pa_estimate VALUES("1757","","11","3","3","6","155","93","3","2566","2023-09-12 14:39:19");
INSERT INTO pa_estimate VALUES("1758","","12","4","4","6","155","93","3","2566","2023-09-12 14:39:19");
INSERT INTO pa_estimate VALUES("1759","","13","4","4","6","155","93","3","2566","2023-09-12 14:39:19");
INSERT INTO pa_estimate VALUES("1760","","14","4","4","6","155","93","3","2566","2023-09-12 14:39:19");
INSERT INTO pa_estimate VALUES("1761","","15","4","4","6","155","93","3","2566","2023-09-12 14:39:19");
INSERT INTO pa_estimate VALUES("1762","","16","4","20","6","155","93","3","2566","2023-09-12 14:39:19");
INSERT INTO pa_estimate VALUES("1763","","17","4","10","6","155","93","3","2566","2023-09-12 14:39:19");
INSERT INTO pa_estimate VALUES("1764","","18","4","10","6","155","93","3","2566","2023-09-12 14:39:19");
INSERT INTO pa_estimate VALUES("1765","","1","4","4","10","155","99","3","2566","2023-09-12 14:42:25");
INSERT INTO pa_estimate VALUES("1766","","2","4","4","10","155","99","3","2566","2023-09-12 14:42:25");
INSERT INTO pa_estimate VALUES("1767","","3","4","4","10","155","99","3","2566","2023-09-12 14:42:25");
INSERT INTO pa_estimate VALUES("1768","","4","4","4","10","155","99","3","2566","2023-09-12 14:42:25");
INSERT INTO pa_estimate VALUES("1769","","5","4","4","10","155","99","3","2566","2023-09-12 14:42:26");
INSERT INTO pa_estimate VALUES("1770","","6","3","3","10","155","99","3","2566","2023-09-12 14:42:26");
INSERT INTO pa_estimate VALUES("1771","","7","4","4","10","155","99","3","2566","2023-09-12 14:42:26");
INSERT INTO pa_estimate VALUES("1772","","8","4","4","10","155","99","3","2566","2023-09-12 14:42:26");
INSERT INTO pa_estimate VALUES("1773","","9","4","4","10","155","99","3","2566","2023-09-12 14:42:26");
INSERT INTO pa_estimate VALUES("1774","","10","4","4","10","155","99","3","2566","2023-09-12 14:42:26");
INSERT INTO pa_estimate VALUES("1775","","11","4","4","10","155","99","3","2566","2023-09-12 14:42:26");
INSERT INTO pa_estimate VALUES("1776","","12","3","3","10","155","99","3","2566","2023-09-12 14:42:26");
INSERT INTO pa_estimate VALUES("1777","","13","4","4","10","155","99","3","2566","2023-09-12 14:42:26");
INSERT INTO pa_estimate VALUES("1778","","14","3","3","10","155","99","3","2566","2023-09-12 14:42:26");
INSERT INTO pa_estimate VALUES("1779","","15","3","3","10","155","99","3","2566","2023-09-12 14:42:26");
INSERT INTO pa_estimate VALUES("1780","","16","4","20","10","155","99","3","2566","2023-09-12 14:42:26");
INSERT INTO pa_estimate VALUES("1781","","17","4","10","10","155","99","3","2566","2023-09-12 14:42:26");
INSERT INTO pa_estimate VALUES("1782","","18","4","10","10","155","99","3","2566","2023-09-12 14:42:26");
INSERT INTO pa_estimate VALUES("1783","","1","4","4","11","155","102","3","2566","2023-09-12 14:45:00");
INSERT INTO pa_estimate VALUES("1784","","2","4","4","11","155","102","3","2566","2023-09-12 14:45:00");
INSERT INTO pa_estimate VALUES("1785","","3","4","4","11","155","102","3","2566","2023-09-12 14:45:00");
INSERT INTO pa_estimate VALUES("1786","","4","4","4","11","155","102","3","2566","2023-09-12 14:45:00");
INSERT INTO pa_estimate VALUES("1787","","5","3","3","11","155","102","3","2566","2023-09-12 14:45:00");
INSERT INTO pa_estimate VALUES("1788","","6","3","3","11","155","102","3","2566","2023-09-12 14:45:00");
INSERT INTO pa_estimate VALUES("1789","","7","4","4","11","155","102","3","2566","2023-09-12 14:45:00");
INSERT INTO pa_estimate VALUES("1790","","8","4","4","11","155","102","3","2566","2023-09-12 14:45:01");
INSERT INTO pa_estimate VALUES("1791","","9","3","3","11","155","102","3","2566","2023-09-12 14:45:01");
INSERT INTO pa_estimate VALUES("1792","","10","3","3","11","155","102","3","2566","2023-09-12 14:45:01");
INSERT INTO pa_estimate VALUES("1793","","11","4","4","11","155","102","3","2566","2023-09-12 14:45:01");
INSERT INTO pa_estimate VALUES("1794","","12","4","4","11","155","102","3","2566","2023-09-12 14:45:01");
INSERT INTO pa_estimate VALUES("1795","","13","4","4","11","155","102","3","2566","2023-09-12 14:45:01");
INSERT INTO pa_estimate VALUES("1796","","14","3","3","11","155","102","3","2566","2023-09-12 14:45:01");
INSERT INTO pa_estimate VALUES("1797","","15","3","3","11","155","102","3","2566","2023-09-12 14:45:01");
INSERT INTO pa_estimate VALUES("1798","","16","4","20","11","155","102","3","2566","2023-09-12 14:45:01");
INSERT INTO pa_estimate VALUES("1799","","17","4","10","11","155","102","3","2566","2023-09-12 14:45:01");
INSERT INTO pa_estimate VALUES("1800","","18","4","10","11","155","102","3","2566","2023-09-12 14:45:01");
INSERT INTO pa_estimate VALUES("1801","","1","4","4","13","155","105","3","2566","2023-09-12 14:46:29");
INSERT INTO pa_estimate VALUES("1802","","2","4","4","13","155","105","3","2566","2023-09-12 14:46:29");
INSERT INTO pa_estimate VALUES("1803","","3","4","4","13","155","105","3","2566","2023-09-12 14:46:29");
INSERT INTO pa_estimate VALUES("1804","","4","4","4","13","155","105","3","2566","2023-09-12 14:46:29");
INSERT INTO pa_estimate VALUES("1805","","5","3","3","13","155","105","3","2566","2023-09-12 14:46:29");
INSERT INTO pa_estimate VALUES("1806","","6","3","3","13","155","105","3","2566","2023-09-12 14:46:29");
INSERT INTO pa_estimate VALUES("1807","","7","4","4","13","155","105","3","2566","2023-09-12 14:46:29");
INSERT INTO pa_estimate VALUES("1808","","8","4","4","13","155","105","3","2566","2023-09-12 14:46:29");
INSERT INTO pa_estimate VALUES("1809","","9","4","4","13","155","105","3","2566","2023-09-12 14:46:29");
INSERT INTO pa_estimate VALUES("1810","","10","4","4","13","155","105","3","2566","2023-09-12 14:46:29");
INSERT INTO pa_estimate VALUES("1811","","11","4","4","13","155","105","3","2566","2023-09-12 14:46:29");
INSERT INTO pa_estimate VALUES("1812","","12","3","3","13","155","105","3","2566","2023-09-12 14:46:29");
INSERT INTO pa_estimate VALUES("1813","","13","4","4","13","155","105","3","2566","2023-09-12 14:46:29");
INSERT INTO pa_estimate VALUES("1814","","14","3","3","13","155","105","3","2566","2023-09-12 14:46:30");
INSERT INTO pa_estimate VALUES("1815","","15","3","3","13","155","105","3","2566","2023-09-12 14:46:30");
INSERT INTO pa_estimate VALUES("1816","","16","4","20","13","155","105","3","2566","2023-09-12 14:46:30");
INSERT INTO pa_estimate VALUES("1817","","17","4","10","13","155","105","3","2566","2023-09-12 14:46:30");
INSERT INTO pa_estimate VALUES("1818","","18","4","10","13","155","105","3","2566","2023-09-12 14:46:30");
INSERT INTO pa_estimate VALUES("1819","","1","4","4","46","34","214","49","2566","2023-09-12 15:38:58");
INSERT INTO pa_estimate VALUES("1820","","2","3","3","46","34","214","49","2566","2023-09-12 15:38:58");
INSERT INTO pa_estimate VALUES("1821","","3","4","4","46","34","214","49","2566","2023-09-12 15:38:58");
INSERT INTO pa_estimate VALUES("1822","","4","3","3","46","34","214","49","2566","2023-09-12 15:38:58");
INSERT INTO pa_estimate VALUES("1823","","5","3","3","46","34","214","49","2566","2023-09-12 15:38:58");
INSERT INTO pa_estimate VALUES("1824","","6","3","3","46","34","214","49","2566","2023-09-12 15:38:58");
INSERT INTO pa_estimate VALUES("1825","","7","4","4","46","34","214","49","2566","2023-09-12 15:38:59");
INSERT INTO pa_estimate VALUES("1826","","8","4","4","46","34","214","49","2566","2023-09-12 15:38:59");
INSERT INTO pa_estimate VALUES("1827","","9","4","4","46","34","214","49","2566","2023-09-12 15:38:59");
INSERT INTO pa_estimate VALUES("1828","","10","4","4","46","34","214","49","2566","2023-09-12 15:38:59");
INSERT INTO pa_estimate VALUES("1829","","11","4","4","46","34","214","49","2566","2023-09-12 15:38:59");
INSERT INTO pa_estimate VALUES("1830","","12","3","3","46","34","214","49","2566","2023-09-12 15:38:59");
INSERT INTO pa_estimate VALUES("1831","","13","3","3","46","34","214","49","2566","2023-09-12 15:38:59");
INSERT INTO pa_estimate VALUES("1832","","14","4","4","46","34","214","49","2566","2023-09-12 15:38:59");
INSERT INTO pa_estimate VALUES("1833","","15","4","4","46","34","214","49","2566","2023-09-12 15:38:59");
INSERT INTO pa_estimate VALUES("1834","","16","4","20","46","34","214","49","2566","2023-09-12 15:38:59");
INSERT INTO pa_estimate VALUES("1835","","17","3","7.5","46","34","214","49","2566","2023-09-12 15:38:59");
INSERT INTO pa_estimate VALUES("1836","","18","3","7.5","46","34","214","49","2566","2023-09-12 15:38:59");
INSERT INTO pa_estimate VALUES("1837","","1","4","4","44","34","217","49","2566","2023-09-12 15:43:34");
INSERT INTO pa_estimate VALUES("1838","","2","4","4","44","34","217","49","2566","2023-09-12 15:43:34");
INSERT INTO pa_estimate VALUES("1839","","3","4","4","44","34","217","49","2566","2023-09-12 15:43:34");
INSERT INTO pa_estimate VALUES("1840","","4","3","3","44","34","217","49","2566","2023-09-12 15:43:34");
INSERT INTO pa_estimate VALUES("1841","","5","4","4","44","34","217","49","2566","2023-09-12 15:43:34");
INSERT INTO pa_estimate VALUES("1842","","6","3","3","44","34","217","49","2566","2023-09-12 15:43:34");
INSERT INTO pa_estimate VALUES("1843","","7","4","4","44","34","217","49","2566","2023-09-12 15:43:34");
INSERT INTO pa_estimate VALUES("1844","","8","4","4","44","34","217","49","2566","2023-09-12 15:43:35");
INSERT INTO pa_estimate VALUES("1845","","9","3","3","44","34","217","49","2566","2023-09-12 15:43:35");
INSERT INTO pa_estimate VALUES("1846","","10","4","4","44","34","217","49","2566","2023-09-12 15:43:35");
INSERT INTO pa_estimate VALUES("1847","","11","4","4","44","34","217","49","2566","2023-09-12 15:43:35");
INSERT INTO pa_estimate VALUES("1848","","12","3","3","44","34","217","49","2566","2023-09-12 15:43:35");
INSERT INTO pa_estimate VALUES("1849","","13","3","3","44","34","217","49","2566","2023-09-12 15:43:35");
INSERT INTO pa_estimate VALUES("1850","","14","4","4","44","34","217","49","2566","2023-09-12 15:43:35");
INSERT INTO pa_estimate VALUES("1851","","15","3","3","44","34","217","49","2566","2023-09-12 15:43:35");
INSERT INTO pa_estimate VALUES("1852","","16","4","20","44","34","217","49","2566","2023-09-12 15:43:35");
INSERT INTO pa_estimate VALUES("1853","","17","3","7.5","44","34","217","49","2566","2023-09-12 15:43:35");
INSERT INTO pa_estimate VALUES("1854","","18","3","7.5","44","34","217","49","2566","2023-09-12 15:43:35");
INSERT INTO pa_estimate VALUES("1855","","1","4","4","62","34","220","46","2566","2023-09-12 15:55:21");
INSERT INTO pa_estimate VALUES("1856","","2","3","3","62","34","220","46","2566","2023-09-12 15:55:21");
INSERT INTO pa_estimate VALUES("1857","","3","4","4","62","34","220","46","2566","2023-09-12 15:55:21");
INSERT INTO pa_estimate VALUES("1858","","4","3","3","62","34","220","46","2566","2023-09-12 15:55:21");
INSERT INTO pa_estimate VALUES("1859","","5","4","4","62","34","220","46","2566","2023-09-12 15:55:21");
INSERT INTO pa_estimate VALUES("1860","","6","3","3","62","34","220","46","2566","2023-09-12 15:55:22");
INSERT INTO pa_estimate VALUES("1861","","7","4","4","62","34","220","46","2566","2023-09-12 15:55:22");
INSERT INTO pa_estimate VALUES("1862","","8","4","4","62","34","220","46","2566","2023-09-12 15:55:22");
INSERT INTO pa_estimate VALUES("1863","","9","3","3","62","34","220","46","2566","2023-09-12 15:55:22");
INSERT INTO pa_estimate VALUES("1864","","10","4","4","62","34","220","46","2566","2023-09-12 15:55:22");
INSERT INTO pa_estimate VALUES("1865","","11","4","4","62","34","220","46","2566","2023-09-12 15:55:22");
INSERT INTO pa_estimate VALUES("1866","","12","4","4","62","34","220","46","2566","2023-09-12 15:55:22");
INSERT INTO pa_estimate VALUES("1867","","13","3","3","62","34","220","46","2566","2023-09-12 15:55:22");
INSERT INTO pa_estimate VALUES("1868","","14","4","4","62","34","220","46","2566","2023-09-12 15:55:22");
INSERT INTO pa_estimate VALUES("1869","","15","3","3","62","34","220","46","2566","2023-09-12 15:55:22");
INSERT INTO pa_estimate VALUES("1870","","16","4","20","62","34","220","46","2566","2023-09-12 15:55:22");
INSERT INTO pa_estimate VALUES("1871","","17","3","7.5","62","34","220","46","2566","2023-09-12 15:55:22");
INSERT INTO pa_estimate VALUES("1872","","18","3","7.5","62","34","220","46","2566","2023-09-12 15:55:22");
INSERT INTO pa_estimate VALUES("1873","","1","4","4","148","179","330","42","2566","2023-09-12 16:24:49");
INSERT INTO pa_estimate VALUES("1874","","2","4","4","148","179","330","42","2566","2023-09-12 16:24:49");
INSERT INTO pa_estimate VALUES("1875","","3","3","3","148","179","330","42","2566","2023-09-12 16:24:49");
INSERT INTO pa_estimate VALUES("1876","","4","3","3","148","179","330","42","2566","2023-09-12 16:24:49");
INSERT INTO pa_estimate VALUES("1877","","5","4","4","148","179","330","42","2566","2023-09-12 16:24:50");
INSERT INTO pa_estimate VALUES("1878","","6","4","4","148","179","330","42","2566","2023-09-12 16:24:50");
INSERT INTO pa_estimate VALUES("1879","","7","4","4","148","179","330","42","2566","2023-09-12 16:24:50");
INSERT INTO pa_estimate VALUES("1880","","8","4","4","148","179","330","42","2566","2023-09-12 16:24:50");
INSERT INTO pa_estimate VALUES("1881","","9","4","4","148","179","330","42","2566","2023-09-12 16:24:50");
INSERT INTO pa_estimate VALUES("1882","","10","4","4","148","179","330","42","2566","2023-09-12 16:24:50");
INSERT INTO pa_estimate VALUES("1883","","11","4","4","148","179","330","42","2566","2023-09-12 16:24:50");
INSERT INTO pa_estimate VALUES("1884","","12","4","4","148","179","330","42","2566","2023-09-12 16:24:50");
INSERT INTO pa_estimate VALUES("1885","","13","4","4","148","179","330","42","2566","2023-09-12 16:24:50");
INSERT INTO pa_estimate VALUES("1886","","14","4","4","148","179","330","42","2566","2023-09-12 16:24:50");
INSERT INTO pa_estimate VALUES("1887","","15","4","4","148","179","330","42","2566","2023-09-12 16:24:50");
INSERT INTO pa_estimate VALUES("1888","","16","4","20","148","179","330","42","2566","2023-09-12 16:24:50");
INSERT INTO pa_estimate VALUES("1889","","17","4","10","148","179","330","42","2566","2023-09-12 16:24:50");
INSERT INTO pa_estimate VALUES("1890","","18","4","10","148","179","330","42","2566","2023-09-12 16:24:50");
INSERT INTO pa_estimate VALUES("1891","","1","4","4","153","34","223","46","2566","2023-09-12 19:33:10");
INSERT INTO pa_estimate VALUES("1892","","2","4","4","153","34","223","46","2566","2023-09-12 19:33:10");
INSERT INTO pa_estimate VALUES("1893","","3","4","4","153","34","223","46","2566","2023-09-12 19:33:10");
INSERT INTO pa_estimate VALUES("1894","","4","3","3","153","34","223","46","2566","2023-09-12 19:33:10");
INSERT INTO pa_estimate VALUES("1895","","5","4","4","153","34","223","46","2566","2023-09-12 19:33:10");
INSERT INTO pa_estimate VALUES("1896","","6","3","3","153","34","223","46","2566","2023-09-12 19:33:10");
INSERT INTO pa_estimate VALUES("1897","","7","4","4","153","34","223","46","2566","2023-09-12 19:33:10");
INSERT INTO pa_estimate VALUES("1898","","8","3","3","153","34","223","46","2566","2023-09-12 19:33:10");
INSERT INTO pa_estimate VALUES("1899","","9","3","3","153","34","223","46","2566","2023-09-12 19:33:10");
INSERT INTO pa_estimate VALUES("1900","","10","3","3","153","34","223","46","2566","2023-09-12 19:33:10");
INSERT INTO pa_estimate VALUES("1901","","11","4","4","153","34","223","46","2566","2023-09-12 19:33:10");
INSERT INTO pa_estimate VALUES("1902","","12","3","3","153","34","223","46","2566","2023-09-12 19:33:10");
INSERT INTO pa_estimate VALUES("1903","","13","4","4","153","34","223","46","2566","2023-09-12 19:33:10");
INSERT INTO pa_estimate VALUES("1904","","14","4","4","153","34","223","46","2566","2023-09-12 19:33:10");
INSERT INTO pa_estimate VALUES("1905","","15","4","4","153","34","223","46","2566","2023-09-12 19:33:10");
INSERT INTO pa_estimate VALUES("1906","","16","4","20","153","34","223","46","2566","2023-09-12 19:33:10");
INSERT INTO pa_estimate VALUES("1907","","17","3","7.5","153","34","223","46","2566","2023-09-12 19:33:10");
INSERT INTO pa_estimate VALUES("1908","","18","3","7.5","153","34","223","46","2566","2023-09-12 19:33:10");
INSERT INTO pa_estimate VALUES("1909","","1","4","4","40","34","229","52","2566","2023-09-12 20:24:43");
INSERT INTO pa_estimate VALUES("1910","","2","3","3","40","34","229","52","2566","2023-09-12 20:24:43");
INSERT INTO pa_estimate VALUES("1911","","3","4","4","40","34","229","52","2566","2023-09-12 20:24:43");
INSERT INTO pa_estimate VALUES("1912","","4","3","3","40","34","229","52","2566","2023-09-12 20:24:43");
INSERT INTO pa_estimate VALUES("1913","","5","4","4","40","34","229","52","2566","2023-09-12 20:24:43");
INSERT INTO pa_estimate VALUES("1914","","6","3","3","40","34","229","52","2566","2023-09-12 20:24:43");
INSERT INTO pa_estimate VALUES("1915","","7","4","4","40","34","229","52","2566","2023-09-12 20:24:43");
INSERT INTO pa_estimate VALUES("1916","","8","4","4","40","34","229","52","2566","2023-09-12 20:24:43");
INSERT INTO pa_estimate VALUES("1917","","9","4","4","40","34","229","52","2566","2023-09-12 20:24:43");
INSERT INTO pa_estimate VALUES("1918","","10","4","4","40","34","229","52","2566","2023-09-12 20:24:43");
INSERT INTO pa_estimate VALUES("1919","","11","3","3","40","34","229","52","2566","2023-09-12 20:24:43");
INSERT INTO pa_estimate VALUES("1920","","12","3","3","40","34","229","52","2566","2023-09-12 20:24:43");
INSERT INTO pa_estimate VALUES("1921","","13","4","4","40","34","229","52","2566","2023-09-12 20:24:43");
INSERT INTO pa_estimate VALUES("1922","","14","3","3","40","34","229","52","2566","2023-09-12 20:24:43");
INSERT INTO pa_estimate VALUES("1923","","15","3","3","40","34","229","52","2566","2023-09-12 20:24:43");
INSERT INTO pa_estimate VALUES("1924","","16","4","20","40","34","229","52","2566","2023-09-12 20:24:43");
INSERT INTO pa_estimate VALUES("1925","","17","3","7.5","40","34","229","52","2566","2023-09-12 20:24:43");
INSERT INTO pa_estimate VALUES("1926","","18","3","7.5","40","34","229","52","2566","2023-09-12 20:24:43");
INSERT INTO pa_estimate VALUES("1927","","1","4","4","60","34","226","52","2566","2023-09-12 20:26:36");
INSERT INTO pa_estimate VALUES("1928","","2","3","3","60","34","226","52","2566","2023-09-12 20:26:36");
INSERT INTO pa_estimate VALUES("1929","","3","4","4","60","34","226","52","2566","2023-09-12 20:26:36");
INSERT INTO pa_estimate VALUES("1930","","4","4","4","60","34","226","52","2566","2023-09-12 20:26:36");
INSERT INTO pa_estimate VALUES("1931","","5","3","3","60","34","226","52","2566","2023-09-12 20:26:36");
INSERT INTO pa_estimate VALUES("1932","","6","3","3","60","34","226","52","2566","2023-09-12 20:26:36");
INSERT INTO pa_estimate VALUES("1933","","7","4","4","60","34","226","52","2566","2023-09-12 20:26:36");
INSERT INTO pa_estimate VALUES("1934","","8","4","4","60","34","226","52","2566","2023-09-12 20:26:36");
INSERT INTO pa_estimate VALUES("1935","","9","4","4","60","34","226","52","2566","2023-09-12 20:26:36");
INSERT INTO pa_estimate VALUES("1936","","10","4","4","60","34","226","52","2566","2023-09-12 20:26:36");
INSERT INTO pa_estimate VALUES("1937","","11","4","4","60","34","226","52","2566","2023-09-12 20:26:37");
INSERT INTO pa_estimate VALUES("1938","","12","3","3","60","34","226","52","2566","2023-09-12 20:26:37");
INSERT INTO pa_estimate VALUES("1939","","13","3","3","60","34","226","52","2566","2023-09-12 20:26:37");
INSERT INTO pa_estimate VALUES("1940","","14","4","4","60","34","226","52","2566","2023-09-12 20:26:37");
INSERT INTO pa_estimate VALUES("1941","","15","3","3","60","34","226","52","2566","2023-09-12 20:26:37");
INSERT INTO pa_estimate VALUES("1942","","16","4","20","60","34","226","52","2566","2023-09-12 20:26:37");
INSERT INTO pa_estimate VALUES("1943","","17","3","7.5","60","34","226","52","2566","2023-09-12 20:26:37");
INSERT INTO pa_estimate VALUES("1944","","18","3","7.5","60","34","226","52","2566","2023-09-12 20:26:37");
INSERT INTO pa_estimate VALUES("1945","","1","4","4","52","34","232","49","2566","2023-09-12 20:27:48");
INSERT INTO pa_estimate VALUES("1946","","2","4","4","52","34","232","49","2566","2023-09-12 20:27:48");
INSERT INTO pa_estimate VALUES("1947","","3","4","4","52","34","232","49","2566","2023-09-12 20:27:48");
INSERT INTO pa_estimate VALUES("1948","","4","3","3","52","34","232","49","2566","2023-09-12 20:27:48");
INSERT INTO pa_estimate VALUES("1949","","5","3","3","52","34","232","49","2566","2023-09-12 20:27:48");
INSERT INTO pa_estimate VALUES("1950","","6","3","3","52","34","232","49","2566","2023-09-12 20:27:48");
INSERT INTO pa_estimate VALUES("1951","","7","4","4","52","34","232","49","2566","2023-09-12 20:27:48");
INSERT INTO pa_estimate VALUES("1952","","8","4","4","52","34","232","49","2566","2023-09-12 20:27:48");
INSERT INTO pa_estimate VALUES("1953","","9","4","4","52","34","232","49","2566","2023-09-12 20:27:48");
INSERT INTO pa_estimate VALUES("1954","","10","4","4","52","34","232","49","2566","2023-09-12 20:27:48");
INSERT INTO pa_estimate VALUES("1955","","11","4","4","52","34","232","49","2566","2023-09-12 20:27:48");
INSERT INTO pa_estimate VALUES("1956","","12","3","3","52","34","232","49","2566","2023-09-12 20:27:48");
INSERT INTO pa_estimate VALUES("1957","","13","3","3","52","34","232","49","2566","2023-09-12 20:27:48");
INSERT INTO pa_estimate VALUES("1958","","14","4","4","52","34","232","49","2566","2023-09-12 20:27:48");
INSERT INTO pa_estimate VALUES("1959","","15","3","3","52","34","232","49","2566","2023-09-12 20:27:48");
INSERT INTO pa_estimate VALUES("1960","","16","4","20","52","34","232","49","2566","2023-09-12 20:27:48");
INSERT INTO pa_estimate VALUES("1961","","17","3","7.5","52","34","232","49","2566","2023-09-12 20:27:48");
INSERT INTO pa_estimate VALUES("1962","","18","3","7.5","52","34","232","49","2566","2023-09-12 20:27:48");
INSERT INTO pa_estimate VALUES("1963","","1","4","4","50","34","235","46","2566","2023-09-12 20:30:47");
INSERT INTO pa_estimate VALUES("1964","","2","3","3","50","34","235","46","2566","2023-09-12 20:30:47");
INSERT INTO pa_estimate VALUES("1965","","3","4","4","50","34","235","46","2566","2023-09-12 20:30:47");
INSERT INTO pa_estimate VALUES("1966","","4","3","3","50","34","235","46","2566","2023-09-12 20:30:47");
INSERT INTO pa_estimate VALUES("1967","","5","4","4","50","34","235","46","2566","2023-09-12 20:30:47");
INSERT INTO pa_estimate VALUES("1968","","6","3","3","50","34","235","46","2566","2023-09-12 20:30:48");
INSERT INTO pa_estimate VALUES("1969","","7","4","4","50","34","235","46","2566","2023-09-12 20:30:48");
INSERT INTO pa_estimate VALUES("1970","","8","4","4","50","34","235","46","2566","2023-09-12 20:30:48");
INSERT INTO pa_estimate VALUES("1971","","9","3","3","50","34","235","46","2566","2023-09-12 20:30:48");
INSERT INTO pa_estimate VALUES("1972","","10","4","4","50","34","235","46","2566","2023-09-12 20:30:48");
INSERT INTO pa_estimate VALUES("1973","","11","4","4","50","34","235","46","2566","2023-09-12 20:30:48");
INSERT INTO pa_estimate VALUES("1974","","12","3","3","50","34","235","46","2566","2023-09-12 20:30:48");
INSERT INTO pa_estimate VALUES("1975","","13","3","3","50","34","235","46","2566","2023-09-12 20:30:48");
INSERT INTO pa_estimate VALUES("1976","","14","4","4","50","34","235","46","2566","2023-09-12 20:30:48");
INSERT INTO pa_estimate VALUES("1977","","15","3","3","50","34","235","46","2566","2023-09-12 20:30:48");
INSERT INTO pa_estimate VALUES("1978","","16","4","20","50","34","235","46","2566","2023-09-12 20:30:48");
INSERT INTO pa_estimate VALUES("1979","","17","3","7.5","50","34","235","46","2566","2023-09-12 20:30:48");
INSERT INTO pa_estimate VALUES("1980","","18","3","7.5","50","34","235","46","2566","2023-09-12 20:30:48");
INSERT INTO pa_estimate VALUES("1981","","1","4","4","55","34","241","46","2566","2023-09-12 20:47:48");
INSERT INTO pa_estimate VALUES("1982","","2","4","4","55","34","241","46","2566","2023-09-12 20:47:48");
INSERT INTO pa_estimate VALUES("1983","","3","4","4","55","34","241","46","2566","2023-09-12 20:47:48");
INSERT INTO pa_estimate VALUES("1984","","4","3","3","55","34","241","46","2566","2023-09-12 20:47:48");
INSERT INTO pa_estimate VALUES("1985","","5","4","4","55","34","241","46","2566","2023-09-12 20:47:48");
INSERT INTO pa_estimate VALUES("1986","","6","3","3","55","34","241","46","2566","2023-09-12 20:47:48");
INSERT INTO pa_estimate VALUES("1987","","7","4","4","55","34","241","46","2566","2023-09-12 20:47:48");
INSERT INTO pa_estimate VALUES("1988","","8","4","4","55","34","241","46","2566","2023-09-12 20:47:48");
INSERT INTO pa_estimate VALUES("1989","","9","3","3","55","34","241","46","2566","2023-09-12 20:47:48");
INSERT INTO pa_estimate VALUES("1990","","10","4","4","55","34","241","46","2566","2023-09-12 20:47:48");
INSERT INTO pa_estimate VALUES("1991","","11","4","4","55","34","241","46","2566","2023-09-12 20:47:48");
INSERT INTO pa_estimate VALUES("1992","","12","3","3","55","34","241","46","2566","2023-09-12 20:47:48");
INSERT INTO pa_estimate VALUES("1993","","13","3","3","55","34","241","46","2566","2023-09-12 20:47:48");
INSERT INTO pa_estimate VALUES("1994","","14","4","4","55","34","241","46","2566","2023-09-12 20:47:48");
INSERT INTO pa_estimate VALUES("1995","","15","3","3","55","34","241","46","2566","2023-09-12 20:47:48");
INSERT INTO pa_estimate VALUES("1996","","16","4","20","55","34","241","46","2566","2023-09-12 20:47:48");
INSERT INTO pa_estimate VALUES("1997","","17","3","7.5","55","34","241","46","2566","2023-09-12 20:47:48");
INSERT INTO pa_estimate VALUES("1998","","18","3","7.5","55","34","241","46","2566","2023-09-12 20:47:48");
INSERT INTO pa_estimate VALUES("1999","","1","4","4","69","34","244","49","2566","2023-09-12 20:52:51");
INSERT INTO pa_estimate VALUES("2000","","2","3","3","69","34","244","49","2566","2023-09-12 20:52:51");
INSERT INTO pa_estimate VALUES("2001","","3","4","4","69","34","244","49","2566","2023-09-12 20:52:51");
INSERT INTO pa_estimate VALUES("2002","","4","4","4","69","34","244","49","2566","2023-09-12 20:52:51");
INSERT INTO pa_estimate VALUES("2003","","5","3","3","69","34","244","49","2566","2023-09-12 20:52:52");
INSERT INTO pa_estimate VALUES("2004","","6","3","3","69","34","244","49","2566","2023-09-12 20:52:52");
INSERT INTO pa_estimate VALUES("2005","","7","4","4","69","34","244","49","2566","2023-09-12 20:52:52");
INSERT INTO pa_estimate VALUES("2006","","8","4","4","69","34","244","49","2566","2023-09-12 20:52:52");
INSERT INTO pa_estimate VALUES("2007","","9","3","3","69","34","244","49","2566","2023-09-12 20:52:52");
INSERT INTO pa_estimate VALUES("2008","","10","4","4","69","34","244","49","2566","2023-09-12 20:52:52");
INSERT INTO pa_estimate VALUES("2009","","11","4","4","69","34","244","49","2566","2023-09-12 20:52:52");
INSERT INTO pa_estimate VALUES("2010","","12","3","3","69","34","244","49","2566","2023-09-12 20:52:52");
INSERT INTO pa_estimate VALUES("2011","","13","4","4","69","34","244","49","2566","2023-09-12 20:52:52");
INSERT INTO pa_estimate VALUES("2012","","14","4","4","69","34","244","49","2566","2023-09-12 20:52:52");
INSERT INTO pa_estimate VALUES("2013","","15","3","3","69","34","244","49","2566","2023-09-12 20:52:52");
INSERT INTO pa_estimate VALUES("2014","","16","4","20","69","34","244","49","2566","2023-09-12 20:52:52");
INSERT INTO pa_estimate VALUES("2015","","17","3","7.5","69","34","244","49","2566","2023-09-12 20:52:52");
INSERT INTO pa_estimate VALUES("2016","","18","3","7.5","69","34","244","49","2566","2023-09-12 20:52:52");
INSERT INTO pa_estimate VALUES("2017","","1","4","4","65","34","247","49","2566","2023-09-12 20:56:17");
INSERT INTO pa_estimate VALUES("2018","","2","3","3","65","34","247","49","2566","2023-09-12 20:56:17");
INSERT INTO pa_estimate VALUES("2019","","3","4","4","65","34","247","49","2566","2023-09-12 20:56:17");
INSERT INTO pa_estimate VALUES("2020","","4","4","4","65","34","247","49","2566","2023-09-12 20:56:17");
INSERT INTO pa_estimate VALUES("2021","","5","4","4","65","34","247","49","2566","2023-09-12 20:56:17");
INSERT INTO pa_estimate VALUES("2022","","6","3","3","65","34","247","49","2566","2023-09-12 20:56:17");
INSERT INTO pa_estimate VALUES("2023","","7","4","4","65","34","247","49","2566","2023-09-12 20:56:17");
INSERT INTO pa_estimate VALUES("2024","","8","4","4","65","34","247","49","2566","2023-09-12 20:56:17");
INSERT INTO pa_estimate VALUES("2025","","9","3","3","65","34","247","49","2566","2023-09-12 20:56:17");
INSERT INTO pa_estimate VALUES("2026","","10","4","4","65","34","247","49","2566","2023-09-12 20:56:17");
INSERT INTO pa_estimate VALUES("2027","","11","4","4","65","34","247","49","2566","2023-09-12 20:56:17");
INSERT INTO pa_estimate VALUES("2028","","12","3","3","65","34","247","49","2566","2023-09-12 20:56:17");
INSERT INTO pa_estimate VALUES("2029","","13","3","3","65","34","247","49","2566","2023-09-12 20:56:17");
INSERT INTO pa_estimate VALUES("2030","","14","4","4","65","34","247","49","2566","2023-09-12 20:56:17");
INSERT INTO pa_estimate VALUES("2031","","15","3","3","65","34","247","49","2566","2023-09-12 20:56:17");
INSERT INTO pa_estimate VALUES("2032","","16","4","20","65","34","247","49","2566","2023-09-12 20:56:17");
INSERT INTO pa_estimate VALUES("2033","","17","3","7.5","65","34","247","49","2566","2023-09-12 20:56:17");
INSERT INTO pa_estimate VALUES("2034","","18","3","7.5","65","34","247","49","2566","2023-09-12 20:56:17");
INSERT INTO pa_estimate VALUES("2035","","1","4","4","68","34","250","43","2566","2023-09-12 21:03:52");
INSERT INTO pa_estimate VALUES("2036","","2","4","4","68","34","250","43","2566","2023-09-12 21:03:52");
INSERT INTO pa_estimate VALUES("2037","","3","3","3","68","34","250","43","2566","2023-09-12 21:03:52");
INSERT INTO pa_estimate VALUES("2038","","4","3","3","68","34","250","43","2566","2023-09-12 21:03:52");
INSERT INTO pa_estimate VALUES("2039","","5","4","4","68","34","250","43","2566","2023-09-12 21:03:52");
INSERT INTO pa_estimate VALUES("2040","","6","4","4","68","34","250","43","2566","2023-09-12 21:03:52");
INSERT INTO pa_estimate VALUES("2041","","7","4","4","68","34","250","43","2566","2023-09-12 21:03:52");
INSERT INTO pa_estimate VALUES("2042","","8","4","4","68","34","250","43","2566","2023-09-12 21:03:52");
INSERT INTO pa_estimate VALUES("2043","","9","3","3","68","34","250","43","2566","2023-09-12 21:03:52");
INSERT INTO pa_estimate VALUES("2044","","10","4","4","68","34","250","43","2566","2023-09-12 21:03:52");
INSERT INTO pa_estimate VALUES("2045","","11","4","4","68","34","250","43","2566","2023-09-12 21:03:52");
INSERT INTO pa_estimate VALUES("2046","","12","3","3","68","34","250","43","2566","2023-09-12 21:03:52");
INSERT INTO pa_estimate VALUES("2047","","13","3","3","68","34","250","43","2566","2023-09-12 21:03:52");
INSERT INTO pa_estimate VALUES("2048","","14","4","4","68","34","250","43","2566","2023-09-12 21:03:52");
INSERT INTO pa_estimate VALUES("2049","","15","3","3","68","34","250","43","2566","2023-09-12 21:03:52");
INSERT INTO pa_estimate VALUES("2050","","16","4","20","68","34","250","43","2566","2023-09-12 21:03:52");
INSERT INTO pa_estimate VALUES("2051","","17","3","7.5","68","34","250","43","2566","2023-09-12 21:03:52");
INSERT INTO pa_estimate VALUES("2052","","18","3","7.5","68","34","250","43","2566","2023-09-12 21:03:52");
INSERT INTO pa_estimate VALUES("2053","","1","4","4","77","161","123","12","2566","2023-09-12 21:16:15");
INSERT INTO pa_estimate VALUES("2054","","2","4","4","77","161","123","12","2566","2023-09-12 21:16:15");
INSERT INTO pa_estimate VALUES("2055","","3","4","4","77","161","123","12","2566","2023-09-12 21:16:15");
INSERT INTO pa_estimate VALUES("2056","","4","4","4","77","161","123","12","2566","2023-09-12 21:16:15");
INSERT INTO pa_estimate VALUES("2057","","5","4","4","77","161","123","12","2566","2023-09-12 21:16:15");
INSERT INTO pa_estimate VALUES("2058","","6","4","4","77","161","123","12","2566","2023-09-12 21:16:15");
INSERT INTO pa_estimate VALUES("2059","","7","3","3","77","161","123","12","2566","2023-09-12 21:16:15");
INSERT INTO pa_estimate VALUES("2060","","8","3","3","77","161","123","12","2566","2023-09-12 21:16:15");
INSERT INTO pa_estimate VALUES("2061","","9","3","3","77","161","123","12","2566","2023-09-12 21:16:15");
INSERT INTO pa_estimate VALUES("2062","","10","4","4","77","161","123","12","2566","2023-09-12 21:16:15");
INSERT INTO pa_estimate VALUES("2063","","11","3","3","77","161","123","12","2566","2023-09-12 21:16:15");
INSERT INTO pa_estimate VALUES("2064","","12","3","3","77","161","123","12","2566","2023-09-12 21:16:15");
INSERT INTO pa_estimate VALUES("2065","","13","4","4","77","161","123","12","2566","2023-09-12 21:16:15");
INSERT INTO pa_estimate VALUES("2066","","14","3","3","77","161","123","12","2566","2023-09-12 21:16:15");
INSERT INTO pa_estimate VALUES("2067","","15","3","3","77","161","123","12","2566","2023-09-12 21:16:15");
INSERT INTO pa_estimate VALUES("2068","","16","3","15","77","161","123","12","2566","2023-09-12 21:16:15");
INSERT INTO pa_estimate VALUES("2069","","17","4","10","77","161","123","12","2566","2023-09-12 21:16:15");
INSERT INTO pa_estimate VALUES("2070","","18","4","10","77","161","123","12","2566","2023-09-12 21:16:16");
INSERT INTO pa_estimate VALUES("2071","","1","4","4","71","161","144","12","2566","2023-09-12 21:42:00");
INSERT INTO pa_estimate VALUES("2072","","2","4","4","71","161","144","12","2566","2023-09-12 21:42:00");
INSERT INTO pa_estimate VALUES("2073","","3","4","4","71","161","144","12","2566","2023-09-12 21:42:00");
INSERT INTO pa_estimate VALUES("2074","","4","4","4","71","161","144","12","2566","2023-09-12 21:42:00");
INSERT INTO pa_estimate VALUES("2075","","5","4","4","71","161","144","12","2566","2023-09-12 21:42:00");
INSERT INTO pa_estimate VALUES("2076","","6","4","4","71","161","144","12","2566","2023-09-12 21:42:00");
INSERT INTO pa_estimate VALUES("2077","","7","4","4","71","161","144","12","2566","2023-09-12 21:42:00");
INSERT INTO pa_estimate VALUES("2078","","8","4","4","71","161","144","12","2566","2023-09-12 21:42:00");
INSERT INTO pa_estimate VALUES("2079","","9","4","4","71","161","144","12","2566","2023-09-12 21:42:00");
INSERT INTO pa_estimate VALUES("2080","","10","4","4","71","161","144","12","2566","2023-09-12 21:42:00");
INSERT INTO pa_estimate VALUES("2081","","11","4","4","71","161","144","12","2566","2023-09-12 21:42:00");
INSERT INTO pa_estimate VALUES("2082","","12","3","3","71","161","144","12","2566","2023-09-12 21:42:00");
INSERT INTO pa_estimate VALUES("2083","","13","4","4","71","161","144","12","2566","2023-09-12 21:42:00");
INSERT INTO pa_estimate VALUES("2084","","14","3","3","71","161","144","12","2566","2023-09-12 21:42:00");
INSERT INTO pa_estimate VALUES("2085","","15","4","4","71","161","144","12","2566","2023-09-12 21:42:00");
INSERT INTO pa_estimate VALUES("2086","","16","4","20","71","161","144","12","2566","2023-09-12 21:42:00");
INSERT INTO pa_estimate VALUES("2087","","17","4","10","71","161","144","12","2566","2023-09-12 21:42:00");
INSERT INTO pa_estimate VALUES("2088","","18","4","10","71","161","144","12","2566","2023-09-12 21:42:00");
INSERT INTO pa_estimate VALUES("2089","","1","4","4","74","161","141","12","2566","2023-09-12 22:01:17");
INSERT INTO pa_estimate VALUES("2090","","2","4","4","74","161","141","12","2566","2023-09-12 22:01:17");
INSERT INTO pa_estimate VALUES("2091","","3","4","4","74","161","141","12","2566","2023-09-12 22:01:17");
INSERT INTO pa_estimate VALUES("2092","","4","4","4","74","161","141","12","2566","2023-09-12 22:01:17");
INSERT INTO pa_estimate VALUES("2093","","5","4","4","74","161","141","12","2566","2023-09-12 22:01:17");
INSERT INTO pa_estimate VALUES("2094","","6","4","4","74","161","141","12","2566","2023-09-12 22:01:17");
INSERT INTO pa_estimate VALUES("2095","","7","3","3","74","161","141","12","2566","2023-09-12 22:01:17");
INSERT INTO pa_estimate VALUES("2096","","8","3","3","74","161","141","12","2566","2023-09-12 22:01:17");
INSERT INTO pa_estimate VALUES("2097","","9","3","3","74","161","141","12","2566","2023-09-12 22:01:17");
INSERT INTO pa_estimate VALUES("2098","","10","4","4","74","161","141","12","2566","2023-09-12 22:01:17");
INSERT INTO pa_estimate VALUES("2099","","11","3","3","74","161","141","12","2566","2023-09-12 22:01:17");
INSERT INTO pa_estimate VALUES("2100","","12","3","3","74","161","141","12","2566","2023-09-12 22:01:17");
INSERT INTO pa_estimate VALUES("2101","","13","4","4","74","161","141","12","2566","2023-09-12 22:01:17");
INSERT INTO pa_estimate VALUES("2102","","14","3","3","74","161","141","12","2566","2023-09-12 22:01:18");
INSERT INTO pa_estimate VALUES("2103","","15","3","3","74","161","141","12","2566","2023-09-12 22:01:18");
INSERT INTO pa_estimate VALUES("2104","","16","3","15","74","161","141","12","2566","2023-09-12 22:01:18");
INSERT INTO pa_estimate VALUES("2105","","17","4","10","74","161","141","12","2566","2023-09-12 22:01:18");
INSERT INTO pa_estimate VALUES("2106","","18","4","10","74","161","141","12","2566","2023-09-12 22:01:18");
INSERT INTO pa_estimate VALUES("2107","","1","4","4","46","185","216","51","2566","2023-09-13 08:25:02");
INSERT INTO pa_estimate VALUES("2108","","2","3","3","46","185","216","51","2566","2023-09-13 08:25:02");
INSERT INTO pa_estimate VALUES("2109","","3","3","3","46","185","216","51","2566","2023-09-13 08:25:02");
INSERT INTO pa_estimate VALUES("2110","","4","3","3","46","185","216","51","2566","2023-09-13 08:25:02");
INSERT INTO pa_estimate VALUES("2111","","5","4","4","46","185","216","51","2566","2023-09-13 08:25:02");
INSERT INTO pa_estimate VALUES("2112","","6","3","3","46","185","216","51","2566","2023-09-13 08:25:02");
INSERT INTO pa_estimate VALUES("2113","","7","4","4","46","185","216","51","2566","2023-09-13 08:25:02");
INSERT INTO pa_estimate VALUES("2114","","8","4","4","46","185","216","51","2566","2023-09-13 08:25:02");
INSERT INTO pa_estimate VALUES("2115","","9","4","4","46","185","216","51","2566","2023-09-13 08:25:02");
INSERT INTO pa_estimate VALUES("2116","","10","4","4","46","185","216","51","2566","2023-09-13 08:25:02");
INSERT INTO pa_estimate VALUES("2117","","11","3","3","46","185","216","51","2566","2023-09-13 08:25:02");
INSERT INTO pa_estimate VALUES("2118","","12","3","3","46","185","216","51","2566","2023-09-13 08:25:02");
INSERT INTO pa_estimate VALUES("2119","","13","4","4","46","185","216","51","2566","2023-09-13 08:25:02");
INSERT INTO pa_estimate VALUES("2120","","14","4","4","46","185","216","51","2566","2023-09-13 08:25:02");
INSERT INTO pa_estimate VALUES("2121","","15","3","3","46","185","216","51","2566","2023-09-13 08:25:02");
INSERT INTO pa_estimate VALUES("2122","","16","4","20","46","185","216","51","2566","2023-09-13 08:25:02");
INSERT INTO pa_estimate VALUES("2123","","17","4","10","46","185","216","51","2566","2023-09-13 08:25:02");
INSERT INTO pa_estimate VALUES("2124","","18","4","10","46","185","216","51","2566","2023-09-13 08:25:03");
INSERT INTO pa_estimate VALUES("2125","","1","4","4","44","185","219","51","2566","2023-09-13 08:37:05");
INSERT INTO pa_estimate VALUES("2126","","2","3","3","44","185","219","51","2566","2023-09-13 08:37:05");
INSERT INTO pa_estimate VALUES("2127","","3","4","4","44","185","219","51","2566","2023-09-13 08:37:05");
INSERT INTO pa_estimate VALUES("2128","","4","4","4","44","185","219","51","2566","2023-09-13 08:37:05");
INSERT INTO pa_estimate VALUES("2129","","5","3","3","44","185","219","51","2566","2023-09-13 08:37:06");
INSERT INTO pa_estimate VALUES("2130","","6","3","3","44","185","219","51","2566","2023-09-13 08:37:06");
INSERT INTO pa_estimate VALUES("2131","","7","3","3","44","185","219","51","2566","2023-09-13 08:37:06");
INSERT INTO pa_estimate VALUES("2132","","8","3","3","44","185","219","51","2566","2023-09-13 08:37:06");
INSERT INTO pa_estimate VALUES("2133","","9","4","4","44","185","219","51","2566","2023-09-13 08:37:06");
INSERT INTO pa_estimate VALUES("2134","","10","3","3","44","185","219","51","2566","2023-09-13 08:37:06");
INSERT INTO pa_estimate VALUES("2135","","11","4","4","44","185","219","51","2566","2023-09-13 08:37:06");
INSERT INTO pa_estimate VALUES("2136","","12","4","4","44","185","219","51","2566","2023-09-13 08:37:06");
INSERT INTO pa_estimate VALUES("2137","","13","4","4","44","185","219","51","2566","2023-09-13 08:37:06");
INSERT INTO pa_estimate VALUES("2138","","14","3","3","44","185","219","51","2566","2023-09-13 08:37:06");
INSERT INTO pa_estimate VALUES("2139","","15","4","4","44","185","219","51","2566","2023-09-13 08:37:06");
INSERT INTO pa_estimate VALUES("2140","","16","4","20","44","185","219","51","2566","2023-09-13 08:37:06");
INSERT INTO pa_estimate VALUES("2141","","17","4","10","44","185","219","51","2566","2023-09-13 08:37:06");
INSERT INTO pa_estimate VALUES("2142","","18","4","10","44","185","219","51","2566","2023-09-13 08:37:06");
INSERT INTO pa_estimate VALUES("2143","","1","4","4","99","173","255","36","2566","2023-09-13 09:34:44");
INSERT INTO pa_estimate VALUES("2144","","2","4","4","99","173","255","36","2566","2023-09-13 09:34:44");
INSERT INTO pa_estimate VALUES("2145","","3","4","4","99","173","255","36","2566","2023-09-13 09:34:44");
INSERT INTO pa_estimate VALUES("2146","","4","4","4","99","173","255","36","2566","2023-09-13 09:34:44");
INSERT INTO pa_estimate VALUES("2147","","5","4","4","99","173","255","36","2566","2023-09-13 09:34:44");
INSERT INTO pa_estimate VALUES("2148","","6","4","4","99","173","255","36","2566","2023-09-13 09:34:44");
INSERT INTO pa_estimate VALUES("2149","","7","4","4","99","173","255","36","2566","2023-09-13 09:34:44");
INSERT INTO pa_estimate VALUES("2150","","8","4","4","99","173","255","36","2566","2023-09-13 09:34:44");
INSERT INTO pa_estimate VALUES("2151","","9","4","4","99","173","255","36","2566","2023-09-13 09:34:44");
INSERT INTO pa_estimate VALUES("2152","","10","4","4","99","173","255","36","2566","2023-09-13 09:34:44");
INSERT INTO pa_estimate VALUES("2153","","11","4","4","99","173","255","36","2566","2023-09-13 09:34:44");
INSERT INTO pa_estimate VALUES("2154","","12","4","4","99","173","255","36","2566","2023-09-13 09:34:44");
INSERT INTO pa_estimate VALUES("2155","","13","4","4","99","173","255","36","2566","2023-09-13 09:34:44");
INSERT INTO pa_estimate VALUES("2156","","14","4","4","99","173","255","36","2566","2023-09-13 09:34:44");
INSERT INTO pa_estimate VALUES("2157","","15","4","4","99","173","255","36","2566","2023-09-13 09:34:44");
INSERT INTO pa_estimate VALUES("2158","","16","4","20","99","173","255","36","2566","2023-09-13 09:34:44");
INSERT INTO pa_estimate VALUES("2159","","17","4","10","99","173","255","36","2566","2023-09-13 09:34:44");
INSERT INTO pa_estimate VALUES("2160","","18","3","7.5","99","173","255","36","2566","2023-09-13 09:34:44");
INSERT INTO pa_estimate VALUES("2161","","1","4","4","135","169","333","24","2566","2023-09-13 10:11:52");
INSERT INTO pa_estimate VALUES("2162","","2","3","3","135","169","333","24","2566","2023-09-13 10:11:52");
INSERT INTO pa_estimate VALUES("2163","","3","4","4","135","169","333","24","2566","2023-09-13 10:11:52");
INSERT INTO pa_estimate VALUES("2164","","4","4","4","135","169","333","24","2566","2023-09-13 10:11:52");
INSERT INTO pa_estimate VALUES("2165","","5","4","4","135","169","333","24","2566","2023-09-13 10:11:52");
INSERT INTO pa_estimate VALUES("2166","","6","4","4","135","169","333","24","2566","2023-09-13 10:11:52");
INSERT INTO pa_estimate VALUES("2167","","7","3","3","135","169","333","24","2566","2023-09-13 10:11:52");
INSERT INTO pa_estimate VALUES("2168","","8","4","4","135","169","333","24","2566","2023-09-13 10:11:52");
INSERT INTO pa_estimate VALUES("2169","","9","4","4","135","169","333","24","2566","2023-09-13 10:11:52");
INSERT INTO pa_estimate VALUES("2170","","10","4","4","135","169","333","24","2566","2023-09-13 10:11:52");
INSERT INTO pa_estimate VALUES("2171","","11","4","4","135","169","333","24","2566","2023-09-13 10:11:52");
INSERT INTO pa_estimate VALUES("2172","","12","4","4","135","169","333","24","2566","2023-09-13 10:11:52");
INSERT INTO pa_estimate VALUES("2173","","13","4","4","135","169","333","24","2566","2023-09-13 10:11:52");
INSERT INTO pa_estimate VALUES("2174","","14","3","3","135","169","333","24","2566","2023-09-13 10:11:52");
INSERT INTO pa_estimate VALUES("2175","","15","4","4","135","169","333","24","2566","2023-09-13 10:11:52");
INSERT INTO pa_estimate VALUES("2176","","16","3","15","135","169","333","24","2566","2023-09-13 10:11:52");
INSERT INTO pa_estimate VALUES("2177","","17","3","7.5","135","169","333","24","2566","2023-09-13 10:11:52");
INSERT INTO pa_estimate VALUES("2178","","18","4","10","135","169","333","24","2566","2023-09-13 10:11:52");
INSERT INTO pa_estimate VALUES("2179","","1","4","4","134","169","336","24","2566","2023-09-13 10:14:28");
INSERT INTO pa_estimate VALUES("2180","","2","3","3","134","169","336","24","2566","2023-09-13 10:14:28");
INSERT INTO pa_estimate VALUES("2181","","3","3","3","134","169","336","24","2566","2023-09-13 10:14:28");
INSERT INTO pa_estimate VALUES("2182","","4","4","4","134","169","336","24","2566","2023-09-13 10:14:28");
INSERT INTO pa_estimate VALUES("2183","","5","3","3","134","169","336","24","2566","2023-09-13 10:14:28");
INSERT INTO pa_estimate VALUES("2184","","6","3","3","134","169","336","24","2566","2023-09-13 10:14:28");
INSERT INTO pa_estimate VALUES("2185","","7","3","3","134","169","336","24","2566","2023-09-13 10:14:28");
INSERT INTO pa_estimate VALUES("2186","","8","4","4","134","169","336","24","2566","2023-09-13 10:14:28");
INSERT INTO pa_estimate VALUES("2187","","9","4","4","134","169","336","24","2566","2023-09-13 10:14:28");
INSERT INTO pa_estimate VALUES("2188","","10","3","3","134","169","336","24","2566","2023-09-13 10:14:28");
INSERT INTO pa_estimate VALUES("2189","","11","4","4","134","169","336","24","2566","2023-09-13 10:14:28");
INSERT INTO pa_estimate VALUES("2190","","12","4","4","134","169","336","24","2566","2023-09-13 10:14:28");
INSERT INTO pa_estimate VALUES("2191","","13","3","3","134","169","336","24","2566","2023-09-13 10:14:28");
INSERT INTO pa_estimate VALUES("2192","","14","4","4","134","169","336","24","2566","2023-09-13 10:14:28");
INSERT INTO pa_estimate VALUES("2193","","15","3","3","134","169","336","24","2566","2023-09-13 10:14:28");
INSERT INTO pa_estimate VALUES("2194","","16","4","20","134","169","336","24","2566","2023-09-13 10:14:28");
INSERT INTO pa_estimate VALUES("2195","","17","4","10","134","169","336","24","2566","2023-09-13 10:14:28");
INSERT INTO pa_estimate VALUES("2196","","18","3","7.5","134","169","336","24","2566","2023-09-13 10:14:28");
INSERT INTO pa_estimate VALUES("2197","","1","4","4","136","169","339","24","2566","2023-09-13 10:17:17");
INSERT INTO pa_estimate VALUES("2198","","2","3","3","136","169","339","24","2566","2023-09-13 10:17:17");
INSERT INTO pa_estimate VALUES("2199","","3","4","4","136","169","339","24","2566","2023-09-13 10:17:17");
INSERT INTO pa_estimate VALUES("2200","","4","4","4","136","169","339","24","2566","2023-09-13 10:17:17");
INSERT INTO pa_estimate VALUES("2201","","5","3","3","136","169","339","24","2566","2023-09-13 10:17:17");
INSERT INTO pa_estimate VALUES("2202","","6","3","3","136","169","339","24","2566","2023-09-13 10:17:17");
INSERT INTO pa_estimate VALUES("2203","","7","3","3","136","169","339","24","2566","2023-09-13 10:17:17");
INSERT INTO pa_estimate VALUES("2204","","8","4","4","136","169","339","24","2566","2023-09-13 10:17:18");
INSERT INTO pa_estimate VALUES("2205","","9","3","3","136","169","339","24","2566","2023-09-13 10:17:18");
INSERT INTO pa_estimate VALUES("2206","","10","4","4","136","169","339","24","2566","2023-09-13 10:17:18");
INSERT INTO pa_estimate VALUES("2207","","11","4","4","136","169","339","24","2566","2023-09-13 10:17:18");
INSERT INTO pa_estimate VALUES("2208","","12","3","3","136","169","339","24","2566","2023-09-13 10:17:18");
INSERT INTO pa_estimate VALUES("2209","","13","3","3","136","169","339","24","2566","2023-09-13 10:17:18");
INSERT INTO pa_estimate VALUES("2210","","14","4","4","136","169","339","24","2566","2023-09-13 10:17:18");
INSERT INTO pa_estimate VALUES("2211","","15","3","3","136","169","339","24","2566","2023-09-13 10:17:18");
INSERT INTO pa_estimate VALUES("2212","","16","4","20","136","169","339","24","2566","2023-09-13 10:17:18");
INSERT INTO pa_estimate VALUES("2213","","17","3","7.5","136","169","339","24","2566","2023-09-13 10:17:18");
INSERT INTO pa_estimate VALUES("2214","","18","4","10","136","169","339","24","2566","2023-09-13 10:17:18");
INSERT INTO pa_estimate VALUES("2215","","1","4","4","132","169","342","24","2566","2023-09-13 10:18:42");
INSERT INTO pa_estimate VALUES("2216","","2","3","3","132","169","342","24","2566","2023-09-13 10:18:42");
INSERT INTO pa_estimate VALUES("2217","","3","3","3","132","169","342","24","2566","2023-09-13 10:18:42");
INSERT INTO pa_estimate VALUES("2218","","4","3","3","132","169","342","24","2566","2023-09-13 10:18:42");
INSERT INTO pa_estimate VALUES("2219","","5","3","3","132","169","342","24","2566","2023-09-13 10:18:42");
INSERT INTO pa_estimate VALUES("2220","","6","3","3","132","169","342","24","2566","2023-09-13 10:18:42");
INSERT INTO pa_estimate VALUES("2221","","7","4","4","132","169","342","24","2566","2023-09-13 10:18:42");
INSERT INTO pa_estimate VALUES("2222","","8","3","3","132","169","342","24","2566","2023-09-13 10:18:42");
INSERT INTO pa_estimate VALUES("2223","","9","4","4","132","169","342","24","2566","2023-09-13 10:18:42");
INSERT INTO pa_estimate VALUES("2224","","10","3","3","132","169","342","24","2566","2023-09-13 10:18:42");
INSERT INTO pa_estimate VALUES("2225","","11","4","4","132","169","342","24","2566","2023-09-13 10:18:42");
INSERT INTO pa_estimate VALUES("2226","","12","3","3","132","169","342","24","2566","2023-09-13 10:18:42");
INSERT INTO pa_estimate VALUES("2227","","13","4","4","132","169","342","24","2566","2023-09-13 10:18:42");
INSERT INTO pa_estimate VALUES("2228","","14","4","4","132","169","342","24","2566","2023-09-13 10:18:42");
INSERT INTO pa_estimate VALUES("2229","","15","4","4","132","169","342","24","2566","2023-09-13 10:18:42");
INSERT INTO pa_estimate VALUES("2230","","16","4","20","132","169","342","24","2566","2023-09-13 10:18:42");
INSERT INTO pa_estimate VALUES("2231","","17","4","10","132","169","342","24","2566","2023-09-13 10:18:42");
INSERT INTO pa_estimate VALUES("2232","","18","3","7.5","132","169","342","24","2566","2023-09-13 10:18:42");
INSERT INTO pa_estimate VALUES("2233","","1","4","4","133","169","345","24","2566","2023-09-13 10:19:43");
INSERT INTO pa_estimate VALUES("2234","","2","3","3","133","169","345","24","2566","2023-09-13 10:19:43");
INSERT INTO pa_estimate VALUES("2235","","3","4","4","133","169","345","24","2566","2023-09-13 10:19:43");
INSERT INTO pa_estimate VALUES("2236","","4","3","3","133","169","345","24","2566","2023-09-13 10:19:43");
INSERT INTO pa_estimate VALUES("2237","","5","4","4","133","169","345","24","2566","2023-09-13 10:19:43");
INSERT INTO pa_estimate VALUES("2238","","6","3","3","133","169","345","24","2566","2023-09-13 10:19:43");
INSERT INTO pa_estimate VALUES("2239","","7","3","3","133","169","345","24","2566","2023-09-13 10:19:43");
INSERT INTO pa_estimate VALUES("2240","","8","3","3","133","169","345","24","2566","2023-09-13 10:19:43");
INSERT INTO pa_estimate VALUES("2241","","9","4","4","133","169","345","24","2566","2023-09-13 10:19:43");
INSERT INTO pa_estimate VALUES("2242","","10","3","3","133","169","345","24","2566","2023-09-13 10:19:43");
INSERT INTO pa_estimate VALUES("2243","","11","4","4","133","169","345","24","2566","2023-09-13 10:19:43");
INSERT INTO pa_estimate VALUES("2244","","12","4","4","133","169","345","24","2566","2023-09-13 10:19:43");
INSERT INTO pa_estimate VALUES("2245","","13","3","3","133","169","345","24","2566","2023-09-13 10:19:43");
INSERT INTO pa_estimate VALUES("2246","","14","3","3","133","169","345","24","2566","2023-09-13 10:19:43");
INSERT INTO pa_estimate VALUES("2247","","15","4","4","133","169","345","24","2566","2023-09-13 10:19:43");
INSERT INTO pa_estimate VALUES("2248","","16","4","20","133","169","345","24","2566","2023-09-13 10:19:43");
INSERT INTO pa_estimate VALUES("2249","","17","4","10","133","169","345","24","2566","2023-09-13 10:19:43");
INSERT INTO pa_estimate VALUES("2250","","18","3","7.5","133","169","345","24","2566","2023-09-13 10:19:43");
INSERT INTO pa_estimate VALUES("2251","","1","4","4","49","34","166","52","2566","2023-09-13 10:27:13");
INSERT INTO pa_estimate VALUES("2252","","2","3","3","49","34","166","52","2566","2023-09-13 10:27:13");
INSERT INTO pa_estimate VALUES("2253","","3","3","3","49","34","166","52","2566","2023-09-13 10:27:13");
INSERT INTO pa_estimate VALUES("2254","","4","3","3","49","34","166","52","2566","2023-09-13 10:27:13");
INSERT INTO pa_estimate VALUES("2255","","5","4","4","49","34","166","52","2566","2023-09-13 10:27:13");
INSERT INTO pa_estimate VALUES("2256","","6","3","3","49","34","166","52","2566","2023-09-13 10:27:13");
INSERT INTO pa_estimate VALUES("2257","","7","4","4","49","34","166","52","2566","2023-09-13 10:27:13");
INSERT INTO pa_estimate VALUES("2258","","8","4","4","49","34","166","52","2566","2023-09-13 10:27:14");
INSERT INTO pa_estimate VALUES("2259","","9","3","3","49","34","166","52","2566","2023-09-13 10:27:14");
INSERT INTO pa_estimate VALUES("2260","","10","4","4","49","34","166","52","2566","2023-09-13 10:27:14");
INSERT INTO pa_estimate VALUES("2261","","11","4","4","49","34","166","52","2566","2023-09-13 10:27:14");
INSERT INTO pa_estimate VALUES("2262","","12","3","3","49","34","166","52","2566","2023-09-13 10:27:14");
INSERT INTO pa_estimate VALUES("2263","","13","3","3","49","34","166","52","2566","2023-09-13 10:27:14");
INSERT INTO pa_estimate VALUES("2264","","14","4","4","49","34","166","52","2566","2023-09-13 10:27:14");
INSERT INTO pa_estimate VALUES("2265","","15","3","3","49","34","166","52","2566","2023-09-13 10:27:14");
INSERT INTO pa_estimate VALUES("2266","","16","4","20","49","34","166","52","2566","2023-09-13 10:27:14");
INSERT INTO pa_estimate VALUES("2267","","17","3","7.5","49","34","166","52","2566","2023-09-13 10:27:14");
INSERT INTO pa_estimate VALUES("2268","","18","3","7.5","49","34","166","52","2566","2023-09-13 10:27:14");
INSERT INTO pa_estimate VALUES("2269","","1","4","4","43","34","190","46","2566","2023-09-13 10:37:20");
INSERT INTO pa_estimate VALUES("2270","","2","4","4","43","34","190","46","2566","2023-09-13 10:37:20");
INSERT INTO pa_estimate VALUES("2271","","3","4","4","43","34","190","46","2566","2023-09-13 10:37:20");
INSERT INTO pa_estimate VALUES("2272","","4","3","3","43","34","190","46","2566","2023-09-13 10:37:20");
INSERT INTO pa_estimate VALUES("2273","","5","3","3","43","34","190","46","2566","2023-09-13 10:37:20");
INSERT INTO pa_estimate VALUES("2274","","6","3","3","43","34","190","46","2566","2023-09-13 10:37:20");
INSERT INTO pa_estimate VALUES("2275","","7","4","4","43","34","190","46","2566","2023-09-13 10:37:20");
INSERT INTO pa_estimate VALUES("2276","","8","4","4","43","34","190","46","2566","2023-09-13 10:37:21");
INSERT INTO pa_estimate VALUES("2277","","9","4","4","43","34","190","46","2566","2023-09-13 10:37:21");
INSERT INTO pa_estimate VALUES("2278","","10","4","4","43","34","190","46","2566","2023-09-13 10:37:21");
INSERT INTO pa_estimate VALUES("2279","","11","4","4","43","34","190","46","2566","2023-09-13 10:37:21");
INSERT INTO pa_estimate VALUES("2280","","12","3","3","43","34","190","46","2566","2023-09-13 10:37:21");
INSERT INTO pa_estimate VALUES("2281","","13","3","3","43","34","190","46","2566","2023-09-13 10:37:21");
INSERT INTO pa_estimate VALUES("2282","","14","4","4","43","34","190","46","2566","2023-09-13 10:37:21");
INSERT INTO pa_estimate VALUES("2283","","15","3","3","43","34","190","46","2566","2023-09-13 10:37:21");
INSERT INTO pa_estimate VALUES("2284","","16","4","20","43","34","190","46","2566","2023-09-13 10:37:21");
INSERT INTO pa_estimate VALUES("2285","","17","3","7.5","43","34","190","46","2566","2023-09-13 10:37:21");
INSERT INTO pa_estimate VALUES("2286","","18","3","7.5","43","34","190","46","2566","2023-09-13 10:37:21");
INSERT INTO pa_estimate VALUES("2287","","1","4","4","61","34","193","52","2566","2023-09-13 10:41:50");
INSERT INTO pa_estimate VALUES("2288","","2","3","3","61","34","193","52","2566","2023-09-13 10:41:50");
INSERT INTO pa_estimate VALUES("2289","","3","3","3","61","34","193","52","2566","2023-09-13 10:41:50");
INSERT INTO pa_estimate VALUES("2290","","4","3","3","61","34","193","52","2566","2023-09-13 10:41:50");
INSERT INTO pa_estimate VALUES("2291","","5","3","3","61","34","193","52","2566","2023-09-13 10:41:50");
INSERT INTO pa_estimate VALUES("2292","","6","3","3","61","34","193","52","2566","2023-09-13 10:41:50");
INSERT INTO pa_estimate VALUES("2293","","7","4","4","61","34","193","52","2566","2023-09-13 10:41:50");
INSERT INTO pa_estimate VALUES("2294","","8","4","4","61","34","193","52","2566","2023-09-13 10:41:50");
INSERT INTO pa_estimate VALUES("2295","","9","4","4","61","34","193","52","2566","2023-09-13 10:41:50");
INSERT INTO pa_estimate VALUES("2296","","10","4","4","61","34","193","52","2566","2023-09-13 10:41:50");
INSERT INTO pa_estimate VALUES("2297","","11","4","4","61","34","193","52","2566","2023-09-13 10:41:50");
INSERT INTO pa_estimate VALUES("2298","","12","3","3","61","34","193","52","2566","2023-09-13 10:41:51");
INSERT INTO pa_estimate VALUES("2299","","13","3","3","61","34","193","52","2566","2023-09-13 10:41:51");
INSERT INTO pa_estimate VALUES("2300","","14","4","4","61","34","193","52","2566","2023-09-13 10:41:51");
INSERT INTO pa_estimate VALUES("2301","","15","3","3","61","34","193","52","2566","2023-09-13 10:41:51");
INSERT INTO pa_estimate VALUES("2302","","16","4","20","61","34","193","52","2566","2023-09-13 10:41:51");
INSERT INTO pa_estimate VALUES("2303","","17","3","7.5","61","34","193","52","2566","2023-09-13 10:41:51");
INSERT INTO pa_estimate VALUES("2304","","18","3","7.5","61","34","193","52","2566","2023-09-13 10:41:51");
INSERT INTO pa_estimate VALUES("2305","","1","3","3","59","34","238","49","2566","2023-09-13 10:44:36");
INSERT INTO pa_estimate VALUES("2306","","2","3","3","59","34","238","49","2566","2023-09-13 10:44:36");
INSERT INTO pa_estimate VALUES("2307","","3","4","4","59","34","238","49","2566","2023-09-13 10:44:36");
INSERT INTO pa_estimate VALUES("2308","","4","3","3","59","34","238","49","2566","2023-09-13 10:44:36");
INSERT INTO pa_estimate VALUES("2309","","5","4","4","59","34","238","49","2566","2023-09-13 10:44:36");
INSERT INTO pa_estimate VALUES("2310","","6","3","3","59","34","238","49","2566","2023-09-13 10:44:36");
INSERT INTO pa_estimate VALUES("2311","","7","4","4","59","34","238","49","2566","2023-09-13 10:44:36");
INSERT INTO pa_estimate VALUES("2312","","8","4","4","59","34","238","49","2566","2023-09-13 10:44:36");
INSERT INTO pa_estimate VALUES("2313","","9","4","4","59","34","238","49","2566","2023-09-13 10:44:36");
INSERT INTO pa_estimate VALUES("2314","","10","4","4","59","34","238","49","2566","2023-09-13 10:44:36");
INSERT INTO pa_estimate VALUES("2315","","11","4","4","59","34","238","49","2566","2023-09-13 10:44:36");
INSERT INTO pa_estimate VALUES("2316","","12","3","3","59","34","238","49","2566","2023-09-13 10:44:36");
INSERT INTO pa_estimate VALUES("2317","","13","3","3","59","34","238","49","2566","2023-09-13 10:44:36");
INSERT INTO pa_estimate VALUES("2318","","14","4","4","59","34","238","49","2566","2023-09-13 10:44:36");
INSERT INTO pa_estimate VALUES("2319","","15","3","3","59","34","238","49","2566","2023-09-13 10:44:36");
INSERT INTO pa_estimate VALUES("2320","","16","4","20","59","34","238","49","2566","2023-09-13 10:44:36");
INSERT INTO pa_estimate VALUES("2321","","17","3","7.5","59","34","238","49","2566","2023-09-13 10:44:36");
INSERT INTO pa_estimate VALUES("2322","","18","3","7.5","59","34","238","49","2566","2023-09-13 10:44:36");
INSERT INTO pa_estimate VALUES("2323","","1","4","4","80","173","258","36","2566","2023-09-13 11:36:03");
INSERT INTO pa_estimate VALUES("2324","","2","4","4","80","173","258","36","2566","2023-09-13 11:36:03");
INSERT INTO pa_estimate VALUES("2325","","3","4","4","80","173","258","36","2566","2023-09-13 11:36:03");
INSERT INTO pa_estimate VALUES("2326","","4","3","3","80","173","258","36","2566","2023-09-13 11:36:03");
INSERT INTO pa_estimate VALUES("2327","","5","4","4","80","173","258","36","2566","2023-09-13 11:36:03");
INSERT INTO pa_estimate VALUES("2328","","6","4","4","80","173","258","36","2566","2023-09-13 11:36:03");
INSERT INTO pa_estimate VALUES("2329","","7","4","4","80","173","258","36","2566","2023-09-13 11:36:03");
INSERT INTO pa_estimate VALUES("2330","","8","4","4","80","173","258","36","2566","2023-09-13 11:36:03");
INSERT INTO pa_estimate VALUES("2331","","9","4","4","80","173","258","36","2566","2023-09-13 11:36:03");
INSERT INTO pa_estimate VALUES("2332","","10","4","4","80","173","258","36","2566","2023-09-13 11:36:03");
INSERT INTO pa_estimate VALUES("2333","","11","4","4","80","173","258","36","2566","2023-09-13 11:36:03");
INSERT INTO pa_estimate VALUES("2334","","12","4","4","80","173","258","36","2566","2023-09-13 11:36:03");
INSERT INTO pa_estimate VALUES("2335","","13","4","4","80","173","258","36","2566","2023-09-13 11:36:04");
INSERT INTO pa_estimate VALUES("2336","","14","4","4","80","173","258","36","2566","2023-09-13 11:36:04");
INSERT INTO pa_estimate VALUES("2337","","15","3","3","80","173","258","36","2566","2023-09-13 11:36:04");
INSERT INTO pa_estimate VALUES("2338","","16","4","20","80","173","258","36","2566","2023-09-13 11:36:04");
INSERT INTO pa_estimate VALUES("2339","","17","4","10","80","173","258","36","2566","2023-09-13 11:36:04");
INSERT INTO pa_estimate VALUES("2340","","18","4","10","80","173","258","36","2566","2023-09-13 11:36:04");
INSERT INTO pa_estimate VALUES("2341","","1","4","4","9","6","109","4","2566","2023-09-13 11:41:45");
INSERT INTO pa_estimate VALUES("2342","","2","4","4","9","6","109","4","2566","2023-09-13 11:41:45");
INSERT INTO pa_estimate VALUES("2343","","3","4","4","9","6","109","4","2566","2023-09-13 11:41:45");
INSERT INTO pa_estimate VALUES("2344","","4","3","3","9","6","109","4","2566","2023-09-13 11:41:45");
INSERT INTO pa_estimate VALUES("2345","","5","4","4","9","6","109","4","2566","2023-09-13 11:41:45");
INSERT INTO pa_estimate VALUES("2346","","6","3","3","9","6","109","4","2566","2023-09-13 11:41:45");
INSERT INTO pa_estimate VALUES("2347","","7","4","4","9","6","109","4","2566","2023-09-13 11:41:45");
INSERT INTO pa_estimate VALUES("2348","","8","4","4","9","6","109","4","2566","2023-09-13 11:41:45");
INSERT INTO pa_estimate VALUES("2349","","9","4","4","9","6","109","4","2566","2023-09-13 11:41:45");
INSERT INTO pa_estimate VALUES("2350","","10","4","4","9","6","109","4","2566","2023-09-13 11:41:45");
INSERT INTO pa_estimate VALUES("2351","","11","3","3","9","6","109","4","2566","2023-09-13 11:41:45");
INSERT INTO pa_estimate VALUES("2352","","12","3","3","9","6","109","4","2566","2023-09-13 11:41:45");
INSERT INTO pa_estimate VALUES("2353","","13","4","4","9","6","109","4","2566","2023-09-13 11:41:46");
INSERT INTO pa_estimate VALUES("2354","","14","4","4","9","6","109","4","2566","2023-09-13 11:41:46");
INSERT INTO pa_estimate VALUES("2355","","15","3","3","9","6","109","4","2566","2023-09-13 11:41:46");
INSERT INTO pa_estimate VALUES("2356","","16","4","20","9","6","109","4","2566","2023-09-13 11:41:46");
INSERT INTO pa_estimate VALUES("2357","","17","3","7.5","9","6","109","4","2566","2023-09-13 11:41:46");
INSERT INTO pa_estimate VALUES("2358","","18","3","7.5","9","6","109","4","2566","2023-09-13 11:41:46");
INSERT INTO pa_estimate VALUES("2359","","1","4","4","97","173","279","36","2566","2023-09-13 12:10:09");
INSERT INTO pa_estimate VALUES("2360","","2","4","4","97","173","279","36","2566","2023-09-13 12:10:09");
INSERT INTO pa_estimate VALUES("2361","","3","4","4","97","173","279","36","2566","2023-09-13 12:10:09");
INSERT INTO pa_estimate VALUES("2362","","4","4","4","97","173","279","36","2566","2023-09-13 12:10:09");
INSERT INTO pa_estimate VALUES("2363","","5","4","4","97","173","279","36","2566","2023-09-13 12:10:09");
INSERT INTO pa_estimate VALUES("2364","","6","3","3","97","173","279","36","2566","2023-09-13 12:10:09");
INSERT INTO pa_estimate VALUES("2365","","7","4","4","97","173","279","36","2566","2023-09-13 12:10:09");
INSERT INTO pa_estimate VALUES("2366","","8","4","4","97","173","279","36","2566","2023-09-13 12:10:09");
INSERT INTO pa_estimate VALUES("2367","","9","4","4","97","173","279","36","2566","2023-09-13 12:10:09");
INSERT INTO pa_estimate VALUES("2368","","10","4","4","97","173","279","36","2566","2023-09-13 12:10:10");
INSERT INTO pa_estimate VALUES("2369","","11","4","4","97","173","279","36","2566","2023-09-13 12:10:10");
INSERT INTO pa_estimate VALUES("2370","","12","4","4","97","173","279","36","2566","2023-09-13 12:10:10");
INSERT INTO pa_estimate VALUES("2371","","13","4","4","97","173","279","36","2566","2023-09-13 12:10:10");
INSERT INTO pa_estimate VALUES("2372","","14","3","3","97","173","279","36","2566","2023-09-13 12:10:10");
INSERT INTO pa_estimate VALUES("2373","","15","4","4","97","173","279","36","2566","2023-09-13 12:10:10");
INSERT INTO pa_estimate VALUES("2374","","16","4","20","97","173","279","36","2566","2023-09-13 12:10:10");
INSERT INTO pa_estimate VALUES("2375","","17","4","10","97","173","279","36","2566","2023-09-13 12:10:10");
INSERT INTO pa_estimate VALUES("2376","","18","4","10","97","173","279","36","2566","2023-09-13 12:10:10");
INSERT INTO pa_estimate VALUES("2377","","1","4","4","100","173","291","36","2566","2023-09-13 12:52:22");
INSERT INTO pa_estimate VALUES("2378","","2","4","4","100","173","291","36","2566","2023-09-13 12:52:22");
INSERT INTO pa_estimate VALUES("2379","","3","4","4","100","173","291","36","2566","2023-09-13 12:52:22");
INSERT INTO pa_estimate VALUES("2380","","4","4","4","100","173","291","36","2566","2023-09-13 12:52:22");
INSERT INTO pa_estimate VALUES("2381","","5","4","4","100","173","291","36","2566","2023-09-13 12:52:22");
INSERT INTO pa_estimate VALUES("2382","","6","3","3","100","173","291","36","2566","2023-09-13 12:52:22");
INSERT INTO pa_estimate VALUES("2383","","7","4","4","100","173","291","36","2566","2023-09-13 12:52:22");
INSERT INTO pa_estimate VALUES("2384","","8","4","4","100","173","291","36","2566","2023-09-13 12:52:22");
INSERT INTO pa_estimate VALUES("2385","","9","4","4","100","173","291","36","2566","2023-09-13 12:52:22");
INSERT INTO pa_estimate VALUES("2386","","10","3","3","100","173","291","36","2566","2023-09-13 12:52:22");
INSERT INTO pa_estimate VALUES("2387","","11","4","4","100","173","291","36","2566","2023-09-13 12:52:22");
INSERT INTO pa_estimate VALUES("2388","","12","4","4","100","173","291","36","2566","2023-09-13 12:52:22");
INSERT INTO pa_estimate VALUES("2389","","13","4","4","100","173","291","36","2566","2023-09-13 12:52:22");
INSERT INTO pa_estimate VALUES("2390","","14","4","4","100","173","291","36","2566","2023-09-13 12:52:23");
INSERT INTO pa_estimate VALUES("2391","","15","4","4","100","173","291","36","2566","2023-09-13 12:52:23");
INSERT INTO pa_estimate VALUES("2392","","16","4","20","100","173","291","36","2566","2023-09-13 12:52:23");
INSERT INTO pa_estimate VALUES("2393","","17","4","10","100","173","291","36","2566","2023-09-13 12:52:23");
INSERT INTO pa_estimate VALUES("2394","","18","4","10","100","173","291","36","2566","2023-09-13 12:52:23");
INSERT INTO pa_estimate VALUES("2395","","1","4","4","82","173","296","32","2566","2023-09-13 13:16:43");
INSERT INTO pa_estimate VALUES("2396","","2","4","4","82","173","296","32","2566","2023-09-13 13:16:43");
INSERT INTO pa_estimate VALUES("2397","","3","4","4","82","173","296","32","2566","2023-09-13 13:16:43");
INSERT INTO pa_estimate VALUES("2398","","4","4","4","82","173","296","32","2566","2023-09-13 13:16:43");
INSERT INTO pa_estimate VALUES("2399","","5","4","4","82","173","296","32","2566","2023-09-13 13:16:43");
INSERT INTO pa_estimate VALUES("2400","","6","4","4","82","173","296","32","2566","2023-09-13 13:16:43");
INSERT INTO pa_estimate VALUES("2401","","7","4","4","82","173","296","32","2566","2023-09-13 13:16:43");
INSERT INTO pa_estimate VALUES("2402","","8","4","4","82","173","296","32","2566","2023-09-13 13:16:43");
INSERT INTO pa_estimate VALUES("2403","","9","4","4","82","173","296","32","2566","2023-09-13 13:16:43");
INSERT INTO pa_estimate VALUES("2404","","10","4","4","82","173","296","32","2566","2023-09-13 13:16:43");
INSERT INTO pa_estimate VALUES("2405","","11","3","3","82","173","296","32","2566","2023-09-13 13:16:43");
INSERT INTO pa_estimate VALUES("2406","","12","4","4","82","173","296","32","2566","2023-09-13 13:16:43");
INSERT INTO pa_estimate VALUES("2407","","13","4","4","82","173","296","32","2566","2023-09-13 13:16:43");
INSERT INTO pa_estimate VALUES("2408","","14","4","4","82","173","296","32","2566","2023-09-13 13:16:43");
INSERT INTO pa_estimate VALUES("2409","","15","4","4","82","173","296","32","2566","2023-09-13 13:16:43");
INSERT INTO pa_estimate VALUES("2410","","16","4","20","82","173","296","32","2566","2023-09-13 13:16:43");
INSERT INTO pa_estimate VALUES("2411","","17","4","10","82","173","296","32","2566","2023-09-13 13:16:43");
INSERT INTO pa_estimate VALUES("2412","","18","4","10","82","173","296","32","2566","2023-09-13 13:16:43");
INSERT INTO pa_estimate VALUES("2413","","1","3","3","148","148","328","40","2566","2023-09-13 15:12:19");
INSERT INTO pa_estimate VALUES("2414","","2","3","3","148","148","328","40","2566","2023-09-13 15:12:19");
INSERT INTO pa_estimate VALUES("2415","","3","3","3","148","148","328","40","2566","2023-09-13 15:12:19");
INSERT INTO pa_estimate VALUES("2416","","4","4","4","148","148","328","40","2566","2023-09-13 15:12:19");
INSERT INTO pa_estimate VALUES("2417","","5","3","3","148","148","328","40","2566","2023-09-13 15:12:19");
INSERT INTO pa_estimate VALUES("2418","","6","3","3","148","148","328","40","2566","2023-09-13 15:12:19");
INSERT INTO pa_estimate VALUES("2419","","7","4","4","148","148","328","40","2566","2023-09-13 15:12:19");
INSERT INTO pa_estimate VALUES("2420","","8","4","4","148","148","328","40","2566","2023-09-13 15:12:19");
INSERT INTO pa_estimate VALUES("2421","","9","4","4","148","148","328","40","2566","2023-09-13 15:12:19");
INSERT INTO pa_estimate VALUES("2422","","10","4","4","148","148","328","40","2566","2023-09-13 15:12:19");
INSERT INTO pa_estimate VALUES("2423","","11","4","4","148","148","328","40","2566","2023-09-13 15:12:19");
INSERT INTO pa_estimate VALUES("2424","","12","3","3","148","148","328","40","2566","2023-09-13 15:12:19");
INSERT INTO pa_estimate VALUES("2425","","13","4","4","148","148","328","40","2566","2023-09-13 15:12:19");
INSERT INTO pa_estimate VALUES("2426","","14","4","4","148","148","328","40","2566","2023-09-13 15:12:19");
INSERT INTO pa_estimate VALUES("2427","","15","4","4","148","148","328","40","2566","2023-09-13 15:12:19");
INSERT INTO pa_estimate VALUES("2428","","16","4","20","148","148","328","40","2566","2023-09-13 15:12:19");
INSERT INTO pa_estimate VALUES("2429","","17","4","10","148","148","328","40","2566","2023-09-13 15:12:19");
INSERT INTO pa_estimate VALUES("2430","","18","4","10","148","148","328","40","2566","2023-09-13 15:12:19");
INSERT INTO pa_estimate VALUES("2431","","1","3","3","131","129","358","19","2566","2023-09-13 15:50:10");
INSERT INTO pa_estimate VALUES("2432","","2","4","4","131","129","358","19","2566","2023-09-13 15:50:10");
INSERT INTO pa_estimate VALUES("2433","","3","4","4","131","129","358","19","2566","2023-09-13 15:50:10");
INSERT INTO pa_estimate VALUES("2434","","4","4","4","131","129","358","19","2566","2023-09-13 15:50:10");
INSERT INTO pa_estimate VALUES("2435","","5","4","4","131","129","358","19","2566","2023-09-13 15:50:10");
INSERT INTO pa_estimate VALUES("2436","","6","3","3","131","129","358","19","2566","2023-09-13 15:50:11");
INSERT INTO pa_estimate VALUES("2437","","7","4","4","131","129","358","19","2566","2023-09-13 15:50:11");
INSERT INTO pa_estimate VALUES("2438","","8","4","4","131","129","358","19","2566","2023-09-13 15:50:11");
INSERT INTO pa_estimate VALUES("2439","","9","4","4","131","129","358","19","2566","2023-09-13 15:50:11");
INSERT INTO pa_estimate VALUES("2440","","10","4","4","131","129","358","19","2566","2023-09-13 15:50:11");
INSERT INTO pa_estimate VALUES("2441","","11","4","4","131","129","358","19","2566","2023-09-13 15:50:11");
INSERT INTO pa_estimate VALUES("2442","","12","4","4","131","129","358","19","2566","2023-09-13 15:50:11");
INSERT INTO pa_estimate VALUES("2443","","13","4","4","131","129","358","19","2566","2023-09-13 15:50:11");
INSERT INTO pa_estimate VALUES("2444","","14","3","3","131","129","358","19","2566","2023-09-13 15:50:11");
INSERT INTO pa_estimate VALUES("2445","","15","3","3","131","129","358","19","2566","2023-09-13 15:50:11");
INSERT INTO pa_estimate VALUES("2446","","16","4","20","131","129","358","19","2566","2023-09-13 15:50:11");
INSERT INTO pa_estimate VALUES("2447","","17","4","10","131","129","358","19","2566","2023-09-13 15:50:11");
INSERT INTO pa_estimate VALUES("2448","","18","4","10","131","129","358","19","2566","2023-09-13 15:50:11");
INSERT INTO pa_estimate VALUES("2449","","1","4","4","129","129","349","19","2566","2023-09-13 16:05:36");
INSERT INTO pa_estimate VALUES("2450","","2","4","4","129","129","349","19","2566","2023-09-13 16:05:36");
INSERT INTO pa_estimate VALUES("2451","","3","4","4","129","129","349","19","2566","2023-09-13 16:05:36");
INSERT INTO pa_estimate VALUES("2452","","4","3","3","129","129","349","19","2566","2023-09-13 16:05:36");
INSERT INTO pa_estimate VALUES("2453","","5","3","3","129","129","349","19","2566","2023-09-13 16:05:36");
INSERT INTO pa_estimate VALUES("2454","","6","3","3","129","129","349","19","2566","2023-09-13 16:05:36");
INSERT INTO pa_estimate VALUES("2455","","7","4","4","129","129","349","19","2566","2023-09-13 16:05:36");
INSERT INTO pa_estimate VALUES("2456","","8","4","4","129","129","349","19","2566","2023-09-13 16:05:36");
INSERT INTO pa_estimate VALUES("2457","","9","4","4","129","129","349","19","2566","2023-09-13 16:05:36");
INSERT INTO pa_estimate VALUES("2458","","10","4","4","129","129","349","19","2566","2023-09-13 16:05:36");
INSERT INTO pa_estimate VALUES("2459","","11","4","4","129","129","349","19","2566","2023-09-13 16:05:36");
INSERT INTO pa_estimate VALUES("2460","","12","4","4","129","129","349","19","2566","2023-09-13 16:05:36");
INSERT INTO pa_estimate VALUES("2461","","13","4","4","129","129","349","19","2566","2023-09-13 16:05:36");
INSERT INTO pa_estimate VALUES("2462","","14","4","4","129","129","349","19","2566","2023-09-13 16:05:36");
INSERT INTO pa_estimate VALUES("2463","","15","4","4","129","129","349","19","2566","2023-09-13 16:05:36");
INSERT INTO pa_estimate VALUES("2464","","16","4","20","129","129","349","19","2566","2023-09-13 16:05:36");
INSERT INTO pa_estimate VALUES("2465","","17","4","10","129","129","349","19","2566","2023-09-13 16:05:37");
INSERT INTO pa_estimate VALUES("2466","","18","4","10","129","129","349","19","2566","2023-09-13 16:05:37");
INSERT INTO pa_estimate VALUES("2467","","1","4","4","82","79","295","31","2566","2023-09-13 17:07:14");
INSERT INTO pa_estimate VALUES("2468","","2","4","4","82","79","295","31","2566","2023-09-13 17:07:14");
INSERT INTO pa_estimate VALUES("2469","","3","4","4","82","79","295","31","2566","2023-09-13 17:07:14");
INSERT INTO pa_estimate VALUES("2470","","4","4","4","82","79","295","31","2566","2023-09-13 17:07:14");
INSERT INTO pa_estimate VALUES("2471","","5","4","4","82","79","295","31","2566","2023-09-13 17:07:14");
INSERT INTO pa_estimate VALUES("2472","","6","4","4","82","79","295","31","2566","2023-09-13 17:07:14");
INSERT INTO pa_estimate VALUES("2473","","7","4","4","82","79","295","31","2566","2023-09-13 17:07:14");
INSERT INTO pa_estimate VALUES("2474","","8","4","4","82","79","295","31","2566","2023-09-13 17:07:14");
INSERT INTO pa_estimate VALUES("2475","","9","4","4","82","79","295","31","2566","2023-09-13 17:07:14");
INSERT INTO pa_estimate VALUES("2476","","10","4","4","82","79","295","31","2566","2023-09-13 17:07:14");
INSERT INTO pa_estimate VALUES("2477","","11","3","3","82","79","295","31","2566","2023-09-13 17:07:14");
INSERT INTO pa_estimate VALUES("2478","","12","3","3","82","79","295","31","2566","2023-09-13 17:07:14");
INSERT INTO pa_estimate VALUES("2479","","13","3","3","82","79","295","31","2566","2023-09-13 17:07:14");
INSERT INTO pa_estimate VALUES("2480","","14","4","4","82","79","295","31","2566","2023-09-13 17:07:14");
INSERT INTO pa_estimate VALUES("2481","","15","4","4","82","79","295","31","2566","2023-09-13 17:07:14");
INSERT INTO pa_estimate VALUES("2482","","16","4","20","82","79","295","31","2566","2023-09-13 17:07:14");
INSERT INTO pa_estimate VALUES("2483","","17","4","10","82","79","295","31","2566","2023-09-13 17:07:14");
INSERT INTO pa_estimate VALUES("2484","","18","4","10","82","79","295","31","2566","2023-09-13 17:07:14");
INSERT INTO pa_estimate VALUES("2485","","1","4","4","15","157","90","6","2566","2023-09-13 20:31:18");
INSERT INTO pa_estimate VALUES("2486","","2","4","4","15","157","90","6","2566","2023-09-13 20:31:18");
INSERT INTO pa_estimate VALUES("2487","","3","4","4","15","157","90","6","2566","2023-09-13 20:31:18");
INSERT INTO pa_estimate VALUES("2488","","4","4","4","15","157","90","6","2566","2023-09-13 20:31:18");
INSERT INTO pa_estimate VALUES("2489","","5","4","4","15","157","90","6","2566","2023-09-13 20:31:18");
INSERT INTO pa_estimate VALUES("2490","","6","4","4","15","157","90","6","2566","2023-09-13 20:31:18");
INSERT INTO pa_estimate VALUES("2491","","7","3","3","15","157","90","6","2566","2023-09-13 20:31:18");
INSERT INTO pa_estimate VALUES("2492","","8","4","4","15","157","90","6","2566","2023-09-13 20:31:18");
INSERT INTO pa_estimate VALUES("2493","","9","4","4","15","157","90","6","2566","2023-09-13 20:31:18");
INSERT INTO pa_estimate VALUES("2494","","10","4","4","15","157","90","6","2566","2023-09-13 20:31:18");
INSERT INTO pa_estimate VALUES("2495","","11","4","4","15","157","90","6","2566","2023-09-13 20:31:18");
INSERT INTO pa_estimate VALUES("2496","","12","4","4","15","157","90","6","2566","2023-09-13 20:31:18");
INSERT INTO pa_estimate VALUES("2497","","13","3","3","15","157","90","6","2566","2023-09-13 20:31:18");
INSERT INTO pa_estimate VALUES("2498","","14","4","4","15","157","90","6","2566","2023-09-13 20:31:18");
INSERT INTO pa_estimate VALUES("2499","","15","4","4","15","157","90","6","2566","2023-09-13 20:31:18");
INSERT INTO pa_estimate VALUES("2500","","16","3","15","15","157","90","6","2566","2023-09-13 20:31:18");
INSERT INTO pa_estimate VALUES("2501","","17","4","10","15","157","90","6","2566","2023-09-13 20:31:18");
INSERT INTO pa_estimate VALUES("2502","","18","4","10","15","157","90","6","2566","2023-09-13 20:31:18");
INSERT INTO pa_estimate VALUES("2503","","1","4","4","101","173","303","36","2566","2023-09-13 21:20:06");
INSERT INTO pa_estimate VALUES("2504","","2","4","4","101","173","303","36","2566","2023-09-13 21:20:06");
INSERT INTO pa_estimate VALUES("2505","","3","4","4","101","173","303","36","2566","2023-09-13 21:20:06");
INSERT INTO pa_estimate VALUES("2506","","4","4","4","101","173","303","36","2566","2023-09-13 21:20:07");
INSERT INTO pa_estimate VALUES("2507","","5","4","4","101","173","303","36","2566","2023-09-13 21:20:07");
INSERT INTO pa_estimate VALUES("2508","","6","4","4","101","173","303","36","2566","2023-09-13 21:20:07");
INSERT INTO pa_estimate VALUES("2509","","7","4","4","101","173","303","36","2566","2023-09-13 21:20:07");
INSERT INTO pa_estimate VALUES("2510","","8","4","4","101","173","303","36","2566","2023-09-13 21:20:07");
INSERT INTO pa_estimate VALUES("2511","","9","4","4","101","173","303","36","2566","2023-09-13 21:20:07");
INSERT INTO pa_estimate VALUES("2512","","10","4","4","101","173","303","36","2566","2023-09-13 21:20:07");
INSERT INTO pa_estimate VALUES("2513","","11","4","4","101","173","303","36","2566","2023-09-13 21:20:07");
INSERT INTO pa_estimate VALUES("2514","","12","4","4","101","173","303","36","2566","2023-09-13 21:20:07");
INSERT INTO pa_estimate VALUES("2515","","13","4","4","101","173","303","36","2566","2023-09-13 21:20:07");
INSERT INTO pa_estimate VALUES("2516","","14","4","4","101","173","303","36","2566","2023-09-13 21:20:07");
INSERT INTO pa_estimate VALUES("2517","","15","4","4","101","173","303","36","2566","2023-09-13 21:20:07");
INSERT INTO pa_estimate VALUES("2518","","16","4","20","101","173","303","36","2566","2023-09-13 21:20:07");
INSERT INTO pa_estimate VALUES("2519","","17","4","10","101","173","303","36","2566","2023-09-13 21:20:07");
INSERT INTO pa_estimate VALUES("2520","","18","3","7.5","101","173","303","36","2566","2023-09-13 21:20:07");
INSERT INTO pa_estimate VALUES("2521","","1","4","4","78","161","3","12","2566","2023-09-13 21:31:49");
INSERT INTO pa_estimate VALUES("2522","","2","4","4","78","161","3","12","2566","2023-09-13 21:31:49");
INSERT INTO pa_estimate VALUES("2523","","3","4","4","78","161","3","12","2566","2023-09-13 21:31:49");
INSERT INTO pa_estimate VALUES("2524","","4","4","4","78","161","3","12","2566","2023-09-13 21:31:49");
INSERT INTO pa_estimate VALUES("2525","","5","4","4","78","161","3","12","2566","2023-09-13 21:31:49");
INSERT INTO pa_estimate VALUES("2526","","6","3","3","78","161","3","12","2566","2023-09-13 21:31:49");
INSERT INTO pa_estimate VALUES("2527","","7","4","4","78","161","3","12","2566","2023-09-13 21:31:49");
INSERT INTO pa_estimate VALUES("2528","","8","4","4","78","161","3","12","2566","2023-09-13 21:31:49");
INSERT INTO pa_estimate VALUES("2529","","9","4","4","78","161","3","12","2566","2023-09-13 21:31:49");
INSERT INTO pa_estimate VALUES("2530","","10","4","4","78","161","3","12","2566","2023-09-13 21:31:49");
INSERT INTO pa_estimate VALUES("2531","","11","4","4","78","161","3","12","2566","2023-09-13 21:31:49");
INSERT INTO pa_estimate VALUES("2532","","12","4","4","78","161","3","12","2566","2023-09-13 21:31:49");
INSERT INTO pa_estimate VALUES("2533","","13","4","4","78","161","3","12","2566","2023-09-13 21:31:49");
INSERT INTO pa_estimate VALUES("2534","","14","4","4","78","161","3","12","2566","2023-09-13 21:31:49");
INSERT INTO pa_estimate VALUES("2535","","15","4","4","78","161","3","12","2566","2023-09-13 21:31:49");
INSERT INTO pa_estimate VALUES("2536","","16","3","15","78","161","3","12","2566","2023-09-13 21:31:49");
INSERT INTO pa_estimate VALUES("2537","","17","4","10","78","161","3","12","2566","2023-09-13 21:31:49");
INSERT INTO pa_estimate VALUES("2538","","18","4","10","78","161","3","12","2566","2023-09-13 21:31:49");
INSERT INTO pa_estimate VALUES("2539","","1","3","3","73","161","126","12","2566","2023-09-13 21:36:21");
INSERT INTO pa_estimate VALUES("2540","","2","3","3","73","161","126","12","2566","2023-09-13 21:36:21");
INSERT INTO pa_estimate VALUES("2541","","3","3","3","73","161","126","12","2566","2023-09-13 21:36:21");
INSERT INTO pa_estimate VALUES("2542","","4","4","4","73","161","126","12","2566","2023-09-13 21:36:21");
INSERT INTO pa_estimate VALUES("2543","","5","4","4","73","161","126","12","2566","2023-09-13 21:36:21");
INSERT INTO pa_estimate VALUES("2544","","6","3","3","73","161","126","12","2566","2023-09-13 21:36:21");
INSERT INTO pa_estimate VALUES("2545","","7","4","4","73","161","126","12","2566","2023-09-13 21:36:21");
INSERT INTO pa_estimate VALUES("2546","","8","3","3","73","161","126","12","2566","2023-09-13 21:36:21");
INSERT INTO pa_estimate VALUES("2547","","9","3","3","73","161","126","12","2566","2023-09-13 21:36:21");
INSERT INTO pa_estimate VALUES("2548","","10","4","4","73","161","126","12","2566","2023-09-13 21:36:21");
INSERT INTO pa_estimate VALUES("2549","","11","4","4","73","161","126","12","2566","2023-09-13 21:36:21");
INSERT INTO pa_estimate VALUES("2550","","12","3","3","73","161","126","12","2566","2023-09-13 21:36:21");
INSERT INTO pa_estimate VALUES("2551","","13","3","3","73","161","126","12","2566","2023-09-13 21:36:21");
INSERT INTO pa_estimate VALUES("2552","","14","4","4","73","161","126","12","2566","2023-09-13 21:36:21");
INSERT INTO pa_estimate VALUES("2553","","15","4","4","73","161","126","12","2566","2023-09-13 21:36:21");
INSERT INTO pa_estimate VALUES("2554","","16","3","15","73","161","126","12","2566","2023-09-13 21:36:21");
INSERT INTO pa_estimate VALUES("2555","","17","3","7.5","73","161","126","12","2566","2023-09-13 21:36:21");
INSERT INTO pa_estimate VALUES("2556","","18","3","7.5","73","161","126","12","2566","2023-09-13 21:36:22");
INSERT INTO pa_estimate VALUES("2557","","1","4","4","93","173","308","32","2566","2023-09-13 21:41:02");
INSERT INTO pa_estimate VALUES("2558","","2","4","4","93","173","308","32","2566","2023-09-13 21:41:02");
INSERT INTO pa_estimate VALUES("2559","","3","4","4","93","173","308","32","2566","2023-09-13 21:41:02");
INSERT INTO pa_estimate VALUES("2560","","4","4","4","93","173","308","32","2566","2023-09-13 21:41:02");
INSERT INTO pa_estimate VALUES("2561","","5","4","4","93","173","308","32","2566","2023-09-13 21:41:02");
INSERT INTO pa_estimate VALUES("2562","","6","3","3","93","173","308","32","2566","2023-09-13 21:41:02");
INSERT INTO pa_estimate VALUES("2563","","7","4","4","93","173","308","32","2566","2023-09-13 21:41:02");
INSERT INTO pa_estimate VALUES("2564","","8","4","4","93","173","308","32","2566","2023-09-13 21:41:02");
INSERT INTO pa_estimate VALUES("2565","","9","4","4","93","173","308","32","2566","2023-09-13 21:41:02");
INSERT INTO pa_estimate VALUES("2566","","10","4","4","93","173","308","32","2566","2023-09-13 21:41:02");
INSERT INTO pa_estimate VALUES("2567","","11","4","4","93","173","308","32","2566","2023-09-13 21:41:02");
INSERT INTO pa_estimate VALUES("2568","","12","4","4","93","173","308","32","2566","2023-09-13 21:41:02");
INSERT INTO pa_estimate VALUES("2569","","13","4","4","93","173","308","32","2566","2023-09-13 21:41:02");
INSERT INTO pa_estimate VALUES("2570","","14","3","3","93","173","308","32","2566","2023-09-13 21:41:02");
INSERT INTO pa_estimate VALUES("2571","","15","4","4","93","173","308","32","2566","2023-09-13 21:41:02");
INSERT INTO pa_estimate VALUES("2572","","16","4","20","93","173","308","32","2566","2023-09-13 21:41:02");
INSERT INTO pa_estimate VALUES("2573","","17","4","10","93","173","308","32","2566","2023-09-13 21:41:02");
INSERT INTO pa_estimate VALUES("2574","","18","4","10","93","173","308","32","2566","2023-09-13 21:41:02");
INSERT INTO pa_estimate VALUES("2575","","1","3","3","150","161","129","12","2566","2023-09-13 21:42:05");
INSERT INTO pa_estimate VALUES("2576","","2","4","4","150","161","129","12","2566","2023-09-13 21:42:05");
INSERT INTO pa_estimate VALUES("2577","","3","4","4","150","161","129","12","2566","2023-09-13 21:42:06");
INSERT INTO pa_estimate VALUES("2578","","4","4","4","150","161","129","12","2566","2023-09-13 21:42:06");
INSERT INTO pa_estimate VALUES("2579","","5","4","4","150","161","129","12","2566","2023-09-13 21:42:06");
INSERT INTO pa_estimate VALUES("2580","","6","4","4","150","161","129","12","2566","2023-09-13 21:42:06");
INSERT INTO pa_estimate VALUES("2581","","7","4","4","150","161","129","12","2566","2023-09-13 21:42:06");
INSERT INTO pa_estimate VALUES("2582","","8","4","4","150","161","129","12","2566","2023-09-13 21:42:06");
INSERT INTO pa_estimate VALUES("2583","","9","4","4","150","161","129","12","2566","2023-09-13 21:42:06");
INSERT INTO pa_estimate VALUES("2584","","10","4","4","150","161","129","12","2566","2023-09-13 21:42:06");
INSERT INTO pa_estimate VALUES("2585","","11","4","4","150","161","129","12","2566","2023-09-13 21:42:06");
INSERT INTO pa_estimate VALUES("2586","","12","3","3","150","161","129","12","2566","2023-09-13 21:42:06");
INSERT INTO pa_estimate VALUES("2587","","13","3","3","150","161","129","12","2566","2023-09-13 21:42:06");
INSERT INTO pa_estimate VALUES("2588","","14","4","4","150","161","129","12","2566","2023-09-13 21:42:06");
INSERT INTO pa_estimate VALUES("2589","","15","4","4","150","161","129","12","2566","2023-09-13 21:42:06");
INSERT INTO pa_estimate VALUES("2590","","16","3","15","150","161","129","12","2566","2023-09-13 21:42:06");
INSERT INTO pa_estimate VALUES("2591","","17","3","7.5","150","161","129","12","2566","2023-09-13 21:42:06");
INSERT INTO pa_estimate VALUES("2592","","18","3","7.5","150","161","129","12","2566","2023-09-13 21:42:06");
INSERT INTO pa_estimate VALUES("2593","","1","4","4","72","161","138","12","2566","2023-09-13 21:46:12");
INSERT INTO pa_estimate VALUES("2594","","2","3","3","72","161","138","12","2566","2023-09-13 21:46:12");
INSERT INTO pa_estimate VALUES("2595","","3","3","3","72","161","138","12","2566","2023-09-13 21:46:12");
INSERT INTO pa_estimate VALUES("2596","","4","4","4","72","161","138","12","2566","2023-09-13 21:46:12");
INSERT INTO pa_estimate VALUES("2597","","5","3","3","72","161","138","12","2566","2023-09-13 21:46:12");
INSERT INTO pa_estimate VALUES("2598","","6","3","3","72","161","138","12","2566","2023-09-13 21:46:12");
INSERT INTO pa_estimate VALUES("2599","","7","4","4","72","161","138","12","2566","2023-09-13 21:46:12");
INSERT INTO pa_estimate VALUES("2600","","8","3","3","72","161","138","12","2566","2023-09-13 21:46:12");
INSERT INTO pa_estimate VALUES("2601","","9","4","4","72","161","138","12","2566","2023-09-13 21:46:12");
INSERT INTO pa_estimate VALUES("2602","","10","4","4","72","161","138","12","2566","2023-09-13 21:46:13");
INSERT INTO pa_estimate VALUES("2603","","11","3","3","72","161","138","12","2566","2023-09-13 21:46:13");
INSERT INTO pa_estimate VALUES("2604","","12","4","4","72","161","138","12","2566","2023-09-13 21:46:13");
INSERT INTO pa_estimate VALUES("2605","","13","4","4","72","161","138","12","2566","2023-09-13 21:46:13");
INSERT INTO pa_estimate VALUES("2606","","14","3","3","72","161","138","12","2566","2023-09-13 21:46:13");
INSERT INTO pa_estimate VALUES("2607","","15","3","3","72","161","138","12","2566","2023-09-13 21:46:13");
INSERT INTO pa_estimate VALUES("2608","","16","4","20","72","161","138","12","2566","2023-09-13 21:46:13");
INSERT INTO pa_estimate VALUES("2609","","17","4","10","72","161","138","12","2566","2023-09-13 21:46:13");
INSERT INTO pa_estimate VALUES("2610","","18","4","10","72","161","138","12","2566","2023-09-13 21:46:13");
INSERT INTO pa_estimate VALUES("2611","","1","4","4","76","161","132","12","2566","2023-09-13 21:53:48");
INSERT INTO pa_estimate VALUES("2612","","2","3","3","76","161","132","12","2566","2023-09-13 21:53:48");
INSERT INTO pa_estimate VALUES("2613","","3","4","4","76","161","132","12","2566","2023-09-13 21:53:48");
INSERT INTO pa_estimate VALUES("2614","","4","4","4","76","161","132","12","2566","2023-09-13 21:53:48");
INSERT INTO pa_estimate VALUES("2615","","5","3","3","76","161","132","12","2566","2023-09-13 21:53:49");
INSERT INTO pa_estimate VALUES("2616","","6","4","4","76","161","132","12","2566","2023-09-13 21:53:49");
INSERT INTO pa_estimate VALUES("2617","","7","4","4","76","161","132","12","2566","2023-09-13 21:53:49");
INSERT INTO pa_estimate VALUES("2618","","8","4","4","76","161","132","12","2566","2023-09-13 21:53:49");
INSERT INTO pa_estimate VALUES("2619","","9","4","4","76","161","132","12","2566","2023-09-13 21:53:49");
INSERT INTO pa_estimate VALUES("2620","","10","4","4","76","161","132","12","2566","2023-09-13 21:53:49");
INSERT INTO pa_estimate VALUES("2621","","11","4","4","76","161","132","12","2566","2023-09-13 21:53:49");
INSERT INTO pa_estimate VALUES("2622","","12","3","3","76","161","132","12","2566","2023-09-13 21:53:49");
INSERT INTO pa_estimate VALUES("2623","","13","4","4","76","161","132","12","2566","2023-09-13 21:53:49");
INSERT INTO pa_estimate VALUES("2624","","14","4","4","76","161","132","12","2566","2023-09-13 21:53:49");
INSERT INTO pa_estimate VALUES("2625","","15","4","4","76","161","132","12","2566","2023-09-13 21:53:49");
INSERT INTO pa_estimate VALUES("2626","","16","4","20","76","161","132","12","2566","2023-09-13 21:53:49");
INSERT INTO pa_estimate VALUES("2627","","17","4","10","76","161","132","12","2566","2023-09-13 21:53:49");
INSERT INTO pa_estimate VALUES("2628","","18","4","10","76","161","132","12","2566","2023-09-13 21:53:49");
INSERT INTO pa_estimate VALUES("2629","","1","4","4","96","173","311","32","2566","2023-09-13 22:16:11");
INSERT INTO pa_estimate VALUES("2630","","2","4","4","96","173","311","32","2566","2023-09-13 22:16:11");
INSERT INTO pa_estimate VALUES("2631","","3","4","4","96","173","311","32","2566","2023-09-13 22:16:11");
INSERT INTO pa_estimate VALUES("2632","","4","3","3","96","173","311","32","2566","2023-09-13 22:16:12");
INSERT INTO pa_estimate VALUES("2633","","5","4","4","96","173","311","32","2566","2023-09-13 22:16:12");
INSERT INTO pa_estimate VALUES("2634","","6","4","4","96","173","311","32","2566","2023-09-13 22:16:12");
INSERT INTO pa_estimate VALUES("2635","","7","4","4","96","173","311","32","2566","2023-09-13 22:16:12");
INSERT INTO pa_estimate VALUES("2636","","8","4","4","96","173","311","32","2566","2023-09-13 22:16:12");
INSERT INTO pa_estimate VALUES("2637","","9","4","4","96","173","311","32","2566","2023-09-13 22:16:12");
INSERT INTO pa_estimate VALUES("2638","","10","4","4","96","173","311","32","2566","2023-09-13 22:16:12");
INSERT INTO pa_estimate VALUES("2639","","11","4","4","96","173","311","32","2566","2023-09-13 22:16:12");
INSERT INTO pa_estimate VALUES("2640","","12","3","3","96","173","311","32","2566","2023-09-13 22:16:12");
INSERT INTO pa_estimate VALUES("2641","","13","4","4","96","173","311","32","2566","2023-09-13 22:16:12");
INSERT INTO pa_estimate VALUES("2642","","14","4","4","96","173","311","32","2566","2023-09-13 22:16:12");
INSERT INTO pa_estimate VALUES("2643","","15","4","4","96","173","311","32","2566","2023-09-13 22:16:12");
INSERT INTO pa_estimate VALUES("2644","","16","4","20","96","173","311","32","2566","2023-09-13 22:16:12");
INSERT INTO pa_estimate VALUES("2645","","17","4","10","96","173","311","32","2566","2023-09-13 22:16:12");
INSERT INTO pa_estimate VALUES("2646","","18","4","10","96","173","311","32","2566","2023-09-13 22:16:12");
INSERT INTO pa_estimate VALUES("2647","","1","4","4","98","173","299","32","2566","2023-09-13 23:12:07");
INSERT INTO pa_estimate VALUES("2648","","2","4","4","98","173","299","32","2566","2023-09-13 23:12:07");
INSERT INTO pa_estimate VALUES("2649","","3","4","4","98","173","299","32","2566","2023-09-13 23:12:07");
INSERT INTO pa_estimate VALUES("2650","","4","4","4","98","173","299","32","2566","2023-09-13 23:12:07");
INSERT INTO pa_estimate VALUES("2651","","5","4","4","98","173","299","32","2566","2023-09-13 23:12:07");
INSERT INTO pa_estimate VALUES("2652","","6","4","4","98","173","299","32","2566","2023-09-13 23:12:07");
INSERT INTO pa_estimate VALUES("2653","","7","4","4","98","173","299","32","2566","2023-09-13 23:12:07");
INSERT INTO pa_estimate VALUES("2654","","8","4","4","98","173","299","32","2566","2023-09-13 23:12:07");
INSERT INTO pa_estimate VALUES("2655","","9","4","4","98","173","299","32","2566","2023-09-13 23:12:07");
INSERT INTO pa_estimate VALUES("2656","","10","3","3","98","173","299","32","2566","2023-09-13 23:12:07");
INSERT INTO pa_estimate VALUES("2657","","11","4","4","98","173","299","32","2566","2023-09-13 23:12:07");
INSERT INTO pa_estimate VALUES("2658","","12","3","3","98","173","299","32","2566","2023-09-13 23:12:07");
INSERT INTO pa_estimate VALUES("2659","","13","4","4","98","173","299","32","2566","2023-09-13 23:12:07");
INSERT INTO pa_estimate VALUES("2660","","14","4","4","98","173","299","32","2566","2023-09-13 23:12:07");
INSERT INTO pa_estimate VALUES("2661","","15","4","4","98","173","299","32","2566","2023-09-13 23:12:07");
INSERT INTO pa_estimate VALUES("2662","","16","4","20","98","173","299","32","2566","2023-09-13 23:12:07");
INSERT INTO pa_estimate VALUES("2663","","17","4","10","98","173","299","32","2566","2023-09-13 23:12:07");
INSERT INTO pa_estimate VALUES("2664","","18","4","10","98","173","299","32","2566","2023-09-13 23:12:07");
INSERT INTO pa_estimate VALUES("2665","","1","4","4","95","173","314","32","2566","2023-09-13 23:41:31");
INSERT INTO pa_estimate VALUES("2666","","2","4","4","95","173","314","32","2566","2023-09-13 23:41:31");
INSERT INTO pa_estimate VALUES("2667","","3","4","4","95","173","314","32","2566","2023-09-13 23:41:31");
INSERT INTO pa_estimate VALUES("2668","","4","4","4","95","173","314","32","2566","2023-09-13 23:41:31");
INSERT INTO pa_estimate VALUES("2669","","5","4","4","95","173","314","32","2566","2023-09-13 23:41:31");
INSERT INTO pa_estimate VALUES("2670","","6","3","3","95","173","314","32","2566","2023-09-13 23:41:31");
INSERT INTO pa_estimate VALUES("2671","","7","4","4","95","173","314","32","2566","2023-09-13 23:41:31");
INSERT INTO pa_estimate VALUES("2672","","8","4","4","95","173","314","32","2566","2023-09-13 23:41:31");
INSERT INTO pa_estimate VALUES("2673","","9","4","4","95","173","314","32","2566","2023-09-13 23:41:32");
INSERT INTO pa_estimate VALUES("2674","","10","4","4","95","173","314","32","2566","2023-09-13 23:41:32");
INSERT INTO pa_estimate VALUES("2675","","11","4","4","95","173","314","32","2566","2023-09-13 23:41:32");
INSERT INTO pa_estimate VALUES("2676","","12","3","3","95","173","314","32","2566","2023-09-13 23:41:32");
INSERT INTO pa_estimate VALUES("2677","","13","4","4","95","173","314","32","2566","2023-09-13 23:41:32");
INSERT INTO pa_estimate VALUES("2678","","14","4","4","95","173","314","32","2566","2023-09-13 23:41:32");
INSERT INTO pa_estimate VALUES("2679","","15","4","4","95","173","314","32","2566","2023-09-13 23:41:32");
INSERT INTO pa_estimate VALUES("2680","","16","4","20","95","173","314","32","2566","2023-09-13 23:41:32");
INSERT INTO pa_estimate VALUES("2681","","17","4","10","95","173","314","32","2566","2023-09-13 23:41:32");
INSERT INTO pa_estimate VALUES("2682","","18","4","10","95","173","314","32","2566","2023-09-13 23:41:32");
INSERT INTO pa_estimate VALUES("2683","","1","4","4","89","173","317","32","2566","2023-09-14 00:05:47");
INSERT INTO pa_estimate VALUES("2684","","2","4","4","89","173","317","32","2566","2023-09-14 00:05:47");
INSERT INTO pa_estimate VALUES("2685","","3","4","4","89","173","317","32","2566","2023-09-14 00:05:47");
INSERT INTO pa_estimate VALUES("2686","","4","4","4","89","173","317","32","2566","2023-09-14 00:05:47");
INSERT INTO pa_estimate VALUES("2687","","5","4","4","89","173","317","32","2566","2023-09-14 00:05:47");
INSERT INTO pa_estimate VALUES("2688","","6","4","4","89","173","317","32","2566","2023-09-14 00:05:47");
INSERT INTO pa_estimate VALUES("2689","","7","4","4","89","173","317","32","2566","2023-09-14 00:05:47");
INSERT INTO pa_estimate VALUES("2690","","8","4","4","89","173","317","32","2566","2023-09-14 00:05:47");
INSERT INTO pa_estimate VALUES("2691","","9","4","4","89","173","317","32","2566","2023-09-14 00:05:47");
INSERT INTO pa_estimate VALUES("2692","","10","4","4","89","173","317","32","2566","2023-09-14 00:05:47");
INSERT INTO pa_estimate VALUES("2693","","11","4","4","89","173","317","32","2566","2023-09-14 00:05:47");
INSERT INTO pa_estimate VALUES("2694","","12","3","3","89","173","317","32","2566","2023-09-14 00:05:47");
INSERT INTO pa_estimate VALUES("2695","","13","3","3","89","173","317","32","2566","2023-09-14 00:05:47");
INSERT INTO pa_estimate VALUES("2696","","14","4","4","89","173","317","32","2566","2023-09-14 00:05:47");
INSERT INTO pa_estimate VALUES("2697","","15","4","4","89","173","317","32","2566","2023-09-14 00:05:47");
INSERT INTO pa_estimate VALUES("2698","","16","4","20","89","173","317","32","2566","2023-09-14 00:05:47");
INSERT INTO pa_estimate VALUES("2699","","17","4","10","89","173","317","32","2566","2023-09-14 00:05:47");
INSERT INTO pa_estimate VALUES("2700","","18","4","10","89","173","317","32","2566","2023-09-14 00:05:47");
INSERT INTO pa_estimate VALUES("2701","","1","4","4","59","185","240","51","2566","2023-09-14 10:17:56");
INSERT INTO pa_estimate VALUES("2702","","2","3","3","59","185","240","51","2566","2023-09-14 10:17:56");
INSERT INTO pa_estimate VALUES("2703","","3","3","3","59","185","240","51","2566","2023-09-14 10:17:56");
INSERT INTO pa_estimate VALUES("2704","","4","3","3","59","185","240","51","2566","2023-09-14 10:17:56");
INSERT INTO pa_estimate VALUES("2705","","5","4","4","59","185","240","51","2566","2023-09-14 10:17:56");
INSERT INTO pa_estimate VALUES("2706","","6","4","4","59","185","240","51","2566","2023-09-14 10:17:56");
INSERT INTO pa_estimate VALUES("2707","","7","4","4","59","185","240","51","2566","2023-09-14 10:17:56");
INSERT INTO pa_estimate VALUES("2708","","8","4","4","59","185","240","51","2566","2023-09-14 10:17:56");
INSERT INTO pa_estimate VALUES("2709","","9","4","4","59","185","240","51","2566","2023-09-14 10:17:56");
INSERT INTO pa_estimate VALUES("2710","","10","4","4","59","185","240","51","2566","2023-09-14 10:17:57");
INSERT INTO pa_estimate VALUES("2711","","11","3","3","59","185","240","51","2566","2023-09-14 10:17:57");
INSERT INTO pa_estimate VALUES("2712","","12","4","4","59","185","240","51","2566","2023-09-14 10:17:57");
INSERT INTO pa_estimate VALUES("2713","","13","4","4","59","185","240","51","2566","2023-09-14 10:17:57");
INSERT INTO pa_estimate VALUES("2714","","14","4","4","59","185","240","51","2566","2023-09-14 10:17:57");
INSERT INTO pa_estimate VALUES("2715","","15","4","4","59","185","240","51","2566","2023-09-14 10:17:57");
INSERT INTO pa_estimate VALUES("2716","","16","3","15","59","185","240","51","2566","2023-09-14 10:17:57");
INSERT INTO pa_estimate VALUES("2717","","17","4","10","59","185","240","51","2566","2023-09-14 10:17:57");
INSERT INTO pa_estimate VALUES("2718","","18","4","10","59","185","240","51","2566","2023-09-14 10:17:57");
INSERT INTO pa_estimate VALUES("2719","","1","4","4","69","185","246","51","2566","2023-09-14 10:47:23");
INSERT INTO pa_estimate VALUES("2720","","2","3","3","69","185","246","51","2566","2023-09-14 10:47:23");
INSERT INTO pa_estimate VALUES("2721","","3","4","4","69","185","246","51","2566","2023-09-14 10:47:23");
INSERT INTO pa_estimate VALUES("2722","","4","4","4","69","185","246","51","2566","2023-09-14 10:47:23");
INSERT INTO pa_estimate VALUES("2723","","5","3","3","69","185","246","51","2566","2023-09-14 10:47:23");
INSERT INTO pa_estimate VALUES("2724","","6","4","4","69","185","246","51","2566","2023-09-14 10:47:23");
INSERT INTO pa_estimate VALUES("2725","","7","4","4","69","185","246","51","2566","2023-09-14 10:47:23");
INSERT INTO pa_estimate VALUES("2726","","8","4","4","69","185","246","51","2566","2023-09-14 10:47:23");
INSERT INTO pa_estimate VALUES("2727","","9","3","3","69","185","246","51","2566","2023-09-14 10:47:23");
INSERT INTO pa_estimate VALUES("2728","","10","4","4","69","185","246","51","2566","2023-09-14 10:47:23");
INSERT INTO pa_estimate VALUES("2729","","11","3","3","69","185","246","51","2566","2023-09-14 10:47:24");
INSERT INTO pa_estimate VALUES("2730","","12","3","3","69","185","246","51","2566","2023-09-14 10:47:24");
INSERT INTO pa_estimate VALUES("2731","","13","4","4","69","185","246","51","2566","2023-09-14 10:47:24");
INSERT INTO pa_estimate VALUES("2732","","14","4","4","69","185","246","51","2566","2023-09-14 10:47:24");
INSERT INTO pa_estimate VALUES("2733","","15","3","3","69","185","246","51","2566","2023-09-14 10:47:24");
INSERT INTO pa_estimate VALUES("2734","","16","4","20","69","185","246","51","2566","2023-09-14 10:47:24");
INSERT INTO pa_estimate VALUES("2735","","17","4","10","69","185","246","51","2566","2023-09-14 10:47:24");
INSERT INTO pa_estimate VALUES("2736","","18","4","10","69","185","246","51","2566","2023-09-14 10:47:24");
INSERT INTO pa_estimate VALUES("2737","","1","4","4","70","161","135","12","2566","2023-09-14 20:38:14");
INSERT INTO pa_estimate VALUES("2738","","2","4","4","70","161","135","12","2566","2023-09-14 20:38:14");
INSERT INTO pa_estimate VALUES("2739","","3","3","3","70","161","135","12","2566","2023-09-14 20:38:14");
INSERT INTO pa_estimate VALUES("2740","","4","4","4","70","161","135","12","2566","2023-09-14 20:38:14");
INSERT INTO pa_estimate VALUES("2741","","5","4","4","70","161","135","12","2566","2023-09-14 20:38:14");
INSERT INTO pa_estimate VALUES("2742","","6","3","3","70","161","135","12","2566","2023-09-14 20:38:14");
INSERT INTO pa_estimate VALUES("2743","","7","4","4","70","161","135","12","2566","2023-09-14 20:38:14");
INSERT INTO pa_estimate VALUES("2744","","8","4","4","70","161","135","12","2566","2023-09-14 20:38:14");
INSERT INTO pa_estimate VALUES("2745","","9","4","4","70","161","135","12","2566","2023-09-14 20:38:14");
INSERT INTO pa_estimate VALUES("2746","","10","4","4","70","161","135","12","2566","2023-09-14 20:38:14");
INSERT INTO pa_estimate VALUES("2747","","11","4","4","70","161","135","12","2566","2023-09-14 20:38:14");
INSERT INTO pa_estimate VALUES("2748","","12","4","4","70","161","135","12","2566","2023-09-14 20:38:14");
INSERT INTO pa_estimate VALUES("2749","","13","4","4","70","161","135","12","2566","2023-09-14 20:38:14");
INSERT INTO pa_estimate VALUES("2750","","14","4","4","70","161","135","12","2566","2023-09-14 20:38:15");
INSERT INTO pa_estimate VALUES("2751","","15","4","4","70","161","135","12","2566","2023-09-14 20:38:15");
INSERT INTO pa_estimate VALUES("2752","","16","4","20","70","161","135","12","2566","2023-09-14 20:38:15");
INSERT INTO pa_estimate VALUES("2753","","17","3","7.5","70","161","135","12","2566","2023-09-14 20:38:15");
INSERT INTO pa_estimate VALUES("2754","","18","3","7.5","70","161","135","12","2566","2023-09-14 20:38:15");
INSERT INTO pa_estimate VALUES("2755","","1","3","3","151","129","355","19","2566","2023-09-15 09:34:11");
INSERT INTO pa_estimate VALUES("2756","","2","4","4","151","129","355","19","2566","2023-09-15 09:34:11");
INSERT INTO pa_estimate VALUES("2757","","3","3","3","151","129","355","19","2566","2023-09-15 09:34:11");
INSERT INTO pa_estimate VALUES("2758","","4","3","3","151","129","355","19","2566","2023-09-15 09:34:11");
INSERT INTO pa_estimate VALUES("2759","","5","3","3","151","129","355","19","2566","2023-09-15 09:34:11");
INSERT INTO pa_estimate VALUES("2760","","6","4","4","151","129","355","19","2566","2023-09-15 09:34:11");
INSERT INTO pa_estimate VALUES("2761","","7","4","4","151","129","355","19","2566","2023-09-15 09:34:11");
INSERT INTO pa_estimate VALUES("2762","","8","4","4","151","129","355","19","2566","2023-09-15 09:34:11");
INSERT INTO pa_estimate VALUES("2763","","9","4","4","151","129","355","19","2566","2023-09-15 09:34:11");
INSERT INTO pa_estimate VALUES("2764","","10","4","4","151","129","355","19","2566","2023-09-15 09:34:11");
INSERT INTO pa_estimate VALUES("2765","","11","4","4","151","129","355","19","2566","2023-09-15 09:34:11");
INSERT INTO pa_estimate VALUES("2766","","12","3","3","151","129","355","19","2566","2023-09-15 09:34:11");
INSERT INTO pa_estimate VALUES("2767","","13","4","4","151","129","355","19","2566","2023-09-15 09:34:11");
INSERT INTO pa_estimate VALUES("2768","","14","3","3","151","129","355","19","2566","2023-09-15 09:34:11");
INSERT INTO pa_estimate VALUES("2769","","15","4","4","151","129","355","19","2566","2023-09-15 09:34:11");
INSERT INTO pa_estimate VALUES("2770","","16","4","20","151","129","355","19","2566","2023-09-15 09:34:11");
INSERT INTO pa_estimate VALUES("2771","","17","4","10","151","129","355","19","2566","2023-09-15 09:34:11");
INSERT INTO pa_estimate VALUES("2772","","18","4","10","151","129","355","19","2566","2023-09-15 09:34:11");
INSERT INTO pa_estimate VALUES("2773","","1","4","4","98","174","300","33","2566","2023-09-15 09:41:10");
INSERT INTO pa_estimate VALUES("2774","","2","3","3","98","174","300","33","2566","2023-09-15 09:41:10");
INSERT INTO pa_estimate VALUES("2775","","3","4","4","98","174","300","33","2566","2023-09-15 09:41:10");
INSERT INTO pa_estimate VALUES("2776","","4","4","4","98","174","300","33","2566","2023-09-15 09:41:11");
INSERT INTO pa_estimate VALUES("2777","","5","3","3","98","174","300","33","2566","2023-09-15 09:41:12");
INSERT INTO pa_estimate VALUES("2778","","6","4","4","98","174","300","33","2566","2023-09-15 09:41:12");
INSERT INTO pa_estimate VALUES("2779","","7","4","4","98","174","300","33","2566","2023-09-15 09:41:12");
INSERT INTO pa_estimate VALUES("2780","","8","4","4","98","174","300","33","2566","2023-09-15 09:41:12");
INSERT INTO pa_estimate VALUES("2781","","9","4","4","98","174","300","33","2566","2023-09-15 09:41:12");
INSERT INTO pa_estimate VALUES("2782","","10","3","3","98","174","300","33","2566","2023-09-15 09:41:12");
INSERT INTO pa_estimate VALUES("2783","","11","3","3","98","174","300","33","2566","2023-09-15 09:41:12");
INSERT INTO pa_estimate VALUES("2784","","12","4","4","98","174","300","33","2566","2023-09-15 09:41:12");
INSERT INTO pa_estimate VALUES("2785","","13","4","4","98","174","300","33","2566","2023-09-15 09:41:13");
INSERT INTO pa_estimate VALUES("2786","","14","4","4","98","174","300","33","2566","2023-09-15 09:41:13");
INSERT INTO pa_estimate VALUES("2787","","15","4","4","98","174","300","33","2566","2023-09-15 09:41:13");
INSERT INTO pa_estimate VALUES("2788","","16","4","20","98","174","300","33","2566","2023-09-15 09:41:13");
INSERT INTO pa_estimate VALUES("2789","","17","3","7.5","98","174","300","33","2566","2023-09-15 09:41:13");
INSERT INTO pa_estimate VALUES("2790","","18","3","7.5","98","174","300","33","2566","2023-09-15 09:41:13");
INSERT INTO pa_estimate VALUES("2791","","1","3","3","93","174","309","33","2566","2023-09-15 12:04:55");
INSERT INTO pa_estimate VALUES("2792","","2","3","3","93","174","309","33","2566","2023-09-15 12:04:55");
INSERT INTO pa_estimate VALUES("2793","","3","4","4","93","174","309","33","2566","2023-09-15 12:04:55");
INSERT INTO pa_estimate VALUES("2794","","4","4","4","93","174","309","33","2566","2023-09-15 12:04:55");
INSERT INTO pa_estimate VALUES("2795","","5","4","4","93","174","309","33","2566","2023-09-15 12:04:55");
INSERT INTO pa_estimate VALUES("2796","","6","4","4","93","174","309","33","2566","2023-09-15 12:04:55");
INSERT INTO pa_estimate VALUES("2797","","7","4","4","93","174","309","33","2566","2023-09-15 12:04:55");
INSERT INTO pa_estimate VALUES("2798","","8","4","4","93","174","309","33","2566","2023-09-15 12:04:55");
INSERT INTO pa_estimate VALUES("2799","","9","4","4","93","174","309","33","2566","2023-09-15 12:04:55");
INSERT INTO pa_estimate VALUES("2800","","10","4","4","93","174","309","33","2566","2023-09-15 12:04:55");
INSERT INTO pa_estimate VALUES("2801","","11","4","4","93","174","309","33","2566","2023-09-15 12:04:55");
INSERT INTO pa_estimate VALUES("2802","","12","4","4","93","174","309","33","2566","2023-09-15 12:04:55");
INSERT INTO pa_estimate VALUES("2803","","13","3","3","93","174","309","33","2566","2023-09-15 12:04:55");
INSERT INTO pa_estimate VALUES("2804","","14","4","4","93","174","309","33","2566","2023-09-15 12:04:56");
INSERT INTO pa_estimate VALUES("2805","","15","4","4","93","174","309","33","2566","2023-09-15 12:04:56");
INSERT INTO pa_estimate VALUES("2806","","16","3","15","93","174","309","33","2566","2023-09-15 12:04:56");
INSERT INTO pa_estimate VALUES("2807","","17","3","7.5","93","174","309","33","2566","2023-09-15 12:04:56");
INSERT INTO pa_estimate VALUES("2808","","18","3","7.5","93","174","309","33","2566","2023-09-15 12:04:56");
INSERT INTO pa_estimate VALUES("2809","","1","4","4","96","174","312","33","2566","2023-09-15 12:14:44");
INSERT INTO pa_estimate VALUES("2810","","2","3","3","96","174","312","33","2566","2023-09-15 12:14:44");
INSERT INTO pa_estimate VALUES("2811","","3","4","4","96","174","312","33","2566","2023-09-15 12:14:44");
INSERT INTO pa_estimate VALUES("2812","","4","4","4","96","174","312","33","2566","2023-09-15 12:14:44");
INSERT INTO pa_estimate VALUES("2813","","5","4","4","96","174","312","33","2566","2023-09-15 12:14:44");
INSERT INTO pa_estimate VALUES("2814","","6","4","4","96","174","312","33","2566","2023-09-15 12:14:44");
INSERT INTO pa_estimate VALUES("2815","","7","4","4","96","174","312","33","2566","2023-09-15 12:14:44");
INSERT INTO pa_estimate VALUES("2816","","8","3","3","96","174","312","33","2566","2023-09-15 12:14:44");
INSERT INTO pa_estimate VALUES("2817","","9","3","3","96","174","312","33","2566","2023-09-15 12:14:44");
INSERT INTO pa_estimate VALUES("2818","","10","4","4","96","174","312","33","2566","2023-09-15 12:14:44");
INSERT INTO pa_estimate VALUES("2819","","11","3","3","96","174","312","33","2566","2023-09-15 12:14:44");
INSERT INTO pa_estimate VALUES("2820","","12","4","4","96","174","312","33","2566","2023-09-15 12:14:44");
INSERT INTO pa_estimate VALUES("2821","","13","3","3","96","174","312","33","2566","2023-09-15 12:14:44");
INSERT INTO pa_estimate VALUES("2822","","14","4","4","96","174","312","33","2566","2023-09-15 12:14:44");
INSERT INTO pa_estimate VALUES("2823","","15","4","4","96","174","312","33","2566","2023-09-15 12:14:44");
INSERT INTO pa_estimate VALUES("2824","","16","4","20","96","174","312","33","2566","2023-09-15 12:14:44");
INSERT INTO pa_estimate VALUES("2825","","17","3","7.5","96","174","312","33","2566","2023-09-15 12:14:44");
INSERT INTO pa_estimate VALUES("2826","","18","3","7.5","96","174","312","33","2566","2023-09-15 12:14:44");
INSERT INTO pa_estimate VALUES("2827","","1","4","4","73","78","124","10","2566","2023-09-15 13:30:31");
INSERT INTO pa_estimate VALUES("2828","","2","4","4","73","78","124","10","2566","2023-09-15 13:30:31");
INSERT INTO pa_estimate VALUES("2829","","3","4","4","73","78","124","10","2566","2023-09-15 13:30:31");
INSERT INTO pa_estimate VALUES("2830","","4","4","4","73","78","124","10","2566","2023-09-15 13:30:31");
INSERT INTO pa_estimate VALUES("2831","","5","4","4","73","78","124","10","2566","2023-09-15 13:30:31");
INSERT INTO pa_estimate VALUES("2832","","6","3","3","73","78","124","10","2566","2023-09-15 13:30:31");
INSERT INTO pa_estimate VALUES("2833","","7","4","4","73","78","124","10","2566","2023-09-15 13:30:31");
INSERT INTO pa_estimate VALUES("2834","","8","4","4","73","78","124","10","2566","2023-09-15 13:30:31");
INSERT INTO pa_estimate VALUES("2835","","9","4","4","73","78","124","10","2566","2023-09-15 13:30:31");
INSERT INTO pa_estimate VALUES("2836","","10","4","4","73","78","124","10","2566","2023-09-15 13:30:31");
INSERT INTO pa_estimate VALUES("2837","","11","4","4","73","78","124","10","2566","2023-09-15 13:30:31");
INSERT INTO pa_estimate VALUES("2838","","12","4","4","73","78","124","10","2566","2023-09-15 13:30:32");
INSERT INTO pa_estimate VALUES("2839","","13","4","4","73","78","124","10","2566","2023-09-15 13:30:32");
INSERT INTO pa_estimate VALUES("2840","","14","4","4","73","78","124","10","2566","2023-09-15 13:30:32");
INSERT INTO pa_estimate VALUES("2841","","15","4","4","73","78","124","10","2566","2023-09-15 13:30:32");
INSERT INTO pa_estimate VALUES("2842","","16","4","20","73","78","124","10","2566","2023-09-15 13:30:32");
INSERT INTO pa_estimate VALUES("2843","","17","4","10","73","78","124","10","2566","2023-09-15 13:30:32");
INSERT INTO pa_estimate VALUES("2844","","18","3","7.5","73","78","124","10","2566","2023-09-15 13:30:32");
INSERT INTO pa_estimate VALUES("2845","","1","4","4","150","78","127","10","2566","2023-09-15 13:31:00");
INSERT INTO pa_estimate VALUES("2846","","2","4","4","150","78","127","10","2566","2023-09-15 13:31:00");
INSERT INTO pa_estimate VALUES("2847","","3","4","4","150","78","127","10","2566","2023-09-15 13:31:00");
INSERT INTO pa_estimate VALUES("2848","","4","4","4","150","78","127","10","2566","2023-09-15 13:31:00");
INSERT INTO pa_estimate VALUES("2849","","5","4","4","150","78","127","10","2566","2023-09-15 13:31:00");
INSERT INTO pa_estimate VALUES("2850","","6","3","3","150","78","127","10","2566","2023-09-15 13:31:00");
INSERT INTO pa_estimate VALUES("2851","","7","4","4","150","78","127","10","2566","2023-09-15 13:31:00");
INSERT INTO pa_estimate VALUES("2852","","8","4","4","150","78","127","10","2566","2023-09-15 13:31:00");
INSERT INTO pa_estimate VALUES("2853","","9","4","4","150","78","127","10","2566","2023-09-15 13:31:00");
INSERT INTO pa_estimate VALUES("2854","","10","4","4","150","78","127","10","2566","2023-09-15 13:31:00");
INSERT INTO pa_estimate VALUES("2855","","11","4","4","150","78","127","10","2566","2023-09-15 13:31:00");
INSERT INTO pa_estimate VALUES("2856","","12","4","4","150","78","127","10","2566","2023-09-15 13:31:00");
INSERT INTO pa_estimate VALUES("2857","","13","4","4","150","78","127","10","2566","2023-09-15 13:31:00");
INSERT INTO pa_estimate VALUES("2858","","14","4","4","150","78","127","10","2566","2023-09-15 13:31:00");
